000
CDUS41 KBOX 040546
CLIPVD


CLIMATE REPORT
NATIONAL WEATHER SERVICE TAUNTON MA
1235 AM EST WED MAR 4 2015


...................................

...THE PROVIDENCE RI CLIMATE SUMMARY FOR MARCH 3 2015...

CLIMATE NORMAL PERIOD 1981 TO 2010
CLIMATE RECORD PERIOD 1904 TO 2015


WEATHER ITEM   OBSERVED TIME   RECORD YEAR NORMAL DEPARTURE LAST
                VALUE   (LST)  VALUE       VALUE  FROM      YEAR
                                                  NORMAL
..................................................................
TEMPERATURE (F)
 YESTERDAY
  MAXIMUM         35   1159 PM  63    1991  44     -9       33
  MINIMUM          9    626 AM   5    1950  27    -18       15
  AVERAGE         22                        35    -13       24

PRECIPITATION (IN)
  YESTERDAY        0.44          1.73 1972   0.14   0.30      T
  MONTH TO DATE    0.86                      0.43   0.43      T
  SINCE MAR 1      0.86                      0.43   0.43      T
  SINCE JAN 1      7.21                      7.58  -0.37     8.40

SNOWFALL (IN)
  YESTERDAY        2.7           9.0  1960   0.3    2.4      0.1
  MONTH TO DATE    7.3                       0.8    6.5      0.1
  SINCE MAR 1      7.3                       0.8    6.5      0.1
  SINCE JUL 1     67.2                      28.5   38.7     42.2
  SNOW DEPTH      18

DEGREE DAYS
 HEATING
  YESTERDAY       43                        30     13       41
  MONTH TO DATE  125                        90     35      115
  SINCE MAR 1    125                        90     35      115
  SINCE JUL 1   4487                      4152    335     4387

 COOLING
  YESTERDAY        0                         0      0        0
  MONTH TO DATE    0                         0      0        0
  SINCE MAR 1      0                         0      0        0
  SINCE JAN 1      0                         0      0        0
..................................................................


WIND (MPH)
  RESULTANT WIND SPEED   5   RESULTANT WIND DIRECTION   S (200)
  HIGHEST WIND SPEED    21   HIGHEST WIND DIRECTION     S (200)
  HIGHEST GUST SPEED    24   HIGHEST GUST DIRECTION     S (190)
  AVERAGE WIND SPEED     8.1


SKY COVER
  POSSIBLE SUNSHINE  MM
  AVERAGE SKY COVER 0.6


WEATHER CONDITIONS
 THE FOLLOWING WEATHER WAS RECORDED YESTERDAY.
  LIGHT RAIN
  SNOW
  LIGHT SNOW
  SLEET
  FOG


RELATIVE HUMIDITY (PERCENT)
 HIGHEST    92           800 PM
 LOWEST     32          1200 PM
 AVERAGE    62

..........................................................


THE PROVIDENCE RI CLIMATE NORMALS FOR TODAY
                         NORMAL    RECORD    YEAR
 MAXIMUM TEMPERATURE (F)   44        70      1974
 MINIMUM TEMPERATURE (F)   27         1      1950


SUNRISE AND SUNSET
MARCH  4 2015.........SUNRISE   616 AM EST   SUNSET   539 PM EST
MARCH  5 2015.........SUNRISE   615 AM EST   SUNSET   541 PM EST


-  INDICATES NEGATIVE NUMBERS.
R  INDICATES RECORD WAS SET OR TIED.
MM INDICATES DATA IS MISSING.
T  INDICATES TRACE AMOUNT.




$$
