000
CDUS41 KBOX 220528
CLIPVD


CLIMATE REPORT
NATIONAL WEATHER SERVICE TAUNTON MA
1228 AM EST WED NOV 22 2017


...................................

...THE PROVIDENCE RI CLIMATE SUMMARY FOR NOVEMBER 21 2017...

CLIMATE NORMAL PERIOD 1981 TO 2010
CLIMATE RECORD PERIOD 1904 TO 2017


WEATHER ITEM   OBSERVED TIME   RECORD YEAR NORMAL DEPARTURE LAST
                VALUE   (LST)  VALUE       VALUE  FROM      YEAR
                                                  NORMAL
..................................................................
TEMPERATURE (F)
 YESTERDAY
  MAXIMUM         59   1257 PM  71    1931  51      8       39
  MINIMUM         36    549 AM  16    1987  34      2       32
  AVERAGE         48                        43      5       36

PRECIPITATION (IN)
  YESTERDAY        0.00          2.10 1950   0.16  -0.16      T
  MONTH TO DATE    1.66                      3.09  -1.43     1.36
  SINCE SEP 1     10.95                     10.94   0.01     8.93
  SINCE JAN 1     45.15                     41.54   3.61    34.76

SNOWFALL (IN)
  YESTERDAY        0.0           0.9  1978   0.1   -0.1       T
  MONTH TO DATE    0.0                       0.6   -0.6       T
  SINCE SEP 1      0.0                       0.6   -0.6       T
  SINCE JUL 1      0.0                       0.6   -0.6       T
  SNOW DEPTH       0

DEGREE DAYS
 HEATING
  YESTERDAY       17                        22     -5       29
  MONTH TO DATE  413                       402     11      351
  SINCE SEP 1    595                       851   -256      689
  SINCE JUL 1    603                       860   -257      689

 COOLING
  YESTERDAY        0                         0      0        0
  MONTH TO DATE    0                         0      0        0
  SINCE SEP 1    176                        88     88      166
  SINCE JAN 1    880                       744    136     1049
..................................................................


WIND (MPH)
  RESULTANT WIND SPEED  12   RESULTANT WIND DIRECTION  SW (220)
  HIGHEST WIND SPEED    29   HIGHEST WIND DIRECTION    SW (220)
  HIGHEST GUST SPEED    39   HIGHEST GUST DIRECTION    SW (210)
  AVERAGE WIND SPEED    12.5


SKY COVER
  POSSIBLE SUNSHINE  MM
  AVERAGE SKY COVER 0.4


WEATHER CONDITIONS
 THE FOLLOWING WEATHER WAS RECORDED YESTERDAY.
  NO SIGNIFICANT WEATHER WAS OBSERVED.


RELATIVE HUMIDITY (PERCENT)
 HIGHEST    76           500 AM
 LOWEST     39          1200 PM
 AVERAGE    58

..........................................................


THE PROVIDENCE RI CLIMATE NORMALS FOR TODAY
                         NORMAL    RECORD    YEAR
 MAXIMUM TEMPERATURE (F)   51        70      1931
 MINIMUM TEMPERATURE (F)   34        16      1987
                                             1969


SUNRISE AND SUNSET
NOVEMBER 22 2017......SUNRISE   644 AM EST   SUNSET   420 PM EST
NOVEMBER 23 2017......SUNRISE   645 AM EST   SUNSET   419 PM EST


-  INDICATES NEGATIVE NUMBERS.
R  INDICATES RECORD WAS SET OR TIED.
MM INDICATES DATA IS MISSING.
T  INDICATES TRACE AMOUNT.




$$
