000
CDUS41 KBOX 190537
CLIPVD


CLIMATE REPORT
NATIONAL WEATHER SERVICE TAUNTON MA
136 AM EDT SAT APR 19 2014


...................................

...THE PROVIDENCE RI CLIMATE SUMMARY FOR APRIL 18 2014...

CLIMATE NORMAL PERIOD 1981 TO 2010
CLIMATE RECORD PERIOD 1904 TO 2014


WEATHER ITEM   OBSERVED TIME   RECORD YEAR NORMAL DEPARTURE LAST
                VALUE   (LST)  VALUE       VALUE  FROM      YEAR
                                                  NORMAL
..................................................................
TEMPERATURE (F)
 YESTERDAY
  MAXIMUM         50    211 PM  86    1976  60    -10       59
  MINIMUM         30    458 AM  27    1948  41    -11       39
  AVERAGE         40                        50    -10       49

PRECIPITATION (IN)
  YESTERDAY        0.00          1.05 1939   0.14  -0.14     0.00
  MONTH TO DATE    3.38                      2.79   0.59     1.12
  SINCE MAR 1     10.36                      7.80   2.56     4.06
  SINCE JAN 1     18.76                     14.95   3.81    11.02

SNOWFALL (IN)
  YESTERDAY        0.0           T    2001   0.0    0.0      0.0
                                      1967
  MONTH TO DATE    0.3                       0.5   -0.2      0.0
  SINCE MAR 1      1.5                       6.0   -4.5      4.9
  SINCE JUL 1     43.6                      33.7    9.9     46.3
  SNOW DEPTH       0

DEGREE DAYS
 HEATING
  YESTERDAY       25                        15     10       16
  MONTH TO DATE  297                       323    -26      315
  SINCE MAR 1   1251                      1132    119     1127
  SINCE JUL 1   5523                      5194    329     4948

 COOLING
  YESTERDAY        0                         0      0        0
  MONTH TO DATE    0                         0      0        0
  SINCE MAR 1      0                         0      0        0
  SINCE JAN 1      0                         0      0        0
..................................................................


WIND (MPH)
  RESULTANT WIND SPEED   2   RESULTANT WIND DIRECTION  NE (50)
  HIGHEST WIND SPEED    14   HIGHEST WIND DIRECTION    NE (50)
  HIGHEST GUST SPEED    18   HIGHEST GUST DIRECTION    NE (30)
  AVERAGE WIND SPEED     6.7


SKY COVER
  POSSIBLE SUNSHINE  MM
  AVERAGE SKY COVER 0.8


WEATHER CONDITIONS
 THE FOLLOWING WEATHER WAS RECORDED YESTERDAY.
  NO SIGNIFICANT WEATHER WAS OBSERVED.


RELATIVE HUMIDITY (PERCENT)
 HIGHEST    79          1000 PM
 LOWEST     46           300 PM
 AVERAGE    63

..........................................................


THE PROVIDENCE RI CLIMATE NORMALS FOR TODAY
                         NORMAL    RECORD    YEAR
 MAXIMUM TEMPERATURE (F)   60        98      1976
 MINIMUM TEMPERATURE (F)   41        26      1926


SUNRISE AND SUNSET
APRIL 19 2014.........SUNRISE   600 AM EDT   SUNSET   731 PM EDT
APRIL 20 2014.........SUNRISE   558 AM EDT   SUNSET   732 PM EDT


-  INDICATES NEGATIVE NUMBERS.
R  INDICATES RECORD WAS SET OR TIED.
MM INDICATES DATA IS MISSING.
T  INDICATES TRACE AMOUNT.




$$
