440
CDUS41 KBOX 080542
CLIPVD


CLIMATE REPORT
NATIONAL WEATHER SERVICE TAUNTON MA
1235 AM EST MON FEB 8 2016


...................................

...THE PROVIDENCE RI CLIMATE SUMMARY FOR FEBRUARY 7 2016...

CLIMATE NORMAL PERIOD 1981 TO 2010
CLIMATE RECORD PERIOD 1904 TO 2016


WEATHER ITEM   OBSERVED TIME   RECORD YEAR NORMAL DEPARTURE LAST
                VALUE   (LST)  VALUE       VALUE  FROM      YEAR
                                                  NORMAL
..................................................................
TEMPERATURE (F)
 YESTERDAY
  MAXIMUM         44   1240 PM  53    1946  39      5       29
                                      1925
  MINIMUM         26    753 AM  -4    1910  22      4       15
  AVERAGE         35                        31      4       22

PRECIPITATION (IN)
  YESTERDAY        0.00          1.81 1941   0.11  -0.11      T
  MONTH TO DATE    2.06                      0.80   1.26     0.87
  SINCE DEC 1      9.89                      8.88   1.01    10.74
  SINCE JAN 1      5.09                      4.66   0.43     4.49

SNOWFALL (IN)
  YESTERDAY        0.0          11.2  1983   0.3   -0.3      0.2
  MONTH TO DATE    5.1                       2.2    2.9      8.4
  SINCE DEC 1     13.0                      19.9   -6.9     34.9
  SINCE JUL 1     13.0                      21.4   -8.4     36.5
  SNOW DEPTH       2

DEGREE DAYS
 HEATING
  YESTERDAY       30                        34     -4       43
  MONTH TO DATE  172                       243    -71      317
  SINCE DEC 1   1765                      2305   -540     2347
  SINCE JUL 1   2646                      3380   -734     3383

 COOLING
  YESTERDAY        0                         0      0        0
  MONTH TO DATE    0                         0      0        0
  SINCE DEC 1      0                         0      0        0
  SINCE JAN 1      0                         0      0        0
..................................................................


WIND (MPH)
  RESULTANT WIND SPEED   1   RESULTANT WIND DIRECTION  NE (30)
  HIGHEST WIND SPEED    15   HIGHEST WIND DIRECTION    NE (30)
  HIGHEST GUST SPEED    20   HIGHEST GUST DIRECTION    NE (30)
  AVERAGE WIND SPEED     5.5


SKY COVER
  POSSIBLE SUNSHINE  MM
  AVERAGE SKY COVER 0.4


WEATHER CONDITIONS
 THE FOLLOWING WEATHER WAS RECORDED YESTERDAY.
  NO SIGNIFICANT WEATHER WAS OBSERVED.


RELATIVE HUMIDITY (PERCENT)
 HIGHEST    85           100 AM
 LOWEST     54          1100 AM
 AVERAGE    70

..........................................................


THE PROVIDENCE RI CLIMATE NORMALS FOR TODAY
                         NORMAL    RECORD    YEAR
 MAXIMUM TEMPERATURE (F)   39        60      1933
 MINIMUM TEMPERATURE (F)   23        -9      1934


SUNRISE AND SUNSET
FEBRUARY  8 2016......SUNRISE   651 AM EST   SUNSET   510 PM EST
FEBRUARY  9 2016......SUNRISE   650 AM EST   SUNSET   511 PM EST


-  INDICATES NEGATIVE NUMBERS.
R  INDICATES RECORD WAS SET OR TIED.
MM INDICATES DATA IS MISSING.
T  INDICATES TRACE AMOUNT.




$$
