000
CDUS41 KBOX 170536
CLIPVD


CLIMATE REPORT
NATIONAL WEATHER SERVICE TAUNTON MA
136 AM EDT WED SEP 17 2014


...................................

...THE PROVIDENCE RI CLIMATE SUMMARY FOR SEPTEMBER 16 2014...

CLIMATE NORMAL PERIOD 1981 TO 2010
CLIMATE RECORD PERIOD 1904 TO 2014


WEATHER ITEM   OBSERVED TIME   RECORD YEAR NORMAL DEPARTURE LAST
                VALUE   (LST)  VALUE       VALUE  FROM      YEAR
                                                  NORMAL
..................................................................
TEMPERATURE (F)
 YESTERDAY
  MAXIMUM         70    151 PM  92    1941  74     -4       69
                                      1915
  MINIMUM         51    207 AM  41    1964  55     -4       49
  AVERAGE         61                        65     -4       59

PRECIPITATION (IN)
  YESTERDAY        T             6.17 1932   0.14  -0.14     0.08
  MONTH TO DATE    0.54                      2.04  -1.50     4.32
  SINCE SEP 1      0.54                      2.04  -1.50     4.32
  SINCE JAN 1     31.99                     32.64  -0.65    35.13

SNOWFALL (IN)
  YESTERDAY        0.0           0.0  2002   0.0    0.0      0.0
  MONTH TO DATE    0.0                       0.0    0.0      0.0
  SINCE SEP 1      0.0                       0.0    0.0      0.0
  SINCE JUL 1      0.0                       0.0    0.0      0.0
  SNOW DEPTH       0

DEGREE DAYS
 HEATING
  YESTERDAY        4                         3      1        6
  MONTH TO DATE   16                        24     -8       28
  SINCE SEP 1     16                        24     -8       28
  SINCE JUL 1     16                        33    -17       28

 COOLING
  YESTERDAY        0                         2     -2        0
  MONTH TO DATE  100                        60     40       63
  SINCE SEP 1    100                        60     40       63
  SINCE JAN 1    682                       716    -34      885
..................................................................


WIND (MPH)
  RESULTANT WIND SPEED   3   RESULTANT WIND DIRECTION   W (250)
  HIGHEST WIND SPEED    13   HIGHEST WIND DIRECTION     W (280)
  HIGHEST GUST SPEED    15   HIGHEST GUST DIRECTION     W (290)
  AVERAGE WIND SPEED     4.6


SKY COVER
  POSSIBLE SUNSHINE  MM
  AVERAGE SKY COVER 0.6


WEATHER CONDITIONS
 THE FOLLOWING WEATHER WAS RECORDED YESTERDAY.
  LIGHT RAIN


RELATIVE HUMIDITY (PERCENT)
 HIGHEST    89           100 AM
 LOWEST     52          1100 AM
 AVERAGE    71

..........................................................


THE PROVIDENCE RI CLIMATE NORMALS FOR TODAY
                         NORMAL    RECORD    YEAR
 MAXIMUM TEMPERATURE (F)   74        90      1941
 MINIMUM TEMPERATURE (F)   55        37      1960


SUNRISE AND SUNSET
SEPTEMBER 17 2014.....SUNRISE   628 AM EDT   SUNSET   652 PM EDT
SEPTEMBER 18 2014.....SUNRISE   629 AM EDT   SUNSET   650 PM EDT


-  INDICATES NEGATIVE NUMBERS.
R  INDICATES RECORD WAS SET OR TIED.
MM INDICATES DATA IS MISSING.
T  INDICATES TRACE AMOUNT.




$$
