000
CDUS41 KBOX 280609
CLIPVD


CLIMATE REPORT
NATIONAL WEATHER SERVICE TAUNTON MA
206 AM EDT SUN MAY 28 2017


...................................

...THE PROVIDENCE RI CLIMATE SUMMARY FOR MAY 27 2017...

CLIMATE NORMAL PERIOD 1981 TO 2010
CLIMATE RECORD PERIOD 1904 TO 2017


WEATHER ITEM   OBSERVED TIME   RECORD YEAR NORMAL DEPARTURE LAST
                VALUE   (LST)  VALUE       VALUE  FROM      YEAR
                                                  NORMAL
..................................................................
TEMPERATURE (F)
 YESTERDAY
  MAXIMUM         69    320 PM  90    1981  72     -3       82
                                      1914
  MINIMUM         54    532 AM  35    1972  52      2       59
  AVERAGE         62                        62      0       71

PRECIPITATION (IN)
  YESTERDAY        0.00          1.38 1961   0.12  -0.12     0.00
  MONTH TO DATE    6.61                      3.05   3.56     1.68
  SINCE MAR 1     17.56                     12.42   5.14     8.27
  SINCE JAN 1     24.74                     19.57   5.17    16.62

SNOWFALL (IN)
  YESTERDAY        0.0           0.0  2002   0.0    0.0      0.0
                                      2001
                                      2000
  MONTH TO DATE    0.0                       0.0    0.0      0.0
  SINCE MAR 1      7.7                       6.1    1.6      9.3
  SINCE JUL 1     45.9                      33.8   12.1     28.7
  SNOW DEPTH       0

DEGREE DAYS
 HEATING
  YESTERDAY        3                         5     -2        0
  MONTH TO DATE  218                       209      9      218
  SINCE MAR 1   1521                      1497     24     1374
  SINCE JUL 1   5079                      5559   -480     4745

 COOLING
  YESTERDAY        0                         1     -1        6
  MONTH TO DATE   41                        14     27       23
  SINCE MAR 1     58                        16     42       23
  SINCE JAN 1     58                        16     42       23
..................................................................


WIND (MPH)
  RESULTANT WIND SPEED   1   RESULTANT WIND DIRECTION  SW (240)
  HIGHEST WIND SPEED    14   HIGHEST WIND DIRECTION     N (340)
  HIGHEST GUST SPEED    18   HIGHEST GUST DIRECTION     N (360)
  AVERAGE WIND SPEED     6.1


SKY COVER
  POSSIBLE SUNSHINE  MM
  AVERAGE SKY COVER 0.8


WEATHER CONDITIONS
 THE FOLLOWING WEATHER WAS RECORDED YESTERDAY.
  NO SIGNIFICANT WEATHER WAS OBSERVED.


RELATIVE HUMIDITY (PERCENT)
 HIGHEST   100          1200 AM
 LOWEST     55           200 PM
 AVERAGE    78

..........................................................


THE PROVIDENCE RI CLIMATE NORMALS FOR TODAY
                         NORMAL    RECORD    YEAR
 MAXIMUM TEMPERATURE (F)   72        91      2016
                                             1931
 MINIMUM TEMPERATURE (F)   52        40      1994


SUNRISE AND SUNSET
MAY 28 2017...........SUNRISE   516 AM EDT   SUNSET   811 PM EDT
MAY 29 2017...........SUNRISE   515 AM EDT   SUNSET   812 PM EDT


-  INDICATES NEGATIVE NUMBERS.
R  INDICATES RECORD WAS SET OR TIED.
MM INDICATES DATA IS MISSING.
T  INDICATES TRACE AMOUNT.




$$
