000
CDUS43 KLOT 280635
CLIPWK


CLIMATE REPORT
NATIONAL WEATHER SERVICE CHICAGO IL
1235 AM CST FRI NOV 28 2014


...................................

...THE CHICAGO EXECUTIVE CLIMATE SUMMARY FOR NOVEMBER 27 2014...

CLIMATE NORMAL PERIOD 1981 TO 2010
CLIMATE RECORD PERIOD 1996 TO 2014


WEATHER ITEM   OBSERVED TIME   RECORD YEAR NORMAL DEPARTURE LAST
                VALUE   (LST)  VALUE       VALUE  FROM      YEAR
                                                  NORMAL
..................................................................
TEMPERATURE (F)
 YESTERDAY
  MAXIMUM         26   1029 AM  64    1998  42    -16       29
  MINIMUM         14    945 PM  12    2013  27    -13       12
  AVERAGE         20                        35    -15       21

PRECIPITATION (IN)
  YESTERDAY        T             0.46 2004   0.09  -0.09     0.00
  MONTH TO DATE    1.24                      2.62  -1.38     2.25
  SINCE SEP 1      6.59                      8.77  -2.18     7.50
  SINCE JAN 1     32.11                     31.25   0.86    28.37

DEGREE DAYS
 HEATING
  YESTERDAY       45                        30     15       44
  MONTH TO DATE  826                       655    171      705
  SINCE SEP 1   1308                      1166    142     1157
  SINCE JUL 1   1312                      1176    136     1167

 COOLING
  YESTERDAY        0                         0      0        0
  MONTH TO DATE    0                         0      0        0
  SINCE SEP 1     92                        92      0      158
  SINCE JAN 1    780                       789     -9      918
..................................................................


WIND (MPH)
  RESULTANT WIND SPEED   9   RESULTANT WIND DIRECTION  NW (320)
  HIGHEST WIND SPEED    22   HIGHEST WIND DIRECTION    NW (320)
  HIGHEST GUST SPEED    25   HIGHEST GUST DIRECTION    NW (310)
  AVERAGE WIND SPEED     8.8



WEATHER CONDITIONS
 THE FOLLOWING WEATHER WAS RECORDED YESTERDAY.
  LIGHT SNOW
  FOG
  HAZE


..........................................................


THE CHICAGO EXECUTIVE CLIMATE NORMALS FOR TODAY
                         NORMAL    RECORD    YEAR
 MAXIMUM TEMPERATURE (F)   42        65      1998
 MINIMUM TEMPERATURE (F)   27        13      2002


SUNRISE AND SUNSET
NOVEMBER 28 2014......SUNRISE   657 AM CST   SUNSET   422 PM CST
NOVEMBER 29 2014......SUNRISE   658 AM CST   SUNSET   421 PM CST


-  INDICATES NEGATIVE NUMBERS.
R  INDICATES RECORD WAS SET OR TIED.
MM INDICATES DATA IS MISSING.
T  INDICATES TRACE AMOUNT.




$$
