000
CDUS43 KLOT 290638
CLIPWK


CLIMATE REPORT
NATIONAL WEATHER SERVICE CHICAGO IL
134 AM CDT THU JUN 29 2017


...................................

...THE CHICAGO EXECUTIVE CLIMATE SUMMARY FOR JUNE 28 2017...

CLIMATE NORMAL PERIOD 1981 TO 2010
CLIMATE RECORD PERIOD 1996 TO 2017


WEATHER ITEM   OBSERVED TIME   RECORD YEAR NORMAL DEPARTURE LAST
                VALUE   (LST)  VALUE       VALUE  FROM      YEAR
                                                  NORMAL
..................................................................
TEMPERATURE (F)
 YESTERDAY
  MAXIMUM         78    831 PM  99    2012  82     -4       69
  MINIMUM         55    133 AM  53    2015  62     -7       56
  AVERAGE         67                        72     -5       63

PRECIPITATION (IN)
  YESTERDAY        2.15R         0.73 1998   0.08   2.07     0.00
  MONTH TO DATE    5.83                      3.57   2.26     4.18
  SINCE JUN 1      5.83                      3.57   2.26     4.18
  SINCE JAN 1     22.41                     15.06   7.35    16.54

DEGREE DAYS
 HEATING
  YESTERDAY        0                         0      0        2
  MONTH TO DATE   14                        53    -39       18
  SINCE JUN 1     14                        53    -39       18
  SINCE JUL 1   5529                      6411   -882     5566

 COOLING
  YESTERDAY        2                         7     -5        0
  MONTH TO DATE  168                       139     29      182
  SINCE JUN 1    168                       139     29      182
  SINCE JAN 1    192                       181     11      251
..................................................................


WIND (MPH)
  RESULTANT WIND SPEED  12   RESULTANT WIND DIRECTION   S (180)
  HIGHEST WIND SPEED    28   HIGHEST WIND DIRECTION    NW (330)
  HIGHEST GUST SPEED    36   HIGHEST GUST DIRECTION    NW (330)
  AVERAGE WIND SPEED    13.5



WEATHER CONDITIONS
 THE FOLLOWING WEATHER WAS RECORDED YESTERDAY.
  THUNDERSTORM
  HEAVY RAIN
  RAIN
  LIGHT RAIN
  FOG


..........................................................


THE CHICAGO EXECUTIVE CLIMATE NORMALS FOR TODAY
                         NORMAL    RECORD    YEAR
 MAXIMUM TEMPERATURE (F)   82        92      2001
 MINIMUM TEMPERATURE (F)   62        53      2016


SUNRISE AND SUNSET
JUNE 29 2017..........SUNRISE   519 AM CDT   SUNSET   831 PM CDT
JUNE 30 2017..........SUNRISE   519 AM CDT   SUNSET   831 PM CDT


-  INDICATES NEGATIVE NUMBERS.
R  INDICATES RECORD WAS SET OR TIED.
MM INDICATES DATA IS MISSING.
T  INDICATES TRACE AMOUNT.




$$
