000
CDUS43 KLOT 250639
CLIPWK


CLIMATE REPORT
NATIONAL WEATHER SERVICE CHICAGO IL
138 AM CDT SAT MAR 25 2017


...................................

...THE CHICAGO EXECUTIVE CLIMATE SUMMARY FOR MARCH 24 2017...

CLIMATE NORMAL PERIOD 1981 TO 2010
CLIMATE RECORD PERIOD 1996 TO 2017


WEATHER ITEM   OBSERVED TIME   RECORD YEAR NORMAL DEPARTURE LAST
                VALUE   (LST)  VALUE       VALUE  FROM      YEAR
                                                  NORMAL
..................................................................
TEMPERATURE (F)
 YESTERDAY
  MAXIMUM         80R   157 PM  77    2007  49     31       38
  MINIMUM         40   1159 PM  17    2015  31      9       30
  AVERAGE         60                        40     20       34

PRECIPITATION (IN)
  YESTERDAY        T             0.77 2016   0.09  -0.09     0.77
  MONTH TO DATE    0.72                      1.64  -0.92     2.08
  SINCE MAR 1      0.72                      1.64  -0.92     2.08
  SINCE JAN 1      4.17                      4.22  -0.05     3.74

DEGREE DAYS
 HEATING
  YESTERDAY        5                        25    -20       31
  MONTH TO DATE  686                       686      0      552
  SINCE MAR 1    686                       686      0      552
  SINCE JUL 1   4675                      5424   -749     4615

 COOLING
  YESTERDAY        0                         0      0        0
  MONTH TO DATE    0                         0      0        0
  SINCE MAR 1      0                         0      0        0
  SINCE JAN 1      0                         0      0        0
..................................................................


WIND (MPH)
  RESULTANT WIND SPEED   5   RESULTANT WIND DIRECTION  SW (220)
  HIGHEST WIND SPEED    24   HIGHEST WIND DIRECTION    SW (240)
  HIGHEST GUST SPEED    34   HIGHEST GUST DIRECTION    SW (230)
  AVERAGE WIND SPEED    12.7



WEATHER CONDITIONS
 THE FOLLOWING WEATHER WAS RECORDED YESTERDAY.
  LIGHT RAIN


..........................................................


THE CHICAGO EXECUTIVE CLIMATE NORMALS FOR TODAY
                         NORMAL    RECORD    YEAR
 MAXIMUM TEMPERATURE (F)   50        79      2007
 MINIMUM TEMPERATURE (F)   31        18      2001


SUNRISE AND SUNSET
MARCH 25 2017.........SUNRISE   646 AM CDT   SUNSET   710 PM CDT
MARCH 26 2017.........SUNRISE   644 AM CDT   SUNSET   711 PM CDT


-  INDICATES NEGATIVE NUMBERS.
R  INDICATES RECORD WAS SET OR TIED.
MM INDICATES DATA IS MISSING.
T  INDICATES TRACE AMOUNT.




$$
