000
CDUS43 KLOT 270635
CLIPWK


CLIMATE REPORT
NATIONAL WEATHER SERVICE CHICAGO IL
1233 AM CST FRI FEB 27 2015


...................................

...THE CHICAGO EXECUTIVE CLIMATE SUMMARY FOR FEBRUARY 26 2015...

CLIMATE NORMAL PERIOD 1981 TO 2010
CLIMATE RECORD PERIOD 1996 TO 2015


WEATHER ITEM   OBSERVED TIME   RECORD YEAR NORMAL DEPARTURE LAST
                VALUE   (LST)  VALUE       VALUE  FROM      YEAR
                                                  NORMAL
..................................................................
TEMPERATURE (F)
 YESTERDAY
  MAXIMUM         19    141 PM  64    2000  39    -20       17
  MINIMUM          2   1159 PM  -1    2014  24    -22       -1
  AVERAGE         11                        31    -20        8

PRECIPITATION (IN)
  YESTERDAY       MM             1.20 2009   0.03  MM        0.00
  MONTH TO DATE    T                         0.88  -0.88     0.92
  SINCE DEC 1      1.40                      4.34  -2.94     3.00
  SINCE JAN 1      0.69                      2.51  -1.82     2.13

DEGREE DAYS
 HEATING
  YESTERDAY       54                        34     20       57
  MONTH TO DATE 1276                       975    301     1220
  SINCE DEC 1   3608                      3402    206     3981
  SINCE JUL 1   5011                      4672    339     5252

 COOLING
  YESTERDAY        0                         0      0        0
  MONTH TO DATE    0                         0      0        0
  SINCE DEC 1      0                         0      0        0
  SINCE JAN 1      0                         0      0        0
..................................................................


WIND (MPH)
  RESULTANT WIND SPEED   9   RESULTANT WIND DIRECTION   N (350)
  HIGHEST WIND SPEED    17   HIGHEST WIND DIRECTION    NW (330)
  HIGHEST GUST SPEED    26   HIGHEST GUST DIRECTION    NW (320)
  AVERAGE WIND SPEED    10.4



WEATHER CONDITIONS
 THE FOLLOWING WEATHER WAS RECORDED YESTERDAY.
  SNOW
  LIGHT SNOW
  FOG
  HAZE


..........................................................


THE CHICAGO EXECUTIVE CLIMATE NORMALS FOR TODAY
                         NORMAL    RECORD    YEAR
 MAXIMUM TEMPERATURE (F)   40        52      2000
 MINIMUM TEMPERATURE (F)   24         1      2014


SUNRISE AND SUNSET
FEBRUARY 27 2015......SUNRISE   630 AM CST   SUNSET   539 PM CST
FEBRUARY 28 2015......SUNRISE   629 AM CST   SUNSET   540 PM CST


-  INDICATES NEGATIVE NUMBERS.
R  INDICATES RECORD WAS SET OR TIED.
MM INDICATES DATA IS MISSING.
T  INDICATES TRACE AMOUNT.




$$
