000
CDUS43 KLOT 030634
CLIPWK


CLIMATE REPORT
NATIONAL WEATHER SERVICE CHICAGO IL
133 AM CDT TUE MAY 3 2016


...................................

...THE CHICAGO EXECUTIVE CLIMATE SUMMARY FOR MAY 2 2016...

CLIMATE NORMAL PERIOD 1981 TO 2010
CLIMATE RECORD PERIOD 1996 TO 2016


WEATHER ITEM   OBSERVED TIME   RECORD YEAR NORMAL DEPARTURE LAST
                VALUE   (LST)  VALUE       VALUE  FROM      YEAR
                                                  NORMAL
..................................................................
TEMPERATURE (F)
 YESTERDAY
  MAXIMUM         57   1244 PM  82    2001  64     -7       77
  MINIMUM         39   1149 PM  33    2004  43     -4       46
  AVERAGE         48                        54     -6       62

PRECIPITATION (IN)
  YESTERDAY        0.00          0.91 2010   0.12  -0.12     0.00
  MONTH TO DATE    0.47                      0.24   0.23     0.00
  SINCE MAR 1      6.10                      5.46   0.64     3.47
  SINCE JAN 1      7.76                      8.04  -0.28     4.16

DEGREE DAYS
 HEATING
  YESTERDAY       17                        12      5        3
  MONTH TO DATE   37                        24     13       18
  SINCE MAR 1   1272                      1399   -127     1436
  SINCE JUL 1   5335                      6137   -802     6564

 COOLING
  YESTERDAY        0                         0      0        0
  MONTH TO DATE    0                         0      0        0
  SINCE MAR 1      2                         4     -2        0
  SINCE JAN 1      2                         4     -2        0
..................................................................


WIND (MPH)
  RESULTANT WIND SPEED   8   RESULTANT WIND DIRECTION  NE (40)
  HIGHEST WIND SPEED    16   HIGHEST WIND DIRECTION    NE (40)
  HIGHEST GUST SPEED    21   HIGHEST GUST DIRECTION    NE (40)
  AVERAGE WIND SPEED     7.8



WEATHER CONDITIONS
 THE FOLLOWING WEATHER WAS RECORDED YESTERDAY.
  NO SIGNIFICANT WEATHER WAS OBSERVED.


..........................................................


THE CHICAGO EXECUTIVE CLIMATE NORMALS FOR TODAY
                         NORMAL    RECORD    YEAR
 MAXIMUM TEMPERATURE (F)   65        87      2012
 MINIMUM TEMPERATURE (F)   43        29      2004


SUNRISE AND SUNSET
MAY  3 2016...........SUNRISE   544 AM CDT   SUNSET   753 PM CDT
MAY  4 2016...........SUNRISE   543 AM CDT   SUNSET   754 PM CDT


-  INDICATES NEGATIVE NUMBERS.
R  INDICATES RECORD WAS SET OR TIED.
MM INDICATES DATA IS MISSING.
T  INDICATES TRACE AMOUNT.




$$
