000
CDUS41 KGYX 220801
CLIPWM


CLIMATE REPORT
NATIONAL WEATHER SERVICE GRAY ME
401 AM EDT WED OCT 22 2014


...................................

...THE PORTLAND ME CLIMATE SUMMARY FOR OCTOBER 21 2014...

CLIMATE NORMAL PERIOD 1981 TO 2010
CLIMATE RECORD PERIOD 1941 TO 2014


WEATHER ITEM   OBSERVED TIME   RECORD YEAR NORMAL DEPARTURE LAST
                VALUE   (LST)  VALUE       VALUE  FROM      YEAR
                                                  NORMAL
..................................................................
TEMPERATURE (F)
 YESTERDAY
  MAXIMUM         55    449 PM  75    1979  57     -2       64
  MINIMUM         45    615 AM  19    1972  37      8       38
  AVERAGE         50                        47      3       51

PRECIPITATION (IN)
  YESTERDAY        1.43         11.74 1996   0.16   1.27     0.00
  MONTH TO DATE    3.79                      3.25   0.54     0.76
  SINCE SEP 1      4.66                      6.94  -2.28     7.48
  SINCE JAN 1     42.86                     36.68   6.18    35.70

SNOWFALL (IN)
  YESTERDAY        0.0           0.5  1926   0.0    0.0      0.0
  MONTH TO DATE    0.0                       0.0    0.0      0.0
  SINCE SEP 1      0.0                       0.0    0.0      0.0
  SINCE JUL 1      0.0                       0.0    0.0      0.0
  SNOW DEPTH       0

DEGREE DAYS
 HEATING
  YESTERDAY       15                        18     -3       14
  MONTH TO DATE  184                       307   -123      205
  SINCE SEP 1    370                       483   -113      391
  SINCE JUL 1    394                       528   -134      409

 COOLING
  YESTERDAY        0                         0      0        0
  MONTH TO DATE    8                         0      8        0
  SINCE SEP 1     53                        30     23       37
  SINCE JAN 1    351                       358     -7      454
..................................................................


WIND (MPH)
  RESULTANT WIND SPEED   5   RESULTANT WIND DIRECTION   N (20)
  HIGHEST WIND SPEED    17   HIGHEST WIND DIRECTION     N (10)
  HIGHEST GUST SPEED    21   HIGHEST GUST DIRECTION     N (20)
  AVERAGE WIND SPEED     6.1


SKY COVER
  AVERAGE SKY COVER 1.0


WEATHER CONDITIONS
 THE FOLLOWING WEATHER WAS RECORDED YESTERDAY.
  HEAVY RAIN
  RAIN
  LIGHT RAIN
  FOG


RELATIVE HUMIDITY (PERCENT)
 HIGHEST    93           300 PM
 LOWEST     71          1200 AM
 AVERAGE    82

..........................................................


THE PORTLAND ME CLIMATE NORMALS FOR TODAY
                         NORMAL    RECORD    YEAR
 MAXIMUM TEMPERATURE (F)   57        81      1979
 MINIMUM TEMPERATURE (F)   37        20      1960


SUNRISE AND SUNSET
OCTOBER 22 2014.......SUNRISE   704 AM EDT   SUNSET   547 PM EDT
OCTOBER 23 2014.......SUNRISE   705 AM EDT   SUNSET   545 PM EDT


-  INDICATES NEGATIVE NUMBERS.
R  INDICATES RECORD WAS SET OR TIED.
MM INDICATES DATA IS MISSING.
T  INDICATES TRACE AMOUNT.




$$
