000
CDUS41 KGYX 280806
CLIPWM


CLIMATE REPORT
NATIONAL WEATHER SERVICE GRAY ME
406 AM EDT THU MAY 28 2015


...................................

...THE PORTLAND ME CLIMATE SUMMARY FOR MAY 27 2015...

CLIMATE NORMAL PERIOD 1981 TO 2010
CLIMATE RECORD PERIOD 1941 TO 2015


WEATHER ITEM   OBSERVED TIME   RECORD YEAR NORMAL DEPARTURE LAST
                VALUE   (LST)  VALUE       VALUE  FROM      YEAR
                                                  NORMAL
..................................................................
TEMPERATURE (F)
 YESTERDAY
  MAXIMUM         79    157 PM  85    2008  67     12       63
                                      1959
  MINIMUM         63    956 PM  32    1969  48     15       46
  AVERAGE         71                        57     14       55

PRECIPITATION (IN)
  YESTERDAY        0.00          1.93 1890   0.13  -0.13     0.38
  MONTH TO DATE    0.99                      3.50  -2.51     3.44
  SINCE MAR 1      7.81                     12.06  -4.25    10.47
  SINCE JAN 1     15.29                     18.69  -3.40    18.79

SNOWFALL (IN)
  YESTERDAY        0.0           0.0  2002   0.0    0.0      0.0
                                      2001
                                      2000
  MONTH TO DATE    0.0                       0.1   -0.1       T
  SINCE MAR 1      5.3                      15.6  -10.3      4.9
  SINCE JUL 1     94.5                      62.0   32.5     83.4
  SNOW DEPTH       0

DEGREE DAYS
 HEATING
  YESTERDAY        0                         8     -8       10
  MONTH TO DATE  203                       323   -120      253
  SINCE MAR 1   1875                      1929    -54     2065
  SINCE JUL 1   6929                      6971    -42     7304

 COOLING
  YESTERDAY        6                         0      6        0
  MONTH TO DATE   26                         0     26        0
  SINCE MAR 1     26                         0     26        0
  SINCE JAN 1     26                         0     26        0
..................................................................


WIND (MPH)
  RESULTANT WIND SPEED   8   RESULTANT WIND DIRECTION   S (180)
  HIGHEST WIND SPEED    22   HIGHEST WIND DIRECTION     S (180)
  HIGHEST GUST SPEED    34   HIGHEST GUST DIRECTION     S (200)
  AVERAGE WIND SPEED     8.1


SKY COVER
  AVERAGE SKY COVER 0.5


WEATHER CONDITIONS
 THE FOLLOWING WEATHER WAS RECORDED YESTERDAY.
  NO SIGNIFICANT WEATHER WAS OBSERVED.


RELATIVE HUMIDITY (PERCENT)
 HIGHEST    84          1000 PM
 LOWEST     58           100 PM
 AVERAGE    71

..........................................................


THE PORTLAND ME CLIMATE NORMALS FOR TODAY
                         NORMAL    RECORD    YEAR
 MAXIMUM TEMPERATURE (F)   67        90      1988
 MINIMUM TEMPERATURE (F)   48        35      1968


SUNRISE AND SUNSET
MAY 28 2015...........SUNRISE   505 AM EDT   SUNSET   812 PM EDT
MAY 29 2015...........SUNRISE   505 AM EDT   SUNSET   813 PM EDT


-  INDICATES NEGATIVE NUMBERS.
R  INDICATES RECORD WAS SET OR TIED.
MM INDICATES DATA IS MISSING.
T  INDICATES TRACE AMOUNT.




$$
