000
CDUS41 KGYX 030905
CLIPWM


CLIMATE REPORT
NATIONAL WEATHER SERVICE GRAY ME
405 AM EST TUE MAR 3 2015


...................................

...THE PORTLAND ME CLIMATE SUMMARY FOR MARCH 2 2015...

CLIMATE NORMAL PERIOD 1981 TO 2010
CLIMATE RECORD PERIOD 1941 TO 2015


WEATHER ITEM   OBSERVED TIME   RECORD YEAR NORMAL DEPARTURE LAST
                VALUE   (LST)  VALUE       VALUE  FROM      YEAR
                                                  NORMAL
..................................................................
TEMPERATURE (F)
 YESTERDAY
  MAXIMUM         36    107 PM  57    1985  38     -2       32
  MINIMUM         19    400 AM  -9    1967  21     -2       20
  AVERAGE         28                        29     -1       26

PRECIPITATION (IN)
  YESTERDAY        T             1.77 1882   0.12  -0.12     0.00
  MONTH TO DATE    0.05                      0.25  -0.20     0.00
  SINCE MAR 1      0.05                      0.25  -0.20     0.00
  SINCE JAN 1      7.53                      6.88   0.65     8.32

SNOWFALL (IN)
  YESTERDAY        T             7.9  2009   0.5   -0.5      0.0
  MONTH TO DATE    0.4                       1.0   -0.6      0.0
  SINCE MAR 1      0.4                       1.0   -0.6      0.0
  SINCE JUL 1     89.6                      47.4   42.2     78.5
  SNOW DEPTH      22

DEGREE DAYS
 HEATING
  YESTERDAY       37                        36      1       39
  MONTH TO DATE   88                        72     16       87
  SINCE MAR 1     88                        72     16       87
  SINCE JUL 1   5142                      5114     28     5326

 COOLING
  YESTERDAY        0                         0      0        0
  MONTH TO DATE    0                         0      0        0
  SINCE MAR 1      0                         0      0        0
  SINCE JAN 1      0                         0      0        0
..................................................................


WIND (MPH)
  RESULTANT WIND SPEED  11   RESULTANT WIND DIRECTION  NW (310)
  HIGHEST WIND SPEED    32   HIGHEST WIND DIRECTION     W (290)
  HIGHEST GUST SPEED    47   HIGHEST GUST DIRECTION     W (290)
  AVERAGE WIND SPEED    12.7


SKY COVER
  AVERAGE SKY COVER 0.6


WEATHER CONDITIONS
 THE FOLLOWING WEATHER WAS RECORDED YESTERDAY.
  LIGHT SNOW
  FOG


RELATIVE HUMIDITY (PERCENT)
 HIGHEST    91           400 AM
 LOWEST     38          1200 PM
 AVERAGE    65

..........................................................


THE PORTLAND ME CLIMATE NORMALS FOR TODAY
                         NORMAL    RECORD    YEAR
 MAXIMUM TEMPERATURE (F)   38        55      1961
 MINIMUM TEMPERATURE (F)   21       -10      1950


SUNRISE AND SUNSET
MARCH  3 2015.........SUNRISE   615 AM EST   SUNSET   532 PM EST
MARCH  4 2015.........SUNRISE   613 AM EST   SUNSET   533 PM EST


-  INDICATES NEGATIVE NUMBERS.
R  INDICATES RECORD WAS SET OR TIED.
MM INDICATES DATA IS MISSING.
T  INDICATES TRACE AMOUNT.




$$
