000
CDUS41 KGYX 282041
CLIPWM


CLIMATE REPORT
NATIONAL WEATHER SERVICE GRAY ME
441 PM EDT THU JUL 28 2016


...................................

...THE PORTLAND ME CLIMATE SUMMARY FOR JULY 28 2016...
VALID TODAY AS OF 0400 PM LOCAL TIME.

CLIMATE NORMAL PERIOD 1981 TO 2010
CLIMATE RECORD PERIOD 1941 TO 2016


WEATHER ITEM   OBSERVED TIME   RECORD YEAR NORMAL DEPARTURE LAST
                VALUE   (LST)  VALUE       VALUE  FROM      YEAR
                                                  NORMAL
..................................................................
TEMPERATURE (F)
 TODAY
  MAXIMUM         87   1022 AM  94    1963  79      8       83
  MINIMUM         64    456 AM  45    1977  60      4       62
  AVERAGE         76                        70      6       73

PRECIPITATION (IN)
  TODAY            0.00          4.25 1939   0.12  -0.12     0.02
  MONTH TO DATE    1.66                      3.27  -1.61     1.18
  SINCE JUN 1      6.08                      7.06  -0.98     7.58
  SINCE JAN 1     21.59                     26.26  -4.67    24.19

SNOWFALL (IN)
  TODAY            0.0           0.0  2002   0.0    0.0      0.0
                                      2001
                                      2000
  MONTH TO DATE    0.0                       0.0    0.0      0.0
  SINCE JUN 1      0.0                       0.0    0.0      0.0
  SINCE JUL 1      0.0                       0.0    0.0      0.0
  SNOW DEPTH       0

DEGREE DAYS
 HEATING
  TODAY            0                         0      0        0
  MONTH TO DATE   13                        12      1       10
  SINCE JUN 1     79                       118    -39      154
  SINCE JUL 1     13                        12      1       10

 COOLING
  TODAY           11                         5      6        8
  MONTH TO DATE  195                       130     65      109
  SINCE JUN 1    227                       187     40      152
  SINCE JAN 1    243                       194     49      192
..................................................................


WIND (MPH)
  HIGHEST WIND SPEED    14   HIGHEST WIND DIRECTION     S (190)
  HIGHEST GUST SPEED    19   HIGHEST GUST DIRECTION     S (170)
  AVERAGE WIND SPEED     3.9


SKY COVER
  POSSIBLE SUNSHINE  MM
  AVERAGE SKY COVER 0.5


WEATHER CONDITIONS
 THE FOLLOWING WEATHER WAS RECORDED TODAY.
  NO SIGNIFICANT WEATHER WAS OBSERVED.


RELATIVE HUMIDITY (PERCENT)
 HIGHEST    93           300 AM
 LOWEST     51          1000 AM
 AVERAGE    72

..........................................................


THE PORTLAND ME CLIMATE NORMALS FOR TOMORROW
                         NORMAL    RECORD    YEAR
 MAXIMUM TEMPERATURE (F)   79        95      1949
 MINIMUM TEMPERATURE (F)   60        47      1987


SUNRISE AND SUNSET
JULY 28 2016..........SUNRISE   527 AM EDT   SUNSET   808 PM EDT
JULY 29 2016..........SUNRISE   528 AM EDT   SUNSET   807 PM EDT


-  INDICATES NEGATIVE NUMBERS.
R  INDICATES RECORD WAS SET OR TIED.
MM INDICATES DATA IS MISSING.
T  INDICATES TRACE AMOUNT.




$$
