000
CDUS46 KSGX 301417
CLIRAL


CLIMATE REPORT
NATIONAL WEATHER SERVICE SAN DIEGO, CA
716 AM PDT SAT APR 30 2016


...................................

...THE RIVERSIDE MUNI AIRPORT CA CLIMATE SUMMARY FOR APRIL 29 2016...

CLIMATE NORMAL PERIOD 1981 TO 2010
CLIMATE RECORD PERIOD 1893 TO 2016


WEATHER ITEM   OBSERVED TIME   RECORD YEAR NORMAL DEPARTURE LAST
                VALUE   (LST)  VALUE       VALUE  FROM      YEAR
                                                  NORMAL
..................................................................
TEMPERATURE (F)
 YESTERDAY
  MAXIMUM         74    158 PM  98    2008  78     -4       96
                                      1981
  MINIMUM         49    512 AM  33    1894  53     -4       59
  AVERAGE         62                        65     -3       78

PRECIPITATION (IN)
  YESTERDAY        0.00          0.76 1983   0.02  -0.02     0.00
  MONTH TO DATE    0.44                      0.78  -0.34     0.37
  SINCE OCT 1      5.22                     11.58  -6.36     5.15
  SINCE JAN 1      4.05                      8.77  -4.72     1.92

DEGREE DAYS
 HEATING
  YESTERDAY        3                         2      1        0
  MONTH TO DATE   31                       105    -74       52
  SINCE MAR 1    132                       310   -178      107
  SINCE JUL 1   1009                      1418   -409      714

 COOLING
  YESTERDAY        0                         2     -2       13
  MONTH TO DATE   84                        40     44       65
  SINCE MAR 1    113                        52     61      194
  SINCE JAN 1    189                        61    128      218
..................................................................


WIND (MPH)
  RESULTANT WIND SPEED   2   RESULTANT WIND DIRECTION   W (270)
  HIGHEST WIND SPEED    15   HIGHEST WIND DIRECTION     W (250)
  HIGHEST GUST SPEED    22   HIGHEST GUST DIRECTION     W (260)
  AVERAGE WIND SPEED     4.8


SKY COVER
  POSSIBLE SUNSHINE  MM
  AVERAGE SKY COVER 0.2


WEATHER CONDITIONS
 THE FOLLOWING WEATHER WAS RECORDED YESTERDAY.
  NO SIGNIFICANT WEATHER WAS OBSERVED.


RELATIVE HUMIDITY (PERCENT)
 HIGHEST    80           500 AM
 LOWEST     38           100 PM
 AVERAGE    59

..........................................................


THE RIVERSIDE MUNI AIRPORT CA CLIMATE NORMALS FOR TODAY
                         NORMAL    RECORD    YEAR
 MAXIMUM TEMPERATURE (F)   78        98      1996
 MINIMUM TEMPERATURE (F)   53        37      1951
                                             1911


SUNRISE AND SUNSET
APRIL 30 2016.........SUNRISE   601 AM PDT   SUNSET   733 PM PDT
MAY  1 2016...........SUNRISE   600 AM PDT   SUNSET   734 PM PDT


-  INDICATES NEGATIVE NUMBERS.
R  INDICATES RECORD WAS SET OR TIED.
MM INDICATES DATA IS MISSING.
T  INDICATES TRACE AMOUNT.




$$
