958
CDUS46 KSGX 240118
CLIRAL


CLIMATE REPORT
NATIONAL WEATHER SERVICE SAN DIEGO, CA
518 PM PST FRI FEB 23 2018


...................................

...THE RIVERSIDE MUNI AIRPORT CA CLIMATE SUMMARY FOR FEBRUARY 23 2018...
VALID TODAY AS OF 0500 PM LOCAL TIME.

CLIMATE NORMAL PERIOD 1981 TO 2010
CLIMATE RECORD PERIOD 1893 TO 2018


WEATHER ITEM   OBSERVED TIME   RECORD YEAR NORMAL DEPARTURE LAST
                VALUE   (LST)  VALUE       VALUE  FROM      YEAR
                                                  NORMAL
..................................................................
TEMPERATURE (F)
 TODAY
  MAXIMUM         58    355 PM  89    1921  68    -10       59
  MINIMUM         42    653 AM  28    1953  45     -3       39
  AVERAGE         50                        56     -6       49

PRECIPITATION (IN)
  TODAY            0.00          1.40 1944   0.14  -0.14     0.00
  MONTH TO DATE    0.02                      2.45  -2.43     1.75
  SINCE OCT 1      1.60                      8.20  -6.60    12.49
  SINCE JAN 1      1.57                      5.39  -3.82     7.23

DEGREE DAYS
 HEATING
  TODAY           15                         9      6       16
  MONTH TO DATE  140                       222    -82      171
  SINCE DEC 1    441                       867   -426      784
  SINCE JUL 1    487                      1067   -580      888

 COOLING
  TODAY            0                         0      0        0
  MONTH TO DATE   16                         0     16        0
  SINCE DEC 1     39                         8     31        0
  SINCE JAN 1     36                         6     30        0
..................................................................


WIND (MPH)
  RESULTANT WIND SPEED   2   RESULTANT WIND DIRECTION   W (250)
  HIGHEST WIND SPEED    14   HIGHEST WIND DIRECTION    SW (240)
  HIGHEST GUST SPEED    17   HIGHEST GUST DIRECTION    SW (240)
  AVERAGE WIND SPEED     3.7


SKY COVER
  POSSIBLE SUNSHINE  MM
  AVERAGE SKY COVER 0.5


WEATHER CONDITIONS
 THE FOLLOWING WEATHER WAS RECORDED TODAY.
  NO SIGNIFICANT WEATHER WAS OBSERVED.


RELATIVE HUMIDITY (PERCENT)
 HIGHEST    89           200 AM
 LOWEST     22           100 PM
 AVERAGE    56

..........................................................


THE RIVERSIDE MUNI AIRPORT CA CLIMATE NORMALS FOR TOMORROW
                         NORMAL    RECORD    YEAR
 MAXIMUM TEMPERATURE (F)   68        92      1968
                                             1921
 MINIMUM TEMPERATURE (F)   45        30      1935
                                             1894


SUNRISE AND SUNSET
FEBRUARY 23 2018......SUNRISE   625 AM PST   SUNSET   541 PM PST
FEBRUARY 24 2018......SUNRISE   624 AM PST   SUNSET   542 PM PST


-  INDICATES NEGATIVE NUMBERS.
R  INDICATES RECORD WAS SET OR TIED.
MM INDICATES DATA IS MISSING.
T  INDICATES TRACE AMOUNT.




$$
