000
CDUS46 KSGX 111528
CLIRAL


CLIMATE REPORT
NATIONAL WEATHER SERVICE SAN DIEGO, CA
728 AM PST THU FEB 11 2016


...................................

...THE RIVERSIDE MUNI AIRPORT CA CLIMATE SUMMARY FOR FEBRUARY 10 2016...

CLIMATE NORMAL PERIOD 1981 TO 2010
CLIMATE RECORD PERIOD 1893 TO 2016


WEATHER ITEM   OBSERVED TIME   RECORD YEAR NORMAL DEPARTURE LAST
                VALUE   (LST)  VALUE       VALUE  FROM      YEAR
                                                  NORMAL
..................................................................
TEMPERATURE (F)
 YESTERDAY
  MAXIMUM         90R   358 PM  89    1907  67     23       83
  MINIMUM         53    547 AM  25    1929  44      9       45
  AVERAGE         72                        55     17       64

PRECIPITATION (IN)
  YESTERDAY        0.00          1.64 1963   0.10  -0.10     0.00
  MONTH TO DATE    0.00                      0.75  -0.75      T
  SINCE OCT 1      3.76                      6.50  -2.74     3.81
  SINCE JAN 1      2.59                      3.69  -1.10     0.58

DEGREE DAYS
 HEATING
  YESTERDAY        0                        10    -10        1
  MONTH TO DATE   64                       100    -36       18
  SINCE DEC 1    696                       745    -49      471
  SINCE JUL 1    858                       945    -87      535

 COOLING
  YESTERDAY        7                         0      7        0
  MONTH TO DATE   22                         0     22        4
  SINCE DEC 1     24                         8     16       16
  SINCE JAN 1     22                         6     16       11
..................................................................


WIND (MPH)
  RESULTANT WIND SPEED   3   RESULTANT WIND DIRECTION  NE (60)
  HIGHEST WIND SPEED     9   HIGHEST WIND DIRECTION     E (80)
  HIGHEST GUST SPEED    13   HIGHEST GUST DIRECTION     N (20)
  AVERAGE WIND SPEED     3.3


SKY COVER
  POSSIBLE SUNSHINE  MM
  AVERAGE SKY COVER 0.2


WEATHER CONDITIONS
 THE FOLLOWING WEATHER WAS RECORDED YESTERDAY.
  HAZE


RELATIVE HUMIDITY (PERCENT)
 HIGHEST    38           300 AM
 LOWEST      7           400 PM
 AVERAGE    23

..........................................................


THE RIVERSIDE MUNI AIRPORT CA CLIMATE NORMALS FOR TODAY
                         NORMAL    RECORD    YEAR
 MAXIMUM TEMPERATURE (F)   67        90      1907
 MINIMUM TEMPERATURE (F)   44        27      1929


SUNRISE AND SUNSET
FEBRUARY 11 2016......SUNRISE   639 AM PST   SUNSET   530 PM PST
FEBRUARY 12 2016......SUNRISE   638 AM PST   SUNSET   531 PM PST


-  INDICATES NEGATIVE NUMBERS.
R  INDICATES RECORD WAS SET OR TIED.
MM INDICATES DATA IS MISSING.
T  INDICATES TRACE AMOUNT.




$$
