110
CDUS46 KSGX 250022
CLIRAL


CLIMATE REPORT
NATIONAL WEATHER SERVICE SAN DIEGO, CA
421 PM PST FRI FEB 24 2017


...................................

...THE RIVERSIDE MUNI AIRPORT CA CLIMATE SUMMARY FOR FEBRUARY 24 2017...
VALID TODAY AS OF 0400 PM LOCAL TIME.

CLIMATE NORMAL PERIOD 1981 TO 2010
CLIMATE RECORD PERIOD 1893 TO 2017


WEATHER ITEM   OBSERVED TIME   RECORD YEAR NORMAL DEPARTURE LAST
                VALUE   (LST)  VALUE       VALUE  FROM      YEAR
                                                  NORMAL
..................................................................
TEMPERATURE (F)
 TODAY
  MAXIMUM         62    236 PM  92    1968  68     -6       81
                                      1921
  MINIMUM         36    520 AM  30    1935  45     -9       51
                                      1894
  AVERAGE         49                        56     -7       66

PRECIPITATION (IN)
  TODAY            0.00          2.41 1969   0.14  -0.14     0.00
  MONTH TO DATE    1.75                      2.59  -0.84     0.24
  SINCE OCT 1     12.49                      8.34   4.15     4.00
  SINCE JAN 1      7.23                      5.53   1.70     2.83

DEGREE DAYS
 HEATING
  TODAY           16                         9      7        0
  MONTH TO DATE  187                       231    -44       83
  SINCE DEC 1    800                       876    -76      715
  SINCE JUL 1    904                      1076   -172      877

 COOLING
  TODAY            0                         0      0        1
  MONTH TO DATE    0                         0      0       64
  SINCE DEC 1      0                         8     -8       66
  SINCE JAN 1      0                         6     -6       64
..................................................................


WIND (MPH)
  RESULTANT WIND SPEED   2   RESULTANT WIND DIRECTION   E (70)
  HIGHEST WIND SPEED    10   HIGHEST WIND DIRECTION     W (280)
  HIGHEST GUST SPEED    16   HIGHEST GUST DIRECTION     W (280)
  AVERAGE WIND SPEED     2.9


SKY COVER
  POSSIBLE SUNSHINE  MM
  AVERAGE SKY COVER 0.1


WEATHER CONDITIONS
 THE FOLLOWING WEATHER WAS RECORDED TODAY.
  NO SIGNIFICANT WEATHER WAS OBSERVED.


RELATIVE HUMIDITY (PERCENT)
 HIGHEST    89           800 AM
 LOWEST     23           100 PM
 AVERAGE    56

..........................................................


THE RIVERSIDE MUNI AIRPORT CA CLIMATE NORMALS FOR TOMORROW
                         NORMAL    RECORD    YEAR
 MAXIMUM TEMPERATURE (F)   68        94      1921
 MINIMUM TEMPERATURE (F)   45        28      1894


SUNRISE AND SUNSET
FEBRUARY 24 2017......SUNRISE   624 AM PST   SUNSET   542 PM PST
FEBRUARY 25 2017......SUNRISE   623 AM PST   SUNSET   543 PM PST


-  INDICATES NEGATIVE NUMBERS.
R  INDICATES RECORD WAS SET OR TIED.
MM INDICATES DATA IS MISSING.
T  INDICATES TRACE AMOUNT.




$$
