292
CDUS46 KSGX 210018
CLIRAL


CLIMATE REPORT
NATIONAL WEATHER SERVICE SAN DIEGO, CA
517 PM PDT FRI OCT 20 2017


...................................

...THE RIVERSIDE MUNI AIRPORT CA CLIMATE SUMMARY FOR OCTOBER 20 2017...
VALID TODAY AS OF 0500 PM LOCAL TIME.

CLIMATE NORMAL PERIOD 1981 TO 2010
CLIMATE RECORD PERIOD 1893 TO 2017


WEATHER ITEM   OBSERVED TIME   RECORD YEAR NORMAL DEPARTURE LAST
                VALUE   (LST)  VALUE       VALUE  FROM      YEAR
                                                  NORMAL
..................................................................
TEMPERATURE (F)
 TODAY
  MAXIMUM         75    159 PM 104    1940  81     -6       95
  MINIMUM         60    549 AM  33    1949  54      6       68
  AVERAGE         68                        67      1       82

PRECIPITATION (IN)
  TODAY            T             2.50 2004   0.01  -0.01     0.00
  MONTH TO DATE    T                         0.13  -0.13     0.03
  SINCE OCT 1      T                         0.13  -0.13     0.03
  SINCE JAN 1      8.46                      9.72  -1.26     4.31

DEGREE DAYS
 HEATING
  TODAY            0                         1     -1        0
  MONTH TO DATE    0                        10    -10        0
  SINCE SEP 1      1                        12    -11        0
  SINCE JUL 1      1                        12    -11        0

 COOLING
  TODAY            3                         4     -1       17
  MONTH TO DATE  153                       108     45      133
  SINCE SEP 1    500                       442     58      483
  SINCE JAN 1   2148                      1700    448     2152
..................................................................


WIND (MPH)
  RESULTANT WIND SPEED   4   RESULTANT WIND DIRECTION   W (250)
  HIGHEST WIND SPEED    17   HIGHEST WIND DIRECTION    SW (240)
  HIGHEST GUST SPEED    22   HIGHEST GUST DIRECTION     W (250)
  AVERAGE WIND SPEED     5.1


SKY COVER
  POSSIBLE SUNSHINE  MM
  AVERAGE SKY COVER 0.7


WEATHER CONDITIONS
 THE FOLLOWING WEATHER WAS RECORDED TODAY.
  LIGHT RAIN
  FOG


RELATIVE HUMIDITY (PERCENT)
 HIGHEST    97           600 AM
 LOWEST     46           100 PM
 AVERAGE    72

..........................................................


THE RIVERSIDE MUNI AIRPORT CA CLIMATE NORMALS FOR TOMORROW
                         NORMAL    RECORD    YEAR
 MAXIMUM TEMPERATURE (F)   81       103      2003
 MINIMUM TEMPERATURE (F)   54        32      1949


SUNRISE AND SUNSET
OCTOBER 20 2017.......SUNRISE   659 AM PDT   SUNSET   609 PM PDT
OCTOBER 21 2017.......SUNRISE   700 AM PDT   SUNSET   608 PM PDT


-  INDICATES NEGATIVE NUMBERS.
R  INDICATES RECORD WAS SET OR TIED.
MM INDICATES DATA IS MISSING.
T  INDICATES TRACE AMOUNT.




$$
