000
CDUS43 KUNR 220839
CLIRAP


CLIMATE REPORT
NATIONAL WEATHER SERVICE RAPID CITY SD
138 AM MST MON DEC 22 2014


...................................

...THE RAPID CITY AIRPORT SD CLIMATE SUMMARY FOR DECEMBER 21 2014...

CLIMATE NORMAL PERIOD 1981 TO 2010
CLIMATE RECORD PERIOD 1942 TO 2014


WEATHER ITEM   OBSERVED TIME   RECORD YEAR NORMAL DEPARTURE LAST
                VALUE   (LST)  VALUE       VALUE  FROM      YEAR
                                                  NORMAL
..................................................................
TEMPERATURE (F)
 YESTERDAY
  MAXIMUM         50    125 PM  65    1991  36     14       17
  MINIMUM         20    431 AM -25    1989  12      8        2
                                      1983
  AVERAGE         35                        24     11       10

PRECIPITATION (IN)
  YESTERDAY        T             0.17 1966   0.01  -0.01      T
  MONTH TO DATE    0.02                      0.27  -0.25     0.44
  SINCE DEC 1      0.02                      0.27  -0.25     0.44
  SINCE JAN 1     21.14                     16.14   5.00    21.58

SNOWFALL (IN)
  YESTERDAY        0.0           2.1  1968   0.1   -0.1      0.2
  MONTH TO DATE    0.5                       3.7   -3.2      8.1
  SINCE DEC 1      0.5                       3.7   -3.2      8.1
  SINCE JUL 1     16.0                      11.5    4.5     32.9
  SNOW DEPTH       0

DEGREE DAYS
 HEATING
  YESTERDAY       30                        41    -11       55
  MONTH TO DATE  637                       834   -197      996
  SINCE DEC 1    637                       834   -197      996
  SINCE JUL 1   2445                      2509    -64     2716

 COOLING
  YESTERDAY        0                         0      0        0
  MONTH TO DATE    0                         0      0        0
  SINCE DEC 1      0                         0      0        0
  SINCE JAN 1    424                       636   -212      724
..................................................................


WIND (MPH)
  HIGHEST WIND SPEED    35   HIGHEST WIND DIRECTION    NW (330)
  HIGHEST GUST SPEED    43   HIGHEST GUST DIRECTION    NW (330)
  AVERAGE WIND SPEED     8.3


SKY COVER
  AVERAGE SKY COVER 0.3


WEATHER CONDITIONS
 THE FOLLOWING WEATHER WAS RECORDED YESTERDAY.
  LIGHT RAIN


RELATIVE HUMIDITY (PERCENT)
 HIGHEST    88           400 AM
 LOWEST     42           200 PM
 AVERAGE    65

..........................................................


THE RAPID CITY AIRPORT SD CLIMATE NORMALS FOR TODAY
                         NORMAL    RECORD    YEAR
 MAXIMUM TEMPERATURE (F)   36        64      1972
 MINIMUM TEMPERATURE (F)   12       -29      1989


SUNRISE AND SUNSET
DECEMBER 22 2014......SUNRISE   724 AM MST   SUNSET   417 PM MST
DECEMBER 23 2014......SUNRISE   725 AM MST   SUNSET   418 PM MST


-  INDICATES NEGATIVE NUMBERS.
R  INDICATES RECORD WAS SET OR TIED.
MM INDICATES DATA IS MISSING.
T  INDICATES TRACE AMOUNT.




$$
