000
CDUS43 KUNR 190834
CLIRAP


CLIMATE REPORT
NATIONAL WEATHER SERVICE RAPID CITY SD
232 AM MDT FRI SEP 19 2014


...................................

...THE RAPID CITY AIRPORT SD CLIMATE SUMMARY FOR SEPTEMBER 18 2014...

CLIMATE NORMAL PERIOD 1981 TO 2010
CLIMATE RECORD PERIOD 1942 TO 2014


WEATHER ITEM   OBSERVED TIME   RECORD YEAR NORMAL DEPARTURE LAST
                VALUE   (LST)  VALUE       VALUE  FROM      YEAR
                                                  NORMAL
..................................................................
TEMPERATURE (F)
 YESTERDAY
  MAXIMUM         92    316 PM  97    1998  75     17       93
  MINIMUM         48    606 AM  24    1991  45      3       56
  AVERAGE         70                        60     10       75

PRECIPITATION (IN)
  YESTERDAY        0.00          0.86 1946   0.05  -0.05     0.00
  MONTH TO DATE    0.52                      0.77  -0.25     0.55
  SINCE SEP 1      0.52                      0.77  -0.25     0.55
  SINCE JAN 1     17.12                     13.40   3.72    14.61

SNOWFALL (IN)
  YESTERDAY        0.0                       0.0    0.0      0.0
  MONTH TO DATE    T                         0.0    0.0      0.0
  SINCE SEP 1      T                         0.0    0.0      0.0
  SINCE JUL 1      T                         0.0    0.0      0.0
  SNOW DEPTH       0

DEGREE DAYS
 HEATING
  YESTERDAY        0                         7     -7        0
  MONTH TO DATE  163                        77     86       14
  SINCE SEP 1    163                        77     86       14
  SINCE JUL 1    199                       114     85       19

 COOLING
  YESTERDAY        5                         1      4       10
  MONTH TO DATE   19                        51    -32      122
  SINCE SEP 1     19                        51    -32      122
  SINCE JAN 1    382                       623   -241      713
..................................................................


WIND (MPH)
  HIGHEST WIND SPEED    32   HIGHEST WIND DIRECTION     N (350)
  HIGHEST GUST SPEED    37   HIGHEST GUST DIRECTION     N (350)
  AVERAGE WIND SPEED     7.6


SKY COVER
  AVERAGE SKY COVER 0.0


WEATHER CONDITIONS
 THE FOLLOWING WEATHER WAS RECORDED YESTERDAY.
  FOG


RELATIVE HUMIDITY (PERCENT)
 HIGHEST   100           500 AM
 LOWEST     25           300 PM
 AVERAGE    63

..........................................................


THE RAPID CITY AIRPORT SD CLIMATE NORMALS FOR TODAY
                         NORMAL    RECORD    YEAR
 MAXIMUM TEMPERATURE (F)   74        93      1984
 MINIMUM TEMPERATURE (F)   45        22      1991


SUNRISE AND SUNSET
SEPTEMBER 19 2014.....SUNRISE   636 AM MDT   SUNSET   655 PM MDT
SEPTEMBER 20 2014.....SUNRISE   637 AM MDT   SUNSET   653 PM MDT


-  INDICATES NEGATIVE NUMBERS.
R  INDICATES RECORD WAS SET OR TIED.
MM INDICATES DATA IS MISSING.
T  INDICATES TRACE AMOUNT.




$$
