000
CDUS43 KUNR 240831
CLIRAP


CLIMATE REPORT
NATIONAL WEATHER SERVICE RAPID CITY SD
231 AM MDT SAT JUN 24 2017


...................................

...THE RAPID CITY AIRPORT SD CLIMATE SUMMARY FOR JUNE 23 2017...

CLIMATE NORMAL PERIOD 1981 TO 2010
CLIMATE RECORD PERIOD 1942 TO 2017


WEATHER ITEM   OBSERVED TIME   RECORD YEAR NORMAL DEPARTURE LAST
                VALUE   (LST)  VALUE       VALUE  FROM      YEAR
                                                  NORMAL
..................................................................
TEMPERATURE (F)
 YESTERDAY
  MAXIMUM         70    401 PM 102    2007  81    -11       88
  MINIMUM         43   1140 PM  40    1993  53    -10       50
                                      1989
  AVERAGE         57                        67    -10       69

PRECIPITATION (IN)
  YESTERDAY        0.00          0.83 1967   0.07  -0.07      T
  MONTH TO DATE    1.36                      2.11  -0.75     1.18
  SINCE JUN 1      1.36                      2.11  -0.75     1.18
  SINCE JAN 1      5.63                      8.80  -3.17     5.82

SNOWFALL (IN)
  YESTERDAY        0.0           0.0    MM   0.0    0.0      0.0
  MONTH TO DATE    0.0                       0.0    0.0      0.0
  SINCE JUN 1      0.0                       0.0    0.0      0.0
  SINCE JUL 1     35.7                      41.1   -5.4     36.3
  SNOW DEPTH       0

DEGREE DAYS
 HEATING
  YESTERDAY        8                         2      6        0
  MONTH TO DATE   19                        88    -69       10
  SINCE JUN 1     19                        88    -69       10
  SINCE JUL 1   6741                      7142   -401     6324

 COOLING
  YESTERDAY        0                         4     -4        4
  MONTH TO DATE   87                        49     38      143
  SINCE JUN 1     87                        49     38      143
  SINCE JAN 1     99                        64     35      143
..................................................................


WIND (MPH)
  HIGHEST WIND SPEED    32   HIGHEST WIND DIRECTION     N (340)
  HIGHEST GUST SPEED    45   HIGHEST GUST DIRECTION    NW (320)
  AVERAGE WIND SPEED    18.9


SKY COVER
  AVERAGE SKY COVER 0.2


WEATHER CONDITIONS
 THE FOLLOWING WEATHER WAS RECORDED YESTERDAY.
  NO SIGNIFICANT WEATHER WAS OBSERVED.


RELATIVE HUMIDITY (PERCENT)
 HIGHEST    59           500 AM
 LOWEST     20           500 PM
 AVERAGE    40

..........................................................


THE RAPID CITY AIRPORT SD CLIMATE NORMALS FOR TODAY
                         NORMAL    RECORD    YEAR
 MAXIMUM TEMPERATURE (F)   81       106      1988
 MINIMUM TEMPERATURE (F)   54        36      1993


SUNRISE AND SUNSET
JUNE 24 2017..........SUNRISE   510 AM MDT   SUNSET   839 PM MDT
JUNE 25 2017..........SUNRISE   511 AM MDT   SUNSET   839 PM MDT


-  INDICATES NEGATIVE NUMBERS.
R  INDICATES RECORD WAS SET OR TIED.
MM INDICATES DATA IS MISSING.
T  INDICATES TRACE AMOUNT.




$$
