000
CDUS46 KMFR 280836
CLIRBG


CLIMATE REPORT
NATIONAL WEATHER SERVICE MEDFORD, OR
1235 AM PST WED JAN 28 2015


...................................

...THE ROSEBURG OR CLIMATE SUMMARY FOR JANUARY 27 2015...

CLIMATE NORMAL PERIOD 1981 TO 2010
CLIMATE RECORD PERIOD 1931 TO 2015


WEATHER ITEM   OBSERVED TIME   RECORD YEAR NORMAL DEPARTURE LAST
                VALUE   (LST)  VALUE       VALUE  FROM      YEAR
                                                  NORMAL
..................................................................
TEMPERATURE (F)
 YESTERDAY
  MAXIMUM         57    323 PM  66    1931  51      6       48
  MINIMUM         44   1203 AM   9    1957  37      7       34
  AVERAGE         51                        44      7       41

PRECIPITATION (IN)
  YESTERDAY        0.00          1.46 1969   0.12  -0.12     0.01
  MONTH TO DATE    1.38                      4.63  -3.25     1.29
  SINCE OCT 1     15.66                     20.28  -4.62     4.99
  SINCE JAN 1      1.38                      4.63  -3.25     1.29

SNOWFALL (IN)
  YESTERDAY       MM                        MM     MM       MM
  MONTH TO DATE   MM                        MM     MM       MM
  SINCE JUL 1     MM                        MM     MM        0.0
  SNOW DEPTH      MM

DEGREE DAYS
 HEATING
  YESTERDAY       14                        21     -7       24
  MONTH TO DATE  497                       595    -98      597
  SINCE DEC 1    990                      1306   -316     1421
  SINCE JUL 1   1580                      2235   -655     2380

 COOLING
  YESTERDAY        0                         0      0        0
  MONTH TO DATE    0                         0      0        0
  SINCE DEC 1      0                         0      0        0
  SINCE JAN 1      0                         0      0        0
..................................................................


WIND (MPH)
  RESULTANT WIND SPEED   0   RESULTANT WIND DIRECTION  SE (150)
  HIGHEST WIND SPEED     6   HIGHEST WIND DIRECTION    SE (140)
  HIGHEST GUST SPEED     7   HIGHEST GUST DIRECTION     S (160)
  AVERAGE WIND SPEED     0.9


SKY COVER
  POSSIBLE SUNSHINE  MM
  AVERAGE SKY COVER 0.8


WEATHER CONDITIONS
 THE FOLLOWING WEATHER WAS RECORDED YESTERDAY.
  FOG
  FOG W/VISIBILITY <= 1/4 MILE


RELATIVE HUMIDITY (PERCENT)
 HIGHEST   100           100 AM
 LOWEST     72           200 PM
 AVERAGE    86

..........................................................


THE ROSEBURG OR CLIMATE NORMALS FOR TODAY
                         NORMAL    RECORD    YEAR
 MAXIMUM TEMPERATURE (F)   51        63      1995
 MINIMUM TEMPERATURE (F)   37        13      1957


SUNRISE AND SUNSET
JANUARY 28 2015.......SUNRISE   733 AM PST   SUNSET   520 PM PST
JANUARY 29 2015.......SUNRISE   732 AM PST   SUNSET   521 PM PST


-  INDICATES NEGATIVE NUMBERS.
R  INDICATES RECORD WAS SET OR TIED.
MM INDICATES DATA IS MISSING.
T  INDICATES TRACE AMOUNT.




$$
