000
CDUS46 KMFR 170849
CLIRBG


CLIMATE REPORT
NATIONAL WEATHER SERVICE MEDFORD, OR
1248 AM PST SUN DEC 17 2017


...................................

...THE ROSEBURG OR CLIMATE SUMMARY FOR DECEMBER 16 2017...

CLIMATE NORMAL PERIOD 1981 TO 2010
CLIMATE RECORD PERIOD 1931 TO 2017


WEATHER ITEM   OBSERVED TIME   RECORD YEAR NORMAL DEPARTURE LAST
                VALUE   (LST)  VALUE       VALUE  FROM      YEAR
                                                  NORMAL
..................................................................
TEMPERATURE (F)
 YESTERDAY
  MAXIMUM         44    313 PM  62    1939  47     -3       37
  MINIMUM         33    705 AM  19    2008  36     -3       30
  AVERAGE         39                        42     -3       34

PRECIPITATION (IN)
  YESTERDAY        T             1.14 1955   0.21  -0.21     0.00
  MONTH TO DATE    0.33                      3.09  -2.76     4.92
  SINCE OCT 1      7.30                     12.22  -4.92    17.75
  SINCE JAN 1     31.68                     32.83  -1.15    37.08

SNOWFALL (IN)
  YESTERDAY       MM                        MM     MM       MM
  MONTH TO DATE   MM                        MM     MM       MM
  SINCE JUL 1     MM                        MM     MM       MM
  SNOW DEPTH      MM

DEGREE DAYS
 HEATING
  YESTERDAY       26                        23      3       31
  MONTH TO DATE  446                       362     84      374
  SINCE DEC 1    446                       362     84      374
  SINCE JUL 1   1305                      1291     14     1013

 COOLING
  YESTERDAY        0                         0      0        0
  MONTH TO DATE    0                         0      0        0
  SINCE DEC 1      0                         0      0        0
  SINCE JAN 1    863                       480    383      732
..................................................................


WIND (MPH)
  RESULTANT WIND SPEED   0   RESULTANT WIND DIRECTION   N (350)
  HIGHEST WIND SPEED     6   HIGHEST WIND DIRECTION    SE (130)
  HIGHEST GUST SPEED     7   HIGHEST GUST DIRECTION    SE (130)
  AVERAGE WIND SPEED     0.8


SKY COVER
  POSSIBLE SUNSHINE  MM
  AVERAGE SKY COVER 1.0


WEATHER CONDITIONS
 THE FOLLOWING WEATHER WAS RECORDED YESTERDAY.
  LIGHT SNOW
  FOG
  FOG W/VISIBILITY <= 1/4 MILE


RELATIVE HUMIDITY (PERCENT)
 HIGHEST   100          1200 AM
 LOWEST     82           200 PM
 AVERAGE    91

..........................................................


THE ROSEBURG OR CLIMATE NORMALS FOR TODAY
                         NORMAL    RECORD    YEAR
 MAXIMUM TEMPERATURE (F)   47        60      1999
 MINIMUM TEMPERATURE (F)   36        17      1964


SUNRISE AND SUNSET
DECEMBER 17 2017......SUNRISE   740 AM PST   SUNSET   439 PM PST
DECEMBER 18 2017......SUNRISE   741 AM PST   SUNSET   440 PM PST


-  INDICATES NEGATIVE NUMBERS.
R  INDICATES RECORD WAS SET OR TIED.
MM INDICATES DATA IS MISSING.
T  INDICATES TRACE AMOUNT.




$$
