000
CDUS46 KMFR 280839
CLIRBG


CLIMATE REPORT
NATIONAL WEATHER SERVICE MEDFORD, OR
139 AM PDT MON JUL 28 2014


...................................

...THE ROSEBURG OR CLIMATE SUMMARY FOR JULY 27 2014...

CLIMATE NORMAL PERIOD 1981 TO 2010
CLIMATE RECORD PERIOD 1931 TO 2014


WEATHER ITEM   OBSERVED TIME   RECORD YEAR NORMAL DEPARTURE LAST
                VALUE   (LST)  VALUE       VALUE  FROM      YEAR
                                                  NORMAL
..................................................................
TEMPERATURE (F)
 YESTERDAY
  MAXIMUM         90    511 PM 107    1998  86      4       90
  MINIMUM         59    535 AM  44    1957  57      2       64
  AVERAGE         75                        72      3       77

PRECIPITATION (IN)
  YESTERDAY        0.00          1.01 1947   0.01  -0.01     0.00
  MONTH TO DATE    0.20                      0.38  -0.18      T
  SINCE SEP 1     24.16                     35.75 -11.59    26.55
  SINCE JAN 1     16.62                     19.14  -2.52     7.88

SNOWFALL (IN)
  YESTERDAY       MM                        MM     MM       MM
  MONTH TO DATE   MM                        MM     MM       MM
  SINCE JUL 1     MM                        MM     MM       MM
  SNOW DEPTH      MM

DEGREE DAYS
 HEATING
  YESTERDAY        0                         0      0        0
  MONTH TO DATE    7                         8     -1        0
  SINCE JUN 1     42                        91    -49       35
  SINCE JUL 1      7                         8     -1        0

 COOLING
  YESTERDAY       10                         7      3       12
  MONTH TO DATE  248                       148    100      288
  SINCE JUN 1    319                       198    121      399
  SINCE JAN 1    364                       218    146      433
..................................................................


WIND (MPH)
  RESULTANT WIND SPEED   3   RESULTANT WIND DIRECTION   N (10)
  HIGHEST WIND SPEED    14   HIGHEST WIND DIRECTION     N (10)
  HIGHEST GUST SPEED    19   HIGHEST GUST DIRECTION     N (10)
  AVERAGE WIND SPEED     3.8


SKY COVER
  POSSIBLE SUNSHINE  MM
  AVERAGE SKY COVER 0.0


WEATHER CONDITIONS
 THE FOLLOWING WEATHER WAS RECORDED YESTERDAY.
  NO SIGNIFICANT WEATHER WAS OBSERVED.


RELATIVE HUMIDITY (PERCENT)
 HIGHEST    72           300 AM
 LOWEST     29           600 PM
 AVERAGE    51

..........................................................


THE ROSEBURG OR CLIMATE NORMALS FOR TODAY
                         NORMAL    RECORD    YEAR
 MAXIMUM TEMPERATURE (F)   86       108      2009
 MINIMUM TEMPERATURE (F)   57        45      1955


SUNRISE AND SUNSET
JULY 28 2014..........SUNRISE   600 AM PDT   SUNSET   840 PM PDT
JULY 29 2014..........SUNRISE   601 AM PDT   SUNSET   839 PM PDT


-  INDICATES NEGATIVE NUMBERS.
R  INDICATES RECORD WAS SET OR TIED.
MM INDICATES DATA IS MISSING.
T  INDICATES TRACE AMOUNT.




$$
