049
CDUS46 KMFR 310035
CLIRBG


CLIMATE REPORT
NATIONAL WEATHER SERVICE MEDFORD, OR
535 PM PDT SAT JUL 30 2016


...................................

...THE ROSEBURG OR CLIMATE SUMMARY FOR JULY 30 2016...
VALID TODAY AS OF 0500 PM LOCAL TIME.

CLIMATE NORMAL PERIOD 1981 TO 2010
CLIMATE RECORD PERIOD 1931 TO 2016


WEATHER ITEM   OBSERVED TIME   RECORD YEAR NORMAL DEPARTURE LAST
                VALUE   (LST)  VALUE       VALUE  FROM      YEAR
                                                  NORMAL
..................................................................
TEMPERATURE (F)
 TODAY
  MAXIMUM         92    340 PM 108    2015  86      6      108
  MINIMUM         62    552 AM  43    1956  57      5       65
  AVERAGE         77                        72      5       87

PRECIPITATION (IN)
  TODAY            0.00          0.26 2001   0.01  -0.01
                                      2002
                                      2001
  MONTH TO DATE    0.77                      0.41   0.36
  SINCE OCT 1     38.45                     34.82   3.63
  SINCE JAN 1     19.26                     19.17   0.09

SNOWFALL (IN)
  TODAY           MM                        MM     MM       MM
  MONTH TO DATE   MM                        MM     MM        0.0
  SINCE JUL 1     MM                        MM     MM        0.0
  SNOW DEPTH      MM

DEGREE DAYS
 HEATING
  TODAY            0                         0      0        0
  MONTH TO DATE    3                         8     -5        0
  SINCE JUN 1     67                        91    -24       12
  SINCE JUL 1      3                         8     -5        0

 COOLING
  TODAY           12                         7      5       22
  MONTH TO DATE  186                       169     17      328
  SINCE JUN 1    322                       219    103      559
  SINCE JAN 1    365                       239    126      589
..................................................................







THE ROSEBURG OR CLIMATE NORMALS FOR TOMORROW
                         NORMAL    RECORD    YEAR
 MAXIMUM TEMPERATURE (F)   86       107      2015
 MINIMUM TEMPERATURE (F)   57        44      1956


SUNRISE AND SUNSET
JULY 30 2016..........SUNRISE   602 AM PDT   SUNSET   837 PM PDT
JULY 31 2016..........SUNRISE   603 AM PDT   SUNSET   836 PM PDT


-  INDICATES NEGATIVE NUMBERS.
R  INDICATES RECORD WAS SET OR TIED.
MM INDICATES DATA IS MISSING.
T  INDICATES TRACE AMOUNT.




$$
