000
CDUS46 KMFR 190840
CLIRBG


CLIMATE REPORT
NATIONAL WEATHER SERVICE MEDFORD, OR
140 AM PDT SAT AUG 19 2017


...................................

...THE ROSEBURG OR CLIMATE SUMMARY FOR AUGUST 18 2017...

CLIMATE NORMAL PERIOD 1981 TO 2010
CLIMATE RECORD PERIOD 1931 TO 2017


WEATHER ITEM   OBSERVED TIME   RECORD YEAR NORMAL DEPARTURE LAST
                VALUE   (LST)  VALUE       VALUE  FROM      YEAR
                                                  NORMAL
..................................................................
TEMPERATURE (F)
 YESTERDAY
  MAXIMUM         93    331 PM 102    2015  85      8      100
  MINIMUM         56    619 AM  45    1963  55      1       58
  AVERAGE         75                        70      5       79

PRECIPITATION (IN)
  YESTERDAY        0.00          0.44 1990   0.01  -0.01     0.00
  MONTH TO DATE    T                         0.18  -0.18     0.00
  SINCE OCT 1     42.38                     35.01   7.37    38.45
  SINCE JAN 1     23.46                     19.36   4.10    19.26

SNOWFALL (IN)
  YESTERDAY       MM                        MM     MM       MM
  MONTH TO DATE   MM                        MM     MM       MM
  SINCE JUL 1     MM                        MM     MM       MM
  SNOW DEPTH      MM

DEGREE DAYS
 HEATING
  YESTERDAY        0                         0      0        0
  MONTH TO DATE    0                         0      0        0
  SINCE JUN 1     64                        94    -30       67
  SINCE JUL 1      0                        11    -11        3

 COOLING
  YESTERDAY       10                         5      5       14
  MONTH TO DATE  227                       108    119      166
  SINCE JUN 1    570                       331    239      496
  SINCE JAN 1    619                       351    268      539
..................................................................


WIND (MPH)
  RESULTANT WIND SPEED   4   RESULTANT WIND DIRECTION   N (10)
  HIGHEST WIND SPEED    17   HIGHEST WIND DIRECTION     N (10)
  HIGHEST GUST SPEED    22   HIGHEST GUST DIRECTION     N (10)
  AVERAGE WIND SPEED     5.0


SKY COVER
  POSSIBLE SUNSHINE  MM
  AVERAGE SKY COVER 0.0


WEATHER CONDITIONS
 THE FOLLOWING WEATHER WAS RECORDED YESTERDAY.
  HAZE


RELATIVE HUMIDITY (PERCENT)
 HIGHEST    67           700 AM
 LOWEST     19           600 PM
 AVERAGE    43

..........................................................


THE ROSEBURG OR CLIMATE NORMALS FOR TODAY
                         NORMAL    RECORD    YEAR
 MAXIMUM TEMPERATURE (F)   84       107      2016
 MINIMUM TEMPERATURE (F)   55        44      1964


SUNRISE AND SUNSET
AUGUST 19 2017........SUNRISE   624 AM PDT   SUNSET   809 PM PDT
AUGUST 20 2017........SUNRISE   625 AM PDT   SUNSET   808 PM PDT


-  INDICATES NEGATIVE NUMBERS.
R  INDICATES RECORD WAS SET OR TIED.
MM INDICATES DATA IS MISSING.
T  INDICATES TRACE AMOUNT.




$$
