360
CDUS46 KSTO 190848
CLIRDD

CLIMATE REPORT
NATIONAL WEATHER SERVICE SACRAMENTO, CA
1244 AM PST MON FEB 19 2018


...................................

...THE REDDING AIRPORT CA CLIMATE SUMMARY FOR FEBRUARY 18 2018...

CLIMATE NORMAL PERIOD 1981 TO 2010
CLIMATE RECORD PERIOD 1986 TO 2018


WEATHER ITEM   OBSERVED RECORD YEAR NORMAL DEPARTURE LAST
                VALUE   VALUE       VALUE  FROM      YEAR
                                           NORMAL
...........................................................
TEMPERATURE (F)
 YESTERDAY
  MAXIMUM         58     75    1995  60     -2       60
  MINIMUM         34     29    2013  40     -6       46
  AVERAGE         46

PRECIPITATION (IN)
  YESTERDAY        0.00   1.10 1993   0.20  -0.20     0.87
  MONTH TO DATE    0.00               3.58  -3.58     6.99
  SINCE OCT 1     10.52              22.39 -11.87    37.17
  SINCE JAN 1      4.85               9.54  -4.69    18.44

SNOWFALL (IN)
  YESTERDAY        0.0   MM      MM  MM              MM
  MONTH TO DATE    0.0               MM               0.0
  SINCE DEC 1      0.0               MM               3.0
  SINCE JUL 1      0.0               MM               3.0

DEGREE DAYS
 HEATING
  YESTERDAY       19

 COOLING
  YESTERDAY        0
...........................................................


WIND (MPH)
  RESULTANT WIND SPEED   8   RESULTANT WIND DIRECTION   W (260)
  HIGHEST WIND SPEED    25   HIGHEST WIND DIRECTION    SW (240)
  HIGHEST GUST SPEED    33   HIGHEST GUST DIRECTION     W (250)


SKY COVER
  POSSIBLE SUNSHINE  MM
  AVERAGE SKY COVER 0.1


WEATHER CONDITIONS
 THE FOLLOWING WEATHER WAS RECORDED YESTERDAY.
  NO SIGNIFICANT WEATHER WAS OBSERVED.


RELATIVE HUMIDITY (PERCENT)
 HIGHEST    60
 LOWEST     26
 AVERAGE    43

..........................................................


THE REDDING AIRPORT CA CLIMATE NORMALS FOR TODAY
                         NORMAL    RECORD    YEAR
 MAXIMUM TEMPERATURE (F)   61        76      1995
 MINIMUM TEMPERATURE (F)   40        25      2006


SUNRISE AND SUNSET
FEBRUARY 19 2018......SUNRISE   657 AM PST   SUNSET   549 PM PST
FEBRUARY 20 2018......SUNRISE   656 AM PST   SUNSET   550 PM PST


-  INDICATES NEGATIVE NUMBERS.
R  INDICATES RECORD WAS SET OR TIED.
MM INDICATES DATA IS MISSING.
T  INDICATES TRACE AMOUNT.




&&
....................................................................

REDDING CITY CLIMATE DATA FOR FEBRUARY 18

CLIMATE RECORD PERIOD 1897-1986

RECORD HIGH..............     80 IN 1924
RECORD LOW...............     26 IN 1917

RECORD RAINFALL..........   1.61 IN 1931

$$

NNNN
