000
CDUS46 KSTO 220042
CLIRDD

CLIMATE REPORT
NATIONAL WEATHER SERVICE SACRAMENTO, CA
539 PM PDT THU SEP 21 2017


...................................

...THE REDDING AIRPORT CA CLIMATE SUMMARY FOR SEPTEMBER 21 2017...
VALID TODAY AS OF 0500 PM LOCAL TIME.

CLIMATE NORMAL PERIOD 1981 TO 2010
CLIMATE RECORD PERIOD 1986 TO 2017


WEATHER ITEM   OBSERVED RECORD YEAR NORMAL DEPARTURE LAST
                VALUE   VALUE       VALUE  FROM      YEAR
                                           NORMAL
...........................................................
TEMPERATURE (F)
 TODAY
  MAXIMUM         75    108    1987  89    -14       83
  MINIMUM         46R    47    1986  57    -11       60
  AVERAGE         61

PRECIPITATION (IN)
  TODAY            0.00   1.22 2013   0.02  -0.02     0.00
  MONTH TO DATE    0.61               0.40   0.21     0.00
  SINCE OCT 1     47.74              34.38  13.36    40.49
  SINCE JAN 1     29.01              21.53   7.48    30.63

SNOWFALL (IN)
  TODAY            0.0    0.0  2002  MM               0.0
                               2001
  MONTH TO DATE    0.0               MM               0.0
  SINCE SEP 1      0.0               MM               0.0
  SINCE JUL 1      0.0               MM               0.0

DEGREE DAYS
 HEATING
  TODAY            4

 COOLING
  TODAY            0
...........................................................


WIND (MPH)
  RESULTANT WIND SPEED   6   RESULTANT WIND DIRECTION   N (340)
  HIGHEST WIND SPEED    16   HIGHEST WIND DIRECTION     N (10)
  HIGHEST GUST SPEED    21   HIGHEST GUST DIRECTION     N (360)


SKY COVER
  POSSIBLE SUNSHINE  MM
  AVERAGE SKY COVER 0.1


WEATHER CONDITIONS
 THE FOLLOWING WEATHER WAS RECORDED TODAY.
  NO SIGNIFICANT WEATHER WAS OBSERVED.


RELATIVE HUMIDITY (PERCENT)
 HIGHEST    66
 LOWEST     17
 AVERAGE    42

..........................................................


THE REDDING AIRPORT CA CLIMATE NORMALS FOR TOMORROW
                         NORMAL    RECORD    YEAR
 MAXIMUM TEMPERATURE (F)   89       105      2009
                                             2003
 MINIMUM TEMPERATURE (F)   56        49      2013
                                             1988


SUNRISE AND SUNSET
SEPTEMBER 21 2017.....SUNRISE   656 AM PDT   SUNSET   707 PM PDT
SEPTEMBER 22 2017.....SUNRISE   657 AM PDT   SUNSET   706 PM PDT


-  INDICATES NEGATIVE NUMBERS.
R  INDICATES RECORD WAS SET OR TIED.
MM INDICATES DATA IS MISSING.
T  INDICATES TRACE AMOUNT.

&&
....................................................................

REDDING CITY CLIMATE DATA FOR SEPTEMBER 21

CLIMATE RECORD PERIOD 1897-1986

RECORD HIGH..............    104 IN 1967
RECORD LOW...............     44 IN 1924

RECORD RAINFALL..........   1.19 IN 1923

$$

NNNN
