000
CDUS46 KSTO 250838
CLIRDD

CLIMATE REPORT
NATIONAL WEATHER SERVICE SACRAMENTO, CA
135 AM PDT MON JUL 25 2016


...................................

...THE REDDING AIRPORT CA CLIMATE SUMMARY FOR JULY 24 2016...

CLIMATE NORMAL PERIOD 1981 TO 2010
CLIMATE RECORD PERIOD 1986 TO 2016


WEATHER ITEM   OBSERVED RECORD YEAR NORMAL DEPARTURE LAST
                VALUE   VALUE       VALUE  FROM      YEAR
                                           NORMAL
...........................................................
TEMPERATURE (F)
 YESTERDAY
  MAXIMUM        104    113    2006 100      4       94
  MINIMUM         75     56    1987  66      9       61
  AVERAGE         90

PRECIPITATION (IN)
  YESTERDAY        0.00   0.05 2003   0.00   0.00     0.00
  MONTH TO DATE    T                  0.07  -0.07     0.04
  SINCE OCT 1     40.49              33.78   6.71    23.08
  SINCE JAN 1     30.63              20.93   9.70     6.83

SNOWFALL (IN)
  YESTERDAY        0.0   MM      MM  MM               0.0
  MONTH TO DATE    0.0               MM               0.0
  SINCE JUN 1      0.0               MM               0.0
  SINCE JUL 1      0.0               MM               0.0

DEGREE DAYS
 HEATING
  YESTERDAY        0

 COOLING
  YESTERDAY       25
...........................................................


WIND (MPH)
  RESULTANT WIND SPEED   1   RESULTANT WIND DIRECTION  SE (130)
  HIGHEST WIND SPEED    16   HIGHEST WIND DIRECTION    SE (150)
  HIGHEST GUST SPEED    19   HIGHEST GUST DIRECTION     S (180)


SKY COVER
  POSSIBLE SUNSHINE  MM
  AVERAGE SKY COVER 0.0


WEATHER CONDITIONS
 THE FOLLOWING WEATHER WAS RECORDED YESTERDAY.
  NO SIGNIFICANT WEATHER WAS OBSERVED.


RELATIVE HUMIDITY (PERCENT)
 HIGHEST    40
 LOWEST     13
 AVERAGE    27

..........................................................


THE REDDING AIRPORT CA CLIMATE NORMALS FOR TODAY
                         NORMAL    RECORD    YEAR
 MAXIMUM TEMPERATURE (F)  100       112      2006
 MINIMUM TEMPERATURE (F)   66        57      1999
                                             1994
                                             1987


SUNRISE AND SUNSET
JULY 25 2016..........SUNRISE   601 AM PDT   SUNSET   830 PM PDT
JULY 26 2016..........SUNRISE   601 AM PDT   SUNSET   829 PM PDT


-  INDICATES NEGATIVE NUMBERS.
R  INDICATES RECORD WAS SET OR TIED.
MM INDICATES DATA IS MISSING.
T  INDICATES TRACE AMOUNT.




&&
....................................................................

REDDING CITY CLIMATE DATA FOR JULY 24

CLIMATE RECORD PERIOD 1897-1986

RECORD HIGH..............    113 IN 1964
RECORD LOW...............     53 IN 1983

RECORD RAINFALL..........   0.66 IN 1946

$$

NNNN
