000
CDUS46 KSTO 270909
CLIRDD

CLIMATE REPORT
NATIONAL WEATHER SERVICE SACRAMENTO, CA
138 AM PDT FRI MAR 27 2015


...................................

...THE REDDING AIRPORT CA CLIMATE SUMMARY FOR MARCH 26 2015...

CLIMATE NORMAL PERIOD 1981 TO 2010
CLIMATE RECORD PERIOD 1986 TO 2015


WEATHER ITEM   OBSERVED RECORD YEAR NORMAL DEPARTURE LAST
                VALUE   VALUE       VALUE  FROM      YEAR
                                           NORMAL
...........................................................
TEMPERATURE (F)
 YESTERDAY
  MAXIMUM         84     85    1988  66     18       55
  MINIMUM         50     33    1996  44      6       45
  AVERAGE         67

PRECIPITATION (IN)
  YESTERDAY        0.00   0.40 2007   0.10  -0.10     0.26
  MONTH TO DATE    1.06               3.87  -2.81     4.05
  SINCE OCT 1     20.95              28.19  -7.24    14.66
  SINCE JAN 1      4.70              15.34 -10.64    12.55

SNOWFALL (IN)
  YESTERDAY        0.0   MM      MM  MM              MM
  MONTH TO DATE    0.0               MM               0.0
  SINCE MAR 1      0.0               MM               0.0
  SINCE JUL 1      0.0               MM               5.0

DEGREE DAYS
 HEATING
  YESTERDAY        0

 COOLING
  YESTERDAY        2
...........................................................


WIND (MPH)
  RESULTANT WIND SPEED   1   RESULTANT WIND DIRECTION  NE (50)
  HIGHEST WIND SPEED     8   HIGHEST WIND DIRECTION    SE (130)
  HIGHEST GUST SPEED    11   HIGHEST GUST DIRECTION    NW (320)


SKY COVER
  POSSIBLE SUNSHINE  MM
  AVERAGE SKY COVER 0.0


WEATHER CONDITIONS
 THE FOLLOWING WEATHER WAS RECORDED YESTERDAY.
  NO SIGNIFICANT WEATHER WAS OBSERVED.


RELATIVE HUMIDITY (PERCENT)
 HIGHEST    83
 LOWEST     28
 AVERAGE    56

..........................................................


THE REDDING AIRPORT CA CLIMATE NORMALS FOR TODAY
                         NORMAL    RECORD    YEAR
 MAXIMUM TEMPERATURE (F)   66        83      1994
 MINIMUM TEMPERATURE (F)   44        32      1991


SUNRISE AND SUNSET
MARCH 27 2015.........SUNRISE   701 AM PDT   SUNSET   728 PM PDT
MARCH 28 2015.........SUNRISE   700 AM PDT   SUNSET   730 PM PDT


-  INDICATES NEGATIVE NUMBERS.
R  INDICATES RECORD WAS SET OR TIED.
MM INDICATES DATA IS MISSING.
T  INDICATES TRACE AMOUNT.






&&
....................................................................

REDDING CITY CLIMATE DATA FOR MARCH 26

CLIMATE RECORD PERIOD 1897-1986

RECORD HIGH..............     84 IN 1923
RECORD LOW...............     29 IN 1920

RECORD RAINFALL..........   1.51 IN 1985

$$
