000
CDUS46 KSTO 050837
CLIRDD

CLIMATE REPORT
NATIONAL WEATHER SERVICE SACRAMENTO, CA
1236 AM PST THU MAR 5 2015


..........................................................

...THE REDDING AIRPORT CA CLIMATE SUMMARY FOR MARCH 4 2015...

CLIMATE NORMAL PERIOD 1981 TO 2010
CLIMATE RECORD PERIOD 1986 TO 2015


WEATHER ITEM   OBSERVED RECORD YEAR NORMAL DEPARTURE LAST
                VALUE   VALUE       VALUE  FROM      YEAR
                                           NORMAL
...........................................................
TEMPERATURE (F)
 YESTERDAY
  MAXIMUM         71     73    2012  63      8       62
  MINIMUM         34     30    2010  42     -8       50
  AVERAGE         53

PRECIPITATION (IN)
  YESTERDAY        0.00   1.53 2001   0.18  -0.18     0.11
  MONTH TO DATE    T                  0.77  -0.77     2.07
  SINCE OCT 1     19.89              25.09  -5.20    12.68
  SINCE JAN 1      3.64              12.24  -8.60    10.57

SNOWFALL (IN)
  YESTERDAY        0.0   MM      MM  MM               0.0
  MONTH TO DATE    0.0               MM               0.0
  SINCE MAR 1      0.0               MM               0.0
  SINCE JUL 1      0.0               MM               5.0

DEGREE DAYS
 HEATING
  YESTERDAY       12

 COOLING
  YESTERDAY        0
...........................................................


WIND (MPH)
  RESULTANT WIND SPEED   2   RESULTANT WIND DIRECTION  NE (30)
  HIGHEST WIND SPEED    15   HIGHEST WIND DIRECTION     N (350)
  HIGHEST GUST SPEED    21   HIGHEST GUST DIRECTION     N (360)


SKY COVER
  POSSIBLE SUNSHINE  MM
  AVERAGE SKY COVER 0.0


WEATHER CONDITIONS
 THE FOLLOWING WEATHER WAS RECORDED YESTERDAY.
  NO SIGNIFICANT WEATHER WAS OBSERVED.


RELATIVE HUMIDITY (PERCENT)
 HIGHEST    82
 LOWEST     16
 AVERAGE    49

..........................................................


THE REDDING AIRPORT CA CLIMATE NORMALS FOR TODAY
                         NORMAL    RECORD    YEAR
 MAXIMUM TEMPERATURE (F)   63        78      1993
 MINIMUM TEMPERATURE (F)   42        28      1997


SUNRISE AND SUNSET
MARCH  5 2015.........SUNRISE   637 AM PST   SUNSET   605 PM PST
MARCH  6 2015.........SUNRISE   635 AM PST   SUNSET   606 PM PST


-  INDICATES NEGATIVE NUMBERS.
R  INDICATES RECORD WAS SET OR TIED.
MM INDICATES DATA IS MISSING.
T  INDICATES TRACE AMOUNT.

&&
....................................................................

REDDING CITY CLIMATE DATA FOR MARCH 04

CLIMATE RECORD PERIOD 1897-1986

RECORD HIGH..............     80 IN 1936
RECORD LOW...............     27 IN 1896

RECORD RAINFALL..........   1.75 IN 1978

$$

NNNN
