000
CDUS46 KSTO 290834 RRA
CLIRDD

CLIMATE REPORT
NATIONAL WEATHER SERVICE SACRAMENTO, CA
133 AM PDT WED JUL 29 2015


...................................

...THE REDDING AIRPORT CA CLIMATE SUMMARY FOR JULY 28 2015...

CLIMATE NORMAL PERIOD 1981 TO 2010
CLIMATE RECORD PERIOD 1986 TO 2015


WEATHER ITEM   OBSERVED RECORD YEAR NORMAL DEPARTURE LAST
                VALUE   VALUE       VALUE  FROM      YEAR
                                           NORMAL
...........................................................
TEMPERATURE (F)
 YESTERDAY
  MAXIMUM        105    113    2003 100      5      105
  MINIMUM         79     58    1987  66     13       66
  AVERAGE         92

PRECIPITATION (IN)
  YESTERDAY        0.00   T    1996   0.00   0.00     0.00
  MONTH TO DATE    0.04               0.08  -0.04     0.09
  SINCE OCT 1     23.08              33.79 -10.71    16.47
  SINCE JAN 1      6.83              20.94 -14.11    14.36

SNOWFALL (IN)
  YESTERDAY        0.0   MM      MM  MM               0.0
  MONTH TO DATE    0.0               MM               0.0
  SINCE JUN 1      0.0               MM               0.0
  SINCE JUL 1      0.0               MM               0.0

DEGREE DAYS
 HEATING
  YESTERDAY        0

 COOLING
  YESTERDAY       27
...........................................................


WIND (MPH)
  RESULTANT WIND SPEED  10   RESULTANT WIND DIRECTION   N (350)
  HIGHEST WIND SPEED    23   HIGHEST WIND DIRECTION     N (10)
  HIGHEST GUST SPEED    29   HIGHEST GUST DIRECTION     N (20)


SKY COVER
  POSSIBLE SUNSHINE  MM
  AVERAGE SKY COVER 0.0


WEATHER CONDITIONS
 THE FOLLOWING WEATHER WAS RECORDED YESTERDAY.
  NO SIGNIFICANT WEATHER WAS OBSERVED.


RELATIVE HUMIDITY (PERCENT)
 HIGHEST    25
 LOWEST      7
 AVERAGE    16

..........................................................


THE REDDING AIRPORT CA CLIMATE NORMALS FOR TODAY
                         NORMAL    RECORD    YEAR
 MAXIMUM TEMPERATURE (F)  100       116      2003
 MINIMUM TEMPERATURE (F)   66        58      1999


SUNRISE AND SUNSET
JULY 29 2015..........SUNRISE   603 AM PDT   SUNSET   827 PM PDT
JULY 30 2015..........SUNRISE   604 AM PDT   SUNSET   826 PM PDT


-  INDICATES NEGATIVE NUMBERS.
R  INDICATES RECORD WAS SET OR TIED.
MM INDICATES DATA IS MISSING.
T  INDICATES TRACE AMOUNT.

&&
....................................................................

REDDING CITY CLIMATE DATA FOR JULY 28

CLIMATE RECORD PERIOD 1897-1986

RECORD HIGH..............    113 IN 1923
RECORD LOW...............     55 IN 1950

RECORD RAINFALL..........   0.04 IN 1947

$$
