000
CDUS46 KSTO 230853
CLIRDD

CLIMATE REPORT
NATIONAL WEATHER SERVICE SACRAMENTO, CA
147 AM PDT THU OCT 23 2014


...................................

...THE REDDING AIRPORT CA CLIMATE SUMMARY FOR OCTOBER 22 2014...

CLIMATE NORMAL PERIOD 1981 TO 2010
CLIMATE RECORD PERIOD 1986 TO 2014


WEATHER ITEM   OBSERVED RECORD YEAR NORMAL DEPARTURE LAST
                VALUE   VALUE       VALUE  FROM      YEAR
                                           NORMAL
...........................................................
TEMPERATURE (F)
 YESTERDAY
  MAXIMUM         66     92    1988  75     -9       86
  MINIMUM         49     41    1999  48      1       45
                               1996
  AVERAGE         58

PRECIPITATION (IN)
  YESTERDAY        0.02   1.47 2012   0.08  -0.06     0.00
  MONTH TO DATE    0.34               1.21  -0.87     0.01
  SINCE JUL 1      3.78               2.12   1.66     1.40
  SINCE JAN 1     18.05              22.98  -4.93    10.70

SNOWFALL (IN)
  YESTERDAY       MM      0.0  2002  MM               0.0
                               2001
  MONTH TO DATE    0.0               MM               0.0
  SINCE SEP 1      0.0               MM               0.0
  SINCE JUL 1      0.0               MM               0.0

DEGREE DAYS
 HEATING
  YESTERDAY        7

 COOLING
  YESTERDAY        0
...........................................................


WIND (MPH)
  RESULTANT WIND SPEED   1   RESULTANT WIND DIRECTION  NW (330)
  HIGHEST WIND SPEED     8   HIGHEST WIND DIRECTION     N (360)
  HIGHEST GUST SPEED    11   HIGHEST GUST DIRECTION     N (350)


SKY COVER
  POSSIBLE SUNSHINE  MM
  AVERAGE SKY COVER 0.2


WEATHER CONDITIONS
 THE FOLLOWING WEATHER WAS RECORDED YESTERDAY.
  LIGHT RAIN


RELATIVE HUMIDITY (PERCENT)
 HIGHEST   100
 LOWEST     52
 AVERAGE    76

..........................................................


THE REDDING AIRPORT CA CLIMATE NORMALS FOR TODAY
                         NORMAL    RECORD    YEAR
 MAXIMUM TEMPERATURE (F)   74        88      1988
 MINIMUM TEMPERATURE (F)   47        37      1991


SUNRISE AND SUNSET
OCTOBER 23 2014.......SUNRISE   729 AM PDT   SUNSET   617 PM PDT
OCTOBER 24 2014.......SUNRISE   730 AM PDT   SUNSET   616 PM PDT


-  INDICATES NEGATIVE NUMBERS.
R  INDICATES RECORD WAS SET OR TIED.
MM INDICATES DATA IS MISSING.
T  INDICATES TRACE AMOUNT.





ZCZC SFOWRKRD 000
TTAA00 KSFO 221957

&&
....................................................................

REDDING CITY CLIMATE DATA FOR OCTOBER 22

CLIMATE RECORD PERIOD 1897-1986

RECORD HIGH..............     95 IN 1964
RECORD LOW...............     38 IN 1949

RECORD RAINFALL..........   2.32 IN 1931

$$

NNNN
