069
CDUS41 KPHI 240547
CLIRDG


CLIMATE REPORT
NATIONAL WEATHER SERVICE MOUNT HOLLY NJ
145 AM EDT THU AUG 24 2017


...................................

...THE READING PA CLIMATE SUMMARY FOR AUGUST 23 2017...

CLIMATE NORMAL PERIOD 1981 TO 2010
CLIMATE RECORD PERIOD 1869 TO 2017


WEATHER ITEM   OBSERVED TIME   RECORD YEAR NORMAL DEPARTURE LAST
                VALUE   (LST)  VALUE       VALUE  FROM      YEAR
                                                  NORMAL
..................................................................
TEMPERATURE (F)
 YESTERDAY
  MAXIMUM         81    352 PM  96    1937  83     -2       81
  MINIMUM         62   1139 PM  48    1973  62      0       55
                                      1923
  AVERAGE         72                        72      0       68

PRECIPITATION (IN)
  YESTERDAY        0.02          3.15 1891   0.13  -0.11     0.00
  MONTH TO DATE    5.93                      2.72   3.21     4.61
  SINCE JUN 1     19.65                     11.02   8.63    10.40
  SINCE JAN 1     33.07                     28.04   5.03    24.40

DEGREE DAYS
 HEATING
  YESTERDAY        0                         0      0        0
  MONTH TO DATE    0                         0      0        0
  SINCE JUN 1     16                        25     -9        9
  SINCE JUL 1      0                         1     -1        0

 COOLING
  YESTERDAY        7                         7      0        3
  MONTH TO DATE  200                       197      3      302
  SINCE JUN 1    797                       689    108      957
  SINCE JAN 1    872                       749    123     1051
..................................................................


WIND (MPH)
  HIGHEST WIND SPEED    15   HIGHEST WIND DIRECTION    NW (320)
  HIGHEST GUST SPEED    20   HIGHEST GUST DIRECTION    NW (300)
  AVERAGE WIND SPEED     5.6


SKY COVER
  POSSIBLE SUNSHINE  MM
  AVERAGE SKY COVER 0.4


WEATHER CONDITIONS
 THE FOLLOWING WEATHER WAS RECORDED YESTERDAY.
  LIGHT RAIN
  FOG


RELATIVE HUMIDITY (PERCENT)
 HIGHEST   100          1200 AM
 LOWEST     45          1200 PM
 AVERAGE    73

..........................................................


THE READING PA CLIMATE NORMALS FOR TODAY
                         NORMAL    RECORD    YEAR
 MAXIMUM TEMPERATURE (F)   83        94      1898
 MINIMUM TEMPERATURE (F)   62        45      1971


SUNRISE AND SUNSET
AUGUST 24 2017........SUNRISE   624 AM EDT   SUNSET   748 PM EDT
AUGUST 25 2017........SUNRISE   625 AM EDT   SUNSET   746 PM EDT


-  INDICATES NEGATIVE NUMBERS.
R  INDICATES RECORD WAS SET OR TIED.
MM INDICATES DATA IS MISSING.
T  INDICATES TRACE AMOUNT.




$$
