000
CDUS41 KPHI 222138
CLIRDG


CLIMATE REPORT
NATIONAL WEATHER SERVICE MOUNT HOLLY NJ
538 PM EDT TUE JUL 22 2014


...................................

...THE READING PA CLIMATE SUMMARY FOR JULY 22 2014...
VALID TODAY AS OF 0500 PM LOCAL TIME.

CLIMATE NORMAL PERIOD 1981 TO 2010
CLIMATE RECORD PERIOD 1869 TO 2014


WEATHER ITEM   OBSERVED TIME   RECORD YEAR NORMAL DEPARTURE LAST
                VALUE   (LST)  VALUE       VALUE  FROM      YEAR
                                                  NORMAL
..................................................................
TEMPERATURE (F)
 TODAY
  MAXIMUM         87    334 PM 106    2011  85      2       85
  MINIMUM         67    514 AM  55    1974  64      3       69
                                      1971
  AVERAGE         77                        75      2       77

PRECIPITATION (IN)
  TODAY            0.00          2.19 2013   0.16  -0.16     2.19
  MONTH TO DATE    4.31                      3.23   1.08     5.00
  SINCE JUN 1      8.10                      7.01   1.09    11.21
  SINCE JAN 1     26.92                     24.03   2.89    24.25

SNOWFALL (IN)
  TODAY           MM            MM      MM  MM     MM       MM
  MONTH TO DATE   MM                        MM     MM       MM
  SINCE JUN 1     MM                        MM     MM       MM
  SINCE JUL 1     MM                        MM     MM       MM
  SNOW DEPTH      MM

DEGREE DAYS
 HEATING
  TODAY            0                         0      0        0
  MONTH TO DATE    0                         0      0        0
  SINCE JUN 1      1                        24    -23        2
  SINCE JUL 1      0                         0      0        0

 COOLING
  TODAY           12                        10      2       12
  MONTH TO DATE  243                       217     26      344
  SINCE JUN 1    471                       406     65      585
  SINCE JAN 1    533                       466     67      684
..................................................................


WIND (MPH)
  HIGHEST WIND SPEED    14   HIGHEST WIND DIRECTION    SW (220)
  HIGHEST GUST SPEED    17   HIGHEST GUST DIRECTION    SW (210)
  AVERAGE WIND SPEED     4.4


SKY COVER
  POSSIBLE SUNSHINE  MM
  AVERAGE SKY COVER 0.6


WEATHER CONDITIONS
 THE FOLLOWING WEATHER WAS RECORDED TODAY.
  FOG
  HAZE


RELATIVE HUMIDITY (PERCENT)
 HIGHEST    93           500 AM
 LOWEST     57           400 PM
 AVERAGE    75

..........................................................


THE READING PA CLIMATE NORMALS FOR TOMORROW
                         NORMAL    RECORD    YEAR
 MAXIMUM TEMPERATURE (F)   85       100      2011
 MINIMUM TEMPERATURE (F)   64        52      1981


SUNRISE AND SUNSET
JULY 22 2014..........SUNRISE   552 AM EDT   SUNSET   828 PM EDT
JULY 23 2014..........SUNRISE   553 AM EDT   SUNSET   827 PM EDT


-  INDICATES NEGATIVE NUMBERS.
R  INDICATES RECORD WAS SET OR TIED.
MM INDICATES DATA IS MISSING.
T  INDICATES TRACE AMOUNT.




$$
