207
CDUS41 KPHI 282127
CLIRDG


CLIMATE REPORT
NATIONAL WEATHER SERVICE MOUNT HOLLY NJ
527 PM EDT WED SEP 28 2016


...................................

...THE READING PA CLIMATE SUMMARY FOR SEPTEMBER 28 2016...
VALID TODAY AS OF 0500 PM LOCAL TIME.

CLIMATE NORMAL PERIOD 1981 TO 2010
CLIMATE RECORD PERIOD 1869 TO 2016


WEATHER ITEM   OBSERVED TIME   RECORD YEAR NORMAL DEPARTURE LAST
                VALUE   (LST)  VALUE       VALUE  FROM      YEAR
                                                  NORMAL
..................................................................
TEMPERATURE (F)
 TODAY
  MAXIMUM         71   1256 PM  86    1954  71      0       78
                                      1941
  MINIMUM         51    643 AM  34    1991  50      1       63
                                      1947
  AVERAGE         61                        60      1       71

PRECIPITATION (IN)
  TODAY            0.03          3.43 1985   0.18  -0.15      T
  MONTH TO DATE    2.85                      4.00  -1.15     4.19
  SINCE SEP 1      2.85                      4.00  -1.15     4.19
  SINCE JAN 1     27.36                     32.96  -5.60    29.57

SNOWFALL (IN)
  TODAY           MM            MM      MM  MM     MM       MM
  MONTH TO DATE   MM                        MM     MM       MM
  SINCE SEP 1     MM                        MM     MM       MM
  SINCE JUL 1     MM                        MM     MM       MM
  SNOW DEPTH      MM

DEGREE DAYS
 HEATING
  TODAY            4                         6     -2        0
  MONTH TO DATE   19                        60    -41       14
  SINCE SEP 1     19                        60    -41       14
  SINCE JUL 1     19                        65    -46       14

 COOLING
  TODAY            0                         1     -1        6
  MONTH TO DATE  191                        83    108      169
  SINCE SEP 1    191                        83    108      169
  SINCE JAN 1   1333                       886    447     1164
..................................................................


WIND (MPH)
  HIGHEST WIND SPEED    15   HIGHEST WIND DIRECTION     E (90)
  HIGHEST GUST SPEED    21   HIGHEST GUST DIRECTION     E (80)
  AVERAGE WIND SPEED     3.2


SKY COVER
  POSSIBLE SUNSHINE  MM
  AVERAGE SKY COVER 0.3


WEATHER CONDITIONS
 THE FOLLOWING WEATHER WAS RECORDED TODAY.
  LIGHT RAIN


RELATIVE HUMIDITY (PERCENT)
 HIGHEST    89          1200 AM
 LOWEST     61          1100 AM
 AVERAGE    75

..........................................................


THE READING PA CLIMATE NORMALS FOR TOMORROW
                         NORMAL    RECORD    YEAR
 MAXIMUM TEMPERATURE (F)   70        88      1921
 MINIMUM TEMPERATURE (F)   49        34      2000


SUNRISE AND SUNSET
SEPTEMBER 28 2016.....SUNRISE   658 AM EDT   SUNSET   650 PM EDT
SEPTEMBER 29 2016.....SUNRISE   659 AM EDT   SUNSET   648 PM EDT


-  INDICATES NEGATIVE NUMBERS.
R  INDICATES RECORD WAS SET OR TIED.
MM INDICATES DATA IS MISSING.
T  INDICATES TRACE AMOUNT.




$$
