000
CDUS41 KPHI 250632
CLIRDG


CLIMATE REPORT
NATIONAL WEATHER SERVICE MOUNT HOLLY NJ
231 AM EDT SAT MAR 25 2017


...................................

...THE READING PA CLIMATE SUMMARY FOR MARCH 24 2017...

CLIMATE NORMAL PERIOD 1981 TO 2010
CLIMATE RECORD PERIOD 1869 TO 2017


WEATHER ITEM   OBSERVED TIME   RECORD YEAR NORMAL DEPARTURE LAST
                VALUE   (LST)  VALUE       VALUE  FROM      YEAR
                                                  NORMAL
..................................................................
TEMPERATURE (F)
 YESTERDAY
  MAXIMUM         56    509 PM  78    1988  54      2       70
  MINIMUM         31   1204 AM  13    1906  34     -3       42
  AVERAGE         44                        44      0       56

PRECIPITATION (IN)
  YESTERDAY        T             1.11 1953   0.12  -0.12     0.00
  MONTH TO DATE    2.04                      2.54  -0.50     0.56
  SINCE MAR 1      2.04                      2.54  -0.50     0.56
  SINCE JAN 1      5.43                      8.07  -2.64     7.37

DEGREE DAYS
 HEATING
  YESTERDAY       21                        21      0        9
  MONTH TO DATE  672                       604     68      432
  SINCE MAR 1    672                       604     68      432
  SINCE JUL 1   4034                      4646   -612     3779

 COOLING
  YESTERDAY        0                         0      0        0
  MONTH TO DATE    0                         0      0        3
  SINCE MAR 1      0                         0      0        3
  SINCE JAN 1      0                         0      0        3
..................................................................


WIND (MPH)
  HIGHEST WIND SPEED    20   HIGHEST WIND DIRECTION     S (190)
  HIGHEST GUST SPEED    25   HIGHEST GUST DIRECTION     S (200)
  AVERAGE WIND SPEED     8.5


SKY COVER
  POSSIBLE SUNSHINE  MM
  AVERAGE SKY COVER 0.2


WEATHER CONDITIONS
 THE FOLLOWING WEATHER WAS RECORDED YESTERDAY.
  LIGHT RAIN


RELATIVE HUMIDITY (PERCENT)
 HIGHEST    70           800 AM
 LOWEST     43           400 AM
 AVERAGE    57

..........................................................


THE READING PA CLIMATE NORMALS FOR TODAY
                         NORMAL    RECORD    YEAR
 MAXIMUM TEMPERATURE (F)   54        81      1910
 MINIMUM TEMPERATURE (F)   34        17      1940


SUNRISE AND SUNSET
MARCH 25 2017.........SUNRISE   659 AM EDT   SUNSET   721 PM EDT
MARCH 26 2017.........SUNRISE   657 AM EDT   SUNSET   722 PM EDT


-  INDICATES NEGATIVE NUMBERS.
R  INDICATES RECORD WAS SET OR TIED.
MM INDICATES DATA IS MISSING.
T  INDICATES TRACE AMOUNT.




$$
