000
CDUS41 KPHI 250629
CLIRDG


CLIMATE REPORT
NATIONAL WEATHER SERVICE MOUNT HOLLY NJ
228 AM EDT THU AUG 25 2016


...................................

...THE READING PA CLIMATE SUMMARY FOR AUGUST 24 2016...

CLIMATE NORMAL PERIOD 1981 TO 2010
CLIMATE RECORD PERIOD 1869 TO 2016


WEATHER ITEM   OBSERVED TIME   RECORD YEAR NORMAL DEPARTURE LAST
                VALUE   (LST)  VALUE       VALUE  FROM      YEAR
                                                  NORMAL
..................................................................
TEMPERATURE (F)
 YESTERDAY
  MAXIMUM         85    311 PM  94    1898  83      2       88
  MINIMUM         60    516 AM  45    1971  62     -2       60
  AVERAGE         73                        72      1       74

PRECIPITATION (IN)
  YESTERDAY        0.00          3.25 1891   0.12  -0.12      T
  MONTH TO DATE    4.61                      2.84   1.77     3.45
  SINCE JUN 1     10.40                     11.14  -0.74    13.47
  SINCE JAN 1     24.40                     28.16  -3.76    25.38

SNOWFALL (IN)
  YESTERDAY       MM             0.0  2001  MM     MM       MM
  MONTH TO DATE   MM                        MM     MM       MM
  SINCE JUN 1     MM                        MM     MM       MM
  SINCE JUL 1     MM                        MM     MM       MM
  SNOW DEPTH      MM

DEGREE DAYS
 HEATING
  YESTERDAY        0                         0      0        0
  MONTH TO DATE    0                         0      0        0
  SINCE JUN 1      9                        25    -16       21
  SINCE JUL 1      0                         1     -1        0

 COOLING
  YESTERDAY        8                         7      1        9
  MONTH TO DATE  310                       204    106      237
  SINCE JUN 1    965                       696    269      788
  SINCE JAN 1   1059                       756    303      947
..................................................................


WIND (MPH)
  HIGHEST WIND SPEED    14   HIGHEST WIND DIRECTION    SW (230)
  HIGHEST GUST SPEED    20   HIGHEST GUST DIRECTION    SW (240)
  AVERAGE WIND SPEED     4.5


SKY COVER
  POSSIBLE SUNSHINE  MM
  AVERAGE SKY COVER 0.1


WEATHER CONDITIONS
 THE FOLLOWING WEATHER WAS RECORDED YESTERDAY.
  NO SIGNIFICANT WEATHER WAS OBSERVED.


RELATIVE HUMIDITY (PERCENT)
 HIGHEST    90           200 AM
 LOWEST     44           200 PM
 AVERAGE    67

..........................................................


THE READING PA CLIMATE NORMALS FOR TODAY
                         NORMAL    RECORD    YEAR
 MAXIMUM TEMPERATURE (F)   83        97      1908
 MINIMUM TEMPERATURE (F)   62        45      1971


SUNRISE AND SUNSET
AUGUST 25 2016........SUNRISE   625 AM EDT   SUNSET   746 PM EDT
AUGUST 26 2016........SUNRISE   626 AM EDT   SUNSET   744 PM EDT


-  INDICATES NEGATIVE NUMBERS.
R  INDICATES RECORD WAS SET OR TIED.
MM INDICATES DATA IS MISSING.
T  INDICATES TRACE AMOUNT.




$$
