000
CDUS41 KPHI 062135
CLIRDG


CLIMATE REPORT
NATIONAL WEATHER SERVICE MOUNT HOLLY NJ
429 PM EST FRI MAR 6 2015


...................................

...THE READING PA CLIMATE SUMMARY FOR MARCH 6 2015...
VALID TODAY AS OF 0400 PM LOCAL TIME.

CLIMATE NORMAL PERIOD 1981 TO 2010
CLIMATE RECORD PERIOD 1869 TO 2015


WEATHER ITEM   OBSERVED TIME   RECORD YEAR NORMAL DEPARTURE LAST
                VALUE   (LST)  VALUE       VALUE  FROM      YEAR
                                                  NORMAL
..................................................................
TEMPERATURE (F)
 TODAY
  MAXIMUM         23    359 PM  67    1976  47    -24       30
                                      1935
  MINIMUM          2R   637 AM   7    1978  28    -26       16
  AVERAGE         13                        38    -25       23

PRECIPITATION (IN)
  TODAY            0.00          2.16 1920   0.10  -0.10     0.00
  MONTH TO DATE    2.38                      0.52   1.86     0.03
  SINCE MAR 1      2.38                      0.52   1.86     0.03
  SINCE JAN 1      6.12                      6.05   0.07     6.71

SNOWFALL (IN)
  TODAY           MM            MM      MM  MM     MM       MM
  MONTH TO DATE   MM                        MM     MM       MM
  SINCE MAR 1     MM                        MM     MM       MM
  SINCE JUL 1     MM                        MM     MM       MM
  SNOW DEPTH      MM

DEGREE DAYS
 HEATING
  TODAY           52                        27     25       42
  MONTH TO DATE  243                       169     74      245
  SINCE MAR 1    243                       169     74      245
  SINCE JUL 1   4548                      4211    337     4555

 COOLING
  TODAY            0                         0      0        0
  MONTH TO DATE    0                         0      0        0
  SINCE MAR 1      0                         0      0        0
  SINCE JAN 1      0                         0      0        0
..................................................................


WIND (MPH)
  HIGHEST WIND SPEED    14   HIGHEST WIND DIRECTION     N (340)
  HIGHEST GUST SPEED    18   HIGHEST GUST DIRECTION     N (350)
  AVERAGE WIND SPEED     5.3


SKY COVER
  POSSIBLE SUNSHINE  MM
  AVERAGE SKY COVER 0.0


WEATHER CONDITIONS
 THE FOLLOWING WEATHER WAS RECORDED TODAY.
  NO SIGNIFICANT WEATHER WAS OBSERVED.


RELATIVE HUMIDITY (PERCENT)
 HIGHEST    69           500 AM
 LOWEST     44           400 PM
 AVERAGE    57

..........................................................


THE READING PA CLIMATE NORMALS FOR TOMORROW
                         NORMAL    RECORD    YEAR
 MAXIMUM TEMPERATURE (F)   47        73      1921
 MINIMUM TEMPERATURE (F)   28        10      1989


SUNRISE AND SUNSET
MARCH  6 2015.........SUNRISE   630 AM EST   SUNSET   601 PM EST
MARCH  7 2015.........SUNRISE   629 AM EST   SUNSET   602 PM EST


-  INDICATES NEGATIVE NUMBERS.
R  INDICATES RECORD WAS SET OR TIED.
MM INDICATES DATA IS MISSING.
T  INDICATES TRACE AMOUNT.




$$
