000
CDUS41 KPHI 210629
CLIRDG


CLIMATE REPORT
NATIONAL WEATHER SERVICE MOUNT HOLLY NJ
126 AM EST SUN DEC 21 2014


...................................

...THE READING PA CLIMATE SUMMARY FOR DECEMBER 20 2014...

CLIMATE NORMAL PERIOD 1981 TO 2010
CLIMATE RECORD PERIOD 1869 TO 2014


WEATHER ITEM   OBSERVED TIME   RECORD YEAR NORMAL DEPARTURE LAST
                VALUE   (LST)  VALUE       VALUE  FROM      YEAR
                                                  NORMAL
..................................................................
TEMPERATURE (F)
 YESTERDAY
  MAXIMUM         34    610 PM  63    1959  40     -6       50
                                      1957
  MINIMUM         31   1156 PM   0    1942  25      6       28
  AVERAGE         33                        33      0       39

PRECIPITATION (IN)
  YESTERDAY        0.00          2.13 1957   0.10  -0.10      T
  MONTH TO DATE    1.82                      2.21  -0.39     1.84
  SINCE DEC 1      1.82                      2.21  -0.39     1.84
  SINCE JAN 1     40.73                     42.19  -1.46    39.22

SNOWFALL (IN)
  YESTERDAY       MM            MM      MM  MM     MM       MM
  MONTH TO DATE   MM                        MM     MM       MM
  SINCE DEC 1     MM                        MM     MM       MM
  SINCE JUL 1     MM                        MM     MM       MM
  SNOW DEPTH      MM

DEGREE DAYS
 HEATING
  YESTERDAY       32                        32      0       26
  MONTH TO DATE  563                       594    -31      641
  SINCE DEC 1    563                       594    -31      641
  SINCE JUL 1   1578                      1661    -83     1690

 COOLING
  YESTERDAY        0                         0      0        0
  MONTH TO DATE    0                         0      0        0
  SINCE DEC 1      0                         0      0        0
  SINCE JAN 1    962                       896     66     1124
..................................................................


WIND (MPH)
  HIGHEST WIND SPEED    13   HIGHEST WIND DIRECTION     N (340)
  HIGHEST GUST SPEED    16   HIGHEST GUST DIRECTION     N (340)
  AVERAGE WIND SPEED     3.9


SKY COVER
  POSSIBLE SUNSHINE  MM
  AVERAGE SKY COVER 1.0


WEATHER CONDITIONS
 THE FOLLOWING WEATHER WAS RECORDED YESTERDAY.
  NO SIGNIFICANT WEATHER WAS OBSERVED.


RELATIVE HUMIDITY (PERCENT)
 HIGHEST    63           700 AM
 LOWEST     56           200 AM
 AVERAGE    60

..........................................................


THE READING PA CLIMATE NORMALS FOR TODAY
                         NORMAL    RECORD    YEAR
 MAXIMUM TEMPERATURE (F)   40        61      2011
                                             1923
 MINIMUM TEMPERATURE (F)   25         0      1942


SUNRISE AND SUNSET
DECEMBER 21 2014......SUNRISE   723 AM EST   SUNSET   441 PM EST
DECEMBER 22 2014......SUNRISE   724 AM EST   SUNSET   441 PM EST


-  INDICATES NEGATIVE NUMBERS.
R  INDICATES RECORD WAS SET OR TIED.
MM INDICATES DATA IS MISSING.
T  INDICATES TRACE AMOUNT.




$$
