000
CDUS46 KPDT 080030
CLIRDM

CLIMATE REPORT
NATIONAL WEATHER SERVICE PENDLETON OR
427 PM PST WED DEC 7 2016


...................................

...THE REDMOND OR CLIMATE SUMMARY FOR DECEMBER 7 2016...
VALID TODAY AS OF 0400 PM LOCAL TIME.

CLIMATE NORMAL PERIOD 1981 TO 2010
CLIMATE RECORD PERIOD 1949 TO 2016


WEATHER ITEM   OBSERVED TIME   RECORD YEAR NORMAL DEPARTURE LAST
                VALUE   (LST)  VALUE       VALUE  FROM      YEAR
                                                  NORMAL
..................................................................
TEMPERATURE (F)
 TODAY
  MAXIMUM         27    201 PM  58    1975  41    -14       MM
  MINIMUM          0    628 AM -24    2013  21    -21       MM
  AVERAGE         14                        31    -17       MM

PRECIPITATION (IN)
  TODAY            0.00          0.20 2005   0.04  -0.04     0.02
                                      1952
  MONTH TO DATE    0.35                      0.28   0.07     0.12
  SINCE OCT 1      2.36                      1.88   0.48     1.81
  SINCE JAN 1      7.90                      8.02  -0.12     6.37

DEGREE DAYS
 HEATING
  TODAY           51                        34     17       MM
  MONTH TO DATE  259                       234     25       50
  SINCE DEC 1    259                       234     25       50
  SINCE JUL 1   1723                      2008   -285     1768

 COOLING
  TODAY            0                         0      0       MM
  MONTH TO DATE    0                         0      0        0
  SINCE DEC 1      0                         0      0        0
  SINCE JAN 1    240                       222     18      363
..................................................................


WIND (MPH)
  RESULTANT WIND SPEED   2   RESULTANT WIND DIRECTION  SE (140)
  HIGHEST WIND SPEED     9   HIGHEST WIND DIRECTION    SE (120)
  HIGHEST GUST SPEED    12   HIGHEST GUST DIRECTION    SE (120)
  AVERAGE WIND SPEED     3.1


SKY COVER
  POSSIBLE SUNSHINE  MM
  AVERAGE SKY COVER 0.2


WEATHER CONDITIONS
 THE FOLLOWING WEATHER WAS RECORDED TODAY.
  FOG


RELATIVE HUMIDITY (PERCENT)
 HIGHEST    88           100 AM
 LOWEST     50           100 PM
 AVERAGE    69

..........................................................


THE REDMOND OR CLIMATE NORMALS FOR TOMORROW
                         NORMAL    RECORD    YEAR
 MAXIMUM TEMPERATURE (F)   41        73      2015
 MINIMUM TEMPERATURE (F)   21       -28      1972


SUNRISE AND SUNSET
DECEMBER  7 2016......SUNRISE   727 AM PST   SUNSET   426 PM PST
DECEMBER  8 2016......SUNRISE   728 AM PST   SUNSET   426 PM PST


-  INDICATES NEGATIVE NUMBERS.
R  INDICATES RECORD WAS SET OR TIED.
MM INDICATES DATA IS MISSING.
T  INDICATES TRACE AMOUNT.




$$
