000
CDUS46 KPDT 210030 RRA
CLIRDM

CLIMATE REPORT
NATIONAL WEATHER SERVICE PENDLETON OR
542 PM PDT THU OCT 19 2017


...................................

...THE REDMOND OR CLIMATE SUMMARY FOR OCTOBER 19 2017...
VALID TODAY AS OF 0500 PM LOCAL TIME.

CLIMATE NORMAL PERIOD 1981 TO 2010
CLIMATE RECORD PERIOD 1949 TO 2017


WEATHER ITEM   OBSERVED TIME   RECORD YEAR NORMAL DEPARTURE LAST
                VALUE   (LST)  VALUE       VALUE  FROM      YEAR
                                                  NORMAL
..................................................................
TEMPERATURE (F)
 TODAY
  MAXIMUM         69   1244 PM  83    1974  62      7       65
  MINIMUM         52    238 AM  14    1995  31     21       28
  AVERAGE         61                        46     15       47

PRECIPITATION (IN)
  TODAY            0.00          0.38 1984   0.02  -0.02      T
  MONTH TO DATE    0.41                      0.34   0.07     0.34
  SINCE OCT 1      0.41                      0.34   0.07     0.34
  SINCE JAN 1      5.88                      6.48  -0.60     5.88

DEGREE DAYS
 HEATING
  TODAY            4                        19    -15       18
  MONTH TO DATE  363                       298     65      294
  SINCE SEP 1    585                       548     37      563
  SINCE JUL 1    608                       697    -89      652

 COOLING
  TODAY            0                         0      0        0
  MONTH TO DATE    0                         0      0        0
  SINCE SEP 1     56                        16     40        1
  SINCE JAN 1    434                       222    212      240
..................................................................


WIND (MPH)
  RESULTANT WIND SPEED  12   RESULTANT WIND DIRECTION   S (190)
  HIGHEST WIND SPEED    29   HIGHEST WIND DIRECTION    SW (220)
  HIGHEST GUST SPEED    39   HIGHEST GUST DIRECTION    SW (220)
  AVERAGE WIND SPEED    14.1


SKY COVER
  POSSIBLE SUNSHINE  MM
  AVERAGE SKY COVER 0.4


WEATHER CONDITIONS
 THE FOLLOWING WEATHER WAS RECORDED TODAY.
  NO SIGNIFICANT WEATHER WAS OBSERVED.


RELATIVE HUMIDITY (PERCENT)
 HIGHEST    39           400 PM
 LOWEST     16          1200 PM
 AVERAGE    28

..........................................................


THE REDMOND OR CLIMATE NORMALS FOR TOMORROW
                         NORMAL    RECORD    YEAR
 MAXIMUM TEMPERATURE (F)   62        84      1999
 MINIMUM TEMPERATURE (F)   31        18      1976


SUNRISE AND SUNSET
OCTOBER 19 2017.......SUNRISE   725 AM PDT   SUNSET   613 PM PDT
OCTOBER 20 2017.......SUNRISE   726 AM PDT   SUNSET   612 PM PDT


-  INDICATES NEGATIVE NUMBERS.
R  INDICATES RECORD WAS SET OR TIED.
MM INDICATES DATA IS MISSING.
T  INDICATES TRACE AMOUNT.




$$
