000
CDUS46 KPDT 251221
CLIRDM

CLIMATE REPORT
NATIONAL WEATHER SERVICE PENDLETON OR
420 AM PST SUN JAN 25 2015


...................................

...THE REDMOND OR CLIMATE SUMMARY FOR JANUARY 24 2015...

CLIMATE NORMAL PERIOD 1981 TO 2010
CLIMATE RECORD PERIOD 1949 TO 2015


WEATHER ITEM   OBSERVED TIME   RECORD YEAR NORMAL DEPARTURE LAST
                VALUE   (LST)  VALUE       VALUE  FROM      YEAR
                                                  NORMAL
..................................................................
TEMPERATURE (F)
 YESTERDAY
  MAXIMUM         67R   224 PM  67    2015  43     24       33
  MINIMUM         33    750 AM  -1    2008  24      9       19
  AVERAGE         50                        34     16       26

PRECIPITATION (IN)
  YESTERDAY        0.00          1.16 2012   0.03  -0.03     0.00
  MONTH TO DATE    0.28                      0.79  -0.51     0.26
  SINCE OCT 1      4.56                      3.55   1.01     0.97
  SINCE JAN 1      0.28                      0.79  -0.51     0.26

DEGREE DAYS
 HEATING
  YESTERDAY       15                        31    -16       39
  MONTH TO DATE  682                       782   -100      712
  SINCE DEC 1   1604                      1848   -244     1821
  SINCE JUL 1   3191                      3622   -431     3607

 COOLING
  YESTERDAY        0                         0      0        0
  MONTH TO DATE    0                         0      0        0
  SINCE DEC 1      0                         0      0        0
  SINCE JAN 1      0                         0      0        0
..................................................................


WIND (MPH)
  RESULTANT WIND SPEED  MM   RESULTANT WIND DIRECTION  MM
  HIGHEST WIND SPEED    14   HIGHEST WIND DIRECTION     S (180)
  HIGHEST GUST SPEED    17   HIGHEST GUST DIRECTION     S (190)
  AVERAGE WIND SPEED     4.3


SKY COVER
  POSSIBLE SUNSHINE  MM
  AVERAGE SKY COVER  MM


WEATHER CONDITIONS
THE FOLLOWING WEATHER WAS RECORDED YESTERDAY.
  NO SIGNIFICANT WEATHER WAS OBSERVED.


RELATIVE HUMIDITY (PERCENT)
 HIGHEST    MM
 LOWEST     MM
 AVERAGE    MM

..........................................................


THE REDMOND OR CLIMATE NORMALS FOR TODAY
                         NORMAL    RECORD    YEAR
 MAXIMUM TEMPERATURE (F)   44        61      1951
 MINIMUM TEMPERATURE (F)   24       -12      1957


SUNRISE AND SUNSET
JANUARY 25 2015.......SUNRISE   730 AM PST   SUNSET   505 PM PST
JANUARY 26 2015.......SUNRISE   729 AM PST   SUNSET   506 PM PST


-  INDICATES NEGATIVE NUMBERS.
R  INDICATES RECORD WAS SET OR TIED.
MM INDICATES DATA IS MISSING.
T  INDICATES TRACE AMOUNT.

$$
