599
CDUS46 KPDT 270837 RRA
CLIRDM

CLIMATE REPORT
NATIONAL WEATHER SERVICE PENDLETON OR
136 AM PDT SAT AUG 27 2016


...................................

...THE REDMOND OR CLIMATE SUMMARY FOR AUGUST 26 2016...

CLIMATE NORMAL PERIOD 1981 TO 2010
CLIMATE RECORD PERIOD 1949 TO 2016


WEATHER ITEM   OBSERVED TIME   RECORD YEAR NORMAL DEPARTURE LAST
                VALUE   (LST)  VALUE       VALUE  FROM      YEAR
                                                  NORMAL
..................................................................
TEMPERATURE (F)
 YESTERDAY
  MAXIMUM         87    256 PM  95    1999  83      4       92
  MINIMUM         44    509 AM  32    1993  43      1       45
  AVERAGE         66                        63      3       69

PRECIPITATION (IN)
  YESTERDAY        0.00          0.25 1953   0.01  -0.01     0.00
  MONTH TO DATE    0.02                      0.41  -0.39     0.01
  SINCE OCT 1      9.06                      8.40   0.66     8.76
  SINCE JAN 1      5.49                      5.64  -0.15     4.48

DEGREE DAYS
 HEATING
  YESTERDAY        0                         4     -4        0
  MONTH TO DATE   37                        60    -23       27
  SINCE JUN 1    263                       346    -83      152
  SINCE JUL 1     86                       129    -43       75

 COOLING
  YESTERDAY        1                         2     -1        4
  MONTH TO DATE   77                        75      2       94
  SINCE JUN 1    217                       196     21      335
  SINCE JAN 1    220                       201     19      344
..................................................................


WIND (MPH)
  RESULTANT WIND SPEED   1   RESULTANT WIND DIRECTION   W (250)
  HIGHEST WIND SPEED    14   HIGHEST WIND DIRECTION    NW (320)
  HIGHEST GUST SPEED    20   HIGHEST GUST DIRECTION    NW (300)
  AVERAGE WIND SPEED     3.9


SKY COVER
  POSSIBLE SUNSHINE  MM
  AVERAGE SKY COVER 0.0


WEATHER CONDITIONS
 THE FOLLOWING WEATHER WAS RECORDED YESTERDAY.
  NO SIGNIFICANT WEATHER WAS OBSERVED.


RELATIVE HUMIDITY (PERCENT)
 HIGHEST    49           500 AM
 LOWEST      9           300 PM
 AVERAGE    29

..........................................................


THE REDMOND OR CLIMATE NORMALS FOR TODAY
                         NORMAL    RECORD    YEAR
 MAXIMUM TEMPERATURE (F)   82        98      1972
 MINIMUM TEMPERATURE (F)   43        33      1964


SUNRISE AND SUNSET
AUGUST 27 2016........SUNRISE   622 AM PDT   SUNSET   748 PM PDT
AUGUST 28 2016........SUNRISE   624 AM PDT   SUNSET   747 PM PDT


-  INDICATES NEGATIVE NUMBERS.
R  INDICATES RECORD WAS SET OR TIED.
MM INDICATES DATA IS MISSING.
T  INDICATES TRACE AMOUNT.




$$
