000
CDUS46 KPDT 250836
CLIRDM

CLIMATE REPORT
NATIONAL WEATHER SERVICE PENDLETON OR
134 AM PDT WED MAY 25 2016


...................................

...THE REDMOND OR CLIMATE SUMMARY FOR MAY 24 2016...

CLIMATE NORMAL PERIOD 1981 TO 2010
CLIMATE RECORD PERIOD 1949 TO 2016


WEATHER ITEM   OBSERVED TIME   RECORD YEAR NORMAL DEPARTURE LAST
                VALUE   (LST)  VALUE       VALUE  FROM      YEAR
                                                  NORMAL
..................................................................
TEMPERATURE (F)
 YESTERDAY
  MAXIMUM         65    305 PM  93    1999  70     -5       75
  MINIMUM         38    427 AM  25    1978  37      1       39
  AVERAGE         52                        54     -2       57

PRECIPITATION (IN)
  YESTERDAY        T             0.71 1987   0.03  -0.03     0.00
  MONTH TO DATE    1.98                      0.76   1.22     2.39
  SINCE OCT 1      7.75                      6.53   1.22     8.20
  SINCE JAN 1      4.18                      3.77   0.41     3.92

DEGREE DAYS
 HEATING
  YESTERDAY       13                        12      1        8
  MONTH TO DATE  244                       350   -106      333
  SINCE MAR 1   1414                      1748   -334     1611
  SINCE JUL 1   5545                      6421   -876     5644

 COOLING
  YESTERDAY        0                         0      0        0
  MONTH TO DATE    3                         0      3        0
  SINCE MAR 1      3                         0      3        0
  SINCE JAN 1      3                         0      3        0
..................................................................


WIND (MPH)
  RESULTANT WIND SPEED   3   RESULTANT WIND DIRECTION   N (340)
  HIGHEST WIND SPEED    20   HIGHEST WIND DIRECTION     N (350)
  HIGHEST GUST SPEED    24   HIGHEST GUST DIRECTION     N (350)
  AVERAGE WIND SPEED     5.5


SKY COVER
  POSSIBLE SUNSHINE  MM
  AVERAGE SKY COVER 0.6


WEATHER CONDITIONS
 THE FOLLOWING WEATHER WAS RECORDED YESTERDAY.
  LIGHT RAIN


RELATIVE HUMIDITY (PERCENT)
 HIGHEST    92           400 AM
 LOWEST     39          1100 AM
 AVERAGE    66

..........................................................


THE REDMOND OR CLIMATE NORMALS FOR TODAY
                         NORMAL    RECORD    YEAR
 MAXIMUM TEMPERATURE (F)   70        92      1986
 MINIMUM TEMPERATURE (F)   38        20      1975


SUNRISE AND SUNSET
MAY 25 2016...........SUNRISE   528 AM PDT   SUNSET   836 PM PDT
MAY 26 2016...........SUNRISE   527 AM PDT   SUNSET   837 PM PDT


-  INDICATES NEGATIVE NUMBERS.
R  INDICATES RECORD WAS SET OR TIED.
MM INDICATES DATA IS MISSING.
T  INDICATES TRACE AMOUNT.




$$
