000
CDUS46 KPDT 260038
CLIRDM

CLIMATE REPORT
NATIONAL WEATHER SERVICE PENDLETON OR
526 PM PDT SAT OCT 25 2014


...................................

...THE REDMOND OR CLIMATE SUMMARY FOR OCTOBER 25 2014...
VALID TODAY AS OF 0500 PM LOCAL TIME.

CLIMATE NORMAL PERIOD 1981 TO 2010
CLIMATE RECORD PERIOD 1949 TO 2014


WEATHER ITEM   OBSERVED TIME   RECORD YEAR NORMAL DEPARTURE LAST
                VALUE   (LST)  VALUE       VALUE  FROM      YEAR
                                                  NORMAL
..................................................................
TEMPERATURE (F)
 TODAY
  MAXIMUM         66    111 PM  84    1988  59      7       72
  MINIMUM         43    650 AM  13    2011  30     13       31
  AVERAGE         55                        44     11       52

PRECIPITATION (IN)
  TODAY            0.00          0.82 1956   0.02  -0.02     0.00
  MONTH TO DATE    0.40                      0.48  -0.08     0.05
  SINCE OCT 1      0.40                      0.48  -0.08     0.05
  SINCE JAN 1      5.82                      6.62  -0.80     4.14

DEGREE DAYS
 HEATING
  TODAY           10                        21    -11       13
  MONTH TO DATE  260                       417   -157      510
  SINCE SEP 1    446                       667   -221      740
  SINCE JUL 1    520                       816   -296      776

 COOLING
  TODAY            0                         0      0        0
  MONTH TO DATE    0                         0      0        0
  SINCE SEP 1     14                        16     -2       36
  SINCE JAN 1    311                       222     89      350
..................................................................


WIND (MPH)
  RESULTANT WIND SPEED  10   RESULTANT WIND DIRECTION   S (190)
  HIGHEST WIND SPEED    37   HIGHEST WIND DIRECTION     S (200)
  HIGHEST GUST SPEED    51   HIGHEST GUST DIRECTION     S (200)
  AVERAGE WIND SPEED    12.7


SKY COVER
  POSSIBLE SUNSHINE  MM
  AVERAGE SKY COVER 0.7


WEATHER CONDITIONS
THE FOLLOWING WEATHER WAS RECORDED TODAY.
  FOG
  HAZE


RELATIVE HUMIDITY (PERCENT)
 HIGHEST   100          1200 AM
 LOWEST     34          1200 PM
 AVERAGE    67

..........................................................


THE REDMOND OR CLIMATE NORMALS FOR TOMORROW
                         NORMAL    RECORD    YEAR
 MAXIMUM TEMPERATURE (F)   59        76      1986
 MINIMUM TEMPERATURE (F)   30        10      2011


SUNRISE AND SUNSET
OCTOBER 25 2014.......SUNRISE   732 AM PDT   SUNSET   604 PM PDT
OCTOBER 26 2014.......SUNRISE   734 AM PDT   SUNSET   603 PM PDT


-  INDICATES NEGATIVE NUMBERS.
R  INDICATES RECORD WAS SET OR TIED.
MM INDICATES DATA IS MISSING.
T  INDICATES TRACE AMOUNT.




$$
