000
CDUS46 KPDT 310829
CLIRDM

CLIMATE REPORT
NATIONAL WEATHER SERVICE PENDLETON OR
126 AM PDT MON AUG 31 2015


...................................

...THE REDMOND OR CLIMATE SUMMARY FOR AUGUST 30 2015...

CLIMATE NORMAL PERIOD 1981 TO 2010
CLIMATE RECORD PERIOD 1949 TO 2015


WEATHER ITEM   OBSERVED TIME   RECORD YEAR NORMAL DEPARTURE LAST
                VALUE   (LST)  VALUE       VALUE  FROM      YEAR
                                                  NORMAL
..................................................................
TEMPERATURE (F)
 YESTERDAY
  MAXIMUM         70    222 PM 101    1967  81    -11       71
  MINIMUM         43   1159 PM  31    1965  42      1       48
  AVERAGE         57                        62     -5       60

PRECIPITATION (IN)
  YESTERDAY        0.01          0.69 1989   0.01   0.00     0.02
  MONTH TO DATE    0.02                      0.48  -0.46     0.96
  SINCE OCT 1      8.77                      8.47   0.30     5.71
  SINCE JAN 1      4.49                      5.71  -1.22     5.00

DEGREE DAYS
 HEATING
  YESTERDAY        8                         4      4        5
  MONTH TO DATE   35                        76    -41       35
  SINCE JUN 1    160                       362   -202      289
  SINCE JUL 1     83                       145    -62       66

 COOLING
  YESTERDAY        0                         1     -1        0
  MONTH TO DATE  105                        79     26      103
  SINCE JUN 1    346                       200    146      297
  SINCE JAN 1    355                       205    150      297
..................................................................


WIND (MPH)
  RESULTANT WIND SPEED   3   RESULTANT WIND DIRECTION  SW (240)
  HIGHEST WIND SPEED    22   HIGHEST WIND DIRECTION     W (290)
  HIGHEST GUST SPEED    27   HIGHEST GUST DIRECTION     W (290)
  AVERAGE WIND SPEED     8.0


SKY COVER
  POSSIBLE SUNSHINE  MM
  AVERAGE SKY COVER 0.5


WEATHER CONDITIONS
 THE FOLLOWING WEATHER WAS RECORDED YESTERDAY.
  LIGHT RAIN


RELATIVE HUMIDITY (PERCENT)
 HIGHEST    76          1000 PM
 LOWEST     42           300 PM
 AVERAGE    59

..........................................................


THE REDMOND OR CLIMATE NORMALS FOR TODAY
                         NORMAL    RECORD    YEAR
 MAXIMUM TEMPERATURE (F)   81       100      1967
 MINIMUM TEMPERATURE (F)   42        28      2006


SUNRISE AND SUNSET
AUGUST 31 2015........SUNRISE   626 AM PDT   SUNSET   743 PM PDT
SEPTEMBER  1 2015.....SUNRISE   627 AM PDT   SUNSET   741 PM PDT


-  INDICATES NEGATIVE NUMBERS.
R  INDICATES RECORD WAS SET OR TIED.
MM INDICATES DATA IS MISSING.
T  INDICATES TRACE AMOUNT.

$$
