000
CDUS46 KPDT 201039 RRA
CLIRDM

CLIMATE REPORT
NATIONAL WEATHER SERVICE PENDLETON OR
239 AM PST FRI JAN 20 2017


...................................

...THE REDMOND OR CLIMATE SUMMARY FOR JANUARY 19 2017...

CLIMATE NORMAL PERIOD 1981 TO 2010
CLIMATE RECORD PERIOD 1949 TO 2017


WEATHER ITEM   OBSERVED TIME   RECORD YEAR NORMAL DEPARTURE LAST
                VALUE   (LST)  VALUE       VALUE  FROM      YEAR
                                                  NORMAL
..................................................................
TEMPERATURE (F)
 YESTERDAY
  MAXIMUM         43    411 PM  60    1994  43      0       44
  MINIMUM         28   1135 PM  -7    1963  24      4       33
  AVERAGE         36                        33      3       39

PRECIPITATION (IN)
  YESTERDAY        0.00          0.51 1962   0.03  -0.03     0.27
  MONTH TO DATE    1.51                      0.65   0.86     0.84
  SINCE OCT 1      5.26                      3.41   1.85     4.41
  SINCE JAN 1      1.51                      0.65   0.86     0.84

DEGREE DAYS
 HEATING
  YESTERDAY       29                        32     -3       26
  MONTH TO DATE  918                       625    293      638
  SINCE DEC 1   2177                      1691    486     1419
  SINCE JUL 1   3641                      3465    176     3137

 COOLING
  YESTERDAY        0                         0      0        0
  MONTH TO DATE    0                         0      0        0
  SINCE DEC 1      0                         0      0        0
  SINCE JAN 1      0                         0      0        0
..................................................................


WIND (MPH)
  RESULTANT WIND SPEED   8   RESULTANT WIND DIRECTION   S (180)
  HIGHEST WIND SPEED    18   HIGHEST WIND DIRECTION     S (200)
  HIGHEST GUST SPEED    25   HIGHEST GUST DIRECTION     S (180)
  AVERAGE WIND SPEED     9.0


SKY COVER
  POSSIBLE SUNSHINE  MM
  AVERAGE SKY COVER 0.2


WEATHER CONDITIONS
 THE FOLLOWING WEATHER WAS RECORDED YESTERDAY.
  NO SIGNIFICANT WEATHER WAS OBSERVED.


RELATIVE HUMIDITY (PERCENT)
 HIGHEST    78           700 AM
 LOWEST     53           200 PM
 AVERAGE    66

..........................................................


THE REDMOND OR CLIMATE NORMALS FOR TODAY
                         NORMAL    RECORD    YEAR
 MAXIMUM TEMPERATURE (F)   43        64      1968
 MINIMUM TEMPERATURE (F)   24        -4      1962


SUNRISE AND SUNSET
JANUARY 20 2017.......SUNRISE   733 AM PST   SUNSET   458 PM PST
JANUARY 21 2017.......SUNRISE   733 AM PST   SUNSET   500 PM PST


-  INDICATES NEGATIVE NUMBERS.
R  INDICATES RECORD WAS SET OR TIED.
MM INDICATES DATA IS MISSING.
T  INDICATES TRACE AMOUNT.

$$
