000
CDUS42 KRAH 300035
CLIRDU


CLIMATE REPORT
NATIONAL WEATHER SERVICE RALEIGH NC
833 PM EDT FRI MAY 29 2015


...................................

...THE RALEIGH-DURHAM INTL AIRPORT NC CLIMATE SUMMARY FOR MAY 29 2015...
VALID AS OF 0800 PM LOCAL TIME.

CLIMATE NORMAL PERIOD 1981 TO 2010
CLIMATE RECORD PERIOD 1887 TO 2015


WEATHER ITEM   OBSERVED TIME   RECORD YEAR NORMAL DEPARTURE LAST
                VALUE   (LST)  VALUE       VALUE  FROM      YEAR
                                                  NORMAL
..................................................................
TEMPERATURE (F)
 TODAY
  MAXIMUM         87    304 PM  98    1941  83      4       76
  MINIMUM         66    522 AM  47    1968  61      5       65
                                      1926
                                      1922
  AVERAGE         77                        72      5       71

PRECIPITATION (IN)
  TODAY            0.00          2.46 1984   0.12  -0.12     0.08
  MONTH TO DATE    3.04                      3.02   0.02     4.02
  SINCE MAR 1     11.58                     10.05   1.53    14.31
  SINCE JAN 1     17.84                     16.78   1.06    19.27

DEGREE DAYS
 HEATING
  TODAY            0                         1     -1        0
  MONTH TO DATE   20                        53    -33       27
  SINCE MAR 1    587                       670    -83      777
  SINCE JUL 1   3484                      3242    242     3478

 COOLING
  TODAY           12                         7      5        6
  MONTH TO DATE  188                       133     55      170
  SINCE MAR 1    244                       193     51      201
  SINCE JAN 1    244                       194     50      201
..................................................................


WIND (MPH)
  RESULTANT WIND SPEED   3   RESULTANT WIND DIRECTION  SE (150)
  HIGHEST WIND SPEED    14   HIGHEST WIND DIRECTION    SE (140)
  HIGHEST GUST SPEED    16   HIGHEST GUST DIRECTION    SE (130)
  AVERAGE WIND SPEED     3.9


SKY COVER
  POSSIBLE SUNSHINE  MM
  AVERAGE SKY COVER 0.5


WEATHER CONDITIONS
 THE FOLLOWING WEATHER WAS RECORDED TODAY.
  NO SIGNIFICANT WEATHER WAS OBSERVED.


RELATIVE HUMIDITY (PERCENT)
 HIGHEST    97          1200 AM
 LOWEST     37           600 PM
 AVERAGE    67

..........................................................


THE RALEIGH-DURHAM INTL AIRPORT NC CLIMATE NORMALS FOR TOMORROW
                         NORMAL    RECORD    YEAR
 MAXIMUM TEMPERATURE (F)   83        95      1895
 MINIMUM TEMPERATURE (F)   61        48      1946


SUNRISE AND SUNSET
MAY 29 2015...........SUNRISE   601 AM EDT   SUNSET   824 PM EDT
MAY 30 2015...........SUNRISE   601 AM EDT   SUNSET   825 PM EDT


-  INDICATES NEGATIVE NUMBERS.
R  INDICATES RECORD WAS SET OR TIED.
MM INDICATES DATA IS MISSING.
T  INDICATES TRACE AMOUNT.

&&

CLIMATE REPORT NWS FORECAST OFFICE
NCSU CENTENNIAL CAMPUS
RALEIGH, NC

MAXIMUM TEMPERATURE... 85

MINIMUM TEMPERATURE... 67

PRECIPITATION... 0.00


$$
