000
CDUS42 KRAH 282042
CLIRDU


CLIMATE REPORT
NATIONAL WEATHER SERVICE RALEIGH NC
441 PM EDT THU APR 28 2016


...................................

...THE RALEIGH-DURHAM INTL AIRPORT NC CLIMATE SUMMARY FOR APRIL 28 2016...
VALID TODAY AS OF 0441 PM LOCAL TIME.

CLIMATE NORMAL PERIOD 1981 TO 2010
CLIMATE RECORD PERIOD 1887 TO 2016


WEATHER ITEM   OBSERVED TIME   RECORD YEAR NORMAL DEPARTURE LAST
                VALUE   (LST)  VALUE       VALUE  FROM      YEAR
                                                  NORMAL
..................................................................
TEMPERATURE (F)
 TODAY
  MAXIMUM         85    309 PM  90    1957  76      9       69
                                      1943
  MINIMUM         65    548 AM  32    1976  51     14       39
  AVERAGE         75                        63     12       54

PRECIPITATION (IN)
  TODAY            0.04          2.02 1958   0.09  -0.05     0.00
  MONTH TO DATE    2.78                      2.75   0.03     4.27
  SINCE MAR 1      6.82                      6.86  -0.04     7.55
  SINCE JAN 1     13.23                     13.59  -0.36    13.81

SNOWFALL (IN)
  TODAY            0.0           0.0  2002   0.0    0.0      0.0
                                      2001
  MONTH TO DATE    0.0                       0.1   -0.1      0.0
  SINCE MAR 1      T                         0.6   -0.6      0.0
  SINCE JUL 1      1.4                       6.1   -4.7      7.9
  SNOW DEPTH       0

DEGREE DAYS
 HEATING
  TODAY            0                         4     -4       11
  MONTH TO DATE  177                       184     -7      137
  SINCE MAR 1    411                       608   -197      556
  SINCE JUL 1   2554                      3180   -626     3453

 COOLING
  TODAY           10                         2      8        0
  MONTH TO DATE   53                        43     10       52
  SINCE MAR 1     91                        54     37       56
  SINCE JAN 1     91                        55     36       56
..................................................................


WIND (MPH)
  HIGHEST WIND SPEED    13   HIGHEST WIND DIRECTION    SW (230)
  HIGHEST GUST SPEED    17   HIGHEST GUST DIRECTION    SW (230)
  AVERAGE WIND SPEED     5.6


SKY COVER
  POSSIBLE SUNSHINE  MM
  AVERAGE SKY COVER 0.7


WEATHER CONDITIONS
 THE FOLLOWING WEATHER WAS RECORDED TODAY.
  FOG


RELATIVE HUMIDITY (PERCENT)
 HIGHEST    93           100 AM
 LOWEST     58           200 PM
 AVERAGE    76

..........................................................


THE RALEIGH-DURHAM INTL AIRPORT NC CLIMATE NORMALS FOR TOMORROW
                         NORMAL    RECORD    YEAR
 MAXIMUM TEMPERATURE (F)   76        91      1914
 MINIMUM TEMPERATURE (F)   52        35      1973
                                             1967


SUNRISE AND SUNSET
APRIL 28 2016.........SUNRISE   626 AM EDT   SUNSET   800 PM EDT
APRIL 29 2016.........SUNRISE   624 AM EDT   SUNSET   801 PM EDT


-  INDICATES NEGATIVE NUMBERS.
R  INDICATES RECORD WAS SET OR TIED.
MM INDICATES DATA IS MISSING.
T  INDICATES TRACE AMOUNT.

&&

CLIMATE REPORT
NWS FORECAST OFFICE
NCSU CENTENNIAL CAMPUS
RALEIGH NC

MAXIMUM TEMPERATURE... 85

MINIMUM TEMPERATURE... 65

PRECIPITATION... 0.01


$$
