000
CDUS42 KRAH 070557
CLIRDU


CLIMATE REPORT
NATIONAL WEATHER SERVICE RALEIGH NC
1255 AM EST WED DEC 7 2016


...................................

...THE RALEIGH-DURHAM INTL AIRPORT NC CLIMATE SUMMARY FOR DECEMBER 6 2016...

CLIMATE NORMAL PERIOD 1981 TO 2010
CLIMATE RECORD PERIOD 1887 TO 2016


WEATHER ITEM   OBSERVED TIME   RECORD YEAR NORMAL DEPARTURE LAST
                VALUE   (LST)  VALUE       VALUE  FROM      YEAR
                                                  NORMAL
..................................................................
TEMPERATURE (F)
 YESTERDAY
  MAXIMUM         49   1213 AM  80    1998  56     -7       60
  MINIMUM         43   1151 PM  19    1992  35      8       29
                                      1969
  AVERAGE         46                        46      0       45

PRECIPITATION (IN)
  YESTERDAY        0.56          2.12 1983   0.10   0.46     0.00
  MONTH TO DATE    1.29                      0.61   0.68     0.08
  SINCE DEC 1      1.29                      0.61   0.68     0.08
  SINCE JAN 1     50.35                     40.88   9.47    51.11

SNOWFALL (IN)
  YESTERDAY        0.0           2.4  1954   0.0    0.0      0.0
  MONTH TO DATE    0.0                       0.0    0.0      0.0
  SINCE DEC 1      0.0                       0.0    0.0      0.0
  SINCE JUL 1      0.0                       0.1   -0.1      0.0
  SNOW DEPTH       0

DEGREE DAYS
 HEATING
  YESTERDAY       19                        19      0       20
  MONTH TO DATE  102                       111     -9      103
  SINCE DEC 1    102                       111     -9      103
  SINCE JUL 1    557                       692   -135      554

 COOLING
  YESTERDAY        0                         0      0        0
  MONTH TO DATE    0                         0      0        0
  SINCE DEC 1      0                         0      0        0
  SINCE JAN 1   2101                      1728    373     1886
..................................................................


WIND (MPH)
  HIGHEST WIND SPEED    15   HIGHEST WIND DIRECTION    NE (60)
  HIGHEST GUST SPEED    21   HIGHEST GUST DIRECTION    NW (330)
  AVERAGE WIND SPEED     7.9


SKY COVER
  POSSIBLE SUNSHINE  MM
  AVERAGE SKY COVER 1.0


WEATHER CONDITIONS
 THE FOLLOWING WEATHER WAS RECORDED YESTERDAY.
  RAIN
  LIGHT RAIN
  FOG


RELATIVE HUMIDITY (PERCENT)
 HIGHEST   100          1200 PM
 LOWEST     86          1200 AM
 AVERAGE    93

..........................................................


THE RALEIGH-DURHAM INTL AIRPORT NC CLIMATE NORMALS FOR TODAY
                         NORMAL    RECORD    YEAR
 MAXIMUM TEMPERATURE (F)   56        80      1998
 MINIMUM TEMPERATURE (F)   35        15      1954


SUNRISE AND SUNSET
DECEMBER  7 2016......SUNRISE   712 AM EST   SUNSET   501 PM EST
DECEMBER  8 2016......SUNRISE   713 AM EST   SUNSET   501 PM EST


-  INDICATES NEGATIVE NUMBERS.
R  INDICATES RECORD WAS SET OR TIED.
MM INDICATES DATA IS MISSING.
T  INDICATES TRACE AMOUNT.




$$
