000
CDUS42 KRAH 212154
CLIRDU


CLIMATE REPORT
NATIONAL WEATHER SERVICE RALEIGH NC
452 PM EST SUN DEC 21 2014


...................................

...THE RALEIGH-DURHAM INTL AIRPORT NC CLIMATE SUMMARY FOR DECEMBER 21 2014...
VALID TODAY AS OF 0452 PM LOCAL TIME.

CLIMATE NORMAL PERIOD 1981 TO 2010
CLIMATE RECORD PERIOD 1887 TO 2014


WEATHER ITEM   OBSERVED TIME   RECORD YEAR NORMAL DEPARTURE LAST
                VALUE   (LST)  VALUE       VALUE  FROM      YEAR
                                                  NORMAL
..................................................................
TEMPERATURE (F)
 TODAY
  MAXIMUM         50    316 PM  74    2013  52     -2       74
  MINIMUM         38    837 AM   8    1963  32      6       50
  AVERAGE         44                        42      2       62

PRECIPITATION (IN)
  TODAY            0.00          0.95 1972   0.10  -0.10     0.00
  MONTH TO DATE    1.18                      2.07  -0.89     1.71
  SINCE DEC 1      1.18                      2.07  -0.89     1.71
  SINCE JAN 1     51.46                     42.34   9.12    46.49

SNOWFALL (IN)
  TODAY            0.0           T    2000   0.1   -0.1      0.0
                                      1981
                                      1973
  MONTH TO DATE    T                         0.3   -0.3      0.0
  SINCE DEC 1      T                         0.3   -0.3      0.0
  SINCE JUL 1      T                         0.4   -0.4       T
  SNOW DEPTH       0

DEGREE DAYS
 HEATING
  TODAY           21                        23     -2        3
  MONTH TO DATE  424                       432     -8      382
  SINCE DEC 1    424                       432     -8      382
  SINCE JUL 1   1088                      1013     75     1034

 COOLING
  TODAY            0                         0      0        0
  MONTH TO DATE    0                         0      0        7
  SINCE DEC 1      0                         0      0        7
  SINCE JAN 1   1657                      1728    -71     1559
..................................................................


WIND (MPH)
  HIGHEST WIND SPEED     9   HIGHEST WIND DIRECTION    NE (50)
  HIGHEST GUST SPEED    12   HIGHEST GUST DIRECTION    NE (40)
  AVERAGE WIND SPEED     2.8


SKY COVER
  POSSIBLE SUNSHINE  MM
  AVERAGE SKY COVER 0.9


WEATHER CONDITIONS
 THE FOLLOWING WEATHER WAS RECORDED TODAY.
  FOG


RELATIVE HUMIDITY (PERCENT)
 HIGHEST    92           100 AM
 LOWEST     52           300 PM
 AVERAGE    72

..........................................................


THE RALEIGH-DURHAM INTL AIRPORT NC CLIMATE NORMALS FOR TOMORROW
                         NORMAL    RECORD    YEAR
 MAXIMUM TEMPERATURE (F)   52        78      2013
 MINIMUM TEMPERATURE (F)   32         9      1976


SUNRISE AND SUNSET
DECEMBER 21 2014......SUNRISE   721 AM EST   SUNSET   505 PM EST
DECEMBER 22 2014......SUNRISE   722 AM EST   SUNSET   506 PM EST


-  INDICATES NEGATIVE NUMBERS.
R  INDICATES RECORD WAS SET OR TIED.
MM INDICATES DATA IS MISSING.
T  INDICATES TRACE AMOUNT.

&&

CLIMATE REPORT NWS FORECAST OFFICE
NCSU CENTENNIAL CAMPUS
RALEIGH, NC

MAXIMUM TEMPERATURE... 49

MINIMUM TEMPERATURE... 37

PRECIPITATION... 0.00

$$
