000
CDUS42 KRAH 080048
CLIRDU


CLIMATE REPORT
NATIONAL WEATHER SERVICE RALEIGH NC
846 PM EDT TUE JUL 7 2015


...................................

...THE RALEIGH-DURHAM INTL AIRPORT NC CLIMATE SUMMARY FOR JULY 7 2015...
VALID AS OF 0846 PM LOCAL TIME.

CLIMATE NORMAL PERIOD 1981 TO 2010
CLIMATE RECORD PERIOD 1887 TO 2015


WEATHER ITEM   OBSERVED TIME   RECORD YEAR NORMAL DEPARTURE LAST
                VALUE   (LST)  VALUE       VALUE  FROM      YEAR
                                                  NORMAL
..................................................................
TEMPERATURE (F)
 TODAY
  MAXIMUM         91    349 PM 102    2012  90      1       96
                                      2010
  MINIMUM         70    346 AM  55    1951  70      0       67
  AVERAGE         81                        80      1       82

PRECIPITATION (IN)
  TODAY            0.00          1.85 2005   0.13  -0.13     0.00
  MONTH TO DATE    1.23                      0.93   0.30      T
  SINCE JUN 1      7.58                      4.45   3.13     3.31
  SINCE JAN 1     25.42                     21.48   3.94    22.58

DEGREE DAYS
 HEATING
  TODAY            0                         0      0        0
  MONTH TO DATE    0                         0      0        0
  SINCE JUN 1      0                         4     -4        0
  SINCE JUL 1      0                         0      0        0

 COOLING
  TODAY           16                        15      1       17
  MONTH TO DATE   95                       105    -10      108
  SINCE JUN 1    532                       452     80      485
  SINCE JAN 1    802                       661    141      698
..................................................................


WIND (MPH)
  RESULTANT WIND SPEED   5   RESULTANT WIND DIRECTION  SW (220)
  HIGHEST WIND SPEED    14   HIGHEST WIND DIRECTION    SW (230)
  HIGHEST GUST SPEED    18   HIGHEST GUST DIRECTION    SW (240)
  AVERAGE WIND SPEED     5.7


SKY COVER
  POSSIBLE SUNSHINE  MM
  AVERAGE SKY COVER 0.4


WEATHER CONDITIONS
 THE FOLLOWING WEATHER WAS RECORDED TODAY.
  NO SIGNIFICANT WEATHER WAS OBSERVED.


RELATIVE HUMIDITY (PERCENT)
 HIGHEST    93           500 AM
 LOWEST     52           300 PM
 AVERAGE    73

..........................................................


THE RALEIGH-DURHAM INTL AIRPORT NC CLIMATE NORMALS FOR TOMORROW
                         NORMAL    RECORD    YEAR
 MAXIMUM TEMPERATURE (F)   90       105      2012
 MINIMUM TEMPERATURE (F)   70        53      1979


SUNRISE AND SUNSET
JULY  7 2015..........SUNRISE   605 AM EDT   SUNSET   835 PM EDT
JULY  8 2015..........SUNRISE   606 AM EDT   SUNSET   834 PM EDT


-  INDICATES NEGATIVE NUMBERS.
R  INDICATES RECORD WAS SET OR TIED.
MM INDICATES DATA IS MISSING.
T  INDICATES TRACE AMOUNT.

&&

CLIMATE REPORT NWS FORECAST OFFICE
NCSU CENTENNIAL CAMPUS
RALEIGH, NC

MAXIMUM TEMPERATURE... 91

MINIMUM TEMPERATURE... 71

PRECIPITATION... 0.00

$$
