000
CDUS42 KRAH 250629
CLIRDU


CLIMATE REPORT
NATIONAL WEATHER SERVICE RALEIGH NC
227 AM EDT SUN JUN 25 2017


...................................

...THE RALEIGH-DURHAM INTL AIRPORT NC CLIMATE SUMMARY FOR JUNE 24 2017...

CLIMATE NORMAL PERIOD 1981 TO 2010
CLIMATE RECORD PERIOD 1887 TO 2017


WEATHER ITEM   OBSERVED TIME   RECORD YEAR NORMAL DEPARTURE LAST
                VALUE   (LST)  VALUE       VALUE  FROM      YEAR
                                                  NORMAL
..................................................................
TEMPERATURE (F)
 YESTERDAY
  MAXIMUM         91    302 PM  99    2010  89      2       88
                                      1996
                                      1930
  MINIMUM         71   1150 PM  51    1947  68      3       69
  AVERAGE         81                        78      3       79

PRECIPITATION (IN)
  YESTERDAY        0.46          2.90 1973   0.11   0.35     0.10
  MONTH TO DATE    6.11                      2.81   3.30     3.85
  SINCE JUN 1      6.11                      2.81   3.30     3.85
  SINCE JAN 1     27.97                     19.84   8.13    23.46

DEGREE DAYS
 HEATING
  YESTERDAY        0                         0      0        0
  MONTH TO DATE    1                         0      1        0
  SINCE JUN 1      1                         0      1        0
  SINCE JUL 1   2507                      3243   -736     2609

 COOLING
  YESTERDAY       16                        14      2       14
  MONTH TO DATE  273                       263     10      285
  SINCE JUN 1    273                       263     10      285
  SINCE JAN 1    612                       472    140      521
..................................................................


WIND (MPH)
  HIGHEST WIND SPEED    25   HIGHEST WIND DIRECTION    SW (240)
  HIGHEST GUST SPEED    33   HIGHEST GUST DIRECTION    SW (210)
  AVERAGE WIND SPEED     7.9


SKY COVER
  POSSIBLE SUNSHINE  MM
  AVERAGE SKY COVER 0.8


WEATHER CONDITIONS
 THE FOLLOWING WEATHER WAS RECORDED YESTERDAY.
  THUNDERSTORM
  HEAVY RAIN
  RAIN
  LIGHT RAIN
  FOG


RELATIVE HUMIDITY (PERCENT)
 HIGHEST    93           800 PM
 LOWEST     56           300 PM
 AVERAGE    75

..........................................................


THE RALEIGH-DURHAM INTL AIRPORT NC CLIMATE NORMALS FOR TODAY
                         NORMAL    RECORD    YEAR
 MAXIMUM TEMPERATURE (F)   89       100      1952
                                             1914
 MINIMUM TEMPERATURE (F)   68        54      1936


SUNRISE AND SUNSET
JUNE 25 2017..........SUNRISE   600 AM EDT   SUNSET   835 PM EDT
JUNE 26 2017..........SUNRISE   601 AM EDT   SUNSET   835 PM EDT


-  INDICATES NEGATIVE NUMBERS.
R  INDICATES RECORD WAS SET OR TIED.
MM INDICATES DATA IS MISSING.
T  INDICATES TRACE AMOUNT.

&&

CLIMATE REPORT
NWS FORECAST OFFICE
NCSU CENTENNIAL CAMPUS
RALEIGH NC

MAXIMUM TEMPERATURE... 90

MINIMUM TEMPERATURE... 70

PRECIPITATION...1.47


$$
