000
CDUS42 KRAH 260052
CLIRDU


CLIMATE REPORT
NATIONAL WEATHER SERVICE RALEIGH NC
851 PM EDT WED MAY 25 2016


...................................

...THE RALEIGH-DURHAM INTL AIRPORT NC CLIMATE SUMMARY FOR MAY 25 2016...
VALID AS OF 0851 PM LOCAL TIME.

CLIMATE NORMAL PERIOD 1981 TO 2010
CLIMATE RECORD PERIOD 1887 TO 2016


WEATHER ITEM   OBSERVED TIME   RECORD YEAR NORMAL DEPARTURE LAST
                VALUE   (LST)  VALUE       VALUE  FROM      YEAR
                                                  NORMAL
..................................................................
TEMPERATURE (F)
 TODAY
  MAXIMUM         87    350 PM  93    2011  82      5       84
                                      2004
                                      1936
  MINIMUM         59    152 AM  41    2013  59      0       57
  AVERAGE         73                        70      3       71

PRECIPITATION (IN)
  TODAY            0.00          1.40 1960   0.12  -0.12     0.00
  MONTH TO DATE    3.73                      2.55   1.18     2.59
  SINCE MAR 1     10.75                      9.58   1.17    11.13
  SINCE JAN 1     17.16                     16.31   0.85    17.39

DEGREE DAYS
 HEATING
  TODAY            0                         1     -1        0
  MONTH TO DATE   52                        49      3       20
  SINCE MAR 1    466                       666   -200      587
  SINCE JUL 1   2609                      3238   -629     3484

 COOLING
  TODAY            8                         6      2        6
  MONTH TO DATE   79                       105    -26      138
  SINCE MAR 1    174                       165      9      194
  SINCE JAN 1    174                       166      8      194
..................................................................


WIND (MPH)
  HIGHEST WIND SPEED    16   HIGHEST WIND DIRECTION    SW (220)
  HIGHEST GUST SPEED    21   HIGHEST GUST DIRECTION    SW (220)
  AVERAGE WIND SPEED     4.8


SKY COVER
  POSSIBLE SUNSHINE  MM
  AVERAGE SKY COVER 0.5


WEATHER CONDITIONS
 THE FOLLOWING WEATHER WAS RECORDED TODAY.
  NO SIGNIFICANT WEATHER WAS OBSERVED.


RELATIVE HUMIDITY (PERCENT)
 HIGHEST    90           600 AM
 LOWEST     36           200 PM
 AVERAGE    63

..........................................................


THE RALEIGH-DURHAM INTL AIRPORT NC CLIMATE NORMALS FOR TOMORROW
                         NORMAL    RECORD    YEAR
 MAXIMUM TEMPERATURE (F)   82        94      1953
                                             1933
 MINIMUM TEMPERATURE (F)   60        43      1979


SUNRISE AND SUNSET
MAY 25 2016...........SUNRISE   603 AM EDT   SUNSET   822 PM EDT
MAY 26 2016...........SUNRISE   602 AM EDT   SUNSET   822 PM EDT


-  INDICATES NEGATIVE NUMBERS.
R  INDICATES RECORD WAS SET OR TIED.
MM INDICATES DATA IS MISSING.
T  INDICATES TRACE AMOUNT.

&&

CLIMATE REPORT
NWS FORECAST OFFICE
NCSU CENTENNIAL CAMPUS
RALEIGH NC

MAXIMUM TEMPERATURE... 87

MINIMUM TEMPERATURE... 61

PRECIPITATION... 0.00

$$
