000
CDUS42 KRAH 160636
CLIRDU


CLIMATE REPORT
NATIONAL WEATHER SERVICE RALEIGH NC
231 AM EDT WED AUG 16 2017


...................................

...THE RALEIGH-DURHAM INTL AIRPORT NC CLIMATE SUMMARY FOR AUGUST 15 2017...

CLIMATE NORMAL PERIOD 1981 TO 2010
CLIMATE RECORD PERIOD 1887 TO 2017


WEATHER ITEM   OBSERVED TIME   RECORD YEAR NORMAL DEPARTURE LAST
                VALUE   (LST)  VALUE       VALUE  FROM      YEAR
                                                  NORMAL
..................................................................
TEMPERATURE (F)
 YESTERDAY
  MAXIMUM         91    311 PM  99    2007  89      2       96
                                      1953
                                      1943
  MINIMUM         76   1159 PM  51    1964  69      7       75
  AVERAGE         84                        79      5       86

PRECIPITATION (IN)
  YESTERDAY        0.07          1.98 2003   0.12  -0.05     0.00
  MONTH TO DATE    4.23                      2.00   2.23     2.45
  SINCE JUN 1     12.77                     10.25   2.52    16.58
  SINCE JAN 1     34.63                     27.28   7.35    36.19

DEGREE DAYS
 HEATING
  YESTERDAY        0                         0      0        0
  MONTH TO DATE    0                         0      0        0
  SINCE JUN 1      1                         4     -3        0
  SINCE JUL 1      0                         0      0        0

 COOLING
  YESTERDAY       19                        14      5       21
  MONTH TO DATE  210                       215     -5      267
  SINCE JUN 1   1069                      1028     41     1161
  SINCE JAN 1   1408                      1237    171     1397
..................................................................


WIND (MPH)
  HIGHEST WIND SPEED    15   HIGHEST WIND DIRECTION    SW (240)
  HIGHEST GUST SPEED    19   HIGHEST GUST DIRECTION    SW (240)
  AVERAGE WIND SPEED     2.8


SKY COVER
  POSSIBLE SUNSHINE  MM
  AVERAGE SKY COVER 0.7


WEATHER CONDITIONS
 THE FOLLOWING WEATHER WAS RECORDED YESTERDAY.
  THUNDERSTORM
  RAIN
  LIGHT RAIN
  FOG
  FOG W/VISIBILITY <= 1/4 MILE


RELATIVE HUMIDITY (PERCENT)
 HIGHEST   100           400 AM
 LOWEST     56           300 PM
 AVERAGE    78

..........................................................


THE RALEIGH-DURHAM INTL AIRPORT NC CLIMATE NORMALS FOR TODAY
                         NORMAL    RECORD    YEAR
 MAXIMUM TEMPERATURE (F)   89       101      2007
 MINIMUM TEMPERATURE (F)   69        56      1963
                                             1961


SUNRISE AND SUNSET
AUGUST 16 2017........SUNRISE   635 AM EDT   SUNSET   803 PM EDT
AUGUST 17 2017........SUNRISE   636 AM EDT   SUNSET   802 PM EDT


-  INDICATES NEGATIVE NUMBERS.
R  INDICATES RECORD WAS SET OR TIED.
MM INDICATES DATA IS MISSING.
T  INDICATES TRACE AMOUNT.


&&

CLIMATE REPORT
NWS FORECAST OFFICE
NCSU CENTENNIAL CAMPUS
RALEIGH NC

MAXIMUM TEMPERATURE... 94

MINIMUM TEMPERATURE... 76

PRECIPITATION...0.07

$$
