748
CDUS42 KRAH 232144
CLIRDU


CLIMATE REPORT
NATIONAL WEATHER SERVICE RALEIGH NC
441 PM EST THU FEB 23 2017


...................................

...THE RALEIGH-DURHAM INTL AIRPORT NC CLIMATE SUMMARY FOR FEBRUARY 23 2017...
VALID TODAY AS OF 0430 PM LOCAL TIME.

CLIMATE NORMAL PERIOD 1981 TO 2010
CLIMATE RECORD PERIOD 1887 TO 2017


WEATHER ITEM   OBSERVED TIME   RECORD YEAR NORMAL DEPARTURE LAST
                VALUE   (LST)  VALUE       VALUE  FROM      YEAR
                                                  NORMAL
..................................................................
TEMPERATURE (F)
 TODAY
  MAXIMUM         77    244 PM  79    1980  57     20       46
  MINIMUM         50    733 AM   7    1978  35     15       43
  AVERAGE         64                        46     18       45

PRECIPITATION (IN)
  TODAY            0.00          1.55 1984   0.12  -0.12     0.19
  MONTH TO DATE    0.66                      2.62  -1.96     4.22
  SINCE DEC 1      6.62                      9.19  -2.57    12.02
  SINCE JAN 1      4.43                      6.12  -1.69     5.95

SNOWFALL (IN)
  TODAY            0.0           2.5  1901   0.0    0.0      0.0
  MONTH TO DATE    T                         1.6   -1.6      0.2
  SINCE DEC 1      0.5                       5.1   -4.6      1.4
  SINCE JUL 1      0.5                       5.2   -4.7      1.4
  SNOW DEPTH       0

DEGREE DAYS
 HEATING
  TODAY            1                        19    -18       20
  MONTH TO DATE  293                       484   -191      511
  SINCE DEC 1   1484                      1900   -416     1597
  SINCE JUL 1   1939                      2481   -542     2048

 COOLING
  TODAY            0                         0      0        0
  MONTH TO DATE    6                         0      6        0
  SINCE DEC 1      6                         2      4       27
  SINCE JAN 1      6                         0      6        0
..................................................................


WIND (MPH)
  HIGHEST WIND SPEED    13   HIGHEST WIND DIRECTION     S (180)
  HIGHEST GUST SPEED    17   HIGHEST GUST DIRECTION     S (180)
  AVERAGE WIND SPEED     3.0


SKY COVER
  POSSIBLE SUNSHINE  MM
  AVERAGE SKY COVER 0.7


WEATHER CONDITIONS
 THE FOLLOWING WEATHER WAS RECORDED TODAY.
  FOG


RELATIVE HUMIDITY (PERCENT)
 HIGHEST   100           700 AM
 LOWEST     41           300 PM
 AVERAGE    71

..........................................................


THE RALEIGH-DURHAM INTL AIRPORT NC CLIMATE NORMALS FOR TOMORROW
                         NORMAL    RECORD    YEAR
 MAXIMUM TEMPERATURE (F)   57        81      1982
 MINIMUM TEMPERATURE (F)   35        13      1901
                                             1889


SUNRISE AND SUNSET
FEBRUARY 23 2017......SUNRISE   652 AM EST   SUNSET   605 PM EST
FEBRUARY 24 2017......SUNRISE   651 AM EST   SUNSET   606 PM EST


-  INDICATES NEGATIVE NUMBERS.
R  INDICATES RECORD WAS SET OR TIED.
MM INDICATES DATA IS MISSING.
T  INDICATES TRACE AMOUNT.

&&

CLIMATE REPORT
NWS FORECAST OFFICE
NCSU CENTENNIAL CAMPUS
RALEIGH NC

MAXIMUM TEMPERATURE... 74

MINIMUM TEMPERATURE... 52

PRECIPITATION... 0.00

$$
