000
CDUS42 KRAH 040751
CLIRDU


CLIMATE REPORT
NATIONAL WEATHER SERVICE RALEIGH NC
346 AM EDT FRI SEP 4 2015


...................................

...THE RALEIGH-DURHAM INTL AIRPORT NC CLIMATE SUMMARY FOR SEPTEMBER 3 2015...

CLIMATE NORMAL PERIOD 1981 TO 2010
CLIMATE RECORD PERIOD 1887 TO 2015


WEATHER ITEM   OBSERVED TIME   RECORD YEAR NORMAL DEPARTURE LAST
                VALUE   (LST)  VALUE       VALUE  FROM      YEAR
                                                  NORMAL
..................................................................
TEMPERATURE (F)
 YESTERDAY
  MAXIMUM         91    348 PM  99    2010  86      5       93
  MINIMUM         69    651 AM  50    1958  66      3       71
  AVERAGE         80                        76      4       82

PRECIPITATION (IN)
  YESTERDAY        0.00          2.79 1913   0.16  -0.16      T
  MONTH TO DATE    0.10                      0.48  -0.38      T
  SINCE SEP 1      0.10                      0.48  -0.38      T
  SINCE JAN 1     34.12                     30.02   4.10    38.41

DEGREE DAYS
 HEATING
  YESTERDAY        0                         0      0        0
  MONTH TO DATE    0                         0      0        0
  SINCE SEP 1      0                         0      0        0
  SINCE JUL 1      0                         1     -1        0

 COOLING
  YESTERDAY       15                        11      4       17
  MONTH TO DATE   45                        33     12       54
  SINCE SEP 1     45                        33     12       54
  SINCE JAN 1   1633                      1474    159     1412
..................................................................


WIND (MPH)
  HIGHEST WIND SPEED     7   HIGHEST WIND DIRECTION     N (340)
  HIGHEST GUST SPEED     9   HIGHEST GUST DIRECTION     N (20)
  AVERAGE WIND SPEED     0.4


SKY COVER
  POSSIBLE SUNSHINE  MM
  AVERAGE SKY COVER 0.7


WEATHER CONDITIONS
 THE FOLLOWING WEATHER WAS RECORDED YESTERDAY.
  FOG
  FOG W/VISIBILITY <= 1/4 MILE


RELATIVE HUMIDITY (PERCENT)
 HIGHEST   100           200 AM
 LOWEST     46           200 PM
 AVERAGE    73

..........................................................


THE RALEIGH-DURHAM INTL AIRPORT NC CLIMATE NORMALS FOR TODAY
                         NORMAL    RECORD    YEAR
 MAXIMUM TEMPERATURE (F)   86       100      1925
 MINIMUM TEMPERATURE (F)   66        50      1997


SUNRISE AND SUNSET
SEPTEMBER  4 2015.....SUNRISE   649 AM EDT   SUNSET   739 PM EDT
SEPTEMBER  5 2015.....SUNRISE   650 AM EDT   SUNSET   737 PM EDT


-  INDICATES NEGATIVE NUMBERS.
R  INDICATES RECORD WAS SET OR TIED.
MM INDICATES DATA IS MISSING.
T  INDICATES TRACE AMOUNT.

&&

CLIMATE REPORT NWS FORECAST OFFICE
NCSU CENTENNIAL CAMPUS
RALEIGH, NC

MAXIMUM TEMPERATURE...91

MINIMUM TEMPERATURE...69

PRECIPITATION...0.01

$$
