000
CDUS46 KBOI 180935
CLIREO


CLIMATE REPORT
NATIONAL WEATHER SERVICE BOISE ID
335 AM MDT THU SEP 18 2014


...................................

...THE ROME OR CLIMATE SUMMARY FOR SEPTEMBER 17 2014...

CLIMATE NORMAL PERIOD 1981 TO 2010
CLIMATE RECORD PERIOD 9999 TO 9999


WEATHER ITEM   OBSERVED TIME   NORMAL DEPARTURE LAST
                VALUE   (LST)  VALUE  FROM      YEAR
                                      NORMAL
......................................................
TEMPERATURE (F)
 YESTERDAY
  MAXIMUM         94    150 PM  79     15       74
  MINIMUM         55    544 AM  40     15       50
  AVERAGE         75            60     15       62

PRECIPITATION (IN)
  YESTERDAY        0.00          0.01  -0.01     0.00
  MONTH TO DATE    0.06          0.17  -0.11     0.62
  SINCE OCT 1      2.55          8.69  -6.14     5.31
  SINCE JAN 1      2.36          6.50  -4.14     3.85

DEGREE DAYS
 HEATING
  YESTERDAY        0             6     -6        3
  MONTH TO DATE   48            70    -22        8
  SINCE SEP 1     48            70    -22        8
  SINCE JUL 1     58           111    -53        8

 COOLING
  YESTERDAY       10             1      9        0
  MONTH TO DATE   35            37     -2       78
  SINCE SEP 1     35            37     -2       78
  SINCE JAN 1    661           503    158      878
......................................................


WIND (MPH)
  RESULTANT WIND SPEED   8   RESULTANT WIND DIRECTION   S (170)
  HIGHEST WIND SPEED    25   HIGHEST WIND DIRECTION    SW (210)
  HIGHEST GUST SPEED    31   HIGHEST GUST DIRECTION     S (180)
  AVERAGE WIND SPEED     8.8


SKY COVER
  AVERAGE SKY COVER 0.0


WEATHER CONDITIONS
 THE FOLLOWING WEATHER WAS RECORDED YESTERDAY.
  NO SIGNIFICANT WEATHER WAS OBSERVED.


RELATIVE HUMIDITY (PERCENT)
 HIGHEST    36           300 AM
 LOWEST     10           200 PM
 AVERAGE    23

..........................................................


THE ROME OR CLIMATE NORMALS FOR TODAY
                         NORMAL    RECORD    YEAR
 MAXIMUM TEMPERATURE (F)   79        MM        MM
 MINIMUM TEMPERATURE (F)   40        MM        MM


SUNRISE AND SUNSET
SEPTEMBER 18 2014.....SUNRISE   635 AM PDT   SUNSET   656 PM PDT
SEPTEMBER 19 2014.....SUNRISE   636 AM PDT   SUNSET   654 PM PDT


-  INDICATES NEGATIVE NUMBERS.
R  INDICATES RECORD WAS SET OR TIED.
MM INDICATES DATA IS MISSING.
T  INDICATES TRACE AMOUNT.




$$
