000
CDUS46 KBOI 240937
CLIREO


CLIMATE REPORT
NATIONAL WEATHER SERVICE BOISE ID
336 AM MDT TUE MAY 24 2016


...................................

...THE ROME OR CLIMATE SUMMARY FOR MAY 23 2016...

CLIMATE NORMAL PERIOD 1981 TO 2010
CLIMATE RECORD PERIOD 9999 TO 9999


WEATHER ITEM   OBSERVED TIME   NORMAL DEPARTURE LAST
                VALUE   (LST)  VALUE  FROM      YEAR
                                      NORMAL
......................................................
TEMPERATURE (F)
 YESTERDAY
  MAXIMUM         67    307 PM  72     -5       69
  MINIMUM         34    447 AM  39     -5       52
  AVERAGE         51            55     -4       61

PRECIPITATION (IN)
  YESTERDAY        0.00          0.05  -0.05     0.07
  MONTH TO DATE    1.39          1.05   0.34     2.91
  SINCE OCT 1      7.84          6.61   1.23     6.53
  SINCE JAN 1      3.41          4.42  -1.01     4.53

DEGREE DAYS
 HEATING
  YESTERDAY       14            10      4        4
  MONTH TO DATE  205           290    -85      213
  SINCE MAR 1   1208          1650   -442     1323
  SINCE JUL 1   5304          6384  -1080     5130

 COOLING
  YESTERDAY        0             0      0        0
  MONTH TO DATE    6             0      6        0
  SINCE MAR 1      6             0      6        0
  SINCE JAN 1      6             0      6        0
......................................................


WIND (MPH)
  RESULTANT WIND SPEED   3   RESULTANT WIND DIRECTION   S (200)
  HIGHEST WIND SPEED    16   HIGHEST WIND DIRECTION    NE (30)
  HIGHEST GUST SPEED    26   HIGHEST GUST DIRECTION     N (360)
  AVERAGE WIND SPEED     6.6


SKY COVER
  AVERAGE SKY COVER 0.0


WEATHER CONDITIONS
 THE FOLLOWING WEATHER WAS RECORDED YESTERDAY.
  NO SIGNIFICANT WEATHER WAS OBSERVED.


RELATIVE HUMIDITY (PERCENT)
 HIGHEST    89           400 AM
 LOWEST     24           300 PM
 AVERAGE    57

..........................................................


THE ROME OR CLIMATE NORMALS FOR TODAY
                         NORMAL    RECORD    YEAR
 MAXIMUM TEMPERATURE (F)   72        MM        MM
 MINIMUM TEMPERATURE (F)   39        MM        MM


SUNRISE AND SUNSET
MAY 24 2016...........SUNRISE   521 AM PDT   SUNSET   816 PM PDT
MAY 25 2016...........SUNRISE   520 AM PDT   SUNSET   817 PM PDT


-  INDICATES NEGATIVE NUMBERS.
R  INDICATES RECORD WAS SET OR TIED.
MM INDICATES DATA IS MISSING.
T  INDICATES TRACE AMOUNT.




$$
