000
CDUS46 KBOI 170931
CLIREO


CLIMATE REPORT
NATIONAL WEATHER SERVICE BOISE ID
231 AM MST TUE JAN 17 2017


...................................

...THE ROME OR CLIMATE SUMMARY FOR JANUARY 16 2017...

CLIMATE NORMAL PERIOD 1981 TO 2010
CLIMATE RECORD PERIOD 9999 TO 9999


WEATHER ITEM   OBSERVED TIME   NORMAL DEPARTURE LAST
                VALUE   (LST)  VALUE  FROM      YEAR
                                      NORMAL
......................................................
TEMPERATURE (F)
 YESTERDAY
  MAXIMUM         25    209 PM  39    -14       46
  MINIMUM         -2    102 AM  20    -22       30
  AVERAGE         12            29    -17       38

PRECIPITATION (IN)
  YESTERDAY        0.00          0.01  -0.01     0.05
  MONTH TO DATE    1.54          0.36   1.18     0.20
  SINCE OCT 1      3.92          2.55   1.37     4.63
  SINCE JAN 1      1.54          0.36   1.18     0.20

DEGREE DAYS
 HEATING
  YESTERDAY       53            36     17       27
  MONTH TO DATE  695           580    115      661
  SINCE DEC 1   1984          1714    270     1696
  SINCE JUL 1   3219          3327   -108     2952

 COOLING
  YESTERDAY        0             0      0        0
  MONTH TO DATE    0             0      0        0
  SINCE DEC 1      0             0      0        0
  SINCE JAN 1      0             0      0        0
......................................................


WIND (MPH)
  RESULTANT WIND SPEED   2   RESULTANT WIND DIRECTION   N (10)
  HIGHEST WIND SPEED    12   HIGHEST WIND DIRECTION    NE (30)
  HIGHEST GUST SPEED    13   HIGHEST GUST DIRECTION    NE (30)
  AVERAGE WIND SPEED     3.5


SKY COVER
  AVERAGE SKY COVER 0.0


WEATHER CONDITIONS
 THE FOLLOWING WEATHER WAS RECORDED YESTERDAY.
  NO SIGNIFICANT WEATHER WAS OBSERVED.


RELATIVE HUMIDITY (PERCENT)
 HIGHEST    91           900 PM
 LOWEST     68           300 PM
 AVERAGE    80

..........................................................


THE ROME OR CLIMATE NORMALS FOR TODAY
                         NORMAL    RECORD    YEAR
 MAXIMUM TEMPERATURE (F)   39        MM        MM
 MINIMUM TEMPERATURE (F)   20        MM        MM


SUNRISE AND SUNSET
JANUARY 17 2017.......SUNRISE   717 AM PST   SUNSET   446 PM PST
JANUARY 18 2017.......SUNRISE   717 AM PST   SUNSET   448 PM PST


-  INDICATES NEGATIVE NUMBERS.
R  INDICATES RECORD WAS SET OR TIED.
MM INDICATES DATA IS MISSING.
T  INDICATES TRACE AMOUNT.




$$
