000
CDUS46 KBOI 040930
CLIREO


CLIMATE REPORT
NATIONAL WEATHER SERVICE BOISE ID
230 AM MST SUN DEC 4 2016


...................................

...THE ROME OR CLIMATE SUMMARY FOR DECEMBER 3 2016...

CLIMATE NORMAL PERIOD 1981 TO 2010
CLIMATE RECORD PERIOD 9999 TO 9999


WEATHER ITEM   OBSERVED TIME   NORMAL DEPARTURE LAST
                VALUE   (LST)  VALUE  FROM      YEAR
                                      NORMAL
......................................................
TEMPERATURE (F)
 YESTERDAY
  MAXIMUM         50    218 PM  41      9       44
  MINIMUM         29    919 PM  19     10       14
  AVERAGE         40            30     10       29

PRECIPITATION (IN)
  YESTERDAY        0.00          0.02  -0.02     0.00
  MONTH TO DATE    0.00          0.06  -0.06     0.23
  SINCE OCT 1      0.66          1.43  -0.77     3.14
  SINCE JAN 1      4.97          8.16  -3.19     9.12

DEGREE DAYS
 HEATING
  YESTERDAY       25            35    -10       36
  MONTH TO DATE  103           104     -1      127
  SINCE DEC 1    103           104     -1      127
  SINCE JUL 1   1338          1717   -379     1383

 COOLING
  YESTERDAY        0             0      0        0
  MONTH TO DATE    0             0      0        0
  SINCE DEC 1      0             0      0        0
  SINCE JAN 1    697           507    190      868
......................................................


WIND (MPH)
  RESULTANT WIND SPEED   8   RESULTANT WIND DIRECTION   S (180)
  HIGHEST WIND SPEED    17   HIGHEST WIND DIRECTION     S (180)
  HIGHEST GUST SPEED    20   HIGHEST GUST DIRECTION     S (200)
  AVERAGE WIND SPEED     9.2


SKY COVER
  AVERAGE SKY COVER 0.0


WEATHER CONDITIONS
 THE FOLLOWING WEATHER WAS RECORDED YESTERDAY.
  NO SIGNIFICANT WEATHER WAS OBSERVED.


RELATIVE HUMIDITY (PERCENT)
 HIGHEST    69           700 AM
 LOWEST     36           200 PM
 AVERAGE    53

..........................................................


THE ROME OR CLIMATE NORMALS FOR TODAY
                         NORMAL    RECORD    YEAR
 MAXIMUM TEMPERATURE (F)   41        MM        MM
 MINIMUM TEMPERATURE (F)   19        MM        MM


SUNRISE AND SUNSET
DECEMBER  4 2016......SUNRISE   705 AM PST   SUNSET   418 PM PST
DECEMBER  5 2016......SUNRISE   706 AM PST   SUNSET   418 PM PST


-  INDICATES NEGATIVE NUMBERS.
R  INDICATES RECORD WAS SET OR TIED.
MM INDICATES DATA IS MISSING.
T  INDICATES TRACE AMOUNT.




$$
