000
CDUS46 KBOI 150931
CLIREO


CLIMATE REPORT
NATIONAL WEATHER SERVICE BOISE ID
231 AM MST FRI DEC 15 2017


...................................

...THE ROME OR CLIMATE SUMMARY FOR DECEMBER 14 2017...

CLIMATE NORMAL PERIOD 1981 TO 2010
CLIMATE RECORD PERIOD 9999 TO 9999


WEATHER ITEM   OBSERVED TIME   NORMAL DEPARTURE LAST
                VALUE   (LST)  VALUE  FROM      YEAR
                                      NORMAL
......................................................
TEMPERATURE (F)
 YESTERDAY
  MAXIMUM         34    313 PM  38     -4       31
  MINIMUM          7    541 AM  18    -11       16
  AVERAGE         21            28     -7       24

PRECIPITATION (IN)
  YESTERDAY        0.00          0.02  -0.02     0.51
  MONTH TO DATE    0.31          0.37  -0.06     0.92
  SINCE OCT 1      1.69          1.74  -0.05     1.58
  SINCE JAN 1      8.81          8.47   0.34     5.89

DEGREE DAYS
 HEATING
  YESTERDAY       44            37      7       41
  MONTH TO DATE  598           502     96      509
  SINCE DEC 1    598           502     96      509
  SINCE JUL 1   2020          2115    -95     1744

 COOLING
  YESTERDAY        0             0      0        0
  MONTH TO DATE    0             0      0        0
  SINCE DEC 1      0             0      0        0
  SINCE JAN 1   1037           507    530      697
......................................................


WIND (MPH)
  RESULTANT WIND SPEED   3   RESULTANT WIND DIRECTION   E (90)
  HIGHEST WIND SPEED    10   HIGHEST WIND DIRECTION    NE (40)
  HIGHEST GUST SPEED    11   HIGHEST GUST DIRECTION    NE (40)
  AVERAGE WIND SPEED     5.3


SKY COVER
  AVERAGE SKY COVER 0.0


WEATHER CONDITIONS
 THE FOLLOWING WEATHER WAS RECORDED YESTERDAY.
  NO SIGNIFICANT WEATHER WAS OBSERVED.


RELATIVE HUMIDITY (PERCENT)
 HIGHEST    96           900 PM
 LOWEST     69           200 PM
 AVERAGE    83

..........................................................


THE ROME OR CLIMATE NORMALS FOR TODAY
                         NORMAL    RECORD    YEAR
 MAXIMUM TEMPERATURE (F)   38        MM        MM
 MINIMUM TEMPERATURE (F)   18        MM        MM


SUNRISE AND SUNSET
DECEMBER 15 2017......SUNRISE   715 AM PST   SUNSET   419 PM PST
DECEMBER 16 2017......SUNRISE   715 AM PST   SUNSET   419 PM PST


-  INDICATES NEGATIVE NUMBERS.
R  INDICATES RECORD WAS SET OR TIED.
MM INDICATES DATA IS MISSING.
T  INDICATES TRACE AMOUNT.




$$
