000
CDUS46 KBOI 060930
CLIREO


CLIMATE REPORT
NATIONAL WEATHER SERVICE BOISE ID
330 AM MDT MON JUL 6 2015


...................................

...THE ROME OR CLIMATE SUMMARY FOR JULY 5 2015...

CLIMATE NORMAL PERIOD 1981 TO 2010
CLIMATE RECORD PERIOD 9999 TO 9999


WEATHER ITEM   OBSERVED TIME   NORMAL DEPARTURE LAST
                VALUE   (LST)  VALUE  FROM      YEAR
                                      NORMAL
......................................................
TEMPERATURE (F)
 YESTERDAY
  MAXIMUM         81    121 PM  90     -9       97
  MINIMUM         68   1042 PM  50     18       56
  AVERAGE         75            70      5       77

PRECIPITATION (IN)
  YESTERDAY        0.00          0.02  -0.02     0.00
  MONTH TO DATE    0.00          0.06  -0.06     0.00
  SINCE OCT 1      7.20          7.87  -0.67     2.35
  SINCE JAN 1      5.20          5.68  -0.48     2.16

DEGREE DAYS
 HEATING
  YESTERDAY        0             1     -1        0
  MONTH TO DATE    0             5     -5        0
  SINCE JUN 1     10           130   -120       59
  SINCE JUL 1      0             5     -5        0

 COOLING
  YESTERDAY       10             6      4       12
  MONTH TO DATE   91            26     65       64
  SINCE JUN 1    325            88    237      113
  SINCE JAN 1    340            98    242      124
......................................................


WIND (MPH)
  RESULTANT WIND SPEED  11   RESULTANT WIND DIRECTION   S (200)
  HIGHEST WIND SPEED    23   HIGHEST WIND DIRECTION     S (200)
  HIGHEST GUST SPEED    29   HIGHEST GUST DIRECTION    SW (210)
  AVERAGE WIND SPEED    12.3


SKY COVER
  AVERAGE SKY COVER 0.0


WEATHER CONDITIONS
 THE FOLLOWING WEATHER WAS RECORDED YESTERDAY.
  NO SIGNIFICANT WEATHER WAS OBSERVED.


RELATIVE HUMIDITY (PERCENT)
 HIGHEST    70           800 AM
 LOWEST     38           700 PM
 AVERAGE    54

..........................................................


THE ROME OR CLIMATE NORMALS FOR TODAY
                         NORMAL    RECORD    YEAR
 MAXIMUM TEMPERATURE (F)   90        MM        MM
 MINIMUM TEMPERATURE (F)   50        MM        MM


SUNRISE AND SUNSET
JULY  6 2015..........SUNRISE   520 AM PDT   SUNSET   832 PM PDT
JULY  7 2015..........SUNRISE   521 AM PDT   SUNSET   831 PM PDT


-  INDICATES NEGATIVE NUMBERS.
R  INDICATES RECORD WAS SET OR TIED.
MM INDICATES DATA IS MISSING.
T  INDICATES TRACE AMOUNT.




$$
