620
CDUS43 KLOT 300632
CLIRFD


CLIMATE REPORT
NATIONAL WEATHER SERVICE CHICAGO IL
132 AM CDT MON MAY 30 2016


...................................

...THE ROCKFORD IL CLIMATE SUMMARY FOR MAY 29 2016...

CLIMATE NORMAL PERIOD 1981 TO 2010
CLIMATE RECORD PERIOD 1905 TO 2016


WEATHER ITEM   OBSERVED TIME   RECORD YEAR NORMAL DEPARTURE LAST
                VALUE   (LST)  VALUE       VALUE  FROM      YEAR
                                                  NORMAL
..................................................................
TEMPERATURE (F)
 YESTERDAY
  MAXIMUM         80    421 PM  97    1934  76      4       81
  MINIMUM         63   1157 PM  33    1965  53     10       65
  AVERAGE         72                        64      8       73

PRECIPITATION (IN)
  YESTERDAY        0.00          1.49 1935   0.14  -0.14     0.21
  MONTH TO DATE    2.55                      3.71  -1.16     4.53
  SINCE MAR 1      9.46                      9.38   0.08     8.95
  SINCE JAN 1     10.99                     12.16  -1.17    10.87

SNOWFALL (IN)
  YESTERDAY        0.0           T    1942   0.0    0.0      0.0
  MONTH TO DATE    0.0                       0.0    0.0       T
  SINCE MAR 1      2.8                       5.7   -2.9      7.6
  SINCE JUL 1     24.0                      36.7  -12.7     35.5
  SNOW DEPTH       0

DEGREE DAYS
 HEATING
  YESTERDAY        0                         3     -3        0
  MONTH TO DATE  199                       194      5      142
  SINCE MAR 1   1349                      1532   -183     1492
  SINCE JUL 1   5535                      6534   -999     6938

 COOLING
  YESTERDAY        7                         3      4        8
  MONTH TO DATE   61                        41     20       60
  SINCE MAR 1     68                        49     19       60
  SINCE JAN 1     68                        49     19       60
..................................................................


WIND (MPH)
  HIGHEST WIND SPEED    20   HIGHEST WIND DIRECTION     W (290)
  HIGHEST GUST SPEED    25   HIGHEST GUST DIRECTION     W (280)
  AVERAGE WIND SPEED     9.7


SKY COVER
  POSSIBLE SUNSHINE  MM
  AVERAGE SKY COVER 0.4


WEATHER CONDITIONS
 THE FOLLOWING WEATHER WAS RECORDED YESTERDAY.
  NO SIGNIFICANT WEATHER WAS OBSERVED.


RELATIVE HUMIDITY (PERCENT)
 HIGHEST    87           200 AM
 LOWEST     45           300 PM
 AVERAGE    66

..........................................................


THE ROCKFORD IL CLIMATE NORMALS FOR TODAY
                         NORMAL    RECORD    YEAR
 MAXIMUM TEMPERATURE (F)   76        96      1934
 MINIMUM TEMPERATURE (F)   53        34      1984


SUNRISE AND SUNSET
MAY 30 2016...........SUNRISE   523 AM CDT   SUNSET   825 PM CDT
MAY 31 2016...........SUNRISE   523 AM CDT   SUNSET   826 PM CDT


-  INDICATES NEGATIVE NUMBERS.
R  INDICATES RECORD WAS SET OR TIED.
MM INDICATES DATA IS MISSING.
T  INDICATES TRACE AMOUNT.




$$
