000
CDUS43 KGRB 302222
CLIRHI


CLIMATE REPORT
NATIONAL WEATHER SERVICE GREEN BAY
422 PM CST FRI JAN 30 2015


...................................

...THE RHINELANDER WI CLIMATE SUMMARY FOR JANUARY 30 2015...
VALID TODAY AS OF 0400 PM LOCAL TIME.

CLIMATE NORMAL PERIOD 1981 TO 2010
CLIMATE RECORD PERIOD 1908 TO 2015


WEATHER ITEM   OBSERVED TIME   RECORD YEAR NORMAL DEPARTURE LAST
                VALUE   (LST)  VALUE       VALUE  FROM      YEAR
                                                  NORMAL
..................................................................
TEMPERATURE (F)
 TODAY
  MAXIMUM         18    349 PM  44    1999  22     -4       23
  MINIMUM          9    904 AM -36    1950   4      5       -2
  AVERAGE         14                        13      1       11

PRECIPITATION (IN)
  TODAY            0.00          0.49 1937   0.04  -0.04     0.43
  MONTH TO DATE    0.68                      1.08  -0.40     1.38
  SINCE DEC 1      2.70                      2.52   0.18     3.04
  SINCE JAN 1      0.68                      1.08  -0.40     1.38

SNOWFALL (IN)
  TODAY            0.0           5.2  2014  MM     MM        5.2
  MONTH TO DATE    9.4                      MM     MM       21.9
  SINCE DEC 1     28.4                      MM     MM       45.0
  SINCE JUL 1     63.5                      MM     MM       54.8
  SNOW DEPTH      15

DEGREE DAYS
 HEATING
  TODAY           51                        52     -1       54
  MONTH TO DATE 1610                      1583     27     1862
  SINCE DEC 1   3042                      3075    -33     3640
  SINCE JUL 1   5563                      5209    354     5867

 COOLING
  TODAY            0                         0      0        0
  MONTH TO DATE    0                         0      0        0
  SINCE DEC 1      0                         0      0        0
  SINCE JAN 1      0                         0      0        0
..................................................................


WIND (MPH)
  HIGHEST WIND SPEED    15   HIGHEST WIND DIRECTION    NW (320)
  HIGHEST GUST SPEED    22   HIGHEST GUST DIRECTION    NW (310)
  AVERAGE WIND SPEED     6.2


SKY COVER
  POSSIBLE SUNSHINE  MM
  AVERAGE SKY COVER 0.9


WEATHER CONDITIONS
 THE FOLLOWING WEATHER WAS RECORDED TODAY.
  NO SIGNIFICANT WEATHER WAS OBSERVED.


RELATIVE HUMIDITY (PERCENT)
 HIGHEST    73           500 AM
 LOWEST     49           300 PM
 AVERAGE    61

..........................................................


THE RHINELANDER WI CLIMATE NORMALS FOR TOMORROW
                         NORMAL    RECORD    YEAR
 MAXIMUM TEMPERATURE (F)   22        46      1989
                                             1952
 MINIMUM TEMPERATURE (F)    4       -33      1996


SUNRISE AND SUNSET
JANUARY 30 2015.......SUNRISE   722 AM CST   SUNSET   501 PM CST
JANUARY 31 2015.......SUNRISE   721 AM CST   SUNSET   502 PM CST


-  INDICATES NEGATIVE NUMBERS.
R  INDICATES RECORD WAS SET OR TIED.
MM INDICATES DATA IS MISSING.
T  INDICATES TRACE AMOUNT.




$$
