000
CDUS43 KGRB 290627
CLIRHI


CLIMATE REPORT
NATIONAL WEATHER SERVICE GREEN BAY
127 AM CDT THU SEP 29 2016


...................................

...THE RHINELANDER WI CLIMATE SUMMARY FOR SEPTEMBER 28 2016...

CLIMATE NORMAL PERIOD 1981 TO 2010
CLIMATE RECORD PERIOD 1908 TO 2016


WEATHER ITEM   OBSERVED TIME   RECORD YEAR NORMAL DEPARTURE LAST
                VALUE   (LST)  VALUE       VALUE  FROM      YEAR
                                                  NORMAL
..................................................................
TEMPERATURE (F)
 YESTERDAY
  MAXIMUM         61    422 PM  80    1952  61      0       66
  MINIMUM         47   1154 PM  24    1942  39      8       53
  AVERAGE         54                        50      4       60

PRECIPITATION (IN)
  YESTERDAY        0.03          1.02 1965   0.14  -0.11     0.45
  MONTH TO DATE    5.62                      3.94   1.68     2.76
  SINCE SEP 1      5.62                      3.94   1.68     2.76
  SINCE JAN 1     33.21                     24.82   8.39    21.44

SNOWFALL (IN)
  YESTERDAY        0.0           T    1945  MM     MM        0.0
  MONTH TO DATE    0.0                      MM     MM        0.0
  SINCE SEP 1      0.0                      MM     MM        0.0
  SINCE JUL 1      0.0                      MM     MM        0.0
  SNOW DEPTH       0

DEGREE DAYS
 HEATING
  YESTERDAY       11                        15     -4        5
  MONTH TO DATE  145                       273   -128      104
  SINCE SEP 1    145                       273   -128      104
  SINCE JUL 1    206                       400   -194      241

 COOLING
  YESTERDAY        0                         0      0        0
  MONTH TO DATE   13                        16     -3       71
  SINCE SEP 1     13                        16     -3       71
  SINCE JAN 1    321                       257     64      233
..................................................................


WIND (MPH)
  HIGHEST WIND SPEED    15   HIGHEST WIND DIRECTION    NE (60)
  HIGHEST GUST SPEED    21   HIGHEST GUST DIRECTION     N (20)
  AVERAGE WIND SPEED     6.2


SKY COVER
  POSSIBLE SUNSHINE  MM
  AVERAGE SKY COVER 0.7


WEATHER CONDITIONS
 THE FOLLOWING WEATHER WAS RECORDED YESTERDAY.
  LIGHT RAIN
  FOG


RELATIVE HUMIDITY (PERCENT)
 HIGHEST   100           100 AM
 LOWEST     64          1200 PM
 AVERAGE    82

..........................................................


THE RHINELANDER WI CLIMATE NORMALS FOR TODAY
                         NORMAL    RECORD    YEAR
 MAXIMUM TEMPERATURE (F)   61        84      1922
 MINIMUM TEMPERATURE (F)   39        24      1945


SUNRISE AND SUNSET
SEPTEMBER 29 2016.....SUNRISE   654 AM CDT   SUNSET   641 PM CDT
SEPTEMBER 30 2016.....SUNRISE   655 AM CDT   SUNSET   639 PM CDT


-  INDICATES NEGATIVE NUMBERS.
R  INDICATES RECORD WAS SET OR TIED.
MM INDICATES DATA IS MISSING.
T  INDICATES TRACE AMOUNT.




$$
