665
CDUS43 KGRB 040731
CLIRHI


CLIMATE REPORT
NATIONAL WEATHER SERVICE GREEN BAY
231 AM CDT WED MAY 4 2016


...................................

...THE RHINELANDER WI CLIMATE SUMMARY FOR MAY 3 2016...

CLIMATE NORMAL PERIOD 1981 TO 2010
CLIMATE RECORD PERIOD 1908 TO 2016


WEATHER ITEM   OBSERVED TIME   RECORD YEAR NORMAL DEPARTURE LAST
                VALUE   (LST)  VALUE       VALUE  FROM      YEAR
                                                  NORMAL
..................................................................
TEMPERATURE (F)
 YESTERDAY
  MAXIMUM         64   1147 AM  90    1959  62      2       80
  MINIMUM         32    308 AM  19    2004  36     -4       52
                                      1926
                                      1909
  AVERAGE         48                        49     -1       66

PRECIPITATION (IN)
  YESTERDAY        0.10          1.03 1942   0.11  -0.01     0.39
  MONTH TO DATE    0.10                      0.32  -0.22     0.39
  SINCE MAR 1      6.55                      4.47   2.08     4.41
  SINCE JAN 1      8.28                      6.51   1.77     5.30

SNOWFALL (IN)
  YESTERDAY        0.0           0.2  2013  MM     MM        0.0
                                      2011
                                      1954
  MONTH TO DATE    0.0                      MM     MM        0.0
  SINCE MAR 1     21.2                      MM     MM       20.4
  SINCE JUL 1     55.9                      MM     MM       89.3
  SNOW DEPTH       0

DEGREE DAYS
 HEATING
  YESTERDAY       17                        16      1        0
  MONTH TO DATE   52                        50      2       15
  SINCE MAR 1   1727                      1928   -201     1830
  SINCE JUL 1   7410                      8550  -1140     9171

 COOLING
  YESTERDAY        0                         0      0        1
  MONTH TO DATE    0                         0      0        1
  SINCE MAR 1      0                         1     -1        1
  SINCE JAN 1      0                         1     -1        1
..................................................................


WIND (MPH)
  HIGHEST WIND SPEED    28   HIGHEST WIND DIRECTION     W (270)
  HIGHEST GUST SPEED    35   HIGHEST GUST DIRECTION     W (270)
  AVERAGE WIND SPEED     8.3


SKY COVER
  POSSIBLE SUNSHINE  MM
  AVERAGE SKY COVER 0.4


WEATHER CONDITIONS
 THE FOLLOWING WEATHER WAS RECORDED YESTERDAY.
  RAIN
  LIGHT RAIN
  FOG


RELATIVE HUMIDITY (PERCENT)
 HIGHEST    93          1000 PM
 LOWEST     34          1000 AM
 AVERAGE    64

..........................................................


THE RHINELANDER WI CLIMATE NORMALS FOR TODAY
                         NORMAL    RECORD    YEAR
 MAXIMUM TEMPERATURE (F)   62        89      1959
 MINIMUM TEMPERATURE (F)   37        21      1909


SUNRISE AND SUNSET
MAY  4 2016...........SUNRISE   540 AM CDT   SUNSET   809 PM CDT
MAY  5 2016...........SUNRISE   539 AM CDT   SUNSET   811 PM CDT


-  INDICATES NEGATIVE NUMBERS.
R  INDICATES RECORD WAS SET OR TIED.
MM INDICATES DATA IS MISSING.
T  INDICATES TRACE AMOUNT.




$$
