000
CDUS43 KGRB 042137
CLIRHI


CLIMATE REPORT
NATIONAL WEATHER SERVICE GREEN BAY
437 PM CDT FRI SEP 4 2015


...................................

...THE RHINELANDER WI CLIMATE SUMMARY FOR SEPTEMBER 4 2015...
VALID TODAY AS OF 0400 PM LOCAL TIME.

CLIMATE NORMAL PERIOD 1981 TO 2010
CLIMATE RECORD PERIOD 1908 TO 2015


WEATHER ITEM   OBSERVED TIME   RECORD YEAR NORMAL DEPARTURE LAST
                VALUE   (LST)  VALUE       VALUE  FROM      YEAR
                                                  NORMAL
..................................................................
TEMPERATURE (F)
 TODAY
  MAXIMUM         83    259 PM  90    1983  72     11       71
  MINIMUM         56    438 AM  33    1974  49      7       61
  AVERAGE         70                        60     10       66

PRECIPITATION (IN)
  TODAY            0.00          2.65 1949   0.13  -0.13     2.01
  MONTH TO DATE    0.20                      0.53  -0.33     3.50
  SINCE SEP 1      0.20                      0.53  -0.33     3.50
  SINCE JAN 1     18.88                     21.41  -2.53    29.96

SNOWFALL (IN)
  TODAY            0.0           0.0    MM  MM     MM        0.0
  MONTH TO DATE    0.0                      MM     MM        0.0
  SINCE SEP 1      0.0                      MM     MM        0.0
  SINCE JUL 1      0.0                      MM     MM        0.0
  SNOW DEPTH       0

DEGREE DAYS
 HEATING
  TODAY            0                         6     -6        0
  MONTH TO DATE    0                        22    -22       10
  SINCE SEP 1      0                        22    -22       10
  SINCE JUL 1    137                       149    -12      210

 COOLING
  TODAY            5                         1      4        1
  MONTH TO DATE   23                         4     19        1
  SINCE SEP 1     23                         4     19        1
  SINCE JAN 1    185                       245    -60      148
..................................................................


WIND (MPH)
  HIGHEST WIND SPEED    15   HIGHEST WIND DIRECTION    SE (120)
  HIGHEST GUST SPEED    19   HIGHEST GUST DIRECTION     E (80)
  AVERAGE WIND SPEED     5.5


SKY COVER
  POSSIBLE SUNSHINE  MM
  AVERAGE SKY COVER 0.3


WEATHER CONDITIONS
 THE FOLLOWING WEATHER WAS RECORDED TODAY.
  FOG
  FOG W/VISIBILITY <= 1/4 MILE


RELATIVE HUMIDITY (PERCENT)
 HIGHEST   100           100 AM
 LOWEST     51           100 PM
 AVERAGE    76

..........................................................


THE RHINELANDER WI CLIMATE NORMALS FOR TOMORROW
                         NORMAL    RECORD    YEAR
 MAXIMUM TEMPERATURE (F)   71        92      1912
 MINIMUM TEMPERATURE (F)   49        34      2000
                                             1918


SUNRISE AND SUNSET
SEPTEMBER  4 2015.....SUNRISE   622 AM CDT   SUNSET   730 PM CDT
SEPTEMBER  5 2015.....SUNRISE   624 AM CDT   SUNSET   729 PM CDT


-  INDICATES NEGATIVE NUMBERS.
R  INDICATES RECORD WAS SET OR TIED.
MM INDICATES DATA IS MISSING.
T  INDICATES TRACE AMOUNT.




$$
