000
CDUS43 KGRB 240657
CLIRHI


CLIMATE REPORT
NATIONAL WEATHER SERVICE GREEN BAY
154 AM CDT TUE MAY 24 2016


...................................

...THE RHINELANDER WI CLIMATE SUMMARY FOR MAY 23 2016...

CLIMATE NORMAL PERIOD 1981 TO 2010
CLIMATE RECORD PERIOD 1908 TO 2016


WEATHER ITEM   OBSERVED TIME   RECORD YEAR NORMAL DEPARTURE LAST
                VALUE   (LST)  VALUE       VALUE  FROM      YEAR
                                                  NORMAL
..................................................................
TEMPERATURE (F)
 YESTERDAY
  MAXIMUM         84    234 PM  88    1964  67     17       77
                                      1921
  MINIMUM         56    359 AM  25    1931  43     13       34
  AVERAGE         70                        55     15       56

PRECIPITATION (IN)
  YESTERDAY        0.00          1.26 2004   0.11  -0.11     0.00
  MONTH TO DATE    0.64                      2.54  -1.90     1.30
  SINCE MAR 1      7.09                      6.69   0.40     5.32
  SINCE JAN 1      8.82                      8.73   0.09     6.21

SNOWFALL (IN)
  YESTERDAY        0.0           0.0    MM  MM     MM        0.0
  MONTH TO DATE    T                        MM     MM         T
  SINCE MAR 1     21.2                      MM     MM       20.4
  SINCE JUL 1     55.7                      MM     MM       89.3
  SNOW DEPTH       0

DEGREE DAYS
 HEATING
  YESTERDAY        0                        11    -11        9
  MONTH TO DATE  333                       313     20      272
  SINCE MAR 1   2008                      2191   -183     2087
  SINCE JUL 1   7691                      8813  -1122     9428

 COOLING
  YESTERDAY        5                         1      4        0
  MONTH TO DATE   10                         1      9        5
  SINCE MAR 1     10                         2      8        5
  SINCE JAN 1     10                         2      8        5
..................................................................


WIND (MPH)
  HIGHEST WIND SPEED    24   HIGHEST WIND DIRECTION    SW (210)
  HIGHEST GUST SPEED    34   HIGHEST GUST DIRECTION     S (180)
  AVERAGE WIND SPEED    10.4


SKY COVER
  POSSIBLE SUNSHINE  MM
  AVERAGE SKY COVER 0.1


WEATHER CONDITIONS
 THE FOLLOWING WEATHER WAS RECORDED YESTERDAY.
  NO SIGNIFICANT WEATHER WAS OBSERVED.


RELATIVE HUMIDITY (PERCENT)
 HIGHEST    67           300 AM
 LOWEST     22           400 PM
 AVERAGE    45

..........................................................


THE RHINELANDER WI CLIMATE NORMALS FOR TODAY
                         NORMAL    RECORD    YEAR
 MAXIMUM TEMPERATURE (F)   68        90      2010
 MINIMUM TEMPERATURE (F)   43        27      2013


SUNRISE AND SUNSET
MAY 24 2016...........SUNRISE   517 AM CDT   SUNSET   833 PM CDT
MAY 25 2016...........SUNRISE   516 AM CDT   SUNSET   834 PM CDT


-  INDICATES NEGATIVE NUMBERS.
R  INDICATES RECORD WAS SET OR TIED.
MM INDICATES DATA IS MISSING.
T  INDICATES TRACE AMOUNT.

$$
