000
CDUS43 KGRB 300641
CLIRHI


CLIMATE REPORT
NATIONAL WEATHER SERVICE GREEN BAY
139 AM CDT SAT JUL 30 2016


...................................

...THE RHINELANDER WI CLIMATE SUMMARY FOR JULY 29 2016...

CLIMATE NORMAL PERIOD 1981 TO 2010
CLIMATE RECORD PERIOD 1908 TO 2016


WEATHER ITEM   OBSERVED TIME   RECORD YEAR NORMAL DEPARTURE LAST
                VALUE   (LST)  VALUE       VALUE  FROM      YEAR
                                                  NORMAL
..................................................................
TEMPERATURE (F)
 YESTERDAY
  MAXIMUM         77    501 PM  98    1917  79     -2       81
  MINIMUM         48    330 AM  39    1952  54     -6       65
  AVERAGE         63                        67     -4       73

PRECIPITATION (IN)
  YESTERDAY        0.00          1.55 1990   0.12  -0.12      T
  MONTH TO DATE    3.82                      3.79   0.03     3.04
  SINCE JUN 1     10.84                      7.68   3.16     6.60
  SINCE JAN 1     21.92                     17.36   4.56    15.20

SNOWFALL (IN)
  YESTERDAY        0.0           0.0    MM  MM     MM        0.0
  MONTH TO DATE    0.0                      MM     MM        0.0
  SINCE JUN 1      0.0                      MM     MM        0.0
  SINCE JUL 1      0.0                      MM     MM        0.0
  SNOW DEPTH       0

DEGREE DAYS
 HEATING
  YESTERDAY        2                         1      1        0
  MONTH TO DATE   31                        55    -24       49
  SINCE JUN 1    123                       189    -66      181
  SINCE JUL 1     31                        55    -24       49

 COOLING
  YESTERDAY        0                         3     -3        8
  MONTH TO DATE  129                        98     31       88
  SINCE JUN 1    182                       151     31       91
  SINCE JAN 1    197                       163     34       96
..................................................................


WIND (MPH)
  HIGHEST WIND SPEED    12   HIGHEST WIND DIRECTION     E (80)
  HIGHEST GUST SPEED    14   HIGHEST GUST DIRECTION     E (80)
  AVERAGE WIND SPEED     3.1


SKY COVER
  POSSIBLE SUNSHINE  MM
  AVERAGE SKY COVER 0.2


WEATHER CONDITIONS
 THE FOLLOWING WEATHER WAS RECORDED YESTERDAY.
  NO SIGNIFICANT WEATHER WAS OBSERVED.


RELATIVE HUMIDITY (PERCENT)
 HIGHEST    96           200 AM
 LOWEST     43           500 PM
 AVERAGE    70

..........................................................


THE RHINELANDER WI CLIMATE NORMALS FOR TODAY
                         NORMAL    RECORD    YEAR
 MAXIMUM TEMPERATURE (F)   79        98      1999
 MINIMUM TEMPERATURE (F)   54        32      1928


SUNRISE AND SUNSET
JULY 30 2016..........SUNRISE   540 AM CDT   SUNSET   828 PM CDT
JULY 31 2016..........SUNRISE   541 AM CDT   SUNSET   827 PM CDT


-  INDICATES NEGATIVE NUMBERS.
R  INDICATES RECORD WAS SET OR TIED.
MM INDICATES DATA IS MISSING.
T  INDICATES TRACE AMOUNT.




$$
