000
CDUS43 KGRB 300651
CLIRHI


CLIMATE REPORT
NATIONAL WEATHER SERVICE GREEN BAY
146 AM CDT MON MAR 30 2015


...................................

...THE RHINELANDER WI CLIMATE SUMMARY FOR MARCH 29 2015...

CLIMATE NORMAL PERIOD 1981 TO 2010
CLIMATE RECORD PERIOD 1908 TO 2015


WEATHER ITEM   OBSERVED TIME   RECORD YEAR NORMAL DEPARTURE LAST
                VALUE   (LST)  VALUE       VALUE  FROM      YEAR
                                                  NORMAL
..................................................................
TEMPERATURE (F)
 YESTERDAY
  MAXIMUM         37    521 PM  79    1910  43     -6       40
  MINIMUM         29    926 AM  -8    1923  23      6       20
  AVERAGE         33                        33      0       30

PRECIPITATION (IN)
  YESTERDAY        0.11          1.03 1938   0.06   0.05     0.00
  MONTH TO DATE    0.76                      1.45  -0.69     0.76
  SINCE MAR 1      0.76                      1.45  -0.69     0.76
  SINCE JAN 1      1.65                      3.49  -1.84     3.37

SNOWFALL (IN)
  YESTERDAY        0.2           6.0  1944  MM     MM        0.0
                                      1924
  MONTH TO DATE    6.5                      MM     MM        9.6
  SINCE MAR 1      6.5                      MM     MM        9.6
  SINCE JUL 1     75.4                      MM     MM       82.1
  SNOW DEPTH       T

DEGREE DAYS
 HEATING
  YESTERDAY       32                        32      0       35
  MONTH TO DATE 1080                      1110    -30     1388
  SINCE MAR 1   1080                      1110    -30     1388
  SINCE JUL 1   8421                      7732    689     9017

 COOLING
  YESTERDAY        0                         0      0        0
  MONTH TO DATE    0                         0      0        0
  SINCE MAR 1      0                         0      0        0
  SINCE JAN 1      0                         0      0        0
..................................................................


WIND (MPH)
  HIGHEST WIND SPEED    23   HIGHEST WIND DIRECTION    NW (300)
  HIGHEST GUST SPEED    33   HIGHEST GUST DIRECTION    NW (310)
  AVERAGE WIND SPEED    14.4


SKY COVER
  POSSIBLE SUNSHINE  MM
  AVERAGE SKY COVER 0.6


WEATHER CONDITIONS
 THE FOLLOWING WEATHER WAS RECORDED YESTERDAY.
  LT FREEZING RAIN
  LIGHT SNOW
  FOG
  HAZE


RELATIVE HUMIDITY (PERCENT)
 HIGHEST    96           300 PM
 LOWEST     47          1200 AM
 AVERAGE    72

..........................................................


THE RHINELANDER WI CLIMATE NORMALS FOR TODAY
                         NORMAL    RECORD    YEAR
 MAXIMUM TEMPERATURE (F)   44        77      1910
 MINIMUM TEMPERATURE (F)   23        -7      1965


SUNRISE AND SUNSET
MARCH 30 2015.........SUNRISE   642 AM CDT   SUNSET   723 PM CDT
MARCH 31 2015.........SUNRISE   640 AM CDT   SUNSET   724 PM CDT


-  INDICATES NEGATIVE NUMBERS.
R  INDICATES RECORD WAS SET OR TIED.
MM INDICATES DATA IS MISSING.
T  INDICATES TRACE AMOUNT.




$$
