000
CDUS43 KGRB 310629
CLIRHI


CLIMATE REPORT
NATIONAL WEATHER SERVICE GREEN BAY
129 AM CDT WED AUG 31 2016


...................................

...THE RHINELANDER WI CLIMATE SUMMARY FOR AUGUST 30 2016...

CLIMATE NORMAL PERIOD 1981 TO 2010
CLIMATE RECORD PERIOD 1908 TO 2016


WEATHER ITEM   OBSERVED TIME   RECORD YEAR NORMAL DEPARTURE LAST
                VALUE   (LST)  VALUE       VALUE  FROM      YEAR
                                                  NORMAL
..................................................................
TEMPERATURE (F)
 YESTERDAY
  MAXIMUM         77    416 PM  92    2012  74      3       78
  MINIMUM         49   1159 PM  28    1915  51     -2       58
  AVERAGE         63                        62      1       68

PRECIPITATION (IN)
  YESTERDAY        0.00          2.00 1941   0.11  -0.11     0.00
  MONTH TO DATE    5.67                      3.17   2.50     3.46
  SINCE JUN 1     16.51                     11.08   5.43    10.08
  SINCE JAN 1     27.59                     20.76   6.83    18.68

SNOWFALL (IN)
  YESTERDAY        0.0           0.0    MM  MM     MM        0.0
  MONTH TO DATE    0.0                      MM     MM        0.0
  SINCE JUN 1      0.0                      MM     MM        0.0
  SINCE JUL 1      0.0                      MM     MM        0.0
  SNOW DEPTH       0

DEGREE DAYS
 HEATING
  YESTERDAY        2                         4     -2        0
  MONTH TO DATE   22                        72    -50       88
  SINCE JUN 1    147                       257   -110      269
  SINCE JUL 1     55                       123    -68      137

 COOLING
  YESTERDAY        0                         1     -1        3
  MONTH TO DATE  111                        72     39       53
  SINCE JUN 1    293                       230     63      151
  SINCE JAN 1    308                       242     66      156
..................................................................


WIND (MPH)
  HIGHEST WIND SPEED     9   HIGHEST WIND DIRECTION    NW (310)
  HIGHEST GUST SPEED    14   HIGHEST GUST DIRECTION    NW (300)
  AVERAGE WIND SPEED     3.5


SKY COVER
  POSSIBLE SUNSHINE  MM
  AVERAGE SKY COVER 0.3


WEATHER CONDITIONS
 THE FOLLOWING WEATHER WAS RECORDED YESTERDAY.
  FOG
  FOG W/VISIBILITY <= 1/4 MILE


RELATIVE HUMIDITY (PERCENT)
 HIGHEST   100          1200 AM
 LOWEST     54           500 PM
 AVERAGE    77

..........................................................


THE RHINELANDER WI CLIMATE NORMALS FOR TODAY
                         NORMAL    RECORD    YEAR
 MAXIMUM TEMPERATURE (F)   73        90      2000
 MINIMUM TEMPERATURE (F)   50        33      2009


SUNRISE AND SUNSET
AUGUST 31 2016........SUNRISE   618 AM CDT   SUNSET   737 PM CDT
SEPTEMBER  1 2016.....SUNRISE   620 AM CDT   SUNSET   735 PM CDT


-  INDICATES NEGATIVE NUMBERS.
R  INDICATES RECORD WAS SET OR TIED.
MM INDICATES DATA IS MISSING.
T  INDICATES TRACE AMOUNT.




$$
