000
CDUS43 KGRB 310750
CLIRHI


CLIMATE REPORT
NATIONAL WEATHER SERVICE GREEN BAY
250 AM CDT THU JUL 31 2014


...................................

...THE RHINELANDER WI CLIMATE SUMMARY FOR JULY 30 2014...

CLIMATE NORMAL PERIOD 1981 TO 2010
CLIMATE RECORD PERIOD 1908 TO 2014


WEATHER ITEM   OBSERVED TIME   RECORD YEAR NORMAL DEPARTURE LAST
                VALUE   (LST)  VALUE       VALUE  FROM      YEAR
                                                  NORMAL
..................................................................
TEMPERATURE (F)
 YESTERDAY
  MAXIMUM         73    228 PM  98    1999  79     -6       70
  MINIMUM         47    340 AM  32    1928  54     -7       52
  AVERAGE         60                        67     -7       61

PRECIPITATION (IN)
  YESTERDAY        0.00          1.59 1954   0.11  -0.11     0.33
  MONTH TO DATE    3.99                      3.90   0.09     2.73
  SINCE JUN 1     10.72                      7.79   2.93     8.03
  SINCE JAN 1     21.83                     17.47   4.36    21.36

SNOWFALL (IN)
  YESTERDAY        0.0           0.0    MM  MM     MM        0.0
  MONTH TO DATE    0.0                      MM     MM        0.0
  SINCE JUN 1      0.0                      MM     MM        0.0
  SINCE JUL 1      0.0                      MM     MM        0.0
  SNOW DEPTH       0

DEGREE DAYS
 HEATING
  YESTERDAY        5                         1      4        4
  MONTH TO DATE  122                        56     66       81
  SINCE JUN 1    215                       190     25      255
  SINCE JUL 1    122                        56     66       81

 COOLING
  YESTERDAY        0                         3     -3        0
  MONTH TO DATE   49                       101    -52      132
  SINCE JUN 1    111                       154    -43      172
  SINCE JAN 1    118                       166    -48      186
..................................................................


WIND (MPH)
  HIGHEST WIND SPEED    14   HIGHEST WIND DIRECTION     W (260)
  HIGHEST GUST SPEED    18   HIGHEST GUST DIRECTION     W (270)
  AVERAGE WIND SPEED     4.0


SKY COVER
  POSSIBLE SUNSHINE  MM
  AVERAGE SKY COVER 0.4


WEATHER CONDITIONS
 THE FOLLOWING WEATHER WAS RECORDED YESTERDAY.
  FOG
  FOG W/VISIBILITY <= 1/4 MILE


RELATIVE HUMIDITY (PERCENT)
 HIGHEST   100          1200 AM
 LOWEST     44          1200 PM
 AVERAGE    72

..........................................................


THE RHINELANDER WI CLIMATE NORMALS FOR TODAY
                         NORMAL    RECORD    YEAR
 MAXIMUM TEMPERATURE (F)   79        96      2006
 MINIMUM TEMPERATURE (F)   54        42      1952
                                             1910


SUNRISE AND SUNSET
JULY 31 2014..........SUNRISE   540 AM CDT   SUNSET   827 PM CDT
AUGUST  1 2014........SUNRISE   541 AM CDT   SUNSET   826 PM CDT


-  INDICATES NEGATIVE NUMBERS.
R  INDICATES RECORD WAS SET OR TIED.
MM INDICATES DATA IS MISSING.
T  INDICATES TRACE AMOUNT.




$$
