000
CDUS43 KGRB 282125
CLIRHI


CLIMATE REPORT
NATIONAL WEATHER SERVICE GREEN BAY
424 PM CDT FRI APR 28 2017


...................................

...THE RHINELANDER WI CLIMATE SUMMARY FOR APRIL 28 2017...
VALID TODAY AS OF 0400 PM LOCAL TIME.

CLIMATE NORMAL PERIOD 1981 TO 2010
CLIMATE RECORD PERIOD 1908 TO 2017


WEATHER ITEM   OBSERVED TIME   RECORD YEAR NORMAL DEPARTURE LAST
                VALUE   (LST)  VALUE       VALUE  FROM      YEAR
                                                  NORMAL
..................................................................
TEMPERATURE (F)
 TODAY
  MAXIMUM         44    259 PM  92    1952  60    -16       56
  MINIMUM         29    255 AM  17    1909  35     -6       37
  AVERAGE         37                        47    -10       47

PRECIPITATION (IN)
  TODAY           MM             1.34 1914   0.11  MM        0.03
  MONTH TO DATE    6.87                      2.38   4.49     2.78
  SINCE MAR 1      8.08                      3.95   4.13     6.45
  SINCE JAN 1     11.44                      5.99   5.45     8.18

SNOWFALL (IN)
  TODAY           MM             6.0  2002  MM     MM        0.0
  MONTH TO DATE    8.5                      MM     MM       11.9
  SINCE MAR 1     14.3                      MM     MM       21.2
  SINCE JUL 1     65.8                      MM     MM       55.7
  SNOW DEPTH      MM

DEGREE DAYS
 HEATING
  TODAY           28                        18     10       18
  MONTH TO DATE  569                       668    -99      699
  SINCE MAR 1   1721                      1841   -120     1638
  SINCE JUL 1   7232                      8463  -1231     7321

 COOLING
  TODAY            0                         0      0        0
  MONTH TO DATE    0                         0      0        0
  SINCE MAR 1      0                         0      0        0
  SINCE JAN 1      0                         0      0        0
..................................................................


WIND (MPH)
  HIGHEST WIND SPEED    18   HIGHEST WIND DIRECTION     W (250)
  HIGHEST GUST SPEED    25   HIGHEST GUST DIRECTION     W (260)
  AVERAGE WIND SPEED    11.1


SKY COVER
  POSSIBLE SUNSHINE  MM
  AVERAGE SKY COVER 0.9


WEATHER CONDITIONS
 THE FOLLOWING WEATHER WAS RECORDED TODAY.
  LT FREEZING RAIN


RELATIVE HUMIDITY (PERCENT)
 HIGHEST    85          1200 AM
 LOWEST     53           300 PM
 AVERAGE    69

..........................................................


THE RHINELANDER WI CLIMATE NORMALS FOR TOMORROW
                         NORMAL    RECORD    YEAR
 MAXIMUM TEMPERATURE (F)   60        89      1952
 MINIMUM TEMPERATURE (F)   35        16      1958


SUNRISE AND SUNSET
APRIL 28 2017.........SUNRISE   550 AM CDT   SUNSET   801 PM CDT
APRIL 29 2017.........SUNRISE   548 AM CDT   SUNSET   803 PM CDT


-  INDICATES NEGATIVE NUMBERS.
R  INDICATES RECORD WAS SET OR TIED.
MM INDICATES DATA IS MISSING.
T  INDICATES TRACE AMOUNT.




$$
