191
CDUS43 KGRB 232228
CLIRHI


CLIMATE REPORT
NATIONAL WEATHER SERVICE GREEN BAY
427 PM CST TUE JAN 23 2018


...................................

...THE RHINELANDER WI CLIMATE SUMMARY FOR JANUARY 23 2018...
VALID TODAY AS OF 0400 PM LOCAL TIME.

CLIMATE NORMAL PERIOD 1981 TO 2010
CLIMATE RECORD PERIOD 1908 TO 2018


WEATHER ITEM   OBSERVED TIME   RECORD YEAR NORMAL DEPARTURE LAST
                VALUE   (LST)  VALUE       VALUE  FROM      YEAR
                                                  NORMAL
..................................................................
TEMPERATURE (F)
 TODAY
  MAXIMUM         23   1221 AM  52    1942  21      2       38
  MINIMUM         18   1006 AM -36    1935   3     15       32
  AVERAGE         21                        12      9       35

PRECIPITATION (IN)
  TODAY           MM             0.44 2012   0.03  MM        0.00
  MONTH TO DATE    1.00                      0.83   0.17     1.59
  SINCE DEC 1      2.73                      2.27   0.46     3.66
  SINCE JAN 1      1.00                      0.83   0.17     1.59

SNOWFALL (IN)
  TODAY           MM             5.3  1979  MM     MM        0.0
  MONTH TO DATE   12.6                      MM     MM       13.6
  SINCE DEC 1     26.0                      MM     MM       33.2
  SINCE JUL 1     39.7                      MM     MM       39.8
  SNOW DEPTH      MM

DEGREE DAYS
 HEATING
  TODAY           44                        53     -9       30
  MONTH TO DATE 1192                      1214    -22     1135
  SINCE DEC 1   2796                      2706     90     2585
  SINCE JUL 1   4769                      4840    -71     4067

 COOLING
  TODAY            0                         0      0        0
  MONTH TO DATE    0                         0      0        0
  SINCE DEC 1      0                         0      0        0
  SINCE JAN 1      0                         0      0        0
..................................................................


WIND (MPH)
  HIGHEST WIND SPEED    18   HIGHEST WIND DIRECTION     N (350)
  HIGHEST GUST SPEED    27   HIGHEST GUST DIRECTION     N (360)
  AVERAGE WIND SPEED    10.4


SKY COVER
  POSSIBLE SUNSHINE  MM
  AVERAGE SKY COVER 1.0


WEATHER CONDITIONS
 THE FOLLOWING WEATHER WAS RECORDED TODAY.
  LIGHT SNOW
  FOG


RELATIVE HUMIDITY (PERCENT)
 HIGHEST    92           100 AM
 LOWEST     77           100 PM
 AVERAGE    85

..........................................................


THE RHINELANDER WI CLIMATE NORMALS FOR TOMORROW
                         NORMAL    RECORD    YEAR
 MAXIMUM TEMPERATURE (F)   21        49      1981
 MINIMUM TEMPERATURE (F)    3       -38      1935


SUNRISE AND SUNSET
JANUARY 23 2018.......SUNRISE   729 AM CST   SUNSET   451 PM CST
JANUARY 24 2018.......SUNRISE   728 AM CST   SUNSET   453 PM CST


-  INDICATES NEGATIVE NUMBERS.
R  INDICATES RECORD WAS SET OR TIED.
MM INDICATES DATA IS MISSING.
T  INDICATES TRACE AMOUNT.




$$
