000
CDUS43 KGRB 162132
CLIRHI


CLIMATE REPORT
NATIONAL WEATHER SERVICE GREEN BAY
431 PM CDT WED AUG 16 2017


...................................

...THE RHINELANDER WI CLIMATE SUMMARY FOR AUGUST 16 2017...
VALID TODAY AS OF 0400 PM LOCAL TIME.

CLIMATE NORMAL PERIOD 1981 TO 2010
CLIMATE RECORD PERIOD 1908 TO 2017


WEATHER ITEM   OBSERVED TIME   RECORD YEAR NORMAL DEPARTURE LAST
                VALUE   (LST)  VALUE       VALUE  FROM      YEAR
                                                  NORMAL
..................................................................
TEMPERATURE (F)
 TODAY
  MAXIMUM         76    257 PM  97    1988  77     -1       82
  MINIMUM         54   1258 AM  38    1979  53      1       54
  AVERAGE         65                        65      0       68

PRECIPITATION (IN)
  TODAY            0.00          2.00 1974   0.11  -0.11     0.18
  MONTH TO DATE    2.73                      1.72   1.01     3.76
  SINCE JUN 1     11.62                      9.63   1.99    14.60
  SINCE JAN 1     29.34                     19.31  10.03    25.68

SNOWFALL (IN)
  TODAY            0.0           0.0    MM  MM     MM        0.0
  MONTH TO DATE    0.0                      MM     MM        0.0
  SINCE JUN 1      0.0                      MM     MM        0.0
  SINCE JUL 1      0.0                      MM     MM        0.0
  SNOW DEPTH       0

DEGREE DAYS
 HEATING
  TODAY            0                         2     -2        0
  MONTH TO DATE   60                        30     30        0
  SINCE JUN 1    194                       215    -21      125
  SINCE JUL 1     96                        81     15       33

 COOLING
  TODAY            0                         3     -3        3
  MONTH TO DATE    8                        48    -40       75
  SINCE JUN 1    150                       206    -56      257
  SINCE JAN 1    152                       218    -66      272
..................................................................


WIND (MPH)
  HIGHEST WIND SPEED    14   HIGHEST WIND DIRECTION     E (110)
  HIGHEST GUST SPEED    20   HIGHEST GUST DIRECTION    SE (130)
  AVERAGE WIND SPEED     6.2


SKY COVER
  POSSIBLE SUNSHINE  MM
  AVERAGE SKY COVER 0.6


WEATHER CONDITIONS
 THE FOLLOWING WEATHER WAS RECORDED TODAY.
  FOG


RELATIVE HUMIDITY (PERCENT)
 HIGHEST   100          1200 AM
 LOWEST     58           100 PM
 AVERAGE    79

..........................................................


THE RHINELANDER WI CLIMATE NORMALS FOR TOMORROW
                         NORMAL    RECORD    YEAR
 MAXIMUM TEMPERATURE (F)   77        94      1947
 MINIMUM TEMPERATURE (F)   53        36      1924


SUNRISE AND SUNSET
AUGUST 16 2017........SUNRISE   600 AM CDT   SUNSET   803 PM CDT
AUGUST 17 2017........SUNRISE   601 AM CDT   SUNSET   802 PM CDT


-  INDICATES NEGATIVE NUMBERS.
R  INDICATES RECORD WAS SET OR TIED.
MM INDICATES DATA IS MISSING.
T  INDICATES TRACE AMOUNT.




$$
