000
CDUS43 KGRB 140626
CLIRHI


CLIMATE REPORT
NATIONAL WEATHER SERVICE GREEN BAY
126 AM CDT MON JUL 14 2014


...................................

...THE RHINELANDER WI CLIMATE SUMMARY FOR JULY 13 2014...

CLIMATE NORMAL PERIOD 1981 TO 2010
CLIMATE RECORD PERIOD 1908 TO 2014


WEATHER ITEM   OBSERVED TIME   RECORD YEAR NORMAL DEPARTURE LAST
                VALUE   (LST)  VALUE       VALUE  FROM      YEAR
                                                  NORMAL
..................................................................
TEMPERATURE (F)
 YESTERDAY
  MAXIMUM         71    424 PM 108    1936  79     -8       82
  MINIMUM         51   1159 PM  31    1930  55     -4       64
  AVERAGE         61                        67     -6       73

PRECIPITATION (IN)
  YESTERDAY        0.00          0.92 1953   0.13  -0.13     0.00
  MONTH TO DATE    2.90                      1.75   1.15     1.59
  SINCE JUN 1      9.63                      5.64   3.99     6.89
  SINCE JAN 1     20.74                     15.32   5.42    20.22

SNOWFALL (IN)
  YESTERDAY        0.0           0.0    MM  MM     MM        0.0
  MONTH TO DATE    0.0                      MM     MM        0.0
  SINCE JUN 1      0.0                      MM     MM        0.0
  SINCE JUL 1      0.0                      MM     MM        0.0
  SNOW DEPTH       0

DEGREE DAYS
 HEATING
  YESTERDAY        4                         2      2        0
  MONTH TO DATE   54                        26     28       10
  SINCE JUN 1    147                       160    -13      184
  SINCE JUL 1     54                        26     28       10

 COOLING
  YESTERDAY        0                         4     -4        8
  MONTH TO DATE   19                        42    -23       60
  SINCE JUN 1     81                        95    -14      100
  SINCE JAN 1     88                       107    -19      114
..................................................................


WIND (MPH)
  HIGHEST WIND SPEED    20   HIGHEST WIND DIRECTION     W (270)
  HIGHEST GUST SPEED    27   HIGHEST GUST DIRECTION     W (280)
  AVERAGE WIND SPEED     8.8


SKY COVER
  POSSIBLE SUNSHINE  MM
  AVERAGE SKY COVER 0.6


WEATHER CONDITIONS
 THE FOLLOWING WEATHER WAS RECORDED YESTERDAY.
  NO SIGNIFICANT WEATHER WAS OBSERVED.


RELATIVE HUMIDITY (PERCENT)
 HIGHEST   100          1200 AM
 LOWEST     40           300 PM
 AVERAGE    70

..........................................................


THE RHINELANDER WI CLIMATE NORMALS FOR TODAY
                         NORMAL    RECORD    YEAR
 MAXIMUM TEMPERATURE (F)   79       102      1936
 MINIMUM TEMPERATURE (F)   55        41      1975
                                             1926


SUNRISE AND SUNSET
JULY 14 2014..........SUNRISE   522 AM CDT   SUNSET   845 PM CDT
JULY 15 2014..........SUNRISE   523 AM CDT   SUNSET   844 PM CDT


-  INDICATES NEGATIVE NUMBERS.
R  INDICATES RECORD WAS SET OR TIED.
MM INDICATES DATA IS MISSING.
T  INDICATES TRACE AMOUNT.




$$
