000
CDUS43 KGRB 231245
CLIRHI


CLIMATE REPORT
NATIONAL WEATHER SERVICE GREEN BAY
745 AM CDT SAT MAY 23 2015


...................................

...THE RHINELANDER WI CLIMATE SUMMARY FOR MAY 22 2015...

CLIMATE NORMAL PERIOD 1981 TO 2010
CLIMATE RECORD PERIOD 1908 TO 2015


WEATHER ITEM   OBSERVED TIME   RECORD YEAR NORMAL DEPARTURE LAST
                VALUE   (LST)  VALUE       VALUE  FROM      YEAR
                                                  NORMAL
..................................................................
TEMPERATURE (F)
 YESTERDAY
  MAXIMUM         68    516 PM  90    1975  67      1       62
  MINIMUM         31    440 AM  26    2006  42    -11       39
  AVERAGE         50                        55     -5       51

PRECIPITATION (IN)
  YESTERDAY        0.00          2.16 1912   0.12  -0.12     0.00
  MONTH TO DATE    1.30                      2.43  -1.13     2.71
  SINCE MAR 1      5.32                      6.58  -1.26     8.33
  SINCE JAN 1      6.21                      8.62  -2.41    10.94

SNOWFALL (IN)
  YESTERDAY        0.0           0.0    MM  MM     MM        0.0
  MONTH TO DATE    T                        MM     MM        0.1
  SINCE MAR 1     20.4                      MM     MM       37.8
  SINCE JUL 1     89.3                      MM     MM      110.3
  SNOW DEPTH       0

DEGREE DAYS
 HEATING
  YESTERDAY       15                        11      4       14
  MONTH TO DATE  263                       302    -39      353
  SINCE MAR 1   2078                      2180   -102     2691
  SINCE JUL 1   9419                      8802    617    10320

 COOLING
  YESTERDAY        0                         0      0        0
  MONTH TO DATE    5                         0      5        0
  SINCE MAR 1      5                         1      4        0
  SINCE JAN 1      5                         1      4        0
..................................................................


WIND (MPH)
  HIGHEST WIND SPEED    16   HIGHEST WIND DIRECTION     W (270)
  HIGHEST GUST SPEED    26   HIGHEST GUST DIRECTION     N (20)
  AVERAGE WIND SPEED     3.8


SKY COVER
  POSSIBLE SUNSHINE  MM
  AVERAGE SKY COVER 0.0


WEATHER CONDITIONS
 THE FOLLOWING WEATHER WAS RECORDED YESTERDAY.
  NO SIGNIFICANT WEATHER WAS OBSERVED.


RELATIVE HUMIDITY (PERCENT)
 HIGHEST    85           500 AM
 LOWEST     20           200 PM
 AVERAGE    53

..........................................................


THE RHINELANDER WI CLIMATE NORMALS FOR TODAY
                         NORMAL    RECORD    YEAR
 MAXIMUM TEMPERATURE (F)   67        88      1964
                                             1921
 MINIMUM TEMPERATURE (F)   43        25      1931


SUNRISE AND SUNSET
MAY 23 2015...........SUNRISE   519 AM CDT   SUNSET   831 PM CDT
MAY 24 2015...........SUNRISE   518 AM CDT   SUNSET   832 PM CDT


-  INDICATES NEGATIVE NUMBERS.
R  INDICATES RECORD WAS SET OR TIED.
MM INDICATES DATA IS MISSING.
T  INDICATES TRACE AMOUNT.




$$
