000
CDUS43 KGRB 240627
CLIRHI


CLIMATE REPORT
NATIONAL WEATHER SERVICE GREEN BAY
127 AM CDT TUE OCT 24 2017


...................................

...THE RHINELANDER WI CLIMATE SUMMARY FOR OCTOBER 23 2017...

CLIMATE NORMAL PERIOD 1981 TO 2010
CLIMATE RECORD PERIOD 1908 TO 2017


WEATHER ITEM   OBSERVED TIME   RECORD YEAR NORMAL DEPARTURE LAST
                VALUE   (LST)  VALUE       VALUE  FROM      YEAR
                                                  NORMAL
..................................................................
TEMPERATURE (F)
 YESTERDAY
  MAXIMUM         56   1235 PM  77    1963  51      5       50
  MINIMUM         41    715 AM  11    1936  32      9       30
  AVERAGE         49                        41      8       40

PRECIPITATION (IN)
  YESTERDAY        0.20          1.09 1996   0.08   0.12      T
  MONTH TO DATE    3.90                      2.45   1.45     5.29
  SINCE SEP 1      5.85                      6.65  -0.80    10.91
  SINCE JAN 1     36.94                     27.53   9.41    38.50

SNOWFALL (IN)
  YESTERDAY        0.0           2.0  1979  MM     MM        0.0
                                      1917
  MONTH TO DATE    0.0                      MM     MM        0.0
  SINCE SEP 1      0.0                      MM     MM        0.0
  SINCE JUL 1      0.0                      MM     MM        0.0
  SNOW DEPTH       0

DEGREE DAYS
 HEATING
  YESTERDAY       16                        24     -8       25
  MONTH TO DATE  288                       459   -171      338
  SINCE SEP 1    495                       764   -269      498
  SINCE JUL 1    661                       891   -230      559

 COOLING
  YESTERDAY        0                         0      0        0
  MONTH TO DATE    0                         0      0        0
  SINCE SEP 1     53                        18     35       13
  SINCE JAN 1    215                       259    -44      321
..................................................................


WIND (MPH)
  HIGHEST WIND SPEED    17   HIGHEST WIND DIRECTION    NW (330)
  HIGHEST GUST SPEED    26   HIGHEST GUST DIRECTION    NW (330)
  AVERAGE WIND SPEED     6.7


SKY COVER
  POSSIBLE SUNSHINE  MM
  AVERAGE SKY COVER 0.7


WEATHER CONDITIONS
 THE FOLLOWING WEATHER WAS RECORDED YESTERDAY.
  LIGHT RAIN
  FOG


RELATIVE HUMIDITY (PERCENT)
 HIGHEST   100           800 PM
 LOWEST     51          1100 AM
 AVERAGE    76

..........................................................


THE RHINELANDER WI CLIMATE NORMALS FOR TODAY
                         NORMAL    RECORD    YEAR
 MAXIMUM TEMPERATURE (F)   50        77      1963
 MINIMUM TEMPERATURE (F)   32        14      2002
                                             1917


SUNRISE AND SUNSET
OCTOBER 24 2017.......SUNRISE   727 AM CDT   SUNSET   556 PM CDT
OCTOBER 25 2017.......SUNRISE   728 AM CDT   SUNSET   555 PM CDT


-  INDICATES NEGATIVE NUMBERS.
R  INDICATES RECORD WAS SET OR TIED.
MM INDICATES DATA IS MISSING.
T  INDICATES TRACE AMOUNT.




$$
