000
CDUS43 KGRB 300748
CLIRHI


CLIMATE REPORT
NATIONAL WEATHER SERVICE GREEN BAY
247 AM CDT TUE SEP 30 2014


...................................

...THE RHINELANDER WI CLIMATE SUMMARY FOR SEPTEMBER 29 2014...

CLIMATE NORMAL PERIOD 1981 TO 2010
CLIMATE RECORD PERIOD 1908 TO 2014


WEATHER ITEM   OBSERVED TIME   RECORD YEAR NORMAL DEPARTURE LAST
                VALUE   (LST)  VALUE       VALUE  FROM      YEAR
                                                  NORMAL
..................................................................
TEMPERATURE (F)
 YESTERDAY
  MAXIMUM         58    313 AM  84    1922  61     -3       68
  MINIMUM         36   1151 PM  24    1945  39     -3       39
  AVERAGE         47                        50     -3       54

PRECIPITATION (IN)
  YESTERDAY        0.09          1.36 1985   0.13  -0.04     0.00
  MONTH TO DATE    6.38                      4.07   2.31     2.12
  SINCE SEP 1      6.38                      4.07   2.31     2.12
  SINCE JAN 1     32.84                     24.95   7.89    28.96

SNOWFALL (IN)
  YESTERDAY        0.0           T    1947  MM     MM        0.0
  MONTH TO DATE    T                        MM     MM        0.0
  SINCE SEP 1      T                        MM     MM        0.0
  SINCE JUL 1      T                        MM     MM        0.0
  SNOW DEPTH       0

DEGREE DAYS
 HEATING
  YESTERDAY       18                        15      3       11
  MONTH TO DATE  296                       288      8      256
  SINCE SEP 1    296                       288      8      256
  SINCE JUL 1    496                       415     81      446

 COOLING
  YESTERDAY        0                         0      0        0
  MONTH TO DATE    1                        16    -15       17
  SINCE SEP 1      1                        16    -15       17
  SINCE JAN 1    148                       257   -109      281
..................................................................


WIND (MPH)
  HIGHEST WIND SPEED    14   HIGHEST WIND DIRECTION     N (340)
  HIGHEST GUST SPEED    21   HIGHEST GUST DIRECTION     N (10)
  AVERAGE WIND SPEED     7.3


SKY COVER
  POSSIBLE SUNSHINE  MM
  AVERAGE SKY COVER 0.9


WEATHER CONDITIONS
 THE FOLLOWING WEATHER WAS RECORDED YESTERDAY.
  LIGHT RAIN
  FOG


RELATIVE HUMIDITY (PERCENT)
 HIGHEST   100           100 AM
 LOWEST     71           200 PM
 AVERAGE    86

..........................................................


THE RHINELANDER WI CLIMATE NORMALS FOR TODAY
                         NORMAL    RECORD    YEAR
 MAXIMUM TEMPERATURE (F)   60        79      1976
 MINIMUM TEMPERATURE (F)   39        21      1918


SUNRISE AND SUNSET
SEPTEMBER 30 2014.....SUNRISE   655 AM CDT   SUNSET   640 PM CDT
OCTOBER  1 2014.......SUNRISE   656 AM CDT   SUNSET   638 PM CDT


-  INDICATES NEGATIVE NUMBERS.
R  INDICATES RECORD WAS SET OR TIED.
MM INDICATES DATA IS MISSING.
T  INDICATES TRACE AMOUNT.




$$
