000
CDUS41 KAKQ 200645
CLIRIC


CLIMATE REPORT
NATIONAL WEATHER SERVICE WAKEFIELD, VA
145 AM EST TUE FEB 20 2018


...................................

...THE RICHMOND VA CLIMATE SUMMARY FOR FEBRUARY 19 2018...

CLIMATE NORMAL PERIOD 1981 TO 2010
CLIMATE RECORD PERIOD 1871 TO 2018


WEATHER ITEM   OBSERVED TIME   RECORD YEAR NORMAL DEPARTURE LAST
                VALUE   (LST)  VALUE       VALUE  FROM      YEAR
                                                  NORMAL
..................................................................
TEMPERATURE (F)
 YESTERDAY
  MAXIMUM         51   1159 PM  78    1961  52     -1       74
                                      1939
  MINIMUM         36    354 AM   9    2015  31      5       49
  AVERAGE         44                        42      2       62

PRECIPITATION (IN)
  YESTERDAY        0.20          1.28 1927   0.09   0.11     0.00
  MONTH TO DATE    2.01                      1.84   0.17     0.52
  SINCE DEC 1      6.47                      8.14  -1.67     7.61
  SINCE JAN 1      5.42                      4.88   0.54     4.81

SNOWFALL (IN)
  YESTERDAY       MM             4.4  1972   0.1   MM
  MONTH TO DATE    0.0                       2.5   -2.5
  SINCE NOV 1      8.4                       8.7   -0.3
  SINCE JUL 1      8.4                       8.7   -0.3
  SNOW DEPTH       0

DEGREE DAYS
 HEATING
  YESTERDAY       21                        23     -2        3
  MONTH TO DATE  401                       475    -74      349
  SINCE DEC 1   2075                      2060     15     1801
  SINCE JUL 1   2687                      2736    -49     2391

 COOLING
  YESTERDAY        0                         0      0        0
  MONTH TO DATE    0                         0      0        0
  SINCE DEC 1      0                         1     -1        0
  SINCE JAN 1      0                         0      0        0
..................................................................


WIND (MPH)
  HIGHEST WIND SPEED    10   HIGHEST WIND DIRECTION     S (180)
  HIGHEST GUST SPEED    13   HIGHEST GUST DIRECTION     S (180)
  AVERAGE WIND SPEED     4.1


SKY COVER
  POSSIBLE SUNSHINE  MM
  AVERAGE SKY COVER 0.9


WEATHER CONDITIONS
 THE FOLLOWING WEATHER WAS RECORDED YESTERDAY.
  RAIN
  LIGHT RAIN
  FOG


RELATIVE HUMIDITY (PERCENT)
 HIGHEST   100           200 PM
 LOWEST     85          1200 AM
 AVERAGE    93

..........................................................


THE RICHMOND VA CLIMATE NORMALS FOR TODAY
                         NORMAL    RECORD    YEAR
 MAXIMUM TEMPERATURE (F)   53        77      1930
 MINIMUM TEMPERATURE (F)   31         3      1979


SUNRISE AND SUNSET
FEBRUARY 20 2018......SUNRISE   652 AM EST   SUNSET   554 PM EST
FEBRUARY 21 2018......SUNRISE   651 AM EST   SUNSET   555 PM EST


-  INDICATES NEGATIVE NUMBERS.
R  INDICATES RECORD WAS SET OR TIED.
MM INDICATES DATA IS MISSING.
T  INDICATES TRACE AMOUNT.




$$
