000
CDUS41 KAKQ 232133
CLIRIC


CLIMATE REPORT
NATIONAL WEATHER SERVICE WAKEFIELD, VA
533 PM EDT TUE AUG 23 2016


...................................

...THE RICHMOND VA CLIMATE SUMMARY FOR AUGUST 23 2016...
VALID TODAY AS OF 0500 PM LOCAL TIME.

CLIMATE NORMAL PERIOD 1981 TO 2010
CLIMATE RECORD PERIOD 1871 TO 2016


WEATHER ITEM   OBSERVED TIME   RECORD YEAR NORMAL DEPARTURE LAST
                VALUE   (LST)  VALUE       VALUE  FROM      YEAR
                                                  NORMAL
..................................................................
TEMPERATURE (F)
 TODAY
  MAXIMUM         85   1159 AM 101    2002  87     -2       87
  MINIMUM         63    151 AM  53    1932  67     -4       62
                                      1925
                                      1923
  AVERAGE         74

PRECIPITATION (IN)
  TODAY            0.00          3.19 1933   0.16  -0.16     0.00
  MONTH TO DATE    0.53                      3.52  -2.99     2.66
  SINCE JUN 1     12.81                     11.96   0.85    14.46
  SINCE JAN 1     33.44                     28.85   4.59    32.44

SNOWFALL (IN)
  TODAY            0.0
  MONTH TO DATE    0.0
  SINCE NOV 1     15.1
  SINCE JUL 1      0.0
  SNOW DEPTH       0

DEGREE DAYS
 HEATING
  TODAY            0                         0      0        0
  MONTH TO DATE    0                         0      0        0
  SINCE JUN 1      0                         7     -7        6
  SINCE JUL 1      0                         0      0        0

 COOLING
  TODAY            9                        12     -3       10
  MONTH TO DATE  361                       298     63      303
  SINCE JUN 1   1124                      1056     68     1153
  SINCE JAN 1   1233                      1217     16     1415
..................................................................


WIND (MPH)
  RESULTANT WIND SPEED   4   RESULTANT WIND DIRECTION   E (100)
  HIGHEST WIND SPEED    13   HIGHEST WIND DIRECTION    SE (120)
  HIGHEST GUST SPEED    16   HIGHEST GUST DIRECTION    SE (130)


SKY COVER
  POSSIBLE SUNSHINE  MM
  AVERAGE SKY COVER 0.5


WEATHER CONDITIONS
 THE FOLLOWING WEATHER WAS RECORDED TODAY.
  NO SIGNIFICANT WEATHER WAS OBSERVED.


RELATIVE HUMIDITY (PERCENT)
 HIGHEST    87
 LOWEST     43
 AVERAGE    65

..........................................................


THE RICHMOND VA CLIMATE NORMALS FOR TOMORROW
                         NORMAL    RECORD    YEAR
 MAXIMUM TEMPERATURE (F)   87       101      1914
 MINIMUM TEMPERATURE (F)   67        50      1952


SUNRISE AND SUNSET
AUGUST 23 2016........SUNRISE   633 AM EDT   SUNSET   750 PM EDT
AUGUST 24 2016........SUNRISE   633 AM EDT   SUNSET   749 PM EDT


-  INDICATES NEGATIVE NUMBERS.
R  INDICATES RECORD WAS SET OR TIED.
MM INDICATES DATA IS MISSING.
T  INDICATES TRACE AMOUNT.




$$
