000
CDUS41 KAKQ 020532
CLIRIC


CLIMATE REPORT
NATIONAL WEATHER SERVICE WAKEFIELD, VA
131 AM EDT SUN AUG 2 2015


...................................

...THE RICHMOND VA CLIMATE SUMMARY FOR AUGUST 1 2015...

CLIMATE NORMAL PERIOD 1981 TO 2010
CLIMATE RECORD PERIOD 1871 TO 2015


WEATHER ITEM   OBSERVED TIME   RECORD YEAR NORMAL DEPARTURE LAST
                VALUE   (LST)  VALUE       VALUE  FROM      YEAR
                                                  NORMAL
..................................................................
TEMPERATURE (F)
 YESTERDAY
  MAXIMUM         93    339 PM  99    2002  89      4       79
                                      1999
                                      1980
  MINIMUM         67    601 AM  53    1936  69     -2       64
  AVERAGE         80                        79      1       72

PRECIPITATION (IN)
  YESTERDAY        0.00          2.39 1915   0.16  -0.16     1.15
  MONTH TO DATE    0.00                      0.16  -0.16     1.15
  SINCE JUN 1     11.80                      8.60   3.20     7.17
  SINCE JAN 1     29.78                     25.49   4.29    23.21

SNOWFALL (IN)
  YESTERDAY        0.0           0.0  2002   0.0    0.0
                                      2001
  MONTH TO DATE    0.0                       0.0    0.0
  SINCE NOV 1     12.8                      10.3    2.5
  SINCE JUL 1      0.0                       0.0    0.0
  SNOW DEPTH       0

DEGREE DAYS
 HEATING
  YESTERDAY        0                         0      0        0
  MONTH TO DATE    0                         0      0        0
  SINCE JUN 1      6                         7     -1        0
  SINCE JUL 1      0                         0      0        0

 COOLING
  YESTERDAY       15                        14      1        7
  MONTH TO DATE   15                        14      1        7
  SINCE JUN 1    865                       772     93      821
  SINCE JAN 1   1127                       933    194     1029
..................................................................


WIND (MPH)
  HIGHEST WIND SPEED    15   HIGHEST WIND DIRECTION     W (260)
  HIGHEST GUST SPEED    18   HIGHEST GUST DIRECTION     W (260)
  AVERAGE WIND SPEED     4.1


SKY COVER
  POSSIBLE SUNSHINE  MM
  AVERAGE SKY COVER 0.3


WEATHER CONDITIONS
 THE FOLLOWING WEATHER WAS RECORDED YESTERDAY.
  NO SIGNIFICANT WEATHER WAS OBSERVED.


RELATIVE HUMIDITY (PERCENT)
 HIGHEST    87           600 AM
 LOWEST     33           200 PM
 AVERAGE    60

..........................................................


THE RICHMOND VA CLIMATE NORMALS FOR TODAY
                         NORMAL    RECORD    YEAR
 MAXIMUM TEMPERATURE (F)   89       101      2006
                                             1921
 MINIMUM TEMPERATURE (F)   69        53      1936


SUNRISE AND SUNSET
AUGUST  2 2015........SUNRISE   614 AM EDT   SUNSET   817 PM EDT
AUGUST  3 2015........SUNRISE   615 AM EDT   SUNSET   816 PM EDT


-  INDICATES NEGATIVE NUMBERS.
R  INDICATES RECORD WAS SET OR TIED.
MM INDICATES DATA IS MISSING.
T  INDICATES TRACE AMOUNT.




$$
