000
CDUS41 KAKQ 310527
CLIRIC


CLIMATE REPORT
NATIONAL WEATHER SERVICE WAKEFIELD, VA
127 AM EDT TUE MAY 31 2016


...................................

...THE RICHMOND VA CLIMATE SUMMARY FOR MAY 30 2016...

CLIMATE NORMAL PERIOD 1981 TO 2010
CLIMATE RECORD PERIOD 1871 TO 2016


WEATHER ITEM   OBSERVED TIME   RECORD YEAR NORMAL DEPARTURE LAST
                VALUE   (LST)  VALUE       VALUE  FROM      YEAR
                                                  NORMAL
..................................................................
TEMPERATURE (F)
 YESTERDAY
  MAXIMUM         77    125 PM  98    1991  81     -4       88
  MINIMUM         66   1159 PM  42    1932  60      6       68
  AVERAGE         72                        70      2       78

PRECIPITATION (IN)
  YESTERDAY        0.43          1.15 1992   0.13   0.30     0.00
  MONTH TO DATE    9.79                      3.65   6.14     1.61
  SINCE MAR 1     12.98                     10.96   2.02    10.72
  SINCE JAN 1     20.63                     16.76   3.87    17.98

SNOWFALL (IN)
  YESTERDAY        0.0           0.0  2002   0.0    0.0
                                      2001
  MONTH TO DATE    0.0                       0.0    0.0
  SINCE NOV 1     15.1                      10.3    4.8
  SINCE JUL 1     15.1                      10.3    4.8
  SNOW DEPTH       0

DEGREE DAYS
 HEATING
  YESTERDAY        0                         1     -1        0
  MONTH TO DATE  110                        73     37       28
  SINCE MAR 1    737                       829    -92      744
  SINCE JUL 1   3325                      3765   -440     3846

 COOLING
  YESTERDAY        7                         6      1       13
  MONTH TO DATE   69                       110    -41      223
  SINCE MAR 1     99                       152    -53      248
  SINCE JAN 1     99                       152    -53      248
..................................................................


WIND (MPH)
  HIGHEST WIND SPEED    16   HIGHEST WIND DIRECTION    SE (130)
  HIGHEST GUST SPEED    17   HIGHEST GUST DIRECTION    SE (130)
  AVERAGE WIND SPEED     3.0


SKY COVER
  POSSIBLE SUNSHINE  MM
  AVERAGE SKY COVER 0.9


WEATHER CONDITIONS
 THE FOLLOWING WEATHER WAS RECORDED YESTERDAY.
  HEAVY RAIN
  RAIN
  LIGHT RAIN
  FOG
  FOG W/VISIBILITY <= 1/4 MILE
  HAZE


RELATIVE HUMIDITY (PERCENT)
 HIGHEST   100           200 AM
 LOWEST     87           900 AM
 AVERAGE    94

..........................................................


THE RICHMOND VA CLIMATE NORMALS FOR TODAY
                         NORMAL    RECORD    YEAR
 MAXIMUM TEMPERATURE (F)   82        98      2011
                                             1991
 MINIMUM TEMPERATURE (F)   60        45      1938


SUNRISE AND SUNSET
MAY 31 2016...........SUNRISE   550 AM EDT   SUNSET   824 PM EDT
JUNE  1 2016..........SUNRISE   550 AM EDT   SUNSET   825 PM EDT


-  INDICATES NEGATIVE NUMBERS.
R  INDICATES RECORD WAS SET OR TIED.
MM INDICATES DATA IS MISSING.
T  INDICATES TRACE AMOUNT.




$$
