000
CDUS45 KGJT 300746
CLIRIL


CLIMATE REPORT
NATIONAL WEATHER SERVICE GRAND JUNCTION CO
130 AM MDT TUE SEP 30 2014


...................................

...THE RIFLE CO CLIMATE SUMMARY FOR SEPTEMBER 29 2014...

CLIMATE NORMAL PERIOD 1981 TO 2010
CLIMATE RECORD PERIOD 9999 TO 9999


WEATHER ITEM   OBSERVED TIME   RECORD YEAR NORMAL DEPARTURE LAST
                VALUE   (LST)  VALUE       VALUE  FROM      YEAR
                                                  NORMAL
..................................................................
TEMPERATURE (F)
 YESTERDAY
  MAXIMUM         62   1155 AM  MM      MM  72    -10       67
  MINIMUM         43    609 AM  MM      MM  40      3       33
  AVERAGE         53                        56     -3       50

PRECIPITATION (IN)
  YESTERDAY        0.11         MM      MM   0.05   0.06     0.00
  MONTH TO DATE    2.16                      1.46   0.70     2.41
  SINCE SEP 1      2.16                      1.46   0.70     2.41
  SINCE JAN 1     10.29                     10.43  -0.14     7.50

SNOWFALL (IN)
  YESTERDAY       MM            MM      MM  MM     MM       MM
  MONTH TO DATE   MM                        MM     MM       MM
  SINCE SEP 1     MM                        MM     MM       MM
  SINCE JUL 1     MM                        MM     MM       MM
  SNOW DEPTH      MM

DEGREE DAYS
 HEATING
  YESTERDAY       12                         9      3       15
  MONTH TO DATE   55                       129    -74      102
  SINCE SEP 1     55                       129    -74      102
  SINCE JUL 1     72                       136    -64      102

 COOLING
  YESTERDAY        0                         0      0        0
  MONTH TO DATE   26                        22      4       92
  SINCE SEP 1     26                        22      4       92
  SINCE JAN 1    555                       538     17      798
..................................................................


WIND (MPH)
  HIGHEST WIND SPEED    40   HIGHEST WIND DIRECTION    SW (230)
  HIGHEST GUST SPEED    49   HIGHEST GUST DIRECTION    SW (220)
  AVERAGE WIND SPEED     5.0


SKY COVER
  POSSIBLE SUNSHINE  MM
  AVERAGE SKY COVER 0.3


WEATHER CONDITIONS
 THE FOLLOWING WEATHER WAS RECORDED YESTERDAY.
  THUNDERSTORM
  LIGHT RAIN
  FOG


RELATIVE HUMIDITY (PERCENT)
 HIGHEST   100           300 AM
 LOWEST     49           100 PM
 AVERAGE    75

..........................................................


THE RIFLE CO CLIMATE NORMALS FOR TODAY
                         NORMAL    RECORD    YEAR
 MAXIMUM TEMPERATURE (F)   72        MM        MM
 MINIMUM TEMPERATURE (F)   39        MM        MM


SUNRISE AND SUNSET
SEPTEMBER 30 2014.....SUNRISE   706 AM MDT   SUNSET   655 PM MDT
OCTOBER  1 2014.......SUNRISE   707 AM MDT   SUNSET   653 PM MDT


-  INDICATES NEGATIVE NUMBERS.
R  INDICATES RECORD WAS SET OR TIED.
MM INDICATES DATA IS MISSING.
T  INDICATES TRACE AMOUNT.




$$
