000
CDUS45 KRIW 270740
CLIRIW


CLIMATE REPORT
NATIONAL WEATHER SERVICE RIVERTON WY
130 AM MDT MON MAR 27 2017


...................................

...THE RIVERTON WY CLIMATE SUMMARY FOR MARCH 26 2017...

CLIMATE NORMAL PERIOD 1981 TO 2010
CLIMATE RECORD PERIOD 1995 TO 2017


WEATHER ITEM   OBSERVED TIME   RECORD YEAR NORMAL DEPARTURE LAST
                VALUE   (LST)  VALUE       VALUE  FROM      YEAR
                                                  NORMAL
..................................................................
TEMPERATURE (F)
 YESTERDAY
  MAXIMUM         53    424 PM  69    2012  51      2       43
  MINIMUM         35    702 AM   1    1996  27      8       19
  AVERAGE         44                        39      5       31

PRECIPITATION (IN)
  YESTERDAY        0.01          0.05 2003   0.03  -0.02     0.03
  MONTH TO DATE    0.88                      0.41   0.47     0.91
  SINCE MAR 1      0.88                      0.41   0.47     0.91
  SINCE JAN 1      2.74                      0.92   1.82     1.59

SNOWFALL (IN)
  YESTERDAY        0.0                                       0.5
  MONTH TO DATE    T                                         4.9
  SINCE MAR 1      T                                         4.9
  SINCE JUL 1     47.7                                      33.1
  SNOW DEPTH       0

DEGREE DAYS
 HEATING
  YESTERDAY       21                        26     -5       34
  MONTH TO DATE  594                       790   -196      667
  SINCE MAR 1    594                       790   -196      667
  SINCE JUL 1   6468                      6644   -176     5988

 COOLING
  YESTERDAY        0                         0      0        0
  MONTH TO DATE    0                         0      0        0
  SINCE MAR 1      0                         0      0        0
  SINCE JAN 1      0                         0      0        0
..................................................................


WIND (MPH)
  HIGHEST WIND SPEED    20   HIGHEST WIND DIRECTION    NW (310)
  HIGHEST GUST SPEED    24   HIGHEST GUST DIRECTION    NW (310)
  AVERAGE WIND SPEED     8.7


SKY COVER
  POSSIBLE SUNSHINE  MM
  AVERAGE SKY COVER 0.4


WEATHER CONDITIONS
 THE FOLLOWING WEATHER WAS RECORDED YESTERDAY.
  LIGHT RAIN


RELATIVE HUMIDITY (PERCENT)
 HIGHEST   100           600 AM
 LOWEST     28           500 PM
 AVERAGE    64

..........................................................


THE RIVERTON WY CLIMATE NORMALS FOR TODAY
                         NORMAL    RECORD    YEAR
 MAXIMUM TEMPERATURE (F)   51        72      2015
 MINIMUM TEMPERATURE (F)   27         2      2009


SUNRISE AND SUNSET
MARCH 27 2017.........SUNRISE   704 AM MDT   SUNSET   735 PM MDT
MARCH 28 2017.........SUNRISE   702 AM MDT   SUNSET   736 PM MDT


-  INDICATES NEGATIVE NUMBERS.
R  INDICATES RECORD WAS SET OR TIED.
MM INDICATES DATA IS MISSING.
T  INDICATES TRACE AMOUNT.




$$
