000
CDUS45 KRIW 210030
CLIRIW


CLIMATE REPORT
NATIONAL WEATHER SERVICE RIVERTON WY
627 PM MDT MON OCT 20 2014


...................................

...THE RIVERTON WY CLIMATE SUMMARY FOR OCTOBER 20 2014...
VALID TODAY AS OF 0500 PM LOCAL TIME.

CLIMATE NORMAL PERIOD 1981 TO 2010
CLIMATE RECORD PERIOD 1995 TO 2014


WEATHER ITEM   OBSERVED TIME   RECORD YEAR NORMAL DEPARTURE LAST
                VALUE   (LST)  VALUE       VALUE  FROM      YEAR
                                                  NORMAL
..................................................................
TEMPERATURE (F)
 TODAY
  MAXIMUM         70        MM  76    2003  56     14       51
  MINIMUM         36        MM  20    1995  31      5       32
  AVERAGE         53                        44      9       42

PRECIPITATION (IN)
  TODAY            0.00          0.20 2006   0.01  -0.01      T
  MONTH TO DATE    0.16                      0.76  -0.60     1.28
  SINCE SEP 1      0.97                      1.66  -0.69     4.29
  SINCE JAN 1      6.34                      8.48  -2.14     8.35

SNOWFALL (IN)
  TODAY            0.0                                       0.0
  MONTH TO DATE    T                                         9.5
  SINCE SEP 1      0.3                                      16.8
  SINCE JUL 1      0.3                                      16.8
  SNOW DEPTH       0

DEGREE DAYS
 HEATING
  TODAY           12                        21     -9       23
  MONTH TO DATE  265                       351    -86      486
  SINCE SEP 1    437                       577   -140      673
  SINCE JUL 1    487                       615   -128      673

 COOLING
  TODAY            0                         0      0        0
  MONTH TO DATE    0                         0      0        0
  SINCE SEP 1     31                        26      5       68
  SINCE JAN 1    431                       494    -63      798
..................................................................


WIND (MPH)
  HIGHEST WIND SPEED    13   HIGHEST WIND DIRECTION    NW (300)
  HIGHEST GUST SPEED    MM   HIGHEST GUST DIRECTION    MM
  AVERAGE WIND SPEED     7.5


SKY COVER
  POSSIBLE SUNSHINE  MM
  AVERAGE SKY COVER 0.0


WEATHER CONDITIONS
 THE FOLLOWING WEATHER WAS RECORDED TODAY.
  NO SIGNIFICANT WEATHER WAS OBSERVED.


RELATIVE HUMIDITY (PERCENT)
 HIGHEST    75           700 AM
 LOWEST     20           300 PM
 AVERAGE    48

..........................................................


THE RIVERTON WY CLIMATE NORMALS FOR TOMORROW
                         NORMAL    RECORD    YEAR
 MAXIMUM TEMPERATURE (F)   56        78      2003
 MINIMUM TEMPERATURE (F)   31        15      1996


SUNRISE AND SUNSET
OCTOBER 20 2014.......SUNRISE   733 AM MDT   SUNSET   623 PM MDT
OCTOBER 21 2014.......SUNRISE   735 AM MDT   SUNSET   621 PM MDT


-  INDICATES NEGATIVE NUMBERS.
R  INDICATES RECORD WAS SET OR TIED.
MM INDICATES DATA IS MISSING.
T  INDICATES TRACE AMOUNT.




$$
