000
CDUS45 KRIW 240742
CLIRIW


CLIMATE REPORT
NATIONAL WEATHER SERVICE RIVERTON WY
132 AM MDT MON JUL 24 2017


...................................

...THE RIVERTON WY CLIMATE SUMMARY FOR JULY 23 2017...

CLIMATE NORMAL PERIOD 1981 TO 2010
CLIMATE RECORD PERIOD 1995 TO 2017


WEATHER ITEM   OBSERVED TIME   RECORD YEAR NORMAL DEPARTURE LAST
                VALUE   (LST)  VALUE       VALUE  FROM      YEAR
                                                  NORMAL
..................................................................
TEMPERATURE (F)
 YESTERDAY
  MAXIMUM         93    340 PM  99    2000  89      4       92
  MINIMUM         57    350 AM  50    2004  58     -1       57
  AVERAGE         75                        73      2       75

PRECIPITATION (IN)
  YESTERDAY        0.00          0.16 2004   0.02  -0.02     0.00
  MONTH TO DATE    0.07                      0.71  -0.64      T
  SINCE JUN 1      0.27                      1.99  -1.72     0.39
  SINCE JAN 1     10.43                      6.07   4.36     9.28

SNOWFALL (IN)
  YESTERDAY        0.0                                       0.0
  MONTH TO DATE    0.0                                       0.0
  SINCE JUN 1      0.0                                       0.0
  SINCE JUL 1      0.0                                       0.0
  SNOW DEPTH       0

DEGREE DAYS
 HEATING
  YESTERDAY        0                         0      0        0
  MONTH TO DATE    0                         8     -8        4
  SINCE JUN 1     69                       127    -58       20
  SINCE JUL 1      0                         8     -8        4

 COOLING
  YESTERDAY       10                         8      2       10
  MONTH TO DATE  235                       154     81      174
  SINCE JUN 1    286                       220     66      336
  SINCE JAN 1    286                       229     57      336
..................................................................


WIND (MPH)
  HIGHEST WIND SPEED    16   HIGHEST WIND DIRECTION    NW (320)
  HIGHEST GUST SPEED    19   HIGHEST GUST DIRECTION    NW (310)
  AVERAGE WIND SPEED     8.0


SKY COVER
  POSSIBLE SUNSHINE  MM
  AVERAGE SKY COVER 0.0


WEATHER CONDITIONS
 THE FOLLOWING WEATHER WAS RECORDED YESTERDAY.
  NO SIGNIFICANT WEATHER WAS OBSERVED.


RELATIVE HUMIDITY (PERCENT)
 HIGHEST    55           400 AM
 LOWEST      9           400 PM
 AVERAGE    32

..........................................................


THE RIVERTON WY CLIMATE NORMALS FOR TODAY
                         NORMAL    RECORD    YEAR
 MAXIMUM TEMPERATURE (F)   89       100      2003
 MINIMUM TEMPERATURE (F)   58        46      2004


SUNRISE AND SUNSET
JULY 24 2017..........SUNRISE   557 AM MDT   SUNSET   843 PM MDT
JULY 25 2017..........SUNRISE   558 AM MDT   SUNSET   842 PM MDT


-  INDICATES NEGATIVE NUMBERS.
R  INDICATES RECORD WAS SET OR TIED.
MM INDICATES DATA IS MISSING.
T  INDICATES TRACE AMOUNT.




$$
