259
CDUS45 KRIW 260032
CLIRIW


CLIMATE REPORT
NATIONAL WEATHER SERVICE RIVERTON WY
631 PM MDT TUE APR 25 2017


...................................

...THE RIVERTON WY CLIMATE SUMMARY FOR APRIL 25 2017...
VALID TODAY AS OF 0500 PM LOCAL TIME.

CLIMATE NORMAL PERIOD 1981 TO 2010
CLIMATE RECORD PERIOD 1995 TO 2017


WEATHER ITEM   OBSERVED TIME   RECORD YEAR NORMAL DEPARTURE LAST
                VALUE   (LST)  VALUE       VALUE  FROM      YEAR
                                                  NORMAL
..................................................................
TEMPERATURE (F)
 TODAY
  MAXIMUM         45        MM  78    2012  60    -15       52
  MINIMUM         35        MM  23    2002  34      1       39
  AVERAGE         40                        47     -7       46

PRECIPITATION (IN)
  TODAY            0.26          0.49 2016   0.04   0.22     0.49
  MONTH TO DATE    2.05                      1.00   1.05     1.99
  SINCE MAR 1      5.76                      1.55   4.21     4.12
  SINCE JAN 1      7.62                      2.06   5.56     4.80

SNOWFALL (IN)
  TODAY            T                                         0.0
  MONTH TO DATE    4.6                                       6.8
  SINCE MAR 1      4.6                                      28.3
  SINCE JUL 1     52.3                                      56.5
  SNOW DEPTH       0

DEGREE DAYS
 HEATING
  TODAY           25                        18      7       19
  MONTH TO DATE  487                       538    -51      422
  SINCE MAR 1   1191                      1456   -265     1232
  SINCE JUL 1   7065                      7310   -245     6553

 COOLING
  TODAY            0                         0      0        0
  MONTH TO DATE    0                         0      0        0
  SINCE MAR 1      0                         0      0        0
  SINCE JAN 1      0                         0      0        0
..................................................................


WIND (MPH)
  HIGHEST WIND SPEED    24   HIGHEST WIND DIRECTION     N (350)
  HIGHEST GUST SPEED    31   HIGHEST GUST DIRECTION     N (350)
  AVERAGE WIND SPEED    10.5


SKY COVER
  POSSIBLE SUNSHINE  MM
  AVERAGE SKY COVER 0.7


WEATHER CONDITIONS
 THE FOLLOWING WEATHER WAS RECORDED TODAY.
  RAIN
  LIGHT RAIN
  LIGHT SNOW
  FOG


RELATIVE HUMIDITY (PERCENT)
 HIGHEST   100           200 AM
 LOWEST     58           300 PM
 AVERAGE    79

..........................................................


THE RIVERTON WY CLIMATE NORMALS FOR TOMORROW
                         NORMAL    RECORD    YEAR
 MAXIMUM TEMPERATURE (F)   61        79      2012
 MINIMUM TEMPERATURE (F)   34        26      2008


SUNRISE AND SUNSET
APRIL 25 2017.........SUNRISE   616 AM MDT   SUNSET   808 PM MDT
APRIL 26 2017.........SUNRISE   614 AM MDT   SUNSET   810 PM MDT


-  INDICATES NEGATIVE NUMBERS.
R  INDICATES RECORD WAS SET OR TIED.
MM INDICATES DATA IS MISSING.
T  INDICATES TRACE AMOUNT.




$$
