000
CDUS45 KRIW 270731
CLIRKS


CLIMATE REPORT
NATIONAL WEATHER SERVICE RIVERTON WY
1229 AM MST MON FEB 27 2017


...................................

...THE ROCK SPRINGS WY CLIMATE SUMMARY FOR FEBRUARY 26 2017...

CLIMATE NORMAL PERIOD 1981 TO 2010
CLIMATE RECORD PERIOD 1948 TO 2017


WEATHER ITEM   OBSERVED TIME   RECORD YEAR NORMAL DEPARTURE LAST
                VALUE   (LST)  VALUE       VALUE  FROM      YEAR
                                                  NORMAL
..................................................................
TEMPERATURE (F)
 YESTERDAY
  MAXIMUM         21    412 PM  52    1988  37    -16       49
  MINIMUM          3    657 AM -10    1960  18    -15       25
  AVERAGE         12                        27    -15       37

PRECIPITATION (IN)
  YESTERDAY        0.00          0.21 1996   0.02  -0.02     0.00
  MONTH TO DATE    0.40                      0.45  -0.05     0.18
  SINCE DEC 1      0.97                      1.40  -0.43     0.25
  SINCE JAN 1      0.89                      0.90  -0.01     0.21

DEGREE DAYS
 HEATING
  YESTERDAY       53                        38     15       28
  MONTH TO DATE  957                      1072   -115      929
  SINCE DEC 1   3920                      3783    137     3768
  SINCE JUL 1   5640                      5776   -136     5434

 COOLING
  YESTERDAY        0                         0      0        0
  MONTH TO DATE    0                         0      0        0
  SINCE DEC 1      0                         0      0        0
  SINCE JAN 1      0                         0      0        0
..................................................................


WIND (MPH)
  HIGHEST WIND SPEED    23   HIGHEST WIND DIRECTION     W (260)
  HIGHEST GUST SPEED    26   HIGHEST GUST DIRECTION     W (260)
  AVERAGE WIND SPEED    11.6


SKY COVER
  POSSIBLE SUNSHINE  MM
  AVERAGE SKY COVER 0.1


WEATHER CONDITIONS
 THE FOLLOWING WEATHER WAS RECORDED YESTERDAY.
  HAZE


RELATIVE HUMIDITY (PERCENT)
 HIGHEST    83           400 AM
 LOWEST     46           900 PM
 AVERAGE    65

..........................................................


THE ROCK SPRINGS WY CLIMATE NORMALS FOR TODAY
                         NORMAL    RECORD    YEAR
 MAXIMUM TEMPERATURE (F)   37        54      2016
 MINIMUM TEMPERATURE (F)   18       -15      1960


SUNRISE AND SUNSET
FEBRUARY 27 2017......SUNRISE   654 AM MST   SUNSET   605 PM MST
FEBRUARY 28 2017......SUNRISE   652 AM MST   SUNSET   606 PM MST


-  INDICATES NEGATIVE NUMBERS.
R  INDICATES RECORD WAS SET OR TIED.
MM INDICATES DATA IS MISSING.
T  INDICATES TRACE AMOUNT.




$$
