000
CDUS45 KRIW 280030
CLIRKS


CLIMATE REPORT
NATIONAL WEATHER SERVICE RIVERTON WY
629 PM MDT THU JUL 27 2017


...................................

...THE ROCK SPRINGS WY CLIMATE SUMMARY FOR JULY 27 2017...
VALID TODAY AS OF 0500 PM LOCAL TIME.

CLIMATE NORMAL PERIOD 1981 TO 2010
CLIMATE RECORD PERIOD 1948 TO 2017


WEATHER ITEM   OBSERVED TIME   RECORD YEAR NORMAL DEPARTURE LAST
                VALUE   (LST)  VALUE       VALUE  FROM      YEAR
                                                  NORMAL
..................................................................
TEMPERATURE (F)
 TODAY
  MAXIMUM         84        MM  92    2016  85     -1       92
  MINIMUM         58        MM  39    1981  55      3       55
  AVERAGE         71                        70      1       74

PRECIPITATION (IN)
  TODAY            T                         0.02  -0.02     0.00
  MONTH TO DATE    0.14                      0.55  -0.41     0.22
  SINCE JUN 1      0.16                      1.34  -1.18     0.43
  SINCE JAN 1      3.68                      5.07  -1.39     4.89

DEGREE DAYS
 HEATING
  TODAY            0                         0      0        0
  MONTH TO DATE    0                        19    -19       13
  SINCE JUN 1     86                       186   -100       52
  SINCE JUL 1      0                        19    -19       13

 COOLING
  TODAY            6                         5      1        9
  MONTH TO DATE  203                       120     83      140
  SINCE JUN 1    248                       155     93      221
  SINCE JAN 1    248                       156     92      221
..................................................................


WIND (MPH)
  HIGHEST WIND SPEED    16   HIGHEST WIND DIRECTION     W (250)
  HIGHEST GUST SPEED    27   HIGHEST GUST DIRECTION     W (250)
  AVERAGE WIND SPEED     8.1


SKY COVER
  POSSIBLE SUNSHINE  MM
  AVERAGE SKY COVER 0.3


WEATHER CONDITIONS
 THE FOLLOWING WEATHER WAS RECORDED TODAY.
  LIGHT RAIN


RELATIVE HUMIDITY (PERCENT)
 HIGHEST    80           200 AM
 LOWEST     20           400 PM
 AVERAGE    50

..........................................................


THE ROCK SPRINGS WY CLIMATE NORMALS FOR TOMORROW
                         NORMAL    RECORD    YEAR
 MAXIMUM TEMPERATURE (F)   85        93      2006
                                             1975
 MINIMUM TEMPERATURE (F)   55        45      1993


SUNRISE AND SUNSET
JULY 27 2017..........SUNRISE   606 AM MDT   SUNSET   839 PM MDT
JULY 28 2017..........SUNRISE   607 AM MDT   SUNSET   838 PM MDT


-  INDICATES NEGATIVE NUMBERS.
R  INDICATES RECORD WAS SET OR TIED.
MM INDICATES DATA IS MISSING.
T  INDICATES TRACE AMOUNT.




$$
