000
CDUS45 KRIW 160735
CLIRKS


CLIMATE REPORT
NATIONAL WEATHER SERVICE RIVERTON WY
133 AM MDT WED APR 16 2014


...................................

...THE ROCK SPRINGS WY CLIMATE SUMMARY FOR APRIL 15 2014...

CLIMATE NORMAL PERIOD 1981 TO 2010
CLIMATE RECORD PERIOD 1948 TO 2014


WEATHER ITEM   OBSERVED TIME   RECORD YEAR NORMAL DEPARTURE LAST
                VALUE   (LST)  VALUE       VALUE  FROM      YEAR
                                                  NORMAL
..................................................................
TEMPERATURE (F)
 YESTERDAY
  MAXIMUM         61    218 PM  73    1985  53      8       34
  MINIMUM         32   1159 PM  16    1999  29      3       21
  AVERAGE         47                        41      6       28

PRECIPITATION (IN)
  YESTERDAY        0.00          0.37 1977   0.03  -0.03     0.05
  MONTH TO DATE    0.17                      0.41  -0.24     0.28
  SINCE MAR 1      0.60                      1.09  -0.49     0.47
  SINCE JAN 1      0.75                      2.02  -1.27     0.84

DEGREE DAYS
 HEATING
  YESTERDAY       18                        24     -6       37
  MONTH TO DATE  364                       382    -18      420
  SINCE MAR 1   1250                      1359   -109     1335
  SINCE JUL 1   6702                      7211   -509     6816

 COOLING
  YESTERDAY        0                         0      0        0
  MONTH TO DATE    0                         0      0        0
  SINCE MAR 1      0                         0      0        0
  SINCE JAN 1      0                         0      0        0
..................................................................


WIND (MPH)
  HIGHEST WIND SPEED    43   HIGHEST WIND DIRECTION     W (260)
  HIGHEST GUST SPEED    54   HIGHEST GUST DIRECTION     W (270)
  AVERAGE WIND SPEED    20.1


SKY COVER
  POSSIBLE SUNSHINE  MM
  AVERAGE SKY COVER 0.3


WEATHER CONDITIONS
 THE FOLLOWING WEATHER WAS RECORDED YESTERDAY.
  NO SIGNIFICANT WEATHER WAS OBSERVED.


RELATIVE HUMIDITY (PERCENT)
 HIGHEST    51           900 PM
 LOWEST     12           100 PM
 AVERAGE    32

..........................................................


THE ROCK SPRINGS WY CLIMATE NORMALS FOR TODAY
                         NORMAL    RECORD    YEAR
 MAXIMUM TEMPERATURE (F)   54        71      1987
 MINIMUM TEMPERATURE (F)   29        15      2013


SUNRISE AND SUNSET
APRIL 16 2014.........SUNRISE   635 AM MDT   SUNSET   758 PM MDT
APRIL 17 2014.........SUNRISE   633 AM MDT   SUNSET   759 PM MDT


-  INDICATES NEGATIVE NUMBERS.
R  INDICATES RECORD WAS SET OR TIED.
MM INDICATES DATA IS MISSING.
T  INDICATES TRACE AMOUNT.




$$
