000
CDUS45 KRIW 290728
CLIRKS


CLIMATE REPORT
NATIONAL WEATHER SERVICE RIVERTON WY
127 AM MDT MON MAY 29 2017


...................................

...THE ROCK SPRINGS WY CLIMATE SUMMARY FOR MAY 28 2017...

CLIMATE NORMAL PERIOD 1981 TO 2010
CLIMATE RECORD PERIOD 1948 TO 2017


WEATHER ITEM   OBSERVED TIME   RECORD YEAR NORMAL DEPARTURE LAST
                VALUE   (LST)  VALUE       VALUE  FROM      YEAR
                                                  NORMAL
..................................................................
TEMPERATURE (F)
 YESTERDAY
  MAXIMUM         67    420 PM  89    2003  68     -1       65
  MINIMUM         37    502 AM  29    1954  41     -4       40
  AVERAGE         52                        54     -2       53

PRECIPITATION (IN)
  YESTERDAY        0.00          0.60 2011   0.04  -0.04      T
  MONTH TO DATE    0.64                      1.10  -0.46     2.20
  SINCE MAR 1      2.62                      2.69  -0.07     4.24
  SINCE JAN 1      3.52                      3.62  -0.10     4.46

DEGREE DAYS
 HEATING
  YESTERDAY       13                        11      2       12
  MONTH TO DATE  406                       413     -7      478
  SINCE MAR 1   1860                      2093   -233     2036
  SINCE JUL 1   7598                      7945   -347     7553

 COOLING
  YESTERDAY        0                         0      0        0
  MONTH TO DATE    0                         0      0        0
  SINCE MAR 1      0                         0      0        0
  SINCE JAN 1      0                         0      0        0
..................................................................


WIND (MPH)
  HIGHEST WIND SPEED    22   HIGHEST WIND DIRECTION    NE (40)
  HIGHEST GUST SPEED    28   HIGHEST GUST DIRECTION    NE (30)
  AVERAGE WIND SPEED     6.0


SKY COVER
  POSSIBLE SUNSHINE  MM
  AVERAGE SKY COVER 0.1


WEATHER CONDITIONS
 THE FOLLOWING WEATHER WAS RECORDED YESTERDAY.
  NO SIGNIFICANT WEATHER WAS OBSERVED.


RELATIVE HUMIDITY (PERCENT)
 HIGHEST    70           400 AM
 LOWEST     18           400 PM
 AVERAGE    44

..........................................................


THE ROCK SPRINGS WY CLIMATE NORMALS FOR TODAY
                         NORMAL    RECORD    YEAR
 MAXIMUM TEMPERATURE (F)   68        89      2003
 MINIMUM TEMPERATURE (F)   41        31      2007
                                             2006
                                             1977


SUNRISE AND SUNSET
MAY 29 2017...........SUNRISE   546 AM MDT   SUNSET   842 PM MDT
MAY 30 2017...........SUNRISE   545 AM MDT   SUNSET   843 PM MDT


-  INDICATES NEGATIVE NUMBERS.
R  INDICATES RECORD WAS SET OR TIED.
MM INDICATES DATA IS MISSING.
T  INDICATES TRACE AMOUNT.




$$
