000
CDUS45 KRIW 280043
CLIRKS


CLIMATE REPORT
NATIONAL WEATHER SERVICE RIVERTON WY
643 PM MDT MON MAR 27 2017


...................................

...THE ROCK SPRINGS WY CLIMATE SUMMARY FOR MARCH 27 2017...
VALID TODAY AS OF 0500 PM LOCAL TIME.

CLIMATE NORMAL PERIOD 1981 TO 2010
CLIMATE RECORD PERIOD 1948 TO 2017


WEATHER ITEM   OBSERVED TIME   RECORD YEAR NORMAL DEPARTURE LAST
                VALUE   (LST)  VALUE       VALUE  FROM      YEAR
                                                  NORMAL
..................................................................
TEMPERATURE (F)
 TODAY
  MAXIMUM         51        MM  66    2015  48      3       50
  MINIMUM         34        MM   0    1975  26      8       22
  AVERAGE         43                        37      6       36

PRECIPITATION (IN)
  TODAY            0.08                      0.03   0.05     0.00
  MONTH TO DATE    0.55                      0.58  -0.03     0.29
  SINCE MAR 1      0.55                      0.58  -0.03     0.29
  SINCE JAN 1      1.45                      1.51  -0.06     0.51

DEGREE DAYS
 HEATING
  TODAY           22                        28     -6       29
  MONTH TO DATE  680                       866   -186      778
  SINCE MAR 1    680                       866   -186      778
  SINCE JUL 1   6418                      6718   -300     6295

 COOLING
  TODAY            0                         0      0        0
  MONTH TO DATE    0                         0      0        0
  SINCE MAR 1      0                         0      0        0
  SINCE JAN 1      0                         0      0        0
..................................................................


WIND (MPH)
  HIGHEST WIND SPEED     9   HIGHEST WIND DIRECTION    NE (60)
  HIGHEST GUST SPEED    MM   HIGHEST GUST DIRECTION    MM
  AVERAGE WIND SPEED     5.1


SKY COVER
  POSSIBLE SUNSHINE  MM
  AVERAGE SKY COVER 0.8


WEATHER CONDITIONS
 THE FOLLOWING WEATHER WAS RECORDED TODAY.
  RAIN
  LIGHT RAIN
  LIGHT SNOW
  FOG


RELATIVE HUMIDITY (PERCENT)
 HIGHEST    70          1200 AM
 LOWEST     36          1200 PM
 AVERAGE    53

..........................................................


THE ROCK SPRINGS WY CLIMATE NORMALS FOR TOMORROW
                         NORMAL    RECORD    YEAR
 MAXIMUM TEMPERATURE (F)   48        70      2015
 MINIMUM TEMPERATURE (F)   26        -1      1975


SUNRISE AND SUNSET
MARCH 27 2017.........SUNRISE   707 AM MDT   SUNSET   737 PM MDT
MARCH 28 2017.........SUNRISE   705 AM MDT   SUNSET   738 PM MDT


-  INDICATES NEGATIVE NUMBERS.
R  INDICATES RECORD WAS SET OR TIED.
MM INDICATES DATA IS MISSING.
T  INDICATES TRACE AMOUNT.




$$
