000
CDUS45 KRIW 240745
CLIRKS


CLIMATE REPORT
NATIONAL WEATHER SERVICE RIVERTON WY
1243 AM MST FRI NOV 24 2017


...................................

...THE ROCK SPRINGS WY CLIMATE SUMMARY FOR NOVEMBER 23 2017...

CLIMATE NORMAL PERIOD 1981 TO 2010
CLIMATE RECORD PERIOD 1948 TO 2017


WEATHER ITEM   OBSERVED TIME   RECORD YEAR NORMAL DEPARTURE LAST
                VALUE   (LST)  VALUE       VALUE  FROM      YEAR
                                                  NORMAL
..................................................................
TEMPERATURE (F)
 YESTERDAY
  MAXIMUM         57R   354 PM  55    1954  36     21       40
  MINIMUM         39    516 AM  -3    1952  18     21       21
  AVERAGE         48                        27     21       31

PRECIPITATION (IN)
  YESTERDAY        0.00          0.48 1992   0.01  -0.01     0.06
                                      2002
                                      2006
  MONTH TO DATE    0.29                      0.39  -0.10     0.14
  SINCE SEP 1      1.08                      2.18  -1.10     2.19
  SINCE JAN 1      5.46                      7.96  -2.50     7.36

DEGREE DAYS
 HEATING
  YESTERDAY       17                        38    -21       34
  MONTH TO DATE  652                       746    -94      583
  SINCE SEP 1   1673                      1649     24     1370
  SINCE JUL 1   1690                      1713    -23     1429

 COOLING
  YESTERDAY        0                         0      0        0
  MONTH TO DATE    0                         0      0        0
  SINCE SEP 1     26                         9     17       12
  SINCE JAN 1    394                       286    108      354
..................................................................


WIND (MPH)
  HIGHEST WIND SPEED    29   HIGHEST WIND DIRECTION     W (250)
  HIGHEST GUST SPEED    37   HIGHEST GUST DIRECTION     W (260)
  AVERAGE WIND SPEED    14.8


SKY COVER
  POSSIBLE SUNSHINE  MM
  AVERAGE SKY COVER 0.2


WEATHER CONDITIONS
 THE FOLLOWING WEATHER WAS RECORDED YESTERDAY.
  NO SIGNIFICANT WEATHER WAS OBSERVED.


RELATIVE HUMIDITY (PERCENT)
 HIGHEST    79           300 AM
 LOWEST     40           300 PM
 AVERAGE    60

..........................................................


THE ROCK SPRINGS WY CLIMATE NORMALS FOR TODAY
                         NORMAL    RECORD    YEAR
 MAXIMUM TEMPERATURE (F)   36        56      1995
 MINIMUM TEMPERATURE (F)   17        -6      2010
                                             1993


SUNRISE AND SUNSET
NOVEMBER 24 2017......SUNRISE   716 AM MST   SUNSET   450 PM MST
NOVEMBER 25 2017......SUNRISE   717 AM MST   SUNSET   449 PM MST


-  INDICATES NEGATIVE NUMBERS.
R  INDICATES RECORD WAS SET OR TIED.
MM INDICATES DATA IS MISSING.
T  INDICATES TRACE AMOUNT.




$$
