000
CDUS45 KRIW 230740
CLIRKS


CLIMATE REPORT
NATIONAL WEATHER SERVICE RIVERTON WY
130 AM MDT SAT JUL 23 2016


...................................

...THE ROCK SPRINGS WY CLIMATE SUMMARY FOR JULY 22 2016...

CLIMATE NORMAL PERIOD 1981 TO 2010
CLIMATE RECORD PERIOD 1948 TO 2016


WEATHER ITEM   OBSERVED TIME   RECORD YEAR NORMAL DEPARTURE LAST
                VALUE   (LST)  VALUE       VALUE  FROM      YEAR
                                                  NORMAL
..................................................................
TEMPERATURE (F)
 YESTERDAY
  MAXIMUM         89    135 PM  96    2007  85      4       80
  MINIMUM         56    340 AM  39    1978  55      1       58
  AVERAGE         73                        70      3       69

PRECIPITATION (IN)
  YESTERDAY        0.00          0.29 1985   0.02  -0.02     0.00
  MONTH TO DATE    0.22                      0.44  -0.22     2.12
  SINCE JUN 1      0.43                      1.23  -0.80     3.23
  SINCE JAN 1      4.89                      4.96  -0.07     7.31

DEGREE DAYS
 HEATING
  YESTERDAY        0                         0      0        0
  MONTH TO DATE   13                        19     -6       16
  SINCE JUN 1     52                       186   -134       65
  SINCE JUL 1     13                        19     -6       16

 COOLING
  YESTERDAY        8                         5      3        4
  MONTH TO DATE   98                        95      3       55
  SINCE JUN 1    179                       130     49      143
  SINCE JAN 1    179                       131     48      143
..................................................................


WIND (MPH)
  HIGHEST WIND SPEED    28   HIGHEST WIND DIRECTION     W (260)
  HIGHEST GUST SPEED    36   HIGHEST GUST DIRECTION    SW (240)
  AVERAGE WIND SPEED     8.3


SKY COVER
  POSSIBLE SUNSHINE  MM
  AVERAGE SKY COVER 0.1


WEATHER CONDITIONS
 THE FOLLOWING WEATHER WAS RECORDED YESTERDAY.
  THUNDERSTORM


RELATIVE HUMIDITY (PERCENT)
 HIGHEST    57           400 AM
 LOWEST     16           100 PM
 AVERAGE    37

..........................................................


THE ROCK SPRINGS WY CLIMATE NORMALS FOR TODAY
                         NORMAL    RECORD    YEAR
 MAXIMUM TEMPERATURE (F)   85        96      2003
 MINIMUM TEMPERATURE (F)   55        45      1993


SUNRISE AND SUNSET
JULY 23 2016..........SUNRISE   603 AM MDT   SUNSET   842 PM MDT
JULY 24 2016..........SUNRISE   604 AM MDT   SUNSET   841 PM MDT


-  INDICATES NEGATIVE NUMBERS.
R  INDICATES RECORD WAS SET OR TIED.
MM INDICATES DATA IS MISSING.
T  INDICATES TRACE AMOUNT.




$$
