000
CDUS41 KRNK 172214
CLIRNK


CLIMATE REPORT
NATIONAL WEATHER SERVICE BLACKSBURG VA
513 PM EST WED JAN 17 2018


...................................

...THE BLACKSBURG VA CLIMATE SUMMARY FOR JANUARY 17 2018...
VALID TODAY AS OF 0500 PM LOCAL TIME.

CLIMATE NORMAL PERIOD 1981 TO 2010
CLIMATE RECORD PERIOD 1952 TO 2018


WEATHER ITEM   OBSERVED RECORD YEAR NORMAL DEPARTURE LAST
                VALUE   VALUE       VALUE  FROM      YEAR
                                           NORMAL
...........................................................
TEMPERATURE (F)
 TODAY
  MAXIMUM         25     65    1974  41    -16       57
  MINIMUM         13    -12    1977  21     -8       40
  AVERAGE         19                 31    -12       49

PRECIPITATION (IN)
  TODAY            0.12   1.75 2013   0.11   0.01     0.45
  MONTH TO DATE    0.70               1.71  -1.01     2.24
  SINCE DEC 1      1.34               4.66  -3.32     5.33
  SINCE JAN 1      0.70               1.71  -1.01     2.24

SNOWFALL (IN)
  TODAY            2.1                                0.0
  MONTH TO DATE    2.1                                4.7
  SINCE DEC 1      5.9                                5.4
  SINCE JUL 1      5.9                                5.4
  SNOW DEPTH       2

DEGREE DAYS
 HEATING
  TODAY           46                 34     12       16
  MONTH TO DATE  695                578    117      490
  SINCE DEC 1   1650               1545    105     1370
  SINCE JUL 1   2640               2725    -85     2143

 COOLING
  TODAY            0                  0      0        0
  MONTH TO DATE    0                  0      0        0
  SINCE DEC 1      0                  0      0        0
  SINCE JAN 1      0                  0      0        0
...........................................................


WIND (MPH)
  HIGHEST WIND SPEED     8   HIGHEST WIND DIRECTION     W (250)
  HIGHEST GUST SPEED    MM   HIGHEST GUST DIRECTION    MM
  AVERAGE WIND SPEED     5.0


SKY COVER
  AVERAGE SKY COVER 1.0


WEATHER CONDITIONS
 THE FOLLOWING WEATHER WAS RECORDED TODAY.
  LIGHT SNOW
  FOG


RELATIVE HUMIDITY (PERCENT)
 HIGHEST    88           600 AM
 LOWEST     62           300 PM
 AVERAGE    75

..........................................................


THE BLACKSBURG VA CLIMATE NORMALS FOR TOMORROW
                         NORMAL    RECORD    YEAR
 MAXIMUM TEMPERATURE (F)   41        63      1974
 MINIMUM TEMPERATURE (F)   21       -10      1977


SUNRISE AND SUNSET
JANUARY 17 2018.......SUNRISE   734 AM EST   SUNSET   530 PM EST
JANUARY 18 2018.......SUNRISE   733 AM EST   SUNSET   531 PM EST


-  INDICATES NEGATIVE NUMBERS.
R  INDICATES RECORD WAS SET OR TIED.
MM INDICATES DATA IS MISSING.
T  INDICATES TRACE AMOUNT.

REMARKS:
DUE TO MISSING TEMPERATURES FROM SEPTEMBER 8-10...THE
HEATING DEGREE DAY AND DEPARTURE FROM NORMAL WILL BE CALCULATED
WITHOUT DATA FROM THESE DATES.


$$
