000
CDUS41 KRNK 262214
CLIRNK


CLIMATE REPORT
NATIONAL WEATHER SERVICE BLACKSBURG VA
510 PM EST WED NOV 26 2014


...................................

...THE BLACKSBURG VA CLIMATE SUMMARY FOR NOVEMBER 26 2014...
VALID TODAY AS OF 0500 PM LOCAL TIME.

CLIMATE NORMAL PERIOD 1981 TO 2010
CLIMATE RECORD PERIOD 1952 TO 2014


WEATHER ITEM   OBSERVED TIME   RECORD YEAR NORMAL DEPARTURE LAST
                VALUE   (LST)  VALUE       VALUE  FROM      YEAR
                                                  NORMAL
..................................................................
TEMPERATURE (F)
 TODAY
  MAXIMUM         44    100 AM  70    1973  51     -7       37
  MINIMUM         32   1200 PM   8    1971  28      4       26
  AVERAGE         38                        40     -2       32

PRECIPITATION (IN)
  TODAY            0.99          2.07 2013   0.09   0.90     2.07
  MONTH TO DATE    2.72                      2.47   0.25     2.96
  SINCE SEP 1     10.87                      8.35   2.52     6.74
  SINCE JAN 1     36.64                     37.54  -0.90    46.29

SNOWFALL (IN)
  TODAY            2.4
  MONTH TO DATE    2.4
  SINCE SEP 1      2.4
  SINCE JUL 1      2.4
  SNOW DEPTH       2

DEGREE DAYS
 HEATING
  TODAY           27                        26      1       33
  MONTH TO DATE  663                       547    116      619
  SINCE SEP 1   1062                      1056      6     1068
  SINCE JUL 1   1073                      1074     -1     1091

 COOLING
  TODAY            0                         0      0        0
  MONTH TO DATE    0                         0      0        0
  SINCE SEP 1     79                        61     18       62
  SINCE JAN 1    609                       573     36      568
..................................................................


WIND (MPH)
  HIGHEST WIND SPEED     7   HIGHEST WIND DIRECTION    SE (140)
  HIGHEST GUST SPEED    MM   HIGHEST GUST DIRECTION    MM
  AVERAGE WIND SPEED     1.6


SKY COVER
  POSSIBLE SUNSHINE  MM
  AVERAGE SKY COVER 1.0


WEATHER CONDITIONS
 THE FOLLOWING WEATHER WAS RECORDED TODAY.
  HEAVY RAIN
  RAIN
  LIGHT RAIN
  SNOW
  LIGHT SNOW
  FOG


RELATIVE HUMIDITY (PERCENT)
 HIGHEST   100           400 AM
 LOWEST     62           100 AM
 AVERAGE    81

..........................................................


THE BLACKSBURG VA CLIMATE NORMALS FOR TOMORROW
                         NORMAL    RECORD    YEAR
 MAXIMUM TEMPERATURE (F)   50        71      1990
 MINIMUM TEMPERATURE (F)   28        10      1974


SUNRISE AND SUNSET
NOVEMBER 26 2014......SUNRISE   712 AM EST   SUNSET   506 PM EST
NOVEMBER 27 2014......SUNRISE   713 AM EST   SUNSET   505 PM EST


-  INDICATES NEGATIVE NUMBERS.
R  INDICATES RECORD WAS SET OR TIED.
MM INDICATES DATA IS MISSING.
T  INDICATES TRACE AMOUNT.




$$
