000
CDUS41 KRNK 190820
CLIRNK


CLIMATE REPORT
NATIONAL WEATHER SERVICE BLACKSBURG VA
314 AM EST THU JAN 19 2017


...................................

...THE BLACKSBURG VA CLIMATE SUMMARY FOR JANUARY 18 2017...

CLIMATE NORMAL PERIOD 1981 TO 2010
CLIMATE RECORD PERIOD 1952 TO 2017


WEATHER ITEM   OBSERVED RECORD YEAR NORMAL DEPARTURE LAST
                VALUE   VALUE       VALUE  FROM      YEAR
                                           NORMAL
...........................................................
TEMPERATURE (F)
 YESTERDAY
  MAXIMUM         56     63    1974  41     15       25
  MINIMUM         37    -10    1977  21     16       10
  AVERAGE         47                 31     16       18

PRECIPITATION (IN)
  YESTERDAY        0.05   0.93 1994   0.10  -0.05      T
  MONTH TO DATE    2.29               1.81   0.48     1.18
  SINCE DEC 1      5.38               4.76   0.62     6.20
  SINCE JAN 1      2.29               1.81   0.48     1.18

SNOWFALL (IN)
  YESTERDAY        0.0                                 T
  MONTH TO DATE    4.7                                0.8
  SINCE DEC 1      5.4                                0.8
  SINCE JUL 1      5.4                                0.8
  SNOW DEPTH       0

DEGREE DAYS
 HEATING
  YESTERDAY       18                 34    -16       47
  MONTH TO DATE  508                612   -104      609
  SINCE DEC 1   1388               1579   -191     1167
  SINCE JUL 1   2161               2759   -598     2055

 COOLING
  YESTERDAY        0                  0      0        0
  MONTH TO DATE    0                  0      0        0
  SINCE DEC 1      0                  0      0        0
  SINCE JAN 1      0                  0      0        0
...........................................................


WIND (MPH)
  HIGHEST WIND SPEED    17   HIGHEST WIND DIRECTION     W (280)
  HIGHEST GUST SPEED    29   HIGHEST GUST DIRECTION     W (280)
  AVERAGE WIND SPEED     9.2


SKY COVER
  AVERAGE SKY COVER 0.6


WEATHER CONDITIONS
 THE FOLLOWING WEATHER WAS RECORDED YESTERDAY.
  LIGHT RAIN


RELATIVE HUMIDITY (PERCENT)
 HIGHEST    97          1200 AM
 LOWEST     59          1100 AM
 AVERAGE    78

..........................................................


THE BLACKSBURG VA CLIMATE NORMALS FOR TODAY
                         NORMAL    RECORD    YEAR
 MAXIMUM TEMPERATURE (F)   42        64      1990
 MINIMUM TEMPERATURE (F)   21       -11      1994


SUNRISE AND SUNSET
JANUARY 19 2017.......SUNRISE   733 AM EST   SUNSET   533 PM EST
JANUARY 20 2017.......SUNRISE   732 AM EST   SUNSET   534 PM EST


-  INDICATES NEGATIVE NUMBERS.
R  INDICATES RECORD WAS SET OR TIED.
MM INDICATES DATA IS MISSING.
T  INDICATES TRACE AMOUNT.




$$
