000
CDUS41 KRNK 250540
CLIRNK


CLIMATE REPORT
NATIONAL WEATHER SERVICE BLACKSBURG VA
1237 AM EST SAT FEB 25 2017


...................................

...THE BLACKSBURG VA CLIMATE SUMMARY FOR FEBRUARY 24 2017...

CLIMATE NORMAL PERIOD 1981 TO 2010
CLIMATE RECORD PERIOD 1952 TO 2017


WEATHER ITEM   OBSERVED RECORD YEAR NORMAL DEPARTURE LAST
                VALUE   VALUE       VALUE  FROM      YEAR
                                           NORMAL
...........................................................
TEMPERATURE (F)
 YESTERDAY
  MAXIMUM         71     73    1975  47     24       64
  MINIMUM         41      6    1978  25     16       36
  AVERAGE         56                 36     20       50

PRECIPITATION (IN)
  YESTERDAY        0.00   1.35 1984   0.10  -0.10     0.52
  MONTH TO DATE    0.80               2.42  -1.62     4.70
  SINCE DEC 1      8.39               8.45  -0.06    12.16
  SINCE JAN 1      5.30               5.50  -0.20     7.14

SNOWFALL (IN)
  YESTERDAY        0.0                                0.0
  MONTH TO DATE    T                                  9.8
  SINCE DEC 1      6.6                               24.0
  SINCE JUL 1      6.6                               24.0
  SNOW DEPTH       0

DEGREE DAYS
 HEATING
  YESTERDAY        9                 29    -20       15
  MONTH TO DATE  517                747   -230      758
  SINCE DEC 1   2225               2754   -529     2417
  SINCE JUL 1   2998               3934   -936     3305

 COOLING
  YESTERDAY        0                  0      0        0
  MONTH TO DATE    0                  0      0        0
  SINCE DEC 1      0                  0      0        0
  SINCE JAN 1      0                  0      0        0
...........................................................


WIND (MPH)
  HIGHEST WIND SPEED    12   HIGHEST WIND DIRECTION     S (180)
  HIGHEST GUST SPEED    17   HIGHEST GUST DIRECTION     S (190)
  AVERAGE WIND SPEED     3.6


SKY COVER
  AVERAGE SKY COVER 0.1


WEATHER CONDITIONS
 THE FOLLOWING WEATHER WAS RECORDED YESTERDAY.
  FOG


RELATIVE HUMIDITY (PERCENT)
 HIGHEST   100           300 AM
 LOWEST     49           200 PM
 AVERAGE    75

..........................................................


THE BLACKSBURG VA CLIMATE NORMALS FOR TODAY
                         NORMAL    RECORD    YEAR
 MAXIMUM TEMPERATURE (F)   47        71      1985
 MINIMUM TEMPERATURE (F)   25        -2      1967


SUNRISE AND SUNSET
FEBRUARY 25 2017......SUNRISE   658 AM EST   SUNSET   612 PM EST
FEBRUARY 26 2017......SUNRISE   656 AM EST   SUNSET   613 PM EST


-  INDICATES NEGATIVE NUMBERS.
R  INDICATES RECORD WAS SET OR TIED.
MM INDICATES DATA IS MISSING.
T  INDICATES TRACE AMOUNT.




$$
