971
CDUS41 KRNK 312118
CLIRNK


CLIMATE REPORT
NATIONAL WEATHER SERVICE BLACKSBURG VA
516 PM EDT WED AUG 31 2016


...................................

...THE BLACKSBURG VA CLIMATE SUMMARY FOR AUGUST 31 2016...
VALID TODAY AS OF 0500 PM LOCAL TIME.

CLIMATE NORMAL PERIOD 1981 TO 2010
CLIMATE RECORD PERIOD 1952 TO 2016


WEATHER ITEM   OBSERVED RECORD YEAR NORMAL DEPARTURE LAST
                VALUE   VALUE       VALUE  FROM      YEAR
                                           NORMAL
...........................................................
TEMPERATURE (F)
 TODAY
  MAXIMUM         88     95    1953  80      8       84
  MINIMUM         65     39    1986  57      8       62
  AVERAGE         77                 68      9       73

PRECIPITATION (IN)
  TODAY            0.00   2.98 1964   0.10  -0.10     0.01
  MONTH TO DATE    4.16               3.59   0.57     4.09
  SINCE JUN 1     12.30              11.85   0.45    11.83
  SINCE JAN 1     28.32              29.19  -0.87    27.36

SNOWFALL (IN)
  TODAY            0.0                                0.0
  MONTH TO DATE    0.0                                0.0
  SINCE JUN 1      0.0                                 T
  SINCE JUL 1      0.0                                 T
  SNOW DEPTH       0

DEGREE DAYS
 HEATING
  TODAY            0                  1     -1        0
  MONTH TO DATE    0                  6     -6        1
  SINCE JUN 1     12                 56    -44       12
  SINCE JUL 1      0                 18    -18        1

 COOLING
  TODAY           12                  4      8        8
  MONTH TO DATE  274                168    106      193
  SINCE JUN 1    731                483    248      651
  SINCE JAN 1    777                512    265      727
...........................................................


WIND (MPH)
  HIGHEST WIND SPEED     9   HIGHEST WIND DIRECTION    NW (300)
  HIGHEST GUST SPEED    MM   HIGHEST GUST DIRECTION    MM
  AVERAGE WIND SPEED     0.9


SKY COVER
  AVERAGE SKY COVER 0.4


WEATHER CONDITIONS
 THE FOLLOWING WEATHER WAS RECORDED TODAY.
  FOG
  FOG W/VISIBILITY <= 1/4 MILE


RELATIVE HUMIDITY (PERCENT)
 HIGHEST   100          1200 AM
 LOWEST     48           300 PM
 AVERAGE    74

..........................................................


THE BLACKSBURG VA CLIMATE NORMALS FOR TOMORROW
                         NORMAL    RECORD    YEAR
 MAXIMUM TEMPERATURE (F)   80        95      1953
 MINIMUM TEMPERATURE (F)   56        41      1999


SUNRISE AND SUNSET
AUGUST 31 2016........SUNRISE   652 AM EDT   SUNSET   751 PM EDT
SEPTEMBER  1 2016.....SUNRISE   653 AM EDT   SUNSET   750 PM EDT


-  INDICATES NEGATIVE NUMBERS.
R  INDICATES RECORD WAS SET OR TIED.
MM INDICATES DATA IS MISSING.
T  INDICATES TRACE AMOUNT.


$$

PW
