000
CDUS41 KRNK 280857
CLIRNK


CLIMATE REPORT
NATIONAL WEATHER SERVICE BLACKSBURG VA
455 AM EDT SAT MAY 28 2016


...................................

...THE BLACKSBURG VA CLIMATE SUMMARY FOR MAY 27 2016...

CLIMATE NORMAL PERIOD 1981 TO 2010
CLIMATE RECORD PERIOD 1952 TO 2016


WEATHER ITEM   OBSERVED RECORD YEAR NORMAL DEPARTURE LAST
                VALUE   VALUE       VALUE  FROM      YEAR
                                           NORMAL
...........................................................
TEMPERATURE (F)
 YESTERDAY
  MAXIMUM         83     85    2010  74      9       81
  MINIMUM         58     28    1972  51      7       61
  AVERAGE         71                 62      9       71

PRECIPITATION (IN)
  YESTERDAY        0.00   1.26 2011   0.16  -0.16     0.07
  MONTH TO DATE    4.46               3.70   0.76     1.94
  SINCE MAR 1      8.78              10.82  -2.04    11.81
  SINCE JAN 1     15.92              16.71  -0.79    15.23

SNOWFALL (IN)
  YESTERDAY        0.0                                0.0
  MONTH TO DATE    0.0                                0.0
  SINCE MAR 1      1.6                                4.4
  SINCE JUL 1     25.6                               27.8
  SNOW DEPTH       0

DEGREE DAYS
 HEATING
  YESTERDAY        0                  4     -4        0
  MONTH TO DATE  172                188    -16       78
  SINCE MAR 1   1019               1345   -326     1083
  SINCE JUL 1   4454               5393   -939     5209

 COOLING
  YESTERDAY        6                  1      5        6
  MONTH TO DATE   21                 16      5       57
  SINCE MAR 1     31                 19     12       57
  SINCE JAN 1     31                 19     12       57
...........................................................


WIND (MPH)
  HIGHEST WIND SPEED    10   HIGHEST WIND DIRECTION    SE (140)
  HIGHEST GUST SPEED    18   HIGHEST GUST DIRECTION     E (110)
  AVERAGE WIND SPEED     2.3


SKY COVER
  AVERAGE SKY COVER 0.3


WEATHER CONDITIONS
 THE FOLLOWING WEATHER WAS RECORDED YESTERDAY.
  FOG


RELATIVE HUMIDITY (PERCENT)
 HIGHEST   100          1200 AM
 LOWEST     47           100 PM
 AVERAGE    74

..........................................................


THE BLACKSBURG VA CLIMATE NORMALS FOR TODAY
                         NORMAL    RECORD    YEAR
 MAXIMUM TEMPERATURE (F)   74        87      1955
 MINIMUM TEMPERATURE (F)   51        35      1972


SUNRISE AND SUNSET
MAY 28 2016...........SUNRISE   604 AM EDT   SUNSET   834 PM EDT
MAY 29 2016...........SUNRISE   604 AM EDT   SUNSET   835 PM EDT


-  INDICATES NEGATIVE NUMBERS.
R  INDICATES RECORD WAS SET OR TIED.
MM INDICATES DATA IS MISSING.
T  INDICATES TRACE AMOUNT.

$$

RAB
