000
CDUS41 KRNK 251307 AAA
CLIRNK

CLIMATE REPORT...CORRECTED THE MINIMUM TEMPERATURE
NATIONAL WEATHER SERVICE BLACKSBURG VA
528 AM EST SUN JAN 25 2015


...................................

...THE BLACKSBURG VA CLIMATE SUMMARY FOR JANUARY 24 2015...

CLIMATE NORMAL PERIOD 1981 TO 2010
CLIMATE RECORD PERIOD 1952 TO 2015


WEATHER ITEM   OBSERVED TIME   RECORD YEAR NORMAL DEPARTURE LAST
                VALUE   (LST)  VALUE       VALUE  FROM      YEAR
                                                  NORMAL
..................................................................
TEMPERATURE (F)
 YESTERDAY
  MAXIMUM         36        MM  67    1999  42     -6       21
  MINIMUM         29        MM -11    1963  22      8       -2
  AVERAGE         33                        32      1       10

PRECIPITATION (IN)
  YESTERDAY        0.08          1.11 1999   0.10  -0.02     0.00
  MONTH TO DATE    1.26                      2.41  -1.15     1.51
  SINCE DEC 1      3.91                      5.36  -1.45     6.77
  SINCE JAN 1      1.26                      2.41  -1.15     1.51

SNOWFALL (IN)
  YESTERDAY        T
  MONTH TO DATE    0.6
  SINCE DEC 1      1.1
  SINCE JUL 1      3.5
  SNOW DEPTH       0

DEGREE DAYS
 HEATING
  YESTERDAY       32                        33     -1       55
  MONTH TO DATE  793                       813    -20      897
  SINCE DEC 1   1620                      1780   -160     1757
  SINCE JUL 1   2813                      2960   -147     2992

 COOLING
  YESTERDAY        0                         0      0        0
  MONTH TO DATE    0                         0      0        0
  SINCE DEC 1      0                         0      0        0
  SINCE JAN 1      0                         0      0        0
..................................................................


WIND (MPH)
  HIGHEST WIND SPEED    18   HIGHEST WIND DIRECTION     W (290)
  HIGHEST GUST SPEED    30   HIGHEST GUST DIRECTION     W (290)
  AVERAGE WIND SPEED     6.3


SKY COVER
  POSSIBLE SUNSHINE  MM
  AVERAGE SKY COVER 0.9


WEATHER CONDITIONS
 THE FOLLOWING WEATHER WAS RECORDED YESTERDAY.
  LIGHT RAIN
  LT FREEZING RAIN
  LIGHT SNOW


RELATIVE HUMIDITY (PERCENT)
 HIGHEST   100          1200 AM
 LOWEST     66           400 PM
 AVERAGE    83

..........................................................


THE BLACKSBURG VA CLIMATE NORMALS FOR TODAY
                         NORMAL    RECORD    YEAR
 MAXIMUM TEMPERATURE (F)   42        67      1972
 MINIMUM TEMPERATURE (F)   22        -9      1963


SUNRISE AND SUNSET
JANUARY 25 2015.......SUNRISE   730 AM EST   SUNSET   538 PM EST
JANUARY 26 2015.......SUNRISE   729 AM EST   SUNSET   540 PM EST


-  INDICATES NEGATIVE NUMBERS.
R  INDICATES RECORD WAS SET OR TIED.
MM INDICATES DATA IS MISSING.
T  INDICATES TRACE AMOUNT.




$$
