000
CDUS41 KRNK 072218
CLIRNK


CLIMATE REPORT
NATIONAL WEATHER SERVICE BLACKSBURG VA
516 PM EST SUN FEB 7 2016


...................................

...THE BLACKSBURG VA CLIMATE SUMMARY FOR FEBRUARY 7 2016...
VALID TODAY AS OF 0500 PM LOCAL TIME.

CLIMATE NORMAL PERIOD 1981 TO 2010
CLIMATE RECORD PERIOD 1952 TO 2016


WEATHER ITEM   OBSERVED RECORD YEAR NORMAL DEPARTURE LAST
                VALUE   VALUE       VALUE  FROM      YEAR
                                           NORMAL
...........................................................
TEMPERATURE (F)
 TODAY
  MAXIMUM         47     64    1990  43      4       57
  MINIMUM         21      0    1978  23     -2       21
  AVERAGE         34                 33      1       39

PRECIPITATION (IN)
  TODAY            0.00   0.90 1979   0.10  -0.10     0.00
  MONTH TO DATE    1.22               0.70   0.52     0.31
  SINCE DEC 1      8.68               6.73   1.95     4.26
  SINCE JAN 1      3.66               3.78  -0.12     1.61

SNOWFALL (IN)
  TODAY            0.0                                0.0
  MONTH TO DATE    T                                   T
  SINCE DEC 1     14.2                                1.6
  SINCE JUL 1     14.2                                4.0
  SNOW DEPTH       0

DEGREE DAYS
 HEATING
  TODAY           31                 32     -1       26
  MONTH TO DATE  188                227    -39      223
  SINCE DEC 1   1847               2234   -387     2081
  SINCE JUL 1   2735               3414   -679     3274

 COOLING
  TODAY            0                  0      0        0
  MONTH TO DATE    0                  0      0        0
  SINCE DEC 1      0                  0      0        0
  SINCE JAN 1      0                  0      0        0
...........................................................


WIND (MPH)
  HIGHEST WIND SPEED     9   HIGHEST WIND DIRECTION    NW (330)
  HIGHEST GUST SPEED    MM   HIGHEST GUST DIRECTION    MM
  AVERAGE WIND SPEED     2.2


SKY COVER
  AVERAGE SKY COVER 0.0


WEATHER CONDITIONS
 THE FOLLOWING WEATHER WAS RECORDED TODAY.
  NO SIGNIFICANT WEATHER WAS OBSERVED.


RELATIVE HUMIDITY (PERCENT)
 HIGHEST    92           700 AM
 LOWEST     42           500 PM
 AVERAGE    67

..........................................................


THE BLACKSBURG VA CLIMATE NORMALS FOR TOMORROW
                         NORMAL    RECORD    YEAR
 MAXIMUM TEMPERATURE (F)   43        63      2015
 MINIMUM TEMPERATURE (F)   23        -3      1967


SUNRISE AND SUNSET
FEBRUARY  7 2016......SUNRISE   720 AM EST   SUNSET   552 PM EST
FEBRUARY  8 2016......SUNRISE   719 AM EST   SUNSET   553 PM EST


-  INDICATES NEGATIVE NUMBERS.
R  INDICATES RECORD WAS SET OR TIED.
MM INDICATES DATA IS MISSING.
T  INDICATES TRACE AMOUNT.




$$
