000
CDUS41 KRNK 260927
CLIRNK


CLIMATE REPORT
NATIONAL WEATHER SERVICE BLACKSBURG VA
524 AM EDT FRI MAY 26 2017


...................................

...THE BLACKSBURG VA CLIMATE SUMMARY FOR MAY 25 2017...

CLIMATE NORMAL PERIOD 1981 TO 2010
CLIMATE RECORD PERIOD 1952 TO 2017


WEATHER ITEM   OBSERVED RECORD YEAR NORMAL DEPARTURE LAST
                VALUE   VALUE       VALUE  FROM      YEAR
                                           NORMAL
...........................................................
TEMPERATURE (F)
 YESTERDAY
  MAXIMUM         62     89    1953  74    -12       81
  MINIMUM         52     34    1967  50      2       49
  AVERAGE         57                 62     -5       65

PRECIPITATION (IN)
  YESTERDAY        0.31   0.83 2001   0.15   0.16     0.00
  MONTH TO DATE    6.22               3.38   2.84     4.22
  SINCE MAR 1     15.38              10.50   4.88     8.54
  SINCE JAN 1     21.16              16.39   4.77    15.68

SNOWFALL (IN)
  YESTERDAY        0.0                                0.0
  MONTH TO DATE    0.0                                0.0
  SINCE MAR 1      1.1                                1.6
  SINCE JUL 1      7.7                               25.6
  SNOW DEPTH       0

DEGREE DAYS
 HEATING
  YESTERDAY        8                  5      3        0
  MONTH TO DATE  154                180    -26      172
  SINCE MAR 1   1072               1337   -265     1019
  SINCE JUL 1   4164               5385  -1221     4454

 COOLING
  YESTERDAY        0                  1     -1        0
  MONTH TO DATE   27                 14     13       11
  SINCE MAR 1     46                 17     29       21
  SINCE JAN 1     46                 17     29       21
...........................................................


WIND (MPH)
  HIGHEST WIND SPEED    12   HIGHEST WIND DIRECTION     W (290)
  HIGHEST GUST SPEED    21   HIGHEST GUST DIRECTION     W (280)
  AVERAGE WIND SPEED     5.3


SKY COVER
  AVERAGE SKY COVER 1.0


WEATHER CONDITIONS
 THE FOLLOWING WEATHER WAS RECORDED YESTERDAY.
  RAIN
  LIGHT RAIN
  FOG


RELATIVE HUMIDITY (PERCENT)
 HIGHEST    96           100 AM
 LOWEST     60          1200 PM
 AVERAGE    78

..........................................................


THE BLACKSBURG VA CLIMATE NORMALS FOR TODAY
                         NORMAL    RECORD    YEAR
 MAXIMUM TEMPERATURE (F)   74        88      1953
 MINIMUM TEMPERATURE (F)   50        34      1988


SUNRISE AND SUNSET
MAY 26 2017...........SUNRISE   606 AM EDT   SUNSET   832 PM EDT
MAY 27 2017...........SUNRISE   605 AM EDT   SUNSET   833 PM EDT


-  INDICATES NEGATIVE NUMBERS.
R  INDICATES RECORD WAS SET OR TIED.
MM INDICATES DATA IS MISSING.
T  INDICATES TRACE AMOUNT.

$$

RAB
