000
CDUS46 KSGX 010016
CLIRNM


CLIMATE REPORT
NATIONAL WEATHER SERVICE SAN DIEGO, CA
516 PM PDT SUN AUG 31 2014


...................................

...THE RAMONA AIRPORT CA CLIMATE SUMMARY FOR AUGUST 31 2014...
VALID TODAY AS OF 0500 PM LOCAL TIME.

CLIMATE NORMAL PERIOD 1981 TO 2010
CLIMATE RECORD PERIOD 1974 TO 2014


WEATHER ITEM   OBSERVED TIME   RECORD YEAR NORMAL DEPARTURE LAST
                VALUE   (LST)  VALUE       VALUE  FROM      YEAR
                                                  NORMAL
..................................................................
TEMPERATURE (F)
 TODAY
  MAXIMUM         95   1230 PM 104    2007  90      5       92
  MINIMUM         56    533 AM  44    2005  57     -1       72
  AVERAGE         76                        74      2       82

PRECIPITATION (IN)
  TODAY            0.00          0.01 2005   0.01  -0.01     0.00
                                      2005
                                      2006
  MONTH TO DATE    0.25                      0.15   0.10     0.01
  SINCE JUL 1      0.41                      0.28   0.13     0.09
  SINCE JAN 1      5.50                     11.61  -6.11     4.59

SNOWFALL (IN)
  TODAY            0.0
  MONTH TO DATE    0.0
  SINCE JAN 1      0.0
  SINCE JUL 1      0.0
  SNOW DEPTH       0

DEGREE DAYS
 HEATING
  TODAY            0                         0      0        0
  MONTH TO DATE    0                         0      0        1
  SINCE JUN 1      7                        30    -23        3
  SINCE JUL 1      0                         3     -3        1

 COOLING
  TODAY           11                         9      2       17
  MONTH TO DATE  277                       278     -1      257
  SINCE JUN 1    656                       586     70      616
  SINCE JAN 1    739                       613    126      664
..................................................................


WIND (MPH)
  RESULTANT WIND SPEED   4   RESULTANT WIND DIRECTION   W (250)
  HIGHEST WIND SPEED    16   HIGHEST WIND DIRECTION     W (280)
  HIGHEST GUST SPEED    24   HIGHEST GUST DIRECTION     N (340)
  AVERAGE WIND SPEED     5.9


SKY COVER
  POSSIBLE SUNSHINE  MM
  AVERAGE SKY COVER 0.0


WEATHER CONDITIONS
 THE FOLLOWING WEATHER WAS RECORDED TODAY.
  NO SIGNIFICANT WEATHER WAS OBSERVED.


RELATIVE HUMIDITY (PERCENT)
 HIGHEST    72           400 AM
 LOWEST     18           900 AM
 AVERAGE    45

..........................................................


THE RAMONA AIRPORT CA CLIMATE NORMALS FOR TOMORROW
                         NORMAL    RECORD    YEAR
 MAXIMUM TEMPERATURE (F)   90       106      2007
 MINIMUM TEMPERATURE (F)   57        45      2005


SUNRISE AND SUNSET
AUGUST 31 2014........SUNRISE   621 AM PDT   SUNSET   714 PM PDT
SEPTEMBER  1 2014.....SUNRISE   622 AM PDT   SUNSET   712 PM PDT


-  INDICATES NEGATIVE NUMBERS.
R  INDICATES RECORD WAS SET OR TIED.
MM INDICATES DATA IS MISSING.
T  INDICATES TRACE AMOUNT.




$$
