000
CDUS46 KSGX 211131
CLIRNM


CLIMATE REPORT
NATIONAL WEATHER SERVICE SAN DIEGO, CA
431 AM PDT MON AUG 21 2017


...................................

...THE RAMONA AIRPORT CA CLIMATE SUMMARY FOR AUGUST 20 2017...

CLIMATE NORMAL PERIOD 1981 TO 2010
CLIMATE RECORD PERIOD 1974 TO 2017


WEATHER ITEM   OBSERVED TIME   RECORD YEAR NORMAL DEPARTURE LAST
                VALUE   (LST)  VALUE       VALUE  FROM      YEAR
                                                  NORMAL
..................................................................
TEMPERATURE (F)
 YESTERDAY
  MAXIMUM         87    104 PM 100    1982  91     -4       88
  MINIMUM         58    858 PM  46    2008  58      0       55
  AVERAGE         73                        74     -1       72

PRECIPITATION (IN)
  YESTERDAY        0.00          0.10 2003   0.00   0.00     0.00
  MONTH TO DATE    0.17                      0.08   0.09     0.00
  SINCE OCT 1     22.91                     15.68   7.23    13.19
  SINCE JAN 1     15.89                     11.54   4.35     9.66

DEGREE DAYS
 HEATING
  YESTERDAY        0                         0      0        0
  MONTH TO DATE    0                         0      0        0
  SINCE JUN 1     13                        29    -16        4
  SINCE JUL 1      0                         2     -2        0

 COOLING
  YESTERDAY        8                         9     -1        7
  MONTH TO DATE  197                       179     18      206
  SINCE JUN 1    738                       487    251      693
  SINCE JAN 1    788                       514    274      705
..................................................................


WIND (MPH)
  RESULTANT WIND SPEED   3   RESULTANT WIND DIRECTION   W (280)
  HIGHEST WIND SPEED    17   HIGHEST WIND DIRECTION     W (280)
  HIGHEST GUST SPEED    23   HIGHEST GUST DIRECTION     W (260)
  AVERAGE WIND SPEED     5.0


SKY COVER
  POSSIBLE SUNSHINE  MM
  AVERAGE SKY COVER 0.5


WEATHER CONDITIONS
 THE FOLLOWING WEATHER WAS RECORDED YESTERDAY.
  FOG
  FOG W/VISIBILITY <= 1/4 MILE


RELATIVE HUMIDITY (PERCENT)
 HIGHEST   100           100 AM
 LOWEST     40           100 PM
 AVERAGE    70

..........................................................


THE RAMONA AIRPORT CA CLIMATE NORMALS FOR TODAY
                         NORMAL    RECORD    YEAR
 MAXIMUM TEMPERATURE (F)   91       102      1982
 MINIMUM TEMPERATURE (F)   58        49      1993
                                             1990


SUNRISE AND SUNSET
AUGUST 21 2017........SUNRISE   615 AM PDT   SUNSET   726 PM PDT
AUGUST 22 2017........SUNRISE   616 AM PDT   SUNSET   725 PM PDT


-  INDICATES NEGATIVE NUMBERS.
R  INDICATES RECORD WAS SET OR TIED.
MM INDICATES DATA IS MISSING.
T  INDICATES TRACE AMOUNT.




$$
