502
CDUS46 KSGX 200120
CLIRNM


CLIMATE REPORT
NATIONAL WEATHER SERVICE SAN DIEGO, CA
520 PM PST SUN NOV 19 2017


...................................

...THE RAMONA AIRPORT CA CLIMATE SUMMARY FOR NOVEMBER 19 2017...
VALID TODAY AS OF 0500 PM LOCAL TIME.

CLIMATE NORMAL PERIOD 1981 TO 2010
CLIMATE RECORD PERIOD 1974 TO 2017


WEATHER ITEM   OBSERVED TIME   RECORD YEAR NORMAL DEPARTURE LAST
                VALUE   (LST)  VALUE       VALUE  FROM      YEAR
                                                  NORMAL
..................................................................
TEMPERATURE (F)
 TODAY
  MAXIMUM         MM        MM  91    2006  70     MM       78
  MINIMUM         MM        MM  23    1994  39     MM       34
  AVERAGE         MM                        54     MM       56

PRECIPITATION (IN)
  TODAY            0.00          0.35 1982   0.04  -0.04     0.00
  MONTH TO DATE    T                         0.78  -0.78     0.00
  SINCE OCT 1      T                         1.50  -1.50     0.18
  SINCE JAN 1     15.94                     13.40   2.54    10.34

DEGREE DAYS
 HEATING
  TODAY           MM                        11     MM        9
  MONTH TO DATE   93                       154    -61       59
  SINCE SEP 1    136                       270   -134      109
  SINCE JUL 1    136                       273   -137      109

 COOLING
  TODAY           MM                         0     MM        0
  MONTH TO DATE    0                         4     -4       17
  SINCE SEP 1    319                       235     84      223
  SINCE JAN 1   1254                       848    406     1019
..................................................................


WIND (MPH)
  RESULTANT WIND SPEED   5   RESULTANT WIND DIRECTION   W (270)
  HIGHEST WIND SPEED    14   HIGHEST WIND DIRECTION     W (250)
  HIGHEST GUST SPEED    MM   HIGHEST GUST DIRECTION    MM
  AVERAGE WIND SPEED     7.1


SKY COVER
  POSSIBLE SUNSHINE  MM
  AVERAGE SKY COVER 0.0


WEATHER CONDITIONS
 THE FOLLOWING WEATHER WAS RECORDED TODAY.
  NO SIGNIFICANT WEATHER WAS OBSERVED.


RELATIVE HUMIDITY (PERCENT)
 HIGHEST    MM
 LOWEST     MM
 AVERAGE    MM

..........................................................


THE RAMONA AIRPORT CA CLIMATE NORMALS FOR TOMORROW
                         NORMAL    RECORD    YEAR
 MAXIMUM TEMPERATURE (F)   70        88      2006
 MINIMUM TEMPERATURE (F)   38        23      1994


SUNRISE AND SUNSET
NOVEMBER 19 2017......SUNRISE   622 AM PST   SUNSET   444 PM PST
NOVEMBER 20 2017......SUNRISE   623 AM PST   SUNSET   443 PM PST


-  INDICATES NEGATIVE NUMBERS.
R  INDICATES RECORD WAS SET OR TIED.
MM INDICATES DATA IS MISSING.
T  INDICATES TRACE AMOUNT.




$$
