000
CDUS46 KSGX 231145
CLIRNM


CLIMATE REPORT
NATIONAL WEATHER SERVICE SAN DIEGO, CA
445 AM PDT SUN APR 23 2017


...................................

...THE RAMONA AIRPORT CA CLIMATE SUMMARY FOR APRIL 22 2017...

CLIMATE NORMAL PERIOD 1981 TO 2010
CLIMATE RECORD PERIOD 1974 TO 2017


WEATHER ITEM   OBSERVED TIME   RECORD YEAR NORMAL DEPARTURE LAST
                VALUE   (LST)  VALUE       VALUE  FROM      YEAR
                                                  NORMAL
..................................................................
TEMPERATURE (F)
 YESTERDAY
  MAXIMUM         91R   225 PM  90    1987  71     20       76
  MINIMUM         48    530 AM  34    2001  43      5       38
  AVERAGE         70                        57     13       57

PRECIPITATION (IN)
  YESTERDAY        0.00          0.56 2010   0.06  -0.06     0.00
  MONTH TO DATE    T                         1.04  -1.04     1.33
  SINCE OCT 1     21.58                     14.69   6.89    12.92
  SINCE JAN 1     14.56                     10.55   4.01     9.39

DEGREE DAYS
 HEATING
  YESTERDAY        0                         8     -8        8
  MONTH TO DATE  124                       217    -93      121
  SINCE MAR 1    351                       592   -241      435
  SINCE JUL 1   1786                      2333   -547     1938

 COOLING
  YESTERDAY        5                         0      5        0
  MONTH TO DATE    9                         0      9        1
  SINCE MAR 1     12                         0     12        1
  SINCE JAN 1     12                         1     11        6
..................................................................


WIND (MPH)
  RESULTANT WIND SPEED   3   RESULTANT WIND DIRECTION   W (270)
  HIGHEST WIND SPEED    16   HIGHEST WIND DIRECTION     W (270)
  HIGHEST GUST SPEED    18   HIGHEST GUST DIRECTION     W (280)
  AVERAGE WIND SPEED     3.6


SKY COVER
  POSSIBLE SUNSHINE  MM
  AVERAGE SKY COVER 0.0


WEATHER CONDITIONS
 THE FOLLOWING WEATHER WAS RECORDED YESTERDAY.
  NO SIGNIFICANT WEATHER WAS OBSERVED.


RELATIVE HUMIDITY (PERCENT)
 HIGHEST    89          1200 AM
 LOWEST     17           300 PM
 AVERAGE    53

..........................................................


THE RAMONA AIRPORT CA CLIMATE NORMALS FOR TODAY
                         NORMAL    RECORD    YEAR
 MAXIMUM TEMPERATURE (F)   71        89      1996
 MINIMUM TEMPERATURE (F)   43        31      2010


SUNRISE AND SUNSET
APRIL 23 2017.........SUNRISE   608 AM PDT   SUNSET   724 PM PDT
APRIL 24 2017.........SUNRISE   607 AM PDT   SUNSET   725 PM PDT


-  INDICATES NEGATIVE NUMBERS.
R  INDICATES RECORD WAS SET OR TIED.
MM INDICATES DATA IS MISSING.
T  INDICATES TRACE AMOUNT.




$$
