000
CDUS46 KSGX 061419
CLIRNM


CLIMATE REPORT
NATIONAL WEATHER SERVICE SAN DIEGO, CA
718 AM PDT FRI MAY 6 2016


...................................

...THE RAMONA AIRPORT CA CLIMATE SUMMARY FOR MAY 5 2016...

CLIMATE NORMAL PERIOD 1981 TO 2010
CLIMATE RECORD PERIOD 1974 TO 2016


WEATHER ITEM   OBSERVED TIME   RECORD YEAR NORMAL DEPARTURE LAST
                VALUE   (LST)  VALUE       VALUE  FROM      YEAR
                                                  NORMAL
..................................................................
TEMPERATURE (F)
 YESTERDAY
  MAXIMUM         62   1055 AM  94    1990  74    -12       68
  MINIMUM         53   1147 PM  37    2014  46      7       51
                                      1999
  AVERAGE         58                        60     -2       60

PRECIPITATION (IN)
  YESTERDAY        0.02          0.41 1998   0.03  -0.01     0.00
  MONTH TO DATE    0.02                      0.13  -0.11     0.00
  SINCE OCT 1     12.96                     15.18  -2.22     7.93
  SINCE JAN 1      9.43                     11.04  -1.61     3.33

DEGREE DAYS
 HEATING
  YESTERDAY        7                         6      1        5
  MONTH TO DATE   26                        31     -5        8
  SINCE MAR 1    536                       682   -146      396
  SINCE JUL 1   2039                      2423   -384     1580

 COOLING
  YESTERDAY        0                         0      0        0
  MONTH TO DATE    0                         0      0        6
  SINCE MAR 1      1                         4     -3       25
  SINCE JAN 1      6                         5      1       27
..................................................................


WIND (MPH)
  RESULTANT WIND SPEED   5   RESULTANT WIND DIRECTION   W (270)
  HIGHEST WIND SPEED    14   HIGHEST WIND DIRECTION     W (260)
  HIGHEST GUST SPEED    16   HIGHEST GUST DIRECTION     W (260)
  AVERAGE WIND SPEED     5.4


SKY COVER
  POSSIBLE SUNSHINE  MM
  AVERAGE SKY COVER 1.0


WEATHER CONDITIONS
 THE FOLLOWING WEATHER WAS RECORDED YESTERDAY.
  LIGHT RAIN
  FOG
  HAZE


RELATIVE HUMIDITY (PERCENT)
 HIGHEST    89           100 AM
 LOWEST     56          1100 AM
 AVERAGE    73

..........................................................


THE RAMONA AIRPORT CA CLIMATE NORMALS FOR TODAY
                         NORMAL    RECORD    YEAR
 MAXIMUM TEMPERATURE (F)   74        96      1990
 MINIMUM TEMPERATURE (F)   46        33      1975


SUNRISE AND SUNSET
MAY  6 2016...........SUNRISE   555 AM PDT   SUNSET   734 PM PDT
MAY  7 2016...........SUNRISE   554 AM PDT   SUNSET   735 PM PDT


-  INDICATES NEGATIVE NUMBERS.
R  INDICATES RECORD WAS SET OR TIED.
MM INDICATES DATA IS MISSING.
T  INDICATES TRACE AMOUNT.




$$
