000
CDUS46 KSGX 310020
CLIRNM


CLIMATE REPORT
NATIONAL WEATHER SERVICE SAN DIEGO, CA
520 PM PDT TUE AUG 30 2016


...................................

...THE RAMONA AIRPORT CA CLIMATE SUMMARY FOR AUGUST 30 2016...
VALID TODAY AS OF 0500 PM LOCAL TIME.

CLIMATE NORMAL PERIOD 1981 TO 2010
CLIMATE RECORD PERIOD 1974 TO 2016


WEATHER ITEM   OBSERVED TIME   RECORD YEAR NORMAL DEPARTURE LAST
                VALUE   (LST)  VALUE       VALUE  FROM      YEAR
                                                  NORMAL
..................................................................
TEMPERATURE (F)
 TODAY
  MAXIMUM         98   1250 PM 105    1976  91      7       93
  MINIMUM         58    509 AM  44    1974  57      1       61
  AVERAGE         78                        74      4       77

PRECIPITATION (IN)
  TODAY            0.00          0.02 2005   0.00   0.00     0.00
                                      2005
                                      2008
  MONTH TO DATE    0.00                      0.14  -0.14      T
  SINCE OCT 1     13.19                     15.74  -2.55    12.02
  SINCE JAN 1      9.66                     11.60  -1.94     7.42

DEGREE DAYS
 HEATING
  TODAY            0                         0      0        0
  MONTH TO DATE    0                         0      0        0
  SINCE JUN 1      4                        29    -25        8
  SINCE JUL 1      0                         2     -2        0

 COOLING
  TODAY           13                         9      4       12
  MONTH TO DATE  283                       269     14      324
  SINCE JUN 1    770                       577    193      737
  SINCE JAN 1    782                       604    178      772
..................................................................


WIND (MPH)
  RESULTANT WIND SPEED   4   RESULTANT WIND DIRECTION   W (280)
  HIGHEST WIND SPEED    16   HIGHEST WIND DIRECTION     W (270)
  HIGHEST GUST SPEED    20   HIGHEST GUST DIRECTION     W (270)
  AVERAGE WIND SPEED     4.7


SKY COVER
  POSSIBLE SUNSHINE  MM
  AVERAGE SKY COVER 0.0


WEATHER CONDITIONS
 THE FOLLOWING WEATHER WAS RECORDED TODAY.
  NO SIGNIFICANT WEATHER WAS OBSERVED.


RELATIVE HUMIDITY (PERCENT)
 HIGHEST    80           400 AM
 LOWEST     25           100 PM
 AVERAGE    53

..........................................................


THE RAMONA AIRPORT CA CLIMATE NORMALS FOR TOMORROW
                         NORMAL    RECORD    YEAR
 MAXIMUM TEMPERATURE (F)   90       104      2007
 MINIMUM TEMPERATURE (F)   57        44      2005


SUNRISE AND SUNSET
AUGUST 30 2016........SUNRISE   621 AM PDT   SUNSET   714 PM PDT
AUGUST 31 2016........SUNRISE   622 AM PDT   SUNSET   713 PM PDT


-  INDICATES NEGATIVE NUMBERS.
R  INDICATES RECORD WAS SET OR TIED.
MM INDICATES DATA IS MISSING.
T  INDICATES TRACE AMOUNT.




$$
