000
CDUS45 KREV 220043
CLIRNO


CLIMATE REPORT
NATIONAL WEATHER SERVICE RENO NV
443 PM PST SUN JAN 21 2018


...................................

...THE RENO-TAHOE INTL AIRPORT NV CLIMATE SUMMARY FOR JANUARY 21 2018...
VALID TODAY AS OF 0400 PM LOCAL TIME.

CLIMATE NORMAL PERIOD 1981 TO 2010
CLIMATE RECORD PERIOD 1888 TO 2018


WEATHER ITEM   OBSERVED TIME   RECORD YEAR NORMAL DEPARTURE LAST
                VALUE   (LST)  VALUE       VALUE  FROM      YEAR
                                                  NORMAL
..................................................................
TEMPERATURE (F)
 TODAY
  MAXIMUM         48    217 PM  62    1994  46      2       45
  MINIMUM         21    540 AM -17    1916  26     -5       32
  AVERAGE         35                        36     -1       39

PRECIPITATION (IN)
  TODAY            0.00          2.29 1943   0.02  -0.02     0.00
  MONTH TO DATE    0.54                      0.74  -0.20     4.88
  SINCE OCT 1      2.11                      3.10  -0.99     8.67
  SINCE JAN 1      0.54                      0.74  -0.20     4.88

SNOWFALL (IN)
  TODAY            0.0           3.5  1960   0.2   -0.2      0.0
  MONTH TO DATE    T                         4.5   -4.5     11.2
  SINCE DEC 1      1.0                       9.4   -8.4     12.0
  SINCE JUL 1      1.0                      12.9  -11.9     12.6
  SNOW DEPTH       0

DEGREE DAYS
 HEATING
  TODAY           30                        29      1       26
  MONTH TO DATE  463                       627   -164      644
  SINCE DEC 1   1341                      1548   -207     1507
  SINCE JUL 1   2281                      2651   -370     2385

 COOLING
  TODAY            0                         0      0        0
  MONTH TO DATE    0                         0      0        0
  SINCE DEC 1      0                         0      0        0
  SINCE JAN 1      0                         0      0        0
..................................................................


WIND (MPH)
  RESULTANT WIND SPEED   1   RESULTANT WIND DIRECTION  SW (220)
  HIGHEST WIND SPEED    18   HIGHEST WIND DIRECTION     W (280)
  HIGHEST GUST SPEED    28   HIGHEST GUST DIRECTION     W (290)
  AVERAGE WIND SPEED     2.2



WEATHER CONDITIONS
 THE FOLLOWING WEATHER WAS RECORDED TODAY.
  NO SIGNIFICANT WEATHER WAS OBSERVED.


RELATIVE HUMIDITY (PERCENT)
 HIGHEST    84           600 AM
 LOWEST     28           200 PM
 AVERAGE    56

..........................................................


THE RENO-TAHOE INTL AIRPORT NV CLIMATE NORMALS FOR TOMORROW
                         NORMAL    RECORD    YEAR
 MAXIMUM TEMPERATURE (F)   46        65      1981
 MINIMUM TEMPERATURE (F)   26        -9      1890


SUNRISE AND SUNSET
JANUARY 21 2018.......SUNRISE   715 AM PST   SUNSET   507 PM PST
JANUARY 22 2018.......SUNRISE   714 AM PST   SUNSET   508 PM PST


-  INDICATES NEGATIVE NUMBERS.
R  INDICATES RECORD WAS SET OR TIED.
MM INDICATES DATA IS MISSING.
T  INDICATES TRACE AMOUNT.




$$
