000
CDUS45 KREV 050039
CLIRNO


CLIMATE REPORT
NATIONAL WEATHER SERVICE RENO NV
538 PM PDT WED MAY 4 2016


...................................

...THE RENO TAHOE AIRPORT NV CLIMATE SUMMARY FOR MAY 4 2016...
VALID TODAY AS OF 0500 PM LOCAL TIME.

CLIMATE NORMAL PERIOD 1981 TO 2010
CLIMATE RECORD PERIOD 1888 TO 2016


WEATHER ITEM   OBSERVED TIME   RECORD YEAR NORMAL DEPARTURE LAST
                VALUE   (LST)  VALUE       VALUE  FROM      YEAR
                                                  NORMAL
..................................................................
TEMPERATURE (F)
 TODAY
  MAXIMUM         73    330 PM  87    1992  70      3       79
  MINIMUM         51    559 AM  24    1959  42      9       49
  AVERAGE         62                        56      6       64

PRECIPITATION (IN)
  TODAY            0.00          0.17 1930   0.01  -0.01      T
                                      1915
                                      1907
  MONTH TO DATE    0.00                      0.06  -0.06      T
  SINCE OCT 1      8.00                      5.70   2.30     3.27
  SINCE JAN 1      4.05                      3.34   0.71     1.85

SNOWFALL (IN)
  TODAY            0.0           T    1964   0.1   -0.1      0.0
  MONTH TO DATE    0.0                       0.1   -0.1      0.0
  SINCE MAR 1      6.8                       2.6    4.2       T
  SINCE JUL 1     30.9                      21.6    9.3      2.7
  SNOW DEPTH       0

DEGREE DAYS
 HEATING
  TODAY            3                         9     -6        1
  MONTH TO DATE   27                        39    -12        1
  SINCE MAR 1    835                      1063   -228      769
  SINCE JUL 1   4172                      4701   -529     3634

 COOLING
  TODAY            0                         0      0        0
  MONTH TO DATE    0                         0      0        3
  SINCE MAR 1      0                         1     -1        3
  SINCE JAN 1      0                         1     -1        3
..................................................................


WIND (MPH)
  RESULTANT WIND SPEED   1   RESULTANT WIND DIRECTION   S (190)
  HIGHEST WIND SPEED    20   HIGHEST WIND DIRECTION    SE (140)
  HIGHEST GUST SPEED    26   HIGHEST GUST DIRECTION    SE (140)
  AVERAGE WIND SPEED     4.9



WEATHER CONDITIONS
 THE FOLLOWING WEATHER WAS RECORDED TODAY.
  NO SIGNIFICANT WEATHER WAS OBSERVED.


RELATIVE HUMIDITY (PERCENT)
 HIGHEST    59           100 AM
 LOWEST     24           300 PM
 AVERAGE    42

..........................................................


THE RENO TAHOE AIRPORT NV CLIMATE NORMALS FOR TOMORROW
                         NORMAL    RECORD    YEAR
 MAXIMUM TEMPERATURE (F)   70        87      1992
                                             1990
                                             1989
 MINIMUM TEMPERATURE (F)   43        22      1960


SUNRISE AND SUNSET
MAY  4 2016...........SUNRISE   556 AM PDT   SUNSET   756 PM PDT
MAY  5 2016...........SUNRISE   555 AM PDT   SUNSET   757 PM PDT


-  INDICATES NEGATIVE NUMBERS.
R  INDICATES RECORD WAS SET OR TIED.
MM INDICATES DATA IS MISSING.
T  INDICATES TRACE AMOUNT.




$$
