000
CDUS45 KREV 240837
CLIRNO


CLIMATE REPORT
NATIONAL WEATHER SERVICE RENO NV
136 AM PDT TUE MAY 24 2016


...................................

...THE RENO TAHOE AIRPORT NV CLIMATE SUMMARY FOR MAY 23 2016...

CLIMATE NORMAL PERIOD 1981 TO 2010
CLIMATE RECORD PERIOD 1888 TO 2016


WEATHER ITEM   OBSERVED TIME   RECORD YEAR NORMAL DEPARTURE LAST
                VALUE   (LST)  VALUE       VALUE  FROM      YEAR
                                                  NORMAL
..................................................................
TEMPERATURE (F)
 YESTERDAY
  MAXIMUM         65    226 PM  94    2001  76    -11       63
  MINIMUM         39    256 AM  26    1968  47     -8       51
                                      1960
  AVERAGE         52                        62    -10       57

PRECIPITATION (IN)
  YESTERDAY        0.02          0.49 1959   0.02   0.00     0.05
  MONTH TO DATE    1.16                      0.36   0.80     0.95
  SINCE OCT 1      9.16                      6.00   3.16     4.22
  SINCE JAN 1      5.21                      3.64   1.57     2.80

SNOWFALL (IN)
  YESTERDAY        0.0           T    1944   0.0    0.0      0.0
  MONTH TO DATE    0.2                       0.3   -0.1       T
  SINCE MAR 1      7.0                       2.8    4.2       T
  SINCE JUL 1     31.1                      21.8    9.3      2.7
  SNOW DEPTH       0

DEGREE DAYS
 HEATING
  YESTERDAY       13                         5      8        8
  MONTH TO DATE  149                       171    -22      176
  SINCE MAR 1    957                      1195   -238      944
  SINCE JUL 1   4294                      4833   -539     3809

 COOLING
  YESTERDAY        0                         2     -2        0
  MONTH TO DATE   12                        18     -6        3
  SINCE MAR 1     12                        19     -7        3
  SINCE JAN 1     12                        19     -7        3
..................................................................


WIND (MPH)
  RESULTANT WIND SPEED   2   RESULTANT WIND DIRECTION  NW (320)
  HIGHEST WIND SPEED    20   HIGHEST WIND DIRECTION     W (290)
  HIGHEST GUST SPEED    25   HIGHEST GUST DIRECTION     W (290)
  AVERAGE WIND SPEED     5.9



WEATHER CONDITIONS
 THE FOLLOWING WEATHER WAS RECORDED YESTERDAY.
  LIGHT RAIN


RELATIVE HUMIDITY (PERCENT)
 HIGHEST    64           300 AM
 LOWEST     25           100 PM
 AVERAGE    45

..........................................................


THE RENO TAHOE AIRPORT NV CLIMATE NORMALS FOR TODAY
                         NORMAL    RECORD    YEAR
 MAXIMUM TEMPERATURE (F)   76        94      2001
 MINIMUM TEMPERATURE (F)   48        27      1968


SUNRISE AND SUNSET
MAY 24 2016...........SUNRISE   538 AM PDT   SUNSET   815 PM PDT
MAY 25 2016...........SUNRISE   537 AM PDT   SUNSET   816 PM PDT


-  INDICATES NEGATIVE NUMBERS.
R  INDICATES RECORD WAS SET OR TIED.
MM INDICATES DATA IS MISSING.
T  INDICATES TRACE AMOUNT.




$$
