000
CDUS45 KREV 180956
CLIRNO


CLIMATE REPORT
NATIONAL WEATHER SERVICE RENO NV
156 AM PST SAT NOV 18 2017


...................................

...THE RENO-TAHOE INTL AIRPORT NV CLIMATE SUMMARY FOR NOVEMBER 17 2017...

CLIMATE NORMAL PERIOD 1981 TO 2010
CLIMATE RECORD PERIOD 1888 TO 2017


WEATHER ITEM   OBSERVED TIME   RECORD YEAR NORMAL DEPARTURE LAST
                VALUE   (LST)  VALUE       VALUE  FROM      YEAR
                                                  NORMAL
..................................................................
TEMPERATURE (F)
 YESTERDAY
  MAXIMUM         49    105 AM  73    1995  54     -5       48
  MINIMUM         31   1159 PM   1    1958  30      1       23
  AVERAGE         40                        42     -2       36

PRECIPITATION (IN)
  YESTERDAY        0.01          0.88 1983   0.02  -0.01     0.00
  MONTH TO DATE    0.97                      0.42   0.55      T
  SINCE OCT 1      1.25                      0.93   0.32     2.43
  SINCE JAN 1     13.41                      5.97   7.44     7.68

SNOWFALL (IN)
  YESTERDAY        T             3.2  1994   0.1   -0.1      0.0
  MONTH TO DATE    T                         1.5   -1.5       T
  SINCE SEP 1      T                         1.9   -1.9       T
  SINCE JUL 1      T                         1.9   -1.9       T
  SNOW DEPTH       0

DEGREE DAYS
 HEATING
  YESTERDAY       25                        23      2       29
  MONTH TO DATE  274                       340    -66      230
  SINCE SEP 1    731                       766    -35      559
  SINCE JUL 1    731                       776    -45      559

 COOLING
  YESTERDAY        0                         0      0        0
  MONTH TO DATE    0                         0      0        0
  SINCE SEP 1    151                        93     58       95
  SINCE JAN 1   1401                       839    562     1088
..................................................................


WIND (MPH)
  RESULTANT WIND SPEED   5   RESULTANT WIND DIRECTION  NW (320)
  HIGHEST WIND SPEED    25   HIGHEST WIND DIRECTION    NW (310)
  HIGHEST GUST SPEED    35   HIGHEST GUST DIRECTION     W (280)
  AVERAGE WIND SPEED     9.2



WEATHER CONDITIONS
 THE FOLLOWING WEATHER WAS RECORDED YESTERDAY.
  LIGHT RAIN
  LIGHT SNOW
  FOG


RELATIVE HUMIDITY (PERCENT)
 HIGHEST    85           900 AM
 LOWEST     28           300 PM
 AVERAGE    57

..........................................................


THE RENO-TAHOE INTL AIRPORT NV CLIMATE NORMALS FOR TODAY
                         NORMAL    RECORD    YEAR
 MAXIMUM TEMPERATURE (F)   54        70      2008
                                             2007
 MINIMUM TEMPERATURE (F)   30         8      1975
                                             1964


SUNRISE AND SUNSET
NOVEMBER 18 2017......SUNRISE   647 AM PST   SUNSET   442 PM PST
NOVEMBER 19 2017......SUNRISE   648 AM PST   SUNSET   441 PM PST


-  INDICATES NEGATIVE NUMBERS.
R  INDICATES RECORD WAS SET OR TIED.
MM INDICATES DATA IS MISSING.
T  INDICATES TRACE AMOUNT.




$$
