000
CDUS45 KREV 260838
CLIRNO


CLIMATE REPORT
NATIONAL WEATHER SERVICE RENO NV
137 AM PDT SUN MAR 26 2017


...................................

...THE RENO-TAHOE INTL AIRPORT NV CLIMATE SUMMARY FOR MARCH 25 2017...

CLIMATE NORMAL PERIOD 1981 TO 2010
CLIMATE RECORD PERIOD 1888 TO 2017


WEATHER ITEM   OBSERVED TIME   RECORD YEAR NORMAL DEPARTURE LAST
                VALUE   (LST)  VALUE       VALUE  FROM      YEAR
                                                  NORMAL
..................................................................
TEMPERATURE (F)
 YESTERDAY
  MAXIMUM         59    231 PM  78    1960  60     -1       67
  MINIMUM         38    648 AM  12    1902  35      3       35
  AVERAGE         49                        47      2       51

PRECIPITATION (IN)
  YESTERDAY        0.00          0.60 1928   0.02  -0.02     0.00
  MONTH TO DATE    0.66                      0.66   0.00     0.29
  SINCE OCT 1     13.44                      5.07   8.37     6.36
  SINCE JAN 1      9.65                      2.71   6.94     2.41

SNOWFALL (IN)
  YESTERDAY        0.0           2.4  1920   0.0    0.0      0.0
  MONTH TO DATE    2.9                       1.7    1.2       T
  SINCE MAR 1      2.9                       1.7    1.2       T
  SINCE JUL 1     27.0                      20.7    6.3     24.1
  SNOW DEPTH       0

DEGREE DAYS
 HEATING
  YESTERDAY       16                        18     -2       14
  MONTH TO DATE  391                       492   -101      395
  SINCE MAR 1    391                       492   -101      395
  SINCE JUL 1   3764                      4130   -366     3732

 COOLING
  YESTERDAY        0                         0      0        0
  MONTH TO DATE    0                         0      0        0
  SINCE MAR 1      0                         0      0        0
  SINCE JAN 1      0                         0      0        0
..................................................................


WIND (MPH)
  RESULTANT WIND SPEED   4   RESULTANT WIND DIRECTION  NW (310)
  HIGHEST WIND SPEED    20   HIGHEST WIND DIRECTION     W (290)
  HIGHEST GUST SPEED    25   HIGHEST GUST DIRECTION     W (290)
  AVERAGE WIND SPEED     5.8



WEATHER CONDITIONS
 THE FOLLOWING WEATHER WAS RECORDED YESTERDAY.
  NO SIGNIFICANT WEATHER WAS OBSERVED.


RELATIVE HUMIDITY (PERCENT)
 HIGHEST    79           600 AM
 LOWEST     30           200 PM
 AVERAGE    55

..........................................................


THE RENO-TAHOE INTL AIRPORT NV CLIMATE NORMALS FOR TODAY
                         NORMAL    RECORD    YEAR
 MAXIMUM TEMPERATURE (F)   60        77      1988
 MINIMUM TEMPERATURE (F)   35        11      1902


SUNRISE AND SUNSET
MARCH 26 2017.........SUNRISE   652 AM PDT   SUNSET   718 PM PDT
MARCH 27 2017.........SUNRISE   651 AM PDT   SUNSET   719 PM PDT


-  INDICATES NEGATIVE NUMBERS.
R  INDICATES RECORD WAS SET OR TIED.
MM INDICATES DATA IS MISSING.
T  INDICATES TRACE AMOUNT.




$$
