000
CDUS45 KREV 270836
CLIRNO


CLIMATE REPORT
NATIONAL WEATHER SERVICE RENO NV
135 AM PDT WED AUG 27 2014


...................................

...THE RENO TAHOE AIRPORT NV CLIMATE SUMMARY FOR AUGUST 26 2014...

CLIMATE NORMAL PERIOD 1981 TO 2010
CLIMATE RECORD PERIOD 1888 TO 2014


WEATHER ITEM   OBSERVED TIME   RECORD YEAR NORMAL DEPARTURE LAST
                VALUE   (LST)  VALUE       VALUE  FROM      YEAR
                                                  NORMAL
..................................................................
TEMPERATURE (F)
 YESTERDAY
  MAXIMUM         83    319 PM  99    2011  89     -6       86
                                      1924
  MINIMUM         54    554 AM  33    1960  54      0       56
  AVERAGE         69                        71     -2       71

PRECIPITATION (IN)
  YESTERDAY        0.00          0.28 1928   0.00   0.00     0.00
  MONTH TO DATE    1.08                      0.20   0.88     1.08
  SINCE OCT 1      4.24                      7.02  -2.78     6.08
  SINCE JAN 1      3.28                      4.66  -1.38     3.04

SNOWFALL (IN)
  YESTERDAY        0.0           0.0    MM   0.0    0.0      0.0
  MONTH TO DATE    0.0                       0.0    0.0       T
  SINCE JUN 1      0.0                       T      0.0       T
  SINCE JUL 1      0.0                       0.0    0.0       T
  SNOW DEPTH       0

DEGREE DAYS
 HEATING
  YESTERDAY        0                         0      0        0
  MONTH TO DATE    4                         0      4        0
  SINCE JUN 1     14                        61    -47       16
  SINCE JUL 1      4                         5     -1        0

 COOLING
  YESTERDAY        4                         6     -2        6
  MONTH TO DATE  237                       229      8      247
  SINCE JUN 1    939                       679    260      950
  SINCE JAN 1    986                       716    270      986
..................................................................


WIND (MPH)
  RESULTANT WIND SPEED   2   RESULTANT WIND DIRECTION  NE (30)
  HIGHEST WIND SPEED    17   HIGHEST WIND DIRECTION    NE (50)
  HIGHEST GUST SPEED    25   HIGHEST GUST DIRECTION     N (10)
  AVERAGE WIND SPEED     5.1



WEATHER CONDITIONS
 THE FOLLOWING WEATHER WAS RECORDED YESTERDAY.
  NO SIGNIFICANT WEATHER WAS OBSERVED.


RELATIVE HUMIDITY (PERCENT)
 HIGHEST    66           400 AM
 LOWEST     16           200 PM
 AVERAGE    41

..........................................................


THE RENO TAHOE AIRPORT NV CLIMATE NORMALS FOR TODAY
                         NORMAL    RECORD    YEAR
 MAXIMUM TEMPERATURE (F)   88       100      1924
 MINIMUM TEMPERATURE (F)   54        34      1966
                                             1963
                                             1960


SUNRISE AND SUNSET
AUGUST 27 2014........SUNRISE   623 AM PDT   SUNSET   738 PM PDT
AUGUST 28 2014........SUNRISE   624 AM PDT   SUNSET   736 PM PDT


-  INDICATES NEGATIVE NUMBERS.
R  INDICATES RECORD WAS SET OR TIED.
MM INDICATES DATA IS MISSING.
T  INDICATES TRACE AMOUNT.




$$
