000
CDUS45 KREV 010846
CLIRNO


CLIMATE REPORT
NATIONAL WEATHER SERVICE RENO NV
143 AM PDT SAT AUG 1 2015


...................................

...THE RENO TAHOE AIRPORT NV CLIMATE SUMMARY FOR JULY 31 2015...

CLIMATE NORMAL PERIOD 1981 TO 2010
CLIMATE RECORD PERIOD 1888 TO 2015


WEATHER ITEM   OBSERVED TIME   RECORD YEAR NORMAL DEPARTURE LAST
                VALUE   (LST)  VALUE       VALUE  FROM      YEAR
                                                  NORMAL
..................................................................
TEMPERATURE (F)
 YESTERDAY
  MAXIMUM         93    459 PM 103    2000  93      0       92
  MINIMUM         69    313 AM  37    1964  58     11       63
  AVERAGE         81                        76      5       78

PRECIPITATION (IN)
  YESTERDAY        T             0.63 1971   0.01  -0.01     0.00
  MONTH TO DATE    0.51                      0.18   0.33     0.20
  SINCE OCT 1      5.72                      6.82  -1.10     3.16
  SINCE JAN 1      4.30                      4.46  -0.16     2.20

SNOWFALL (IN)
  YESTERDAY        0.0           0.0    MM   0.0    0.0      0.0
  MONTH TO DATE    0.0                       0.0    0.0      0.0
  SINCE JUN 1      0.0                       T      0.0      0.0
  SINCE JUL 1      0.0                       0.0    0.0      0.0
  SNOW DEPTH       0

DEGREE DAYS
 HEATING
  YESTERDAY        0                         0      0        0
  MONTH TO DATE    1                         0      1        0
  SINCE JUN 1      8                        61    -53       10
  SINCE JUL 1      1                         5     -4        0

 COOLING
  YESTERDAY       16                        11      5       13
  MONTH TO DATE  324                       314     10      490
  SINCE JUN 1    609                       450    159      702
  SINCE JAN 1    643                       487    156      749
..................................................................


WIND (MPH)
  RESULTANT WIND SPEED   1   RESULTANT WIND DIRECTION  SW (220)
  HIGHEST WIND SPEED    31   HIGHEST WIND DIRECTION     S (170)
  HIGHEST GUST SPEED    40   HIGHEST GUST DIRECTION    SE (150)
  AVERAGE WIND SPEED     5.0



WEATHER CONDITIONS
 THE FOLLOWING WEATHER WAS RECORDED YESTERDAY.
  LIGHT RAIN


RELATIVE HUMIDITY (PERCENT)
 HIGHEST    29           500 AM
 LOWEST     13           500 PM
 AVERAGE    21

..........................................................


THE RENO TAHOE AIRPORT NV CLIMATE NORMALS FOR TODAY
                         NORMAL    RECORD    YEAR
 MAXIMUM TEMPERATURE (F)   93       103      2000
 MINIMUM TEMPERATURE (F)   58        36      1942


SUNRISE AND SUNSET
AUGUST  1 2015........SUNRISE   559 AM PDT   SUNSET   812 PM PDT
AUGUST  2 2015........SUNRISE   559 AM PDT   SUNSET   811 PM PDT


-  INDICATES NEGATIVE NUMBERS.
R  INDICATES RECORD WAS SET OR TIED.
MM INDICATES DATA IS MISSING.
T  INDICATES TRACE AMOUNT.




$$
