000
CDUS45 KREV 010839
CLIRNO


CLIMATE REPORT
NATIONAL WEATHER SERVICE RENO NV
1238 AM PST SUN FEB 1 2015


...................................

...THE RENO TAHOE AIRPORT NV CLIMATE SUMMARY FOR JANUARY 31 2015...

CLIMATE NORMAL PERIOD 1981 TO 2010
CLIMATE RECORD PERIOD 1888 TO 2015


WEATHER ITEM   OBSERVED TIME   RECORD YEAR NORMAL DEPARTURE LAST
                VALUE   (LST)  VALUE       VALUE  FROM      YEAR
                                                  NORMAL
..................................................................
TEMPERATURE (F)
 YESTERDAY
  MAXIMUM         55    319 PM  71    2003  48      7       41
  MINIMUM         24    657 AM -13    1916  27     -3       26
  AVERAGE         40                        37      3       34

PRECIPITATION (IN)
  YESTERDAY        0.00          1.59 1963   0.03  -0.03     0.01
  MONTH TO DATE    0.06                      1.03  -0.97     0.38
  SINCE OCT 1      1.48                      3.39  -1.91     1.34
  SINCE JAN 1      0.06                      1.03  -0.97     0.38

SNOWFALL (IN)
  YESTERDAY        0.0           3.5  1932   0.1   -0.1      0.2
  MONTH TO DATE    0.0                       5.6   -5.6      0.4
  SINCE DEC 1      2.2                      10.5   -8.3      4.7
  SINCE JUL 1      2.2                      14.0  -11.8      5.1
  SNOW DEPTH       0

DEGREE DAYS
 HEATING
  YESTERDAY       25                        28     -3       31
  MONTH TO DATE  757                       912   -155      787
  SINCE DEC 1   1523                      1834   -311     1903
  SINCE JUL 1   2348                      2937   -589     3021

 COOLING
  YESTERDAY        0                         0      0        0
  MONTH TO DATE    0                         0      0        0
  SINCE DEC 1      0                         0      0        0
  SINCE JAN 1      0                         0      0        0
..................................................................


WIND (MPH)
  RESULTANT WIND SPEED   1   RESULTANT WIND DIRECTION   E (80)
  HIGHEST WIND SPEED    12   HIGHEST WIND DIRECTION    NE (40)
  HIGHEST GUST SPEED    16   HIGHEST GUST DIRECTION    NE (40)
  AVERAGE WIND SPEED     2.9



WEATHER CONDITIONS
 THE FOLLOWING WEATHER WAS RECORDED YESTERDAY.
  NO SIGNIFICANT WEATHER WAS OBSERVED.


RELATIVE HUMIDITY (PERCENT)
 HIGHEST    92           500 AM
 LOWEST     24           200 PM
 AVERAGE    58

..........................................................


THE RENO TAHOE AIRPORT NV CLIMATE NORMALS FOR TODAY
                         NORMAL    RECORD    YEAR
 MAXIMUM TEMPERATURE (F)   48        66      1934
 MINIMUM TEMPERATURE (F)   27        -8      1956


SUNRISE AND SUNSET
FEBRUARY  1 2015......SUNRISE   707 AM PST   SUNSET   519 PM PST
FEBRUARY  2 2015......SUNRISE   706 AM PST   SUNSET   520 PM PST


-  INDICATES NEGATIVE NUMBERS.
R  INDICATES RECORD WAS SET OR TIED.
MM INDICATES DATA IS MISSING.
T  INDICATES TRACE AMOUNT.




$$
