000
CDUS45 KREV 120836
CLIRNO


CLIMATE REPORT
NATIONAL WEATHER SERVICE RENO NV
135 AM PDT SAT JUL 12 2014


...................................

...THE RENO TAHOE AIRPORT NV CLIMATE SUMMARY FOR JULY 11 2014...

CLIMATE NORMAL PERIOD 1981 TO 2010
CLIMATE RECORD PERIOD 1888 TO 2014


WEATHER ITEM   OBSERVED TIME   RECORD YEAR NORMAL DEPARTURE LAST
                VALUE   (LST)  VALUE       VALUE  FROM      YEAR
                                                  NORMAL
..................................................................
TEMPERATURE (F)
 YESTERDAY
  MAXIMUM         91   1254 PM 108    2002  92     -1       91
  MINIMUM         74    537 AM  33    1974  58     16       65
                                      1960
  AVERAGE         83                        75      8       78

PRECIPITATION (IN)
  YESTERDAY        0.00          0.12 1952   0.00   0.00     0.00
  MONTH TO DATE    0.05                      0.06  -0.01     0.21
  SINCE OCT 1      3.01                      6.70  -3.69     4.72
  SINCE JAN 1      2.05                      4.34  -2.29     1.68

SNOWFALL (IN)
  YESTERDAY        0.0           0.0    MM   0.0    0.0      0.0
  MONTH TO DATE    0.0                       0.0    0.0      0.0
  SINCE JUN 1      0.0                       T      0.0      0.0
  SINCE JUL 1      0.0                       0.0    0.0      0.0
  SNOW DEPTH       0

DEGREE DAYS
 HEATING
  YESTERDAY        0                         0      0        0
  MONTH TO DATE    0                         0      0        0
  SINCE JUN 1     10                        56    -46       16
  SINCE JUL 1      0                         0      0        0

 COOLING
  YESTERDAY       18                        10      8       13
  MONTH TO DATE  180                        97     83      180
  SINCE JUN 1    392                       233    159      407
  SINCE JAN 1    439                       270    169      443
..................................................................


WIND (MPH)
  RESULTANT WIND SPEED   7   RESULTANT WIND DIRECTION  NW (330)
  HIGHEST WIND SPEED    20   HIGHEST WIND DIRECTION    NE (50)
  HIGHEST GUST SPEED    26   HIGHEST GUST DIRECTION     E (70)
  AVERAGE WIND SPEED     9.6



WEATHER CONDITIONS
 THE FOLLOWING WEATHER WAS RECORDED YESTERDAY.
  THUNDERSTORM


RELATIVE HUMIDITY (PERCENT)
 HIGHEST    38           300 AM
 LOWEST     21           100 PM
 AVERAGE    30

..........................................................


THE RENO TAHOE AIRPORT NV CLIMATE NORMALS FOR TODAY
                         NORMAL    RECORD    YEAR
 MAXIMUM TEMPERATURE (F)   92       104      2005
 MINIMUM TEMPERATURE (F)   58        36      1965


SUNRISE AND SUNSET
JULY 12 2014..........SUNRISE   542 AM PDT   SUNSET   827 PM PDT
JULY 13 2014..........SUNRISE   543 AM PDT   SUNSET   826 PM PDT


-  INDICATES NEGATIVE NUMBERS.
R  INDICATES RECORD WAS SET OR TIED.
MM INDICATES DATA IS MISSING.
T  INDICATES TRACE AMOUNT.




$$
