000
CDUS45 KREV 290846
CLIRNO


CLIMATE REPORT
NATIONAL WEATHER SERVICE RENO NV
145 AM PDT FRI MAY 29 2015


...................................

...THE RENO TAHOE AIRPORT NV CLIMATE SUMMARY FOR MAY 28 2015...

CLIMATE NORMAL PERIOD 1981 TO 2010
CLIMATE RECORD PERIOD 1888 TO 2015


WEATHER ITEM   OBSERVED TIME   RECORD YEAR NORMAL DEPARTURE LAST
                VALUE   (LST)  VALUE       VALUE  FROM      YEAR
                                                  NORMAL
..................................................................
TEMPERATURE (F)
 YESTERDAY
  MAXIMUM         84    500 PM  97    2003  77      7       78
  MINIMUM         51    438 AM  31    1982  48      3       52
                                      1977
                                      1895
  AVERAGE         68                        63      5       65

PRECIPITATION (IN)
  YESTERDAY        0.00          0.93 1919   0.01  -0.01     0.00
  MONTH TO DATE    1.01                      0.44   0.57     0.54
  SINCE OCT 1      4.28                      6.08  -1.80     2.96
  SINCE JAN 1      2.86                      3.72  -0.86     2.00

SNOWFALL (IN)
  YESTERDAY        0.0           T    2011   0.0    0.0      0.0
                                      1942
  MONTH TO DATE    T                         0.3   -0.3       T
  SINCE MAR 1      T                         2.8   -2.8       T
  SINCE JUL 1      2.7                      21.8  -19.1      6.2
  SNOW DEPTH       0

DEGREE DAYS
 HEATING
  YESTERDAY        0                         4     -4        0
  MONTH TO DATE  185                       194     -9      131
  SINCE MAR 1    953                      1218   -265      955
  SINCE JUL 1   3818                      4856  -1038     4539

 COOLING
  YESTERDAY        3                         2      1        0
  MONTH TO DATE    7                        28    -21       47
  SINCE MAR 1      7                        29    -22       47
  SINCE JAN 1      7                        29    -22       47
..................................................................


WIND (MPH)
  RESULTANT WIND SPEED   1   RESULTANT WIND DIRECTION   N (0)
  HIGHEST WIND SPEED    20   HIGHEST WIND DIRECTION     N (10)
  HIGHEST GUST SPEED    27   HIGHEST GUST DIRECTION    NW (330)
  AVERAGE WIND SPEED     4.4



WEATHER CONDITIONS
 THE FOLLOWING WEATHER WAS RECORDED YESTERDAY.
  NO SIGNIFICANT WEATHER WAS OBSERVED.


RELATIVE HUMIDITY (PERCENT)
 HIGHEST    50           300 AM
 LOWEST     14           200 PM
 AVERAGE    32

..........................................................


THE RENO TAHOE AIRPORT NV CLIMATE NORMALS FOR TODAY
                         NORMAL    RECORD    YEAR
 MAXIMUM TEMPERATURE (F)   78        96      1986
 MINIMUM TEMPERATURE (F)   49        28      1895


SUNRISE AND SUNSET
MAY 29 2015...........SUNRISE   535 AM PDT   SUNSET   818 PM PDT
MAY 30 2015...........SUNRISE   535 AM PDT   SUNSET   819 PM PDT


-  INDICATES NEGATIVE NUMBERS.
R  INDICATES RECORD WAS SET OR TIED.
MM INDICATES DATA IS MISSING.
T  INDICATES TRACE AMOUNT.




$$
