000
CDUS41 KRNK 300747
CLIROA


CLIMATE REPORT
NATIONAL WEATHER SERVICE BLACKSBURG VA
346 AM EDT THU MAR 30 2017


...................................

...THE ROANOKE VA CLIMATE SUMMARY FOR MARCH 29 2017...

CLIMATE NORMAL PERIOD 1981 TO 2010
CLIMATE RECORD PERIOD 1912 TO 2017


WEATHER ITEM   OBSERVED TIME   RECORD YEAR NORMAL DEPARTURE LAST
                VALUE   (LST)  VALUE       VALUE  FROM      YEAR
                                                  NORMAL
..................................................................
TEMPERATURE (F)
 YESTERDAY
  MAXIMUM         74    420 PM  88    1945  62     12       64
  MINIMUM         53    549 AM  19    1982  41     12       44
  AVERAGE         64                        52     12       54

PRECIPITATION (IN)
  YESTERDAY        0.00          1.77 2001   0.12  -0.12     0.00
  MONTH TO DATE    1.35                      3.22  -1.87     2.24
  SINCE MAR 1      1.35                      3.22  -1.87     2.24
  SINCE JAN 1      5.99                      9.03  -3.04    10.47

SNOWFALL (IN)
  YESTERDAY        0.0                                       0.0
  MONTH TO DATE    0.1                                       1.0
  SINCE MAR 1      0.1                                       1.0
  SINCE JUL 1      4.6                                      23.0
  SNOW DEPTH       0

DEGREE DAYS
 HEATING
  YESTERDAY        1                        14    -13       11
  MONTH TO DATE  488                       525    -37      324
  SINCE MAR 1    488                       525    -37      324
  SINCE JUL 1   2952                      3730   -778     3158

 COOLING
  YESTERDAY        0                         0      0        0
  MONTH TO DATE    2                         0      2       10
  SINCE MAR 1      2                         0      2       10
  SINCE JAN 1      2                         0      2       10
..................................................................


WIND (MPH)
  HIGHEST WIND SPEED    16   HIGHEST WIND DIRECTION     E (110)
  HIGHEST GUST SPEED    20   HIGHEST GUST DIRECTION     E (110)
  AVERAGE WIND SPEED     7.1


SKY COVER
  AVERAGE SKY COVER 0.4


WEATHER CONDITIONS
 THE FOLLOWING WEATHER WAS RECORDED YESTERDAY.
  NO SIGNIFICANT WEATHER WAS OBSERVED.


RELATIVE HUMIDITY (PERCENT)
 HIGHEST    77           100 AM
 LOWEST     35           300 PM
 AVERAGE    56

..........................................................


THE ROANOKE VA CLIMATE NORMALS FOR TODAY
                         NORMAL    RECORD    YEAR
 MAXIMUM TEMPERATURE (F)   63        85      1963
 MINIMUM TEMPERATURE (F)   41        20      1964


SUNRISE AND SUNSET
MARCH 30 2017.........SUNRISE   708 AM EDT   SUNSET   741 PM EDT
MARCH 31 2017.........SUNRISE   707 AM EDT   SUNSET   742 PM EDT


-  INDICATES NEGATIVE NUMBERS.
R  INDICATES RECORD WAS SET OR TIED.
MM INDICATES DATA IS MISSING.
T  INDICATES TRACE AMOUNT.




$$
