814
CDUS41 KRNK 312118
CLIROA


CLIMATE REPORT
NATIONAL WEATHER SERVICE BLACKSBURG VA
516 PM EDT WED AUG 31 2016


...................................

...THE ROANOKE VA CLIMATE SUMMARY FOR AUGUST 31 2016...
VALID TODAY AS OF 0500 PM LOCAL TIME.

CLIMATE NORMAL PERIOD 1981 TO 2010
CLIMATE RECORD PERIOD 1912 TO 2016


WEATHER ITEM   OBSERVED TIME   RECORD YEAR NORMAL DEPARTURE LAST
                VALUE   (LST)  VALUE       VALUE  FROM      YEAR
                                                  NORMAL
..................................................................
TEMPERATURE (F)
 TODAY
  MAXIMUM         91    128 PM 104    1932  84      7       87
  MINIMUM         69    555 AM  45    1976  63      6       67
  AVERAGE         80                        73      7       77

PRECIPITATION (IN)
  TODAY            0.01          2.58 1952   0.12  -0.11      T
  MONTH TO DATE    3.66                      3.56   0.10     3.09
  SINCE JUN 1     15.24                     11.43   3.81    16.45
  SINCE JAN 1     32.97                     28.13   4.84    31.43

SNOWFALL (IN)
  TODAY            0.0                                       0.0
  MONTH TO DATE    0.0                                       0.0
  SINCE JUN 1      0.0                                        T
  SINCE JUL 1      0.0                                       0.0
  SNOW DEPTH       0

DEGREE DAYS
 HEATING
  TODAY            0                         0      0        0
  MONTH TO DATE    0                         0      0        0
  SINCE JUN 1      0                        12    -12        7
  SINCE JUL 1      0                         1     -1        0

 COOLING
  TODAY           15                         8      7       12
  MONTH TO DATE  399                       324     75      330
  SINCE JUN 1   1124                       931    193     1048
  SINCE JAN 1   1249                      1047    202     1216
..................................................................


WIND (MPH)
  HIGHEST WIND SPEED    17   HIGHEST WIND DIRECTION     S (180)
  HIGHEST GUST SPEED    24   HIGHEST GUST DIRECTION     S (180)
  AVERAGE WIND SPEED     2.8


SKY COVER
  AVERAGE SKY COVER 0.2


WEATHER CONDITIONS
 THE FOLLOWING WEATHER WAS RECORDED TODAY.
  LIGHT RAIN


RELATIVE HUMIDITY (PERCENT)
 HIGHEST    97           500 AM
 LOWEST     47           100 PM
 AVERAGE    72

..........................................................


THE ROANOKE VA CLIMATE NORMALS FOR TOMORROW
                         NORMAL    RECORD    YEAR
 MAXIMUM TEMPERATURE (F)   83       103      1932
 MINIMUM TEMPERATURE (F)   63        44      1946


SUNRISE AND SUNSET
AUGUST 31 2016........SUNRISE   650 AM EDT   SUNSET   749 PM EDT
SEPTEMBER  1 2016.....SUNRISE   651 AM EDT   SUNSET   748 PM EDT


-  INDICATES NEGATIVE NUMBERS.
R  INDICATES RECORD WAS SET OR TIED.
MM INDICATES DATA IS MISSING.
T  INDICATES TRACE AMOUNT.


$$

PW
