513
CDUS41 KRNK 192214
CLIROA


CLIMATE REPORT
NATIONAL WEATHER SERVICE BLACKSBURG VA
513 PM EST THU JAN 19 2017


...................................

...THE ROANOKE VA CLIMATE SUMMARY FOR JANUARY 19 2017...
VALID TODAY AS OF 0500 PM LOCAL TIME.

CLIMATE NORMAL PERIOD 1981 TO 2010
CLIMATE RECORD PERIOD 1912 TO 2017


WEATHER ITEM   OBSERVED TIME   RECORD YEAR NORMAL DEPARTURE LAST
                VALUE   (LST)  VALUE       VALUE  FROM      YEAR
                                                  NORMAL
..................................................................
TEMPERATURE (F)
 TODAY
  MAXIMUM         61    352 PM  70    1929  46     15       25
  MINIMUM         37    809 AM  -6    1994  27     10       12
  AVERAGE         49                        36     13       19

PRECIPITATION (IN)
  TODAY            0.00          1.90 1936   0.09  -0.09     0.00
  MONTH TO DATE    1.37                      1.77  -0.40     1.40
  SINCE DEC 1      4.16                      4.71  -0.55     5.95
  SINCE JAN 1      1.37                      1.77  -0.40     1.40

SNOWFALL (IN)
  TODAY            0.0                                       0.0
  MONTH TO DATE    4.5                                       0.3
  SINCE DEC 1      4.5                                       0.3
  SINCE JUL 1      4.5                                       0.3
  SNOW DEPTH       0

DEGREE DAYS
 HEATING
  TODAY           16                        29    -13       46
  MONTH TO DATE  470                       548    -78      577
  SINCE DEC 1   1229                      1354   -125     1038
  SINCE JUL 1   1757                      2158   -401     1680

 COOLING
  TODAY            0                         0      0        0
  MONTH TO DATE    0                         0      0        0
  SINCE DEC 1      0                         0      0        0
  SINCE JAN 1      0                         0      0        0
..................................................................


WIND (MPH)
  HIGHEST WIND SPEED    13   HIGHEST WIND DIRECTION    NW (300)
  HIGHEST GUST SPEED    17   HIGHEST GUST DIRECTION    NW (300)
  AVERAGE WIND SPEED     5.0


SKY COVER
  AVERAGE SKY COVER 0.1


WEATHER CONDITIONS
 THE FOLLOWING WEATHER WAS RECORDED TODAY.
  NO SIGNIFICANT WEATHER WAS OBSERVED.


RELATIVE HUMIDITY (PERCENT)
 HIGHEST    85           200 AM
 LOWEST     42           300 PM
 AVERAGE    64

..........................................................


THE ROANOKE VA CLIMATE NORMALS FOR TOMORROW
                         NORMAL    RECORD    YEAR
 MAXIMUM TEMPERATURE (F)   46        69      1951
 MINIMUM TEMPERATURE (F)   27       -10      1985


SUNRISE AND SUNSET
JANUARY 19 2017.......SUNRISE   731 AM EST   SUNSET   530 PM EST
JANUARY 20 2017.......SUNRISE   731 AM EST   SUNSET   532 PM EST


-  INDICATES NEGATIVE NUMBERS.
R  INDICATES RECORD WAS SET OR TIED.
MM INDICATES DATA IS MISSING.
T  INDICATES TRACE AMOUNT.




$$
