000
CDUS41 KRNK 190916
CLIROA


CLIMATE REPORT
NATIONAL WEATHER SERVICE BLACKSBURG VA
514 AM EDT SAT APR 19 2014


...................................

...THE ROANOKE VA CLIMATE SUMMARY FOR APRIL 18 2014...

CLIMATE NORMAL PERIOD 1981 TO 2010
CLIMATE RECORD PERIOD 1912 TO 2014


WEATHER ITEM   OBSERVED TIME   RECORD YEAR NORMAL DEPARTURE LAST
                VALUE   (LST)  VALUE       VALUE  FROM      YEAR
                                                  NORMAL
..................................................................
TEMPERATURE (F)
 YESTERDAY
  MAXIMUM         53    603 PM  91    1976  69    -16       77
                                      1937
  MINIMUM         38    458 AM  27    1951  46     -8       60
  AVERAGE         46                        57    -11       69

PRECIPITATION (IN)
  YESTERDAY        0.00          0.97 1924   0.11  -0.11      T
  MONTH TO DATE    2.18                      2.01   0.17     2.17
  SINCE MAR 1      4.94                      5.47  -0.53     5.57
  SINCE JAN 1     11.22                     11.28  -0.06    14.86

SNOWFALL (IN)
  YESTERDAY        0.0
  MONTH TO DATE    0.0
  SINCE MAR 1      5.6
  SINCE JUL 1     28.0
  SNOW DEPTH       0

DEGREE DAYS
 HEATING
  YESTERDAY       19                         8     11        0
  MONTH TO DATE  176                       191    -15      132
  SINCE MAR 1    826                       743     83      831
  SINCE JUL 1   4228                      3948    280     3773

 COOLING
  YESTERDAY        0                         1     -1        4
  MONTH TO DATE    8                        10     -2       43
  SINCE MAR 1      8                        15     -7       43
  SINCE JAN 1      8                        15     -7       43
..................................................................


WIND (MPH)
  HIGHEST WIND SPEED    10   HIGHEST WIND DIRECTION    SE (140)
  HIGHEST GUST SPEED    14   HIGHEST GUST DIRECTION    SE (140)
  AVERAGE WIND SPEED     3.6


SKY COVER
  POSSIBLE SUNSHINE  MM
  AVERAGE SKY COVER 0.8


WEATHER CONDITIONS
 THE FOLLOWING WEATHER WAS RECORDED YESTERDAY.
  NO SIGNIFICANT WEATHER WAS OBSERVED.


RELATIVE HUMIDITY (PERCENT)
 HIGHEST    82           400 AM
 LOWEST     54           400 PM
 AVERAGE    68

..........................................................


THE ROANOKE VA CLIMATE NORMALS FOR TODAY
                         NORMAL    RECORD    YEAR
 MAXIMUM TEMPERATURE (F)   69        91      1995
                                             1976
 MINIMUM TEMPERATURE (F)   46        28      1983


SUNRISE AND SUNSET
APRIL 19 2014.........SUNRISE   640 AM EDT   SUNSET   759 PM EDT
APRIL 20 2014.........SUNRISE   639 AM EDT   SUNSET   800 PM EDT


-  INDICATES NEGATIVE NUMBERS.
R  INDICATES RECORD WAS SET OR TIED.
MM INDICATES DATA IS MISSING.
T  INDICATES TRACE AMOUNT.

REMARKS:
DUE TO A PROBLEM WITH THE ASOS TEMPERATURE SENSOR ON AUGUST
26-28 AND SEPTEMBER 23...THE SEASONAL TOTAL AND DEPARTURE FROM
NORMAL FOR HDD WILL BE CALCULATED WITHOUT DATA FROM THOSE DATES.


$$
