000
CDUS41 KRNK 261010
CLIROA


CLIMATE REPORT
NATIONAL WEATHER SERVICE BLACKSBURG VA
508 AM EST FRI DEC 26 2014


...................................

...THE ROANOKE VA CLIMATE SUMMARY FOR DECEMBER 25 2014...

CLIMATE NORMAL PERIOD 1981 TO 2010
CLIMATE RECORD PERIOD 1912 TO 2014


WEATHER ITEM   OBSERVED TIME   RECORD YEAR NORMAL DEPARTURE LAST
                VALUE   (LST)  VALUE       VALUE  FROM      YEAR
                                                  NORMAL
..................................................................
TEMPERATURE (F)
 YESTERDAY
  MAXIMUM         53   1202 AM  68    1982  46      7       35
                                      1964
  MINIMUM         32   1149 PM  -4    1983  28      4       15
  AVERAGE         43                        37      6       25

PRECIPITATION (IN)
  YESTERDAY        T             1.50 1969   0.09  -0.09     0.00
  MONTH TO DATE    2.22                      2.43  -0.21     3.35
  SINCE DEC 1      2.22                      2.43  -0.21     3.35
  SINCE JAN 1     39.11                     40.74  -1.63    52.07

SNOWFALL (IN)
  YESTERDAY        0.0
  MONTH TO DATE    T
  SINCE DEC 1      T
  SINCE JUL 1      0.5
  SNOW DEPTH       0

DEGREE DAYS
 HEATING
  YESTERDAY       22                        28     -6       40
  MONTH TO DATE  561                       638    -77      544
  SINCE DEC 1    561                       638    -77      544
  SINCE JUL 1   1439                      1442     -3     1416

 COOLING
  YESTERDAY        0                         0      0        0
  MONTH TO DATE    0                         0      0        0
  SINCE DEC 1      0                         0      0        0
  SINCE JAN 1   1128                      1208    -80     1227
..................................................................


WIND (MPH)
  HIGHEST WIND SPEED    31   HIGHEST WIND DIRECTION    NW (300)
  HIGHEST GUST SPEED    42   HIGHEST GUST DIRECTION    NW (300)
  AVERAGE WIND SPEED    13.2


SKY COVER
  POSSIBLE SUNSHINE  MM
  AVERAGE SKY COVER 0.3


WEATHER CONDITIONS
 THE FOLLOWING WEATHER WAS RECORDED YESTERDAY.
  LIGHT RAIN


RELATIVE HUMIDITY (PERCENT)
 HIGHEST    71          1200 AM
 LOWEST     42          1100 AM
 AVERAGE    57

..........................................................


THE ROANOKE VA CLIMATE NORMALS FOR TODAY
                         NORMAL    RECORD    YEAR
 MAXIMUM TEMPERATURE (F)   46        70      1964
                                             1922
 MINIMUM TEMPERATURE (F)   28         3      1980


SUNRISE AND SUNSET
DECEMBER 26 2014......SUNRISE   732 AM EST   SUNSET   509 PM EST
DECEMBER 27 2014......SUNRISE   733 AM EST   SUNSET   509 PM EST


-  INDICATES NEGATIVE NUMBERS.
R  INDICATES RECORD WAS SET OR TIED.
MM INDICATES DATA IS MISSING.
T  INDICATES TRACE AMOUNT.




$$
