000
CDUS41 KRNK 210533
CLIROA


CLIMATE REPORT
NATIONAL WEATHER SERVICE BLACKSBURG VA
131 AM EDT FRI JUL 21 2017


...................................

...THE ROANOKE VA CLIMATE SUMMARY FOR JULY 20 2017...

CLIMATE NORMAL PERIOD 1981 TO 2010
CLIMATE RECORD PERIOD 1912 TO 2017


WEATHER ITEM   OBSERVED TIME   RECORD YEAR NORMAL DEPARTURE LAST
                VALUE   (LST)  VALUE       VALUE  FROM      YEAR
                                                  NORMAL
..................................................................
TEMPERATURE (F)
 YESTERDAY
  MAXIMUM         97    315 PM 104    1930  87     10       90
  MINIMUM         69    546 AM  56    1947  67      2       67
                                      1914
  AVERAGE         83                        77      6       79

PRECIPITATION (IN)
  YESTERDAY        0.00          1.48 2009   0.13  -0.13     0.00
  MONTH TO DATE    0.90                      2.62  -1.72     2.24
  SINCE JUN 1      5.40                      6.45  -1.05     8.27
  SINCE JAN 1     26.42                     23.15   3.27    26.00

SNOWFALL (IN)
  YESTERDAY        0.0                                       0.0
  MONTH TO DATE    0.0                                       0.0
  SINCE JUN 1      0.0                                       0.0
  SINCE JUL 1      0.0                                       0.0
  SNOW DEPTH       0

DEGREE DAYS
 HEATING
  YESTERDAY        0                         0      0        0
  MONTH TO DATE    0                         0      0        0
  SINCE JUN 1      4                        11     -7        0
  SINCE JUL 1      0                         0      0        0

 COOLING
  YESTERDAY       18                        12      6       14
  MONTH TO DATE  291                       235     56      257
  SINCE JUN 1    531                       481     50      537
  SINCE JAN 1    715                       597    118      662
..................................................................


WIND (MPH)
  HIGHEST WIND SPEED    16   HIGHEST WIND DIRECTION    NW (320)
  HIGHEST GUST SPEED    23   HIGHEST GUST DIRECTION    NW (330)
  AVERAGE WIND SPEED     5.7


SKY COVER
  AVERAGE SKY COVER 0.4


WEATHER CONDITIONS
 THE FOLLOWING WEATHER WAS RECORDED YESTERDAY.
  NO SIGNIFICANT WEATHER WAS OBSERVED.


RELATIVE HUMIDITY (PERCENT)
 HIGHEST    84           400 AM
 LOWEST     31           200 PM
 AVERAGE    58

..........................................................


THE ROANOKE VA CLIMATE NORMALS FOR TODAY
                         NORMAL    RECORD    YEAR
 MAXIMUM TEMPERATURE (F)   87       104      1926
 MINIMUM TEMPERATURE (F)   67        49      1929


SUNRISE AND SUNSET
JULY 21 2017..........SUNRISE   616 AM EDT   SUNSET   836 PM EDT
JULY 22 2017..........SUNRISE   617 AM EDT   SUNSET   836 PM EDT


-  INDICATES NEGATIVE NUMBERS.
R  INDICATES RECORD WAS SET OR TIED.
MM INDICATES DATA IS MISSING.
T  INDICATES TRACE AMOUNT.




$$
