000
CDUS41 KRNK 060853
CLIROA


CLIMATE REPORT
NATIONAL WEATHER SERVICE BLACKSBURG VA
446 AM EDT MON JUL 6 2015


...................................

...THE ROANOKE VA CLIMATE SUMMARY FOR JULY 5 2015...

CLIMATE NORMAL PERIOD 1981 TO 2010
CLIMATE RECORD PERIOD 1912 TO 2015


WEATHER ITEM   OBSERVED TIME   RECORD YEAR NORMAL DEPARTURE LAST
                VALUE   (LST)  VALUE       VALUE  FROM      YEAR
                                                  NORMAL
..................................................................
TEMPERATURE (F)
 YESTERDAY
  MAXIMUM         80    304 PM 100    1999  87     -7       79
  MINIMUM         67    458 AM  49    1933  66      1       53
  AVERAGE         74                        76     -2       66

PRECIPITATION (IN)
  YESTERDAY        0.15          1.56 1989   0.12   0.03     0.00
  MONTH TO DATE    0.51                      0.62  -0.11     0.68
  SINCE JUN 1      9.58                      4.45   5.13     3.73
  SINCE JAN 1     24.56                     21.15   3.41    19.33

SNOWFALL (IN)
  YESTERDAY        0.0                                       0.0
  MONTH TO DATE    0.0                                       0.0
  SINCE JUN 1      T                                         0.0
  SINCE JUL 1      0.0                                       0.0
  SNOW DEPTH       0

DEGREE DAYS
 HEATING
  YESTERDAY        0                         0      0        0
  MONTH TO DATE    0                         0      0        0
  SINCE JUN 1      7                        11     -4        0
  SINCE JUL 1      0                         0      0        0

 COOLING
  YESTERDAY        9                        11     -2        1
  MONTH TO DATE   40                        55    -15       56
  SINCE JUN 1    366                       301     65      353
  SINCE JAN 1    534                       417    117      502
..................................................................


WIND (MPH)
  HIGHEST WIND SPEED    18   HIGHEST WIND DIRECTION    SE (120)
  HIGHEST GUST SPEED    24   HIGHEST GUST DIRECTION     E (110)
  AVERAGE WIND SPEED     4.4


SKY COVER
  AVERAGE SKY COVER 0.8


WEATHER CONDITIONS
 THE FOLLOWING WEATHER WAS RECORDED YESTERDAY.
  LIGHT RAIN
  FOG


RELATIVE HUMIDITY (PERCENT)
 HIGHEST   100           800 PM
 LOWEST     74           200 PM
 AVERAGE    87

..........................................................


THE ROANOKE VA CLIMATE NORMALS FOR TODAY
                         NORMAL    RECORD    YEAR
 MAXIMUM TEMPERATURE (F)   87       100      1999
                                             1977
 MINIMUM TEMPERATURE (F)   66        48      1979


SUNRISE AND SUNSET
JULY  6 2015..........SUNRISE   605 AM EDT   SUNSET   844 PM EDT
JULY  7 2015..........SUNRISE   606 AM EDT   SUNSET   843 PM EDT


-  INDICATES NEGATIVE NUMBERS.
R  INDICATES RECORD WAS SET OR TIED.
MM INDICATES DATA IS MISSING.
T  INDICATES TRACE AMOUNT.




$$
