000
CDUS41 KRNK 290522
CLIROA


CLIMATE REPORT
NATIONAL WEATHER SERVICE BLACKSBURG VA
121 AM EDT FRI APR 29 2016


...................................

...THE ROANOKE VA CLIMATE SUMMARY FOR APRIL 28 2016...

CLIMATE NORMAL PERIOD 1981 TO 2010
CLIMATE RECORD PERIOD 1912 TO 2016


WEATHER ITEM   OBSERVED TIME   RECORD YEAR NORMAL DEPARTURE LAST
                VALUE   (LST)  VALUE       VALUE  FROM      YEAR
                                                  NORMAL
..................................................................
TEMPERATURE (F)
 YESTERDAY
  MAXIMUM         77    148 PM  92    1957  72      5       69
  MINIMUM         58   1159 PM  30    1934  49      9       41
  AVERAGE         68                        60      8       55

PRECIPITATION (IN)
  YESTERDAY        0.26          1.52 1925   0.11   0.15     0.00
  MONTH TO DATE    0.96                      3.15  -2.19     4.68
  SINCE MAR 1      3.21                      6.61  -3.40     9.00
  SINCE JAN 1     11.44                     12.42  -0.98    12.92

SNOWFALL (IN)
  YESTERDAY        0.0                                       0.0
  MONTH TO DATE    T                                         0.0
  SINCE MAR 1      1.0                                       1.9
  SINCE JUL 1     23.0                                      21.7
  SNOW DEPTH       0

DEGREE DAYS
 HEATING
  YESTERDAY        0                         6     -6       10
  MONTH TO DATE  232                       263    -31      222
  SINCE MAR 1    571                       815   -244      766
  SINCE JUL 1   3405                      4020   -615     4195

 COOLING
  YESTERDAY        3                         1      2        0
  MONTH TO DATE   34                        20     14        6
  SINCE MAR 1     44                        25     19        6
  SINCE JAN 1     44                        25     19        6
..................................................................


WIND (MPH)
  HIGHEST WIND SPEED    23   HIGHEST WIND DIRECTION    SE (130)
  HIGHEST GUST SPEED    28   HIGHEST GUST DIRECTION     E (110)
  AVERAGE WIND SPEED     9.1


SKY COVER
  AVERAGE SKY COVER 0.8


WEATHER CONDITIONS
 THE FOLLOWING WEATHER WAS RECORDED YESTERDAY.
  LIGHT RAIN
  FOG


RELATIVE HUMIDITY (PERCENT)
 HIGHEST   100           100 AM
 LOWEST     68          1200 PM
 AVERAGE    84

..........................................................


THE ROANOKE VA CLIMATE NORMALS FOR TODAY
                         NORMAL    RECORD    YEAR
 MAXIMUM TEMPERATURE (F)   72        89      1915
 MINIMUM TEMPERATURE (F)   49        32      1944


SUNRISE AND SUNSET
APRIL 29 2016.........SUNRISE   627 AM EDT   SUNSET   808 PM EDT
APRIL 30 2016.........SUNRISE   626 AM EDT   SUNSET   809 PM EDT


-  INDICATES NEGATIVE NUMBERS.
R  INDICATES RECORD WAS SET OR TIED.
MM INDICATES DATA IS MISSING.
T  INDICATES TRACE AMOUNT.




$$
