000
CDUS41 KRNK 050638
CLIROA


CLIMATE REPORT
NATIONAL WEATHER SERVICE BLACKSBURG VA
236 AM EDT WED AUG 5 2015


...................................

...THE ROANOKE VA CLIMATE SUMMARY FOR AUGUST 4 2015...

CLIMATE NORMAL PERIOD 1981 TO 2010
CLIMATE RECORD PERIOD 1912 TO 2015


WEATHER ITEM   OBSERVED TIME   RECORD YEAR NORMAL DEPARTURE LAST
                VALUE   (LST)  VALUE       VALUE  FROM      YEAR
                                                  NORMAL
..................................................................
TEMPERATURE (F)
 YESTERDAY
  MAXIMUM         93    300 PM 103    1930  87      6       83
  MINIMUM         73    617 AM  51    1976  66      7       58
  AVERAGE         83                        76      7       71

PRECIPITATION (IN)
  YESTERDAY        T             3.29 1948   0.12  -0.12     0.00
  MONTH TO DATE    T                         0.47  -0.47     0.52
  SINCE JUN 1     13.36                      8.34   5.02     6.97
  SINCE JAN 1     28.34                     25.04   3.30    22.57

SNOWFALL (IN)
  YESTERDAY        0.0                                       0.0
  MONTH TO DATE    0.0                                       0.0
  SINCE JUN 1      T                                         0.0
  SINCE JUL 1      0.0                                       0.0
  SNOW DEPTH       0

DEGREE DAYS
 HEATING
  YESTERDAY        0                         0      0        0
  MONTH TO DATE    0                         0      0        0
  SINCE JUN 1      7                        11     -4        0
  SINCE JUL 1      0                         0      0        0

 COOLING
  YESTERDAY       18                        11      7        6
  MONTH TO DATE   51                        46      5       19
  SINCE JUN 1    769                       653    116      620
  SINCE JAN 1    937                       769    168      769
..................................................................


WIND (MPH)
  HIGHEST WIND SPEED    18   HIGHEST WIND DIRECTION     W (290)
  HIGHEST GUST SPEED    25   HIGHEST GUST DIRECTION    NW (300)
  AVERAGE WIND SPEED     7.7


SKY COVER
  AVERAGE SKY COVER 0.4


WEATHER CONDITIONS
 THE FOLLOWING WEATHER WAS RECORDED YESTERDAY.
  LIGHT RAIN


RELATIVE HUMIDITY (PERCENT)
 HIGHEST    64           700 AM
 LOWEST     36           300 PM
 AVERAGE    50

..........................................................


THE ROANOKE VA CLIMATE NORMALS FOR TODAY
                         NORMAL    RECORD    YEAR
 MAXIMUM TEMPERATURE (F)   87       105      1930
 MINIMUM TEMPERATURE (F)   66        49      1929


SUNRISE AND SUNSET
AUGUST  5 2015........SUNRISE   628 AM EDT   SUNSET   824 PM EDT
AUGUST  6 2015........SUNRISE   628 AM EDT   SUNSET   823 PM EDT


-  INDICATES NEGATIVE NUMBERS.
R  INDICATES RECORD WAS SET OR TIED.
MM INDICATES DATA IS MISSING.
T  INDICATES TRACE AMOUNT.

$$

RAB
