000
CDUS41 KRNK 260746
CLIROA


CLIMATE REPORT
NATIONAL WEATHER SERVICE BLACKSBURG VA
243 AM EST MON JAN 26 2015


...................................

...THE ROANOKE VA CLIMATE SUMMARY FOR JANUARY 25 2015...

CLIMATE NORMAL PERIOD 1981 TO 2010
CLIMATE RECORD PERIOD 1912 TO 2015


WEATHER ITEM   OBSERVED TIME   RECORD YEAR NORMAL DEPARTURE LAST
                VALUE   (LST)  VALUE       VALUE  FROM      YEAR
                                                  NORMAL
..................................................................
TEMPERATURE (F)
 YESTERDAY
  MAXIMUM         51    434 PM  81    1943  46      5       35
  MINIMUM         33    731 AM   6    1963  28      5       16
  AVERAGE         42                        37      5       26

PRECIPITATION (IN)
  YESTERDAY        0.00          1.86 1978   0.09  -0.09      T
  MONTH TO DATE    1.25                      2.35  -1.10     1.76
  SINCE DEC 1      3.79                      5.29  -1.50     6.14
  SINCE JAN 1      1.25                      2.35  -1.10     1.76

SNOWFALL (IN)
  YESTERDAY        0.0
  MONTH TO DATE    0.2
  SINCE DEC 1      0.2
  SINCE JUL 1      0.7
  SNOW DEPTH       0

DEGREE DAYS
 HEATING
  YESTERDAY       23                        28     -5       39
  MONTH TO DATE  712                       717     -5      842
  SINCE DEC 1   1409                      1523   -114     1537
  SINCE JUL 1   2287                      2327    -40     2409

 COOLING
  YESTERDAY        0                         0      0        0
  MONTH TO DATE    0                         0      0        0
  SINCE DEC 1      0                         0      0        0
  SINCE JAN 1      0                         0      0        0
..................................................................


WIND (MPH)
  HIGHEST WIND SPEED    25   HIGHEST WIND DIRECTION    NW (310)
  HIGHEST GUST SPEED    33   HIGHEST GUST DIRECTION    NW (300)
  AVERAGE WIND SPEED     7.4


SKY COVER
  POSSIBLE SUNSHINE  MM
  AVERAGE SKY COVER 0.7


WEATHER CONDITIONS
 THE FOLLOWING WEATHER WAS RECORDED YESTERDAY.
  NO SIGNIFICANT WEATHER WAS OBSERVED.


RELATIVE HUMIDITY (PERCENT)
 HIGHEST    70           600 AM
 LOWEST     44           400 PM
 AVERAGE    57

..........................................................


THE ROANOKE VA CLIMATE NORMALS FOR TODAY
                         NORMAL    RECORD    YEAR
 MAXIMUM TEMPERATURE (F)   46        78      1950
 MINIMUM TEMPERATURE (F)   28         1      1940


SUNRISE AND SUNSET
JANUARY 26 2015.......SUNRISE   728 AM EST   SUNSET   538 PM EST
JANUARY 27 2015.......SUNRISE   727 AM EST   SUNSET   539 PM EST


-  INDICATES NEGATIVE NUMBERS.
R  INDICATES RECORD WAS SET OR TIED.
MM INDICATES DATA IS MISSING.
T  INDICATES TRACE AMOUNT.

$$
