000
CDUS41 KBUF 012021
CLIROC


CLIMATE REPORT
NATIONAL WEATHER SERVICE BUFFALO NY
421 PM EDT SAT OCT 1 2016


...................................

...THE ROCHESTER NY CLIMATE SUMMARY FOR OCTOBER 1 2016...
VALID TODAY AS OF 0400 PM LOCAL TIME.

CLIMATE NORMAL PERIOD 1981 TO 2010
CLIMATE RECORD PERIOD 1871 TO 2016


WEATHER ITEM   OBSERVED TIME   RECORD YEAR NORMAL DEPARTURE LAST
                VALUE   (LST)  VALUE       VALUE  FROM      YEAR
                                                  NORMAL
..................................................................
TEMPERATURE (F)
 TODAY
  MAXIMUM         65    231 PM  86    1877  65      0       56
  MINIMUM         54    429 AM  31    1993  46      8       48
  AVERAGE         60                        56      4       52

PRECIPITATION (IN)
  TODAY            0.04          1.99 1945   0.09  -0.05     0.00
  MONTH TO DATE    0.04                      0.09  -0.05     0.00
  SINCE SEP 1      2.34                      3.47  -1.13     4.07
  SINCE JAN 1     19.99                     26.07  -6.08    30.20

SNOWFALL (IN)
  TODAY            0.0           T    1940   0.0    0.0      0.0
  MONTH TO DATE    0.0                       0.0    0.0      0.0
  SINCE SEP 1      0.0                       0.0    0.0      0.0
  SINCE JUL 1      0.0                       0.0    0.0      0.0
  SNOW DEPTH       0

DEGREE DAYS
 HEATING
  TODAY            5                        10     -5       13
  MONTH TO DATE    5                        10     -5       13
  SINCE SEP 1     56                       157   -101       62
  SINCE JUL 1     56                       191   -135       81

 COOLING
  TODAY            0                         0      0        0
  MONTH TO DATE    0                         0      0        0
  SINCE SEP 1    112                        50     62      143
  SINCE JAN 1    963                       534    429      697
..................................................................


WIND (MPH)
  HIGHEST WIND SPEED    16   HIGHEST WIND DIRECTION    SE (130)
  HIGHEST GUST SPEED    19   HIGHEST GUST DIRECTION    SE (130)
  AVERAGE WIND SPEED     8.9


SKY COVER
  AVERAGE SKY COVER 1.0


WEATHER CONDITIONS
 THE FOLLOWING WEATHER WAS RECORDED TODAY.
  LIGHT RAIN
  FOG


RELATIVE HUMIDITY (PERCENT)
 HIGHEST    93          1200 AM
 LOWEST     78           200 PM
 AVERAGE    86

..........................................................


THE ROCHESTER NY CLIMATE NORMALS FOR TOMORROW
                         NORMAL    RECORD    YEAR
 MAXIMUM TEMPERATURE (F)   65        87      1927
 MINIMUM TEMPERATURE (F)   46        32      1997
                                             1975


SUNRISE AND SUNSET
OCTOBER  1 2016.......SUNRISE   709 AM EDT   SUNSET   651 PM EDT
OCTOBER  2 2016.......SUNRISE   710 AM EDT   SUNSET   649 PM EDT


-  INDICATES NEGATIVE NUMBERS.
R  INDICATES RECORD WAS SET OR TIED.
MM INDICATES DATA IS MISSING.
T  INDICATES TRACE AMOUNT.




$$
