166
CDUS41 KBUF 301010
CLIROC


CLIMATE REPORT
NATIONAL WEATHER SERVICE BUFFALO NY
610 AM EDT THU MAR 30 2017


...................................

...THE ROCHESTER NY CLIMATE SUMMARY FOR MARCH 29 2017...

CLIMATE NORMAL PERIOD 1981 TO 2010
CLIMATE RECORD PERIOD 1871 TO 2017


WEATHER ITEM   OBSERVED TIME   RECORD YEAR NORMAL DEPARTURE LAST
                VALUE   (LST)  VALUE       VALUE  FROM      YEAR
                                                  NORMAL
..................................................................
TEMPERATURE (F)
 YESTERDAY
  MAXIMUM         48   1235 PM  86    1905  48      0       43
  MINIMUM         35    413 AM   5    1923  30      5       29
  AVERAGE         42                        39      3       36

PRECIPITATION (IN)
  YESTERDAY        0.00          2.01 1873   0.09  -0.09     0.00
  MONTH TO DATE    3.12                      2.33   0.79     1.74
  SINCE MAR 1      3.12                      2.33   0.79     1.74
  SINCE JAN 1      8.20                      6.69   1.51     7.04

SNOWFALL (IN)
  YESTERDAY        0.0          14.5  1954   0.3   -0.3      0.0
  MONTH TO DATE   32.9                      15.7   17.2      3.2
  SINCE MAR 1     32.9                      15.7   17.2      3.2
  SINCE JUL 1    104.5                      94.6    9.9     54.9
  SNOW DEPTH       0

DEGREE DAYS
 HEATING
  YESTERDAY       23                        26     -3       29
  MONTH TO DATE  936                       902     34      741
  SINCE MAR 1    936                       902     34      741
  SINCE JUL 1   4804                      5688   -884     4658

 COOLING
  YESTERDAY        0                         0      0        0
  MONTH TO DATE    0                         0      0        0
  SINCE MAR 1      0                         0      0        0
  SINCE JAN 1      0                         0      0        0
..................................................................


WIND (MPH)
  HIGHEST WIND SPEED    15   HIGHEST WIND DIRECTION    NE (30)
  HIGHEST GUST SPEED    19   HIGHEST GUST DIRECTION    NE (30)
  AVERAGE WIND SPEED     5.8


SKY COVER
  AVERAGE SKY COVER 0.6


WEATHER CONDITIONS
 THE FOLLOWING WEATHER WAS RECORDED YESTERDAY.
  FOG


RELATIVE HUMIDITY (PERCENT)
 HIGHEST    92           200 AM
 LOWEST     42          1200 PM
 AVERAGE    67

..........................................................


THE ROCHESTER NY CLIMATE NORMALS FOR TODAY
                         NORMAL    RECORD    YEAR
 MAXIMUM TEMPERATURE (F)   48        83      1986
 MINIMUM TEMPERATURE (F)   31        13      1887


SUNRISE AND SUNSET
MARCH 30 2017.........SUNRISE   656 AM EDT   SUNSET   735 PM EDT
MARCH 31 2017.........SUNRISE   654 AM EDT   SUNSET   736 PM EDT


-  INDICATES NEGATIVE NUMBERS.
R  INDICATES RECORD WAS SET OR TIED.
MM INDICATES DATA IS MISSING.
T  INDICATES TRACE AMOUNT.




$$
