115
CDUS41 KBUF 211017
CLIROC


CLIMATE REPORT
NATIONAL WEATHER SERVICE BUFFALO NY
517 AM EST TUE FEB 21 2017


...................................

...THE ROCHESTER NY CLIMATE SUMMARY FOR FEBRUARY 20 2017...

CLIMATE NORMAL PERIOD 1981 TO 2010
CLIMATE RECORD PERIOD 1871 TO 2017


WEATHER ITEM   OBSERVED TIME   RECORD YEAR NORMAL DEPARTURE LAST
                VALUE   (LST)  VALUE       VALUE  FROM      YEAR
                                                  NORMAL
..................................................................
TEMPERATURE (F)
 YESTERDAY
  MAXIMUM         40    125 PM  62    1994  35      5       57
                                      1913
  MINIMUM         29   1025 PM -11    2015  19     10       39
  AVERAGE         35                        27      8       48

PRECIPITATION (IN)
  YESTERDAY        0.00          1.09 1927   0.07  -0.07     0.15
  MONTH TO DATE    1.60                      1.34   0.26     2.73
  SINCE DEC 1      7.26                      6.38   0.88     6.98
  SINCE JAN 1      4.35                      3.75   0.60     4.25

SNOWFALL (IN)
  YESTERDAY        0.0           8.0  1927   0.8   -0.8      0.0
  MONTH TO DATE   14.4                      15.4   -1.0     26.2
  SINCE DEC 1     55.5                      65.4   -9.9     48.7
  SINCE JUL 1     71.4                      72.8   -1.4     49.9
  SNOW DEPTH       0

DEGREE DAYS
 HEATING
  YESTERDAY       30                        38     -8       17
  MONTH TO DATE  671                       787   -116      737
  SINCE DEC 1   2742                      3123   -381     2595
  SINCE JUL 1   3720                      4491   -771     3635

 COOLING
  YESTERDAY        0                         0      0        0
  MONTH TO DATE    0                         0      0        0
  SINCE DEC 1      0                         0      0        0
  SINCE JAN 1      0                         0      0        0
..................................................................


WIND (MPH)
  HIGHEST WIND SPEED    14   HIGHEST WIND DIRECTION    NE (50)
  HIGHEST GUST SPEED    18   HIGHEST GUST DIRECTION    NE (50)
  AVERAGE WIND SPEED     7.5


SKY COVER
  AVERAGE SKY COVER 0.2


WEATHER CONDITIONS
 THE FOLLOWING WEATHER WAS RECORDED YESTERDAY.
  NO SIGNIFICANT WEATHER WAS OBSERVED.


RELATIVE HUMIDITY (PERCENT)
 HIGHEST    85           500 AM
 LOWEST     45           700 PM
 AVERAGE    65

..........................................................


THE ROCHESTER NY CLIMATE NORMALS FOR TODAY
                         NORMAL    RECORD    YEAR
 MAXIMUM TEMPERATURE (F)   35        73      1997
 MINIMUM TEMPERATURE (F)   20       -11      2015


SUNRISE AND SUNSET
FEBRUARY 21 2017......SUNRISE   659 AM EST   SUNSET   550 PM EST
FEBRUARY 22 2017......SUNRISE   657 AM EST   SUNSET   551 PM EST


-  INDICATES NEGATIVE NUMBERS.
R  INDICATES RECORD WAS SET OR TIED.
MM INDICATES DATA IS MISSING.
T  INDICATES TRACE AMOUNT.




$$
