000
CDUS45 KABQ 010828
CLIROW


CLIMATE REPORT
NATIONAL WEATHER SERVICE ALBUQUERQUE NM
227 AM MDT SAT OCT 1 2016


...................................

...THE ROSWELL NM CLIMATE SUMMARY FOR SEPTEMBER 30 2016...

CLIMATE NORMAL PERIOD 1981 TO 2010
CLIMATE RECORD PERIOD 1893 TO 2016


WEATHER ITEM   OBSERVED TIME   RECORD YEAR NORMAL DEPARTURE
                VALUE   (LST)  VALUE       VALUE  FROM
                                                  NORMAL
...............................................................
TEMPERATURE (F)
 YESTERDAY
  MAXIMUM         77    408 PM  99    1977  81     -4
  MINIMUM         51    619 AM  37    1908  53     -2
  AVERAGE         64                        67     -3

PRECIPITATION (IN)
  YESTERDAY        0.00          1.59 1982   0.04  -0.04
  MONTH TO DATE    1.21                      1.53  -0.32
  SINCE SEP 1      1.21                      1.53  -0.32
  SINCE JAN 1      9.17                     10.46  -1.29

SNOWFALL (IN)
  YESTERDAY        0.0
  MONTH TO DATE    0.0
  SINCE SEP 1      0.0
  SINCE JUL 1      0.0

DEGREE DAYS
 HEATING
  YESTERDAY        1                         2     -1
  MONTH TO DATE    2                        14    -12
  SINCE SEP 1      2                        16    -14
  SINCE JUL 1      2                        16    -14

 COOLING
  YESTERDAY        0                         3     -3
  MONTH TO DATE  231                       227      4
  SINCE SEP 1    231                       227      4
  SINCE JAN 1   1986                      1751    235
...............................................................


WIND (MPH)
  HIGHEST WIND SPEED    21   HIGHEST WIND DIRECTION     S (170)
  HIGHEST GUST SPEED    25   HIGHEST GUST DIRECTION     S (170)
  AVERAGE WIND SPEED     9.4


SKY COVER
  AVERAGE SKY COVER 0.0


WEATHER CONDITIONS
 THE FOLLOWING WEATHER WAS RECORDED YESTERDAY.
  HAZE


RELATIVE HUMIDITY (PERCENT)
 HIGHEST    80          1100 PM
 LOWEST     43           400 PM
 AVERAGE    62

..........................................................


THE ROSWELL NM CLIMATE NORMALS FOR TODAY
                         NORMAL    RECORD    YEAR
 MAXIMUM TEMPERATURE (F)   81        98      2000
 MINIMUM TEMPERATURE (F)   52        35      1965


SUNRISE AND SUNSET
OCTOBER  1 2016.......SUNRISE   653 AM MDT   SUNSET   642 PM MDT
OCTOBER  2 2016.......SUNRISE   653 AM MDT   SUNSET   641 PM MDT


-  INDICATES NEGATIVE NUMBERS.
R  INDICATES RECORD WAS SET OR TIED.
MM INDICATES DATA IS MISSING.
T  INDICATES TRACE AMOUNT.




$$
