000
CDUS45 KABQ 230835
CLIROW


CLIMATE REPORT
NATIONAL WEATHER SERVICE ALBUQUERQUE NM
232 AM MDT WED APR 23 2014


...................................

...THE ROSWELL NM CLIMATE SUMMARY FOR APRIL 22 2014...

CLIMATE NORMAL PERIOD 1981 TO 2010
CLIMATE RECORD PERIOD 1893 TO 2014


WEATHER ITEM   OBSERVED TIME   RECORD YEAR NORMAL DEPARTURE
                VALUE   (LST)  VALUE       VALUE  FROM
                                                  NORMAL
...............................................................
TEMPERATURE (F)
 YESTERDAY
  MAXIMUM         87    316 PM 101    1965  79      8
  MINIMUM         51    521 AM  26    1907  47      4
  AVERAGE         69                        63      6

PRECIPITATION (IN)
  YESTERDAY        0.00          0.86 1942   0.03  -0.03
  MONTH TO DATE    0.11                      0.40  -0.29
  SINCE MAR 1      0.39                      0.91  -0.52
  SINCE JAN 1      0.41                      1.71  -1.30

SNOWFALL (IN)
  YESTERDAY        0.0
  MONTH TO DATE    T
  SINCE MAR 1      T
  SINCE JUL 1      5.0

DEGREE DAYS
 HEATING
  YESTERDAY        0                         4     -4
  MONTH TO DATE  126                       138    -12
  SINCE MAR 1    507                       525    -18
  SINCE JUL 1   3210                      3232    -22

 COOLING
  YESTERDAY        4                         2      2
  MONTH TO DATE   20                        19      1
  SINCE MAR 1     21                        22     -1
  SINCE JAN 1     21                        22     -1
...............................................................


WIND (MPH)
  HIGHEST WIND SPEED    28   HIGHEST WIND DIRECTION     S (160)
  HIGHEST GUST SPEED    35   HIGHEST GUST DIRECTION    SE (150)
  AVERAGE WIND SPEED    13.2


SKY COVER
  AVERAGE SKY COVER 0.0


WEATHER CONDITIONS
 THE FOLLOWING WEATHER WAS RECORDED YESTERDAY.
  NO SIGNIFICANT WEATHER WAS OBSERVED.


RELATIVE HUMIDITY (PERCENT)
 HIGHEST    67           400 AM
 LOWEST     20           500 PM
 AVERAGE    44

..........................................................


THE ROSWELL NM CLIMATE NORMALS FOR TODAY
                         NORMAL    RECORD    YEAR
 MAXIMUM TEMPERATURE (F)   79        95      2006
                                             1965
 MINIMUM TEMPERATURE (F)   47        30      1944
                                             1899


SUNRISE AND SUNSET
APRIL 23 2014.........SUNRISE   619 AM MDT   SUNSET   735 PM MDT
APRIL 24 2014.........SUNRISE   617 AM MDT   SUNSET   735 PM MDT


-  INDICATES NEGATIVE NUMBERS.
R  INDICATES RECORD WAS SET OR TIED.
MM INDICATES DATA IS MISSING.
T  INDICATES TRACE AMOUNT.

$$
