000
CDUS45 KABQ 260837
CLIROW


CLIMATE REPORT
NATIONAL WEATHER SERVICE ALBUQUERQUE NM
135 AM MST SUN FEB 26 2017


...................................

...THE ROSWELL NM CLIMATE SUMMARY FOR FEBRUARY 25 2017...

CLIMATE NORMAL PERIOD 1981 TO 2010
CLIMATE RECORD PERIOD 1893 TO 2017


WEATHER ITEM   OBSERVED TIME   RECORD YEAR NORMAL DEPARTURE
                VALUE   (LST)  VALUE       VALUE  FROM
                                                  NORMAL
...............................................................
TEMPERATURE (F)
 YESTERDAY
  MAXIMUM         58        MM  85    1989  63     -5
                                      1986
                                      1904
  MINIMUM         23        MM  -1    1960  33    -10
  AVERAGE         41                        48     -7

PRECIPITATION (IN)
  YESTERDAY        0.00          0.89 1912   0.01  -0.01
  MONTH TO DATE    0.16                      0.37  -0.21
  SINCE DEC 1      1.55                      1.39   0.16
  SINCE JAN 1      1.25                      0.75   0.50

SNOWFALL (IN)
  YESTERDAY        0.0
  MONTH TO DATE    T
  SINCE DEC 1      2.5
  SINCE JUL 1      2.5

DEGREE DAYS
 HEATING
  YESTERDAY       24                        17      7
  MONTH TO DATE  347                       491   -144
  SINCE DEC 1   1726                      2011   -285
  SINCE JUL 1   2112                      2657   -545

 COOLING
  YESTERDAY        0                         0      0
  MONTH TO DATE    0                         0      0
  SINCE DEC 1      0                         0      0
  SINCE JAN 1      0                         0      0
...............................................................


WIND (MPH)
  HIGHEST WIND SPEED    16   HIGHEST WIND DIRECTION     S (180)
  HIGHEST GUST SPEED    20   HIGHEST GUST DIRECTION     E (99)
  AVERAGE WIND SPEED     8.5


SKY COVER
  AVERAGE SKY COVER 0.0


WEATHER CONDITIONS
 THE FOLLOWING WEATHER WAS RECORDED YESTERDAY.
  NO SIGNIFICANT WEATHER WAS OBSERVED.


RELATIVE HUMIDITY (PERCENT)
 HIGHEST    55           700 AM
 LOWEST     21           400 PM
 AVERAGE    38

..........................................................


THE ROSWELL NM CLIMATE NORMALS FOR TODAY
                         NORMAL    RECORD    YEAR
 MAXIMUM TEMPERATURE (F)   63        85      2009
                                             1986
 MINIMUM TEMPERATURE (F)   33        13      1952


SUNRISE AND SUNSET
FEBRUARY 26 2017......SUNRISE   630 AM MST   SUNSET   553 PM MST
FEBRUARY 27 2017......SUNRISE   628 AM MST   SUNSET   554 PM MST


-  INDICATES NEGATIVE NUMBERS.
R  INDICATES RECORD WAS SET OR TIED.
MM INDICATES DATA IS MISSING.
T  INDICATES TRACE AMOUNT.




$$
