000
CDUS45 KABQ 230831
CLIROW


CLIMATE REPORT
NATIONAL WEATHER SERVICE ALBUQUERQUE NM
230 AM MDT THU MAR 23 2017


...................................

...THE ROSWELL NM CLIMATE SUMMARY FOR MARCH 22 2017...

CLIMATE NORMAL PERIOD 1981 TO 2010
CLIMATE RECORD PERIOD 1893 TO 2017


WEATHER ITEM   OBSERVED TIME   RECORD YEAR NORMAL DEPARTURE
                VALUE   (LST)  VALUE       VALUE  FROM
                                                  NORMAL
...............................................................
TEMPERATURE (F)
 YESTERDAY
  MAXIMUM         87R   348 PM  87    2016  70     17
                                      1907
  MINIMUM         50    620 AM  18    1955  38     12
                                      1952
                                      1914
  AVERAGE         69                        54     15

PRECIPITATION (IN)
  YESTERDAY        0.00          1.59 1919   0.02  -0.02
  MONTH TO DATE    T                         0.36  -0.36
  SINCE MAR 1      T                         0.36  -0.36
  SINCE JAN 1      1.25                      1.16   0.09

SNOWFALL (IN)
  YESTERDAY        0.0
  MONTH TO DATE    0.0
  SINCE MAR 1      0.0
  SINCE JUL 1      2.5

DEGREE DAYS
 HEATING
  YESTERDAY        0                        11    -11
  MONTH TO DATE  134                       299   -165
  SINCE MAR 1    134                       299   -165
  SINCE JUL 1   2279                      3006   -727

 COOLING
  YESTERDAY        4                         0      4
  MONTH TO DATE   25                         0     25
  SINCE MAR 1     25                         0     25
  SINCE JAN 1     25                         0     25
...............................................................


WIND (MPH)
  HIGHEST WIND SPEED    21   HIGHEST WIND DIRECTION    SE (140)
  HIGHEST GUST SPEED    32   HIGHEST GUST DIRECTION    SE (150)
  AVERAGE WIND SPEED     8.9


SKY COVER
  AVERAGE SKY COVER 0.0


WEATHER CONDITIONS
 THE FOLLOWING WEATHER WAS RECORDED YESTERDAY.
  NO SIGNIFICANT WEATHER WAS OBSERVED.


RELATIVE HUMIDITY (PERCENT)
 HIGHEST    74           600 AM
 LOWEST     21           400 PM
 AVERAGE    48

..........................................................


THE ROSWELL NM CLIMATE NORMALS FOR TODAY
                         NORMAL    RECORD    YEAR
 MAXIMUM TEMPERATURE (F)   70        88      1998
                                             1910
                                             1899
 MINIMUM TEMPERATURE (F)   38        14      1898


SUNRISE AND SUNSET
MARCH 23 2017.........SUNRISE   657 AM MDT   SUNSET   712 PM MDT
MARCH 24 2017.........SUNRISE   656 AM MDT   SUNSET   713 PM MDT


-  INDICATES NEGATIVE NUMBERS.
R  INDICATES RECORD WAS SET OR TIED.
MM INDICATES DATA IS MISSING.
T  INDICATES TRACE AMOUNT.




$$
