000
CDUS45 KABQ 280835
CLIROW


CLIMATE REPORT
NATIONAL WEATHER SERVICE ALBUQUERQUE NM
234 AM MDT SUN AUG 28 2016


...................................

...THE ROSWELL NM CLIMATE SUMMARY FOR AUGUST 27 2016...

CLIMATE NORMAL PERIOD 1981 TO 2010
CLIMATE RECORD PERIOD 1893 TO 2016


WEATHER ITEM   OBSERVED TIME   RECORD YEAR NORMAL DEPARTURE
                VALUE   (LST)  VALUE       VALUE  FROM
                                                  NORMAL
...............................................................
TEMPERATURE (F)
 YESTERDAY
  MAXIMUM         88    411 PM 102    2011  91     -3
                                      2002
  MINIMUM         63    509 AM  51    1962  65     -2
  AVERAGE         76                        78     -2

PRECIPITATION (IN)
  YESTERDAY        0.02          1.53 1932   0.06  -0.04
  MONTH TO DATE    4.28                      1.74   2.54
  SINCE JUN 1      5.26                      5.53  -0.27
  SINCE JAN 1      7.19                      8.70  -1.51

SNOWFALL (IN)
  YESTERDAY        0.0
  MONTH TO DATE    0.0
  SINCE JUN 1      0.0
  SINCE JUL 1      0.0

DEGREE DAYS
 HEATING
  YESTERDAY        0                         0      0
  MONTH TO DATE    0                         0      0
  SINCE JUN 1      0                         1     -1
  SINCE JUL 1      0                         0      0

 COOLING
  YESTERDAY       11                        13     -2
  MONTH TO DATE  396                       379     17
  SINCE JUN 1   1546                      1252    294
  SINCE JAN 1   1724                      1477    247
...............................................................


WIND (MPH)
  HIGHEST WIND SPEED    14   HIGHEST WIND DIRECTION     S (170)
  HIGHEST GUST SPEED    22   HIGHEST GUST DIRECTION     E (90)
  AVERAGE WIND SPEED     5.9


SKY COVER
  AVERAGE SKY COVER 0.0


WEATHER CONDITIONS
 THE FOLLOWING WEATHER WAS RECORDED YESTERDAY.
  THUNDERSTORM
  LIGHT RAIN


RELATIVE HUMIDITY (PERCENT)
 HIGHEST    87           400 AM
 LOWEST     29           400 PM
 AVERAGE    58

..........................................................


THE ROSWELL NM CLIMATE NORMALS FOR TODAY
                         NORMAL    RECORD    YEAR
 MAXIMUM TEMPERATURE (F)   91       102      2011
 MINIMUM TEMPERATURE (F)   64        55      1970
                                             1897


SUNRISE AND SUNSET
AUGUST 28 2016........SUNRISE   630 AM MDT   SUNSET   728 PM MDT
AUGUST 29 2016........SUNRISE   631 AM MDT   SUNSET   726 PM MDT


-  INDICATES NEGATIVE NUMBERS.
R  INDICATES RECORD WAS SET OR TIED.
MM INDICATES DATA IS MISSING.
T  INDICATES TRACE AMOUNT.




$$
