000
CDUS45 KABQ 020826
CLIROW


CLIMATE REPORT
NATIONAL WEATHER SERVICE ALBUQUERQUE NM
225 AM MDT TUE SEP 2 2014


...................................

...THE ROSWELL NM CLIMATE SUMMARY FOR SEPTEMBER 1 2014...

CLIMATE NORMAL PERIOD 1981 TO 2010
CLIMATE RECORD PERIOD 1893 TO 2014


WEATHER ITEM   OBSERVED TIME   RECORD YEAR NORMAL DEPARTURE
                VALUE   (LST)  VALUE       VALUE  FROM
                                                  NORMAL
...............................................................
TEMPERATURE (F)
 YESTERDAY
  MAXIMUM        100R   414 PM 100    2013  90     10
                                      1951
  MINIMUM         64    603 AM  45    1915  63      1
  AVERAGE         82                        77      5

PRECIPITATION (IN)
  YESTERDAY        0.00          1.27 1942   0.05  -0.05
  MONTH TO DATE    0.00                      0.05  -0.05
  SINCE SEP 1      0.00                      0.05  -0.05
  SINCE JAN 1     12.24                      8.98   3.26

SNOWFALL (IN)
  YESTERDAY        0.0
  MONTH TO DATE    0.0
  SINCE SEP 1      0.0
  SINCE JUL 1      0.0

DEGREE DAYS
 HEATING
  YESTERDAY        0                         0      0
  MONTH TO DATE    0                         0      0
  SINCE SEP 1      0                         0      0
  SINCE JUL 1      0                         0      0

 COOLING
  YESTERDAY       17                        12      5
  MONTH TO DATE   17                        12      5
  SINCE SEP 1     17                        12      5
  SINCE JAN 1   1702                      1536    166
...............................................................


WIND (MPH)
  HIGHEST WIND SPEED    18   HIGHEST WIND DIRECTION    SE (150)
  HIGHEST GUST SPEED    23   HIGHEST GUST DIRECTION     S (160)
  AVERAGE WIND SPEED     6.6


SKY COVER
  AVERAGE SKY COVER 0.0


WEATHER CONDITIONS
 THE FOLLOWING WEATHER WAS RECORDED YESTERDAY.
  NO SIGNIFICANT WEATHER WAS OBSERVED.


RELATIVE HUMIDITY (PERCENT)
 HIGHEST    52           600 AM
 LOWEST     13           500 PM
 AVERAGE    33

..........................................................


THE ROSWELL NM CLIMATE NORMALS FOR TODAY
                         NORMAL    RECORD    YEAR
 MAXIMUM TEMPERATURE (F)   90       100      2010
                                             2000
 MINIMUM TEMPERATURE (F)   63        40      1899


SUNRISE AND SUNSET
SEPTEMBER  2 2014.....SUNRISE   633 AM MDT   SUNSET   722 PM MDT
SEPTEMBER  3 2014.....SUNRISE   634 AM MDT   SUNSET   721 PM MDT


-  INDICATES NEGATIVE NUMBERS.
R  INDICATES RECORD WAS SET OR TIED.
MM INDICATES DATA IS MISSING.
T  INDICATES TRACE AMOUNT.




$$
