000
CDUS45 KABQ 240851
CLIROW


CLIMATE REPORT
NATIONAL WEATHER SERVICE ALBUQUERQUE NM
241 AM MDT SUN MAY 24 2015


...................................

...THE ROSWELL NM CLIMATE SUMMARY FOR MAY 23 2015...

CLIMATE NORMAL PERIOD 1981 TO 2010
CLIMATE RECORD PERIOD 1893 TO 2015


WEATHER ITEM   OBSERVED TIME   RECORD YEAR NORMAL DEPARTURE
                VALUE   (LST)  VALUE       VALUE  FROM
                                                  NORMAL
...............................................................
TEMPERATURE (F)
 YESTERDAY
  MAXIMUM         85    427 PM 106    2000  88     -3
  MINIMUM         57   1159 PM  37    1913  57      0
  AVERAGE         71                        72     -1

PRECIPITATION (IN)
  YESTERDAY        0.00          1.56 1941   0.04  -0.04
  MONTH TO DATE    2.47                      0.91   1.56
  SINCE MAR 1      4.50                      2.03   2.47
  SINCE JAN 1      6.41                      2.83   3.58

SNOWFALL (IN)
  YESTERDAY        0.0
  MONTH TO DATE    0.0
  SINCE MAR 1      T
  SINCE JUL 1     16.2

DEGREE DAYS
 HEATING
  YESTERDAY        0                         0      0
  MONTH TO DATE   26                        27     -1
  SINCE MAR 1    516                       578    -62
  SINCE JUL 1   3233                      3285    -52

 COOLING
  YESTERDAY        6                         8     -2
  MONTH TO DATE   48                       115    -67
  SINCE MAR 1     64                       155    -91
  SINCE JAN 1     64                       155    -91
...............................................................


WIND (MPH)
  HIGHEST WIND SPEED    33   HIGHEST WIND DIRECTION    SW (220)
  HIGHEST GUST SPEED    44   HIGHEST GUST DIRECTION    SW (220)
  AVERAGE WIND SPEED    14.3


SKY COVER
  AVERAGE SKY COVER 0.3


WEATHER CONDITIONS
 THE FOLLOWING WEATHER WAS RECORDED YESTERDAY.
  FOG
  HAZE


RELATIVE HUMIDITY (PERCENT)
 HIGHEST    93           500 AM
 LOWEST      8           400 PM
 AVERAGE    51

..........................................................


THE ROSWELL NM CLIMATE NORMALS FOR TODAY
                         NORMAL    RECORD    YEAR
 MAXIMUM TEMPERATURE (F)   88       107      2000
 MINIMUM TEMPERATURE (F)   57        32      1913


SUNRISE AND SUNSET
MAY 24 2015...........SUNRISE   553 AM MDT   SUNSET   757 PM MDT
MAY 25 2015...........SUNRISE   552 AM MDT   SUNSET   758 PM MDT


-  INDICATES NEGATIVE NUMBERS.
R  INDICATES RECORD WAS SET OR TIED.
MM INDICATES DATA IS MISSING.
T  INDICATES TRACE AMOUNT.

$$
