000
CDUS45 KABQ 270829
CLIROW


CLIMATE REPORT
NATIONAL WEATHER SERVICE ALBUQUERQUE NM
228 AM MDT WED AUG 27 2014


...................................

...THE ROSWELL NM CLIMATE SUMMARY FOR AUGUST 26 2014...

CLIMATE NORMAL PERIOD 1981 TO 2010
CLIMATE RECORD PERIOD 1893 TO 2014


WEATHER ITEM   OBSERVED TIME   RECORD YEAR NORMAL DEPARTURE
                VALUE   (LST)  VALUE       VALUE  FROM
                                                  NORMAL
...............................................................
TEMPERATURE (F)
 YESTERDAY
  MAXIMUM         90    114 PM 107    2002  91     -1
  MINIMUM         67    404 AM  49    1900  65      2
  AVERAGE         79                        78      1

PRECIPITATION (IN)
  YESTERDAY        0.07          0.97 1972   0.06   0.01
  MONTH TO DATE    2.53                      1.68   0.85
  SINCE JUN 1      7.38                      5.47   1.91
  SINCE JAN 1     12.24                      8.64   3.60

SNOWFALL (IN)
  YESTERDAY        0.0
  MONTH TO DATE    0.0
  SINCE JUN 1      0.0
  SINCE JUL 1      0.0

DEGREE DAYS
 HEATING
  YESTERDAY        0                         0      0
  MONTH TO DATE    0                         0      0
  SINCE JUN 1      0                         1     -1
  SINCE JUL 1      0                         0      0

 COOLING
  YESTERDAY       14                        13      1
  MONTH TO DATE  378                       366     12
  SINCE JUN 1   1356                      1239    117
  SINCE JAN 1   1610                      1464    146
...............................................................


WIND (MPH)
  HIGHEST WIND SPEED    25   HIGHEST WIND DIRECTION     W (250)
  HIGHEST GUST SPEED    31   HIGHEST GUST DIRECTION     W (250)
  AVERAGE WIND SPEED     5.3


SKY COVER
  AVERAGE SKY COVER 0.3


WEATHER CONDITIONS
 THE FOLLOWING WEATHER WAS RECORDED YESTERDAY.
  THUNDERSTORM
  LIGHT RAIN
  FOG


RELATIVE HUMIDITY (PERCENT)
 HIGHEST    87           400 AM
 LOWEST     36           200 PM
 AVERAGE    62

..........................................................


THE ROSWELL NM CLIMATE NORMALS FOR TODAY
                         NORMAL    RECORD    YEAR
 MAXIMUM TEMPERATURE (F)   91       102      2011
                                             2002
 MINIMUM TEMPERATURE (F)   65        51      1962


SUNRISE AND SUNSET
AUGUST 27 2014........SUNRISE   629 AM MDT   SUNSET   730 PM MDT
AUGUST 28 2014........SUNRISE   630 AM MDT   SUNSET   728 PM MDT


-  INDICATES NEGATIVE NUMBERS.
R  INDICATES RECORD WAS SET OR TIED.
MM INDICATES DATA IS MISSING.
T  INDICATES TRACE AMOUNT.




$$
