000
CDUS45 KABQ 220920
CLIROW


CLIMATE REPORT
NATIONAL WEATHER SERVICE ALBUQUERQUE NM
320 AM MDT SAT JUL 22 2017


...................................

...THE ROSWELL NM CLIMATE SUMMARY FOR JULY 21 2017...

CLIMATE NORMAL PERIOD 1981 TO 2010
CLIMATE RECORD PERIOD 1893 TO 2017


WEATHER ITEM   OBSERVED TIME   RECORD YEAR NORMAL DEPARTURE
                VALUE   (LST)  VALUE       VALUE  FROM
                                                  NORMAL
...............................................................
TEMPERATURE (F)
 YESTERDAY
  MAXIMUM         98    102 PM 104    2016  93      5
                                      1951
  MINIMUM         70    432 AM  55    1894  67      3
  AVERAGE         84                        80      4

PRECIPITATION (IN)
  YESTERDAY        0.00          1.71 1912   0.07  -0.07
  MONTH TO DATE    0.65                      1.46  -0.81
  SINCE JUN 1      1.21                      3.19  -1.98
  SINCE JAN 1      4.77                      6.36  -1.59

SNOWFALL (IN)
  YESTERDAY        0.0
  MONTH TO DATE    0.0
  SINCE JUN 1      0.0
  SINCE JUL 1      0.0

DEGREE DAYS
 HEATING
  YESTERDAY        0                         0      0
  MONTH TO DATE    0                         0      0
  SINCE JUN 1      0                         1     -1
  SINCE JUL 1      0                         0      0

 COOLING
  YESTERDAY       19                        15      4
  MONTH TO DATE  363                       327     36
  SINCE JUN 1    868                       724    144
  SINCE JAN 1   1149                       949    200
...............................................................


WIND (MPH)
  HIGHEST WIND SPEED    24   HIGHEST WIND DIRECTION    SW (240)
  HIGHEST GUST SPEED    28   HIGHEST GUST DIRECTION    SW (230)
  AVERAGE WIND SPEED     6.5


SKY COVER
  AVERAGE SKY COVER 0.0


WEATHER CONDITIONS
 THE FOLLOWING WEATHER WAS RECORDED YESTERDAY.
  NO SIGNIFICANT WEATHER WAS OBSERVED.


RELATIVE HUMIDITY (PERCENT)
 HIGHEST    53           300 AM
 LOWEST     20           100 PM
 AVERAGE    37

..........................................................


THE ROSWELL NM CLIMATE NORMALS FOR TODAY
                         NORMAL    RECORD    YEAR
 MAXIMUM TEMPERATURE (F)   93       104      2016
 MINIMUM TEMPERATURE (F)   67        54      1947
                                             1894


SUNRISE AND SUNSET
JULY 22 2017..........SUNRISE   604 AM MDT   SUNSET   805 PM MDT
JULY 23 2017..........SUNRISE   605 AM MDT   SUNSET   804 PM MDT


-  INDICATES NEGATIVE NUMBERS.
R  INDICATES RECORD WAS SET OR TIED.
MM INDICATES DATA IS MISSING.
T  INDICATES TRACE AMOUNT.




$$
