000
CDUS45 KABQ 010829
CLIROW


CLIMATE REPORT
NATIONAL WEATHER SERVICE ALBUQUERQUE NM
226 AM MDT SUN MAY 1 2016


...................................

...THE ROSWELL NM CLIMATE SUMMARY FOR APRIL 30 2016...

CLIMATE NORMAL PERIOD 1981 TO 2010
CLIMATE RECORD PERIOD 1893 TO 2016


WEATHER ITEM   OBSERVED TIME   RECORD YEAR NORMAL DEPARTURE
                VALUE   (LST)  VALUE       VALUE  FROM
                                                  NORMAL
...............................................................
TEMPERATURE (F)
 YESTERDAY
  MAXIMUM         77    334 PM  96    2013  81     -4
                                      2002
  MINIMUM         41    530 AM  27    1903  50     -9
  AVERAGE         59                        65     -6

PRECIPITATION (IN)
  YESTERDAY        0.00          0.57 1999   0.03  -0.03
  MONTH TO DATE    0.77                      0.61   0.16
  SINCE MAR 1      0.77                      1.12  -0.35
  SINCE JAN 1      1.33                      1.92  -0.59

SNOWFALL (IN)
  YESTERDAY        0.0
  MONTH TO DATE    T
  SINCE MAR 1      T
  SINCE JUL 1     17.8

DEGREE DAYS
 HEATING
  YESTERDAY        6                         3      3
  MONTH TO DATE  137                       164    -27
  SINCE MAR 1    415                       551   -136
  SINCE JUL 1   2975                      3258   -283

 COOLING
  YESTERDAY        0                         3     -3
  MONTH TO DATE   20                        37    -17
  SINCE MAR 1     20                        40    -20
  SINCE JAN 1     20                        40    -20
...............................................................


WIND (MPH)
  HIGHEST WIND SPEED    30   HIGHEST WIND DIRECTION    NE (30)
  HIGHEST GUST SPEED    40   HIGHEST GUST DIRECTION    NE (60)
  AVERAGE WIND SPEED    10.4


SKY COVER
  AVERAGE SKY COVER 0.1


WEATHER CONDITIONS
 THE FOLLOWING WEATHER WAS RECORDED YESTERDAY.
  NO SIGNIFICANT WEATHER WAS OBSERVED.


RELATIVE HUMIDITY (PERCENT)
 HIGHEST    58           500 AM
 LOWEST     15           400 PM
 AVERAGE    37

..........................................................


THE ROSWELL NM CLIMATE NORMALS FOR TODAY
                         NORMAL    RECORD    YEAR
 MAXIMUM TEMPERATURE (F)   81        97      2012
 MINIMUM TEMPERATURE (F)   50        29      1909


SUNRISE AND SUNSET
MAY  1 2016...........SUNRISE   610 AM MDT   SUNSET   741 PM MDT
MAY  2 2016...........SUNRISE   609 AM MDT   SUNSET   742 PM MDT


-  INDICATES NEGATIVE NUMBERS.
R  INDICATES RECORD WAS SET OR TIED.
MM INDICATES DATA IS MISSING.
T  INDICATES TRACE AMOUNT.

$$
