000
CDUS45 KABQ 230832
CLIROW


CLIMATE REPORT
NATIONAL WEATHER SERVICE ALBUQUERQUE NM
232 AM MDT SUN APR 23 2017


...................................

...THE ROSWELL NM CLIMATE SUMMARY FOR APRIL 22 2017...

CLIMATE NORMAL PERIOD 1981 TO 2010
CLIMATE RECORD PERIOD 1893 TO 2017


WEATHER ITEM   OBSERVED TIME   RECORD YEAR NORMAL DEPARTURE
                VALUE   (LST)  VALUE       VALUE  FROM
                                                  NORMAL
...............................................................
TEMPERATURE (F)
 YESTERDAY
  MAXIMUM         68    459 PM 101    1965  79    -11
  MINIMUM         50    640 AM  26    1907  47      3
  AVERAGE         59                        63     -4

PRECIPITATION (IN)
  YESTERDAY        0.00          0.86 1942   0.03  -0.03
  MONTH TO DATE    1.21                      0.40   0.81
  SINCE MAR 1      1.53                      0.91   0.62
  SINCE JAN 1      2.78                      1.71   1.07

SNOWFALL (IN)
  YESTERDAY        0.0
  MONTH TO DATE    0.0
  SINCE MAR 1      0.0
  SINCE JUL 1      2.5

DEGREE DAYS
 HEATING
  YESTERDAY        6                         4      2
  MONTH TO DATE   72                       138    -66
  SINCE MAR 1    247                       525   -278
  SINCE JUL 1   2392                      3232   -840

 COOLING
  YESTERDAY        0                         2     -2
  MONTH TO DATE   57                        19     38
  SINCE MAR 1     91                        22     69
  SINCE JAN 1     91                        22     69
...............................................................


WIND (MPH)
  HIGHEST WIND SPEED    16   HIGHEST WIND DIRECTION     N (20)
  HIGHEST GUST SPEED    24   HIGHEST GUST DIRECTION     N (20)
  AVERAGE WIND SPEED     9.4


SKY COVER
  AVERAGE SKY COVER 0.6


WEATHER CONDITIONS
 THE FOLLOWING WEATHER WAS RECORDED YESTERDAY.
  NO SIGNIFICANT WEATHER WAS OBSERVED.


RELATIVE HUMIDITY (PERCENT)
 HIGHEST    64          1200 AM
 LOWEST     26           500 PM
 AVERAGE    45

..........................................................


THE ROSWELL NM CLIMATE NORMALS FOR TODAY
                         NORMAL    RECORD    YEAR
 MAXIMUM TEMPERATURE (F)   79        95      2006
                                             1965
 MINIMUM TEMPERATURE (F)   47        30      1944
                                             1899


SUNRISE AND SUNSET
APRIL 23 2017.........SUNRISE   618 AM MDT   SUNSET   735 PM MDT
APRIL 24 2017.........SUNRISE   617 AM MDT   SUNSET   736 PM MDT


-  INDICATES NEGATIVE NUMBERS.
R  INDICATES RECORD WAS SET OR TIED.
MM INDICATES DATA IS MISSING.
T  INDICATES TRACE AMOUNT.




$$
