000
CDUS45 KABQ 210944
CLIROW


CLIMATE REPORT
NATIONAL WEATHER SERVICE ALBUQUERQUE NM
242 AM MST TUE NOV 21 2017


...................................

...THE ROSWELL NM CLIMATE SUMMARY FOR NOVEMBER 20 2017...

CLIMATE NORMAL PERIOD 1981 TO 2010
CLIMATE RECORD PERIOD 1893 TO 2017


WEATHER ITEM   OBSERVED TIME   RECORD YEAR NORMAL DEPARTURE
                VALUE   (LST)  VALUE       VALUE  FROM
                                                  NORMAL
...............................................................
TEMPERATURE (F)
 YESTERDAY
  MAXIMUM         73    305 PM  88    1996  62     11
  MINIMUM         24    659 AM  -2    1906  32     -8
  AVERAGE         49                        47      2

PRECIPITATION (IN)
  YESTERDAY        0.00          0.41 1899   0.02  -0.02
  MONTH TO DATE    0.00                      0.42  -0.42
  SINCE SEP 1      3.82                      3.18   0.64
  SINCE JAN 1     11.16                     12.11  -0.95

SNOWFALL (IN)
  YESTERDAY        0.0
  MONTH TO DATE    0.0
  SINCE SEP 1      0.0
  SINCE JUL 1      0.0

DEGREE DAYS
 HEATING
  YESTERDAY       16                        18     -2
  MONTH TO DATE  177                       276    -99
  SINCE SEP 1    341                       450   -109
  SINCE JUL 1    341                       450   -109

 COOLING
  YESTERDAY        0                         0      0
  MONTH TO DATE    6                         0      6
  SINCE SEP 1    381                       264    117
  SINCE JAN 1   2172                      1788    384
...............................................................


WIND (MPH)
  HIGHEST WIND SPEED    13   HIGHEST WIND DIRECTION     S (170)
  HIGHEST GUST SPEED    16   HIGHEST GUST DIRECTION     S (160)
  AVERAGE WIND SPEED     4.3


SKY COVER
  AVERAGE SKY COVER 0.0


WEATHER CONDITIONS
 THE FOLLOWING WEATHER WAS RECORDED YESTERDAY.
  NO SIGNIFICANT WEATHER WAS OBSERVED.


RELATIVE HUMIDITY (PERCENT)
 HIGHEST    68           700 AM
 LOWEST     10           300 PM
 AVERAGE    39

..........................................................


THE ROSWELL NM CLIMATE NORMALS FOR TODAY
                         NORMAL    RECORD    YEAR
 MAXIMUM TEMPERATURE (F)   62        87      1897
 MINIMUM TEMPERATURE (F)   32        -6      1906


SUNRISE AND SUNSET
NOVEMBER 21 2017......SUNRISE   635 AM MST   SUNSET   453 PM MST
NOVEMBER 22 2017......SUNRISE   636 AM MST   SUNSET   452 PM MST


-  INDICATES NEGATIVE NUMBERS.
R  INDICATES RECORD WAS SET OR TIED.
MM INDICATES DATA IS MISSING.
T  INDICATES TRACE AMOUNT.




$$
