299
CDUS43 KARX 230658
CLIRST


CLIMATE REPORT
NATIONAL WEATHER SERVICE LA CROSSE WI
1256 AM CST TUE JAN 23 2018


...................................

...THE ROCHESTER MN CLIMATE SUMMARY FOR JANUARY 22 2018...

CLIMATE NORMAL PERIOD 1981 TO 2010
CLIMATE RECORD PERIOD 1886 TO 2018


WEATHER ITEM   OBSERVED TIME   RECORD YEAR NORMAL DEPARTURE LAST
                VALUE   (LST)  VALUE       VALUE  FROM      YEAR
                                                  NORMAL
..................................................................
TEMPERATURE (F)
 YESTERDAY
  MAXIMUM         35    315 AM  46    1964  24     11       35
  MINIMUM         24   1159 PM -37    1888   7     17       32
  AVERAGE         30                        16     14       34

PRECIPITATION (IN)
  YESTERDAY        0.91          1.20 1933   0.03   0.88     0.00
  MONTH TO DATE    1.40                      0.61   0.79     1.31
  SINCE DEC 1      1.91                      1.84   0.07     3.38
  SINCE JAN 1      1.40                      0.61   0.79     1.31

SNOWFALL (IN)
  YESTERDAY        8.1          15.4  1982   0.4    7.7      0.0
  MONTH TO DATE   15.8                       8.3    7.5      3.7
  SINCE JUL 1     26.3                      27.7   -1.4     24.4
  SNOW DEPTH       0

DEGREE DAYS
 HEATING
  YESTERDAY       35                        50    -15       31
  MONTH TO DATE 1156                      1091     65     1069
  SINCE JUL 1   4186                      4169     17     3640

 COOLING
  YESTERDAY        0                         0      0        0
  MONTH TO DATE    0                         0      0        0
  SINCE JAN 1      0                         0      0        0
..................................................................


WIND (MPH)
  HIGHEST WIND SPEED    30   HIGHEST WIND DIRECTION    NE (30)
  HIGHEST GUST SPEED    41   HIGHEST GUST DIRECTION    NE (30)
  AVERAGE WIND SPEED    21.4


SKY COVER
  POSSIBLE SUNSHINE  MM
  AVERAGE SKY COVER 1.0


WEATHER CONDITIONS
 THE FOLLOWING WEATHER WAS RECORDED YESTERDAY.
  RAIN
  LIGHT RAIN
  HEAVY SNOW
  SNOW
  LIGHT SNOW
  FOG
  FOG W/VISIBILITY <= 1/4 MILE


RELATIVE HUMIDITY (PERCENT)
 HIGHEST   100           500 AM
 LOWEST     82          1200 AM
 AVERAGE    91

..........................................................


THE ROCHESTER MN CLIMATE NORMALS FOR TODAY
                         NORMAL    RECORD    YEAR
 MAXIMUM TEMPERATURE (F)   24        50      1981
 MINIMUM TEMPERATURE (F)    7       -34      1935


SUNRISE AND SUNSET
JANUARY 23 2018.......SUNRISE   736 AM CST   SUNSET   508 PM CST
JANUARY 24 2018.......SUNRISE   735 AM CST   SUNSET   510 PM CST


-  INDICATES NEGATIVE NUMBERS.
R  INDICATES RECORD WAS SET OR TIED.
MM INDICATES DATA IS MISSING.
T  INDICATES TRACE AMOUNT.




$$
