000
CDUS45 KCYS 040743
CLIRWL


CLIMATE REPORT
NATIONAL WEATHER SERVICE CHEYENNE WY
137 AM MDT TUE AUG 4 2015


...................................

...THE RAWLINS WY AIRPORT CLIMATE SUMMARY FOR AUGUST 3 2015...

CLIMATE NORMAL PERIOD 1981 TO 2010
CLIMATE RECORD PERIOD 1951 TO 2015


WEATHER ITEM   OBSERVED TIME   RECORD YEAR NORMAL DEPARTURE LAST
                VALUE   (LST)  VALUE       VALUE  FROM      YEAR
                                                  NORMAL
..................................................................
TEMPERATURE (F)
 YESTERDAY
  MAXIMUM         77    351 PM  91    1997  84     -7       87
  MINIMUM         56   1159 PM  43    2006  51      5       51
  AVERAGE         67                        68     -1       69

PRECIPITATION (IN)
  YESTERDAY        0.22          0.46 1951   0.03   0.19     0.00
  MONTH TO DATE    0.22                      0.09   0.13     0.00
  SINCE JAN 1      8.04                      5.88   2.16     3.31

DEGREE DAYS
 HEATING
  YESTERDAY        0                         1     -1        0
  MONTH TO DATE    0                         3     -3        1
  SINCE JUN 1    103                       228   -125      199
  SINCE JUL 1     37                        38     -1       27

 COOLING
  YESTERDAY        2                         3     -1        4
  MONTH TO DATE   10                         9      1        6
  SINCE JUN 1    132                       126      6      181
  SINCE JAN 1    132                       126      6      183
..................................................................


WIND (MPH)
  HIGHEST WIND SPEED    25   HIGHEST WIND DIRECTION    SW (220)
  HIGHEST GUST SPEED    34   HIGHEST GUST DIRECTION    SW (230)
  AVERAGE WIND SPEED     6.2


SKY COVER
  AVERAGE SKY COVER 0.5


WEATHER CONDITIONS
 THE FOLLOWING WEATHER WAS RECORDED YESTERDAY.
  THUNDERSTORM
  RAIN
  LIGHT RAIN
  FOG


RELATIVE HUMIDITY (PERCENT)
 HIGHEST    57           500 AM
 LOWEST     33           200 PM
 AVERAGE    45

..........................................................


THE RAWLINS WY AIRPORT CLIMATE NORMALS FOR TODAY
                         NORMAL    RECORD    YEAR
 MAXIMUM TEMPERATURE (F)   84        93      1979
 MINIMUM TEMPERATURE (F)   51        39      1980


SUNRISE AND SUNSET
AUGUST  4 2015........SUNRISE   606 AM MDT   SUNSET   824 PM MDT
AUGUST  5 2015........SUNRISE   607 AM MDT   SUNSET   822 PM MDT


-  INDICATES NEGATIVE NUMBERS.
R  INDICATES RECORD WAS SET OR TIED.
MM INDICATES DATA IS MISSING.
T  INDICATES TRACE AMOUNT.




$$
