000
CDUS45 KPIH 272322
CLIRXE


CLIMATE REPORT
NATIONAL WEATHER SERVICE POCATELLO ID
522 PM MDT WED JUL 27 2016


...................................

...THE REXBURG ID CLIMATE SUMMARY FOR JULY 27 2016...
VALID TODAY AS OF 0500 PM LOCAL TIME.

CLIMATE NORMAL PERIOD 1981 TO 2010
CLIMATE RECORD PERIOD 1998 TO 2016


WEATHER ITEM   OBSERVED TIME   RECORD YEAR NORMAL DEPARTURE LAST
                VALUE   (LST)  VALUE       VALUE  FROM      YEAR
                                                  NORMAL
..................................................................
TEMPERATURE (F)
 TODAY
  MAXIMUM         91    359 PM  94    2012  86      5       65
  MINIMUM         50    600 AM  42    2005  52     -2       45
  AVERAGE         71                        69      2       55

PRECIPITATION (IN)
  TODAY            0.00         MM      MM   0.02  -0.02     0.18
  MONTH TO DATE    0.15                      0.64  -0.49     0.92
  SINCE OCT 1      9.07                     11.09  -2.02     9.36
  SINCE JAN 1      5.91                      7.88  -1.97     6.59

SNOWFALL (IN)
  TODAY           MM
  MONTH TO DATE   MM
  SINCE JUN 1     MM
  SINCE JUL 1     MM
  SNOW DEPTH      MM

DEGREE DAYS
 HEATING
  TODAY            0                         0      0       10
  MONTH TO DATE   34                        27      7       26
  SINCE JUN 1    104                       199    -95       66
  SINCE JUL 1     34                        27      7       26

 COOLING
  TODAY            6                         4      2        0
  MONTH TO DATE   86                        73     13       92
  SINCE JUN 1    138                        91     47      181
  SINCE JAN 1    138                        95     43      181
..................................................................


WIND (MPH)
  HIGHEST WIND SPEED    15   HIGHEST WIND DIRECTION    SW (220)
  HIGHEST GUST SPEED    20   HIGHEST GUST DIRECTION    SW (220)
  AVERAGE WIND SPEED     5.2


SKY COVER
  POSSIBLE SUNSHINE  MM
  AVERAGE SKY COVER 0.0


WEATHER CONDITIONS
 THE FOLLOWING WEATHER WAS RECORDED TODAY.
  NO SIGNIFICANT WEATHER WAS OBSERVED.


RELATIVE HUMIDITY (PERCENT)
 HIGHEST    83           400 AM
 LOWEST     13           300 PM
 AVERAGE    48

..........................................................


THE REXBURG ID CLIMATE NORMALS FOR TOMORROW
                         NORMAL    RECORD    YEAR
 MAXIMUM TEMPERATURE (F)   87        97      2006
 MINIMUM TEMPERATURE (F)   52        37      2015


SUNRISE AND SUNSET
JULY 27 2016..........SUNRISE   611 AM MDT   SUNSET   856 PM MDT
JULY 28 2016..........SUNRISE   612 AM MDT   SUNSET   855 PM MDT


-  INDICATES NEGATIVE NUMBERS.
R  INDICATES RECORD WAS SET OR TIED.
MM INDICATES DATA IS MISSING.
T  INDICATES TRACE AMOUNT.




$$
