000
CDUS45 KPIH 240731
CLIRXE


CLIMATE REPORT
NATIONAL WEATHER SERVICE POCATELLO ID
130 AM MDT SAT SEP 24 2016


...................................

...THE REXBURG ID CLIMATE SUMMARY FOR SEPTEMBER 23 2016...

CLIMATE NORMAL PERIOD 1981 TO 2010
CLIMATE RECORD PERIOD 1998 TO 2016


WEATHER ITEM   OBSERVED TIME   RECORD YEAR NORMAL DEPARTURE LAST
                VALUE   (LST)  VALUE       VALUE  FROM      YEAR
                                                  NORMAL
..................................................................
TEMPERATURE (F)
 YESTERDAY
  MAXIMUM         50    339 PM  84    2009  68    -18       82
                                      2001
  MINIMUM         42   1159 PM  27    2000  37      5       41
  AVERAGE         46                        53     -7       62

PRECIPITATION (IN)
  YESTERDAY        0.87         MM      MM   0.04   0.83     0.00
  MONTH TO DATE    1.78                      0.71   1.07     0.43
  SINCE OCT 1     10.89                     12.84  -1.95    10.34
  SINCE JAN 1      7.73                      9.63  -1.90     7.57

SNOWFALL (IN)
  YESTERDAY       MM
  MONTH TO DATE   MM
  SINCE SEP 1     MM
  SINCE JUL 1     MM
  SNOW DEPTH      MM

DEGREE DAYS
 HEATING
  YESTERDAY       19                        12      7        3
  MONTH TO DATE  194                       189      5      141
  SINCE SEP 1    194                       189      5      141
  SINCE JUL 1    258                       262     -4      216

 COOLING
  YESTERDAY        0                         0      0        0
  MONTH TO DATE   14                         5      9       12
  SINCE SEP 1     14                         5      9       12
  SINCE JAN 1    261                       207     54      301
..................................................................


WIND (MPH)
  HIGHEST WIND SPEED    18   HIGHEST WIND DIRECTION     S (200)
  HIGHEST GUST SPEED    24   HIGHEST GUST DIRECTION    SW (220)
  AVERAGE WIND SPEED     9.3


SKY COVER
  POSSIBLE SUNSHINE  MM
  AVERAGE SKY COVER 0.9


WEATHER CONDITIONS
 THE FOLLOWING WEATHER WAS RECORDED YESTERDAY.
  RAIN
  LIGHT RAIN
  FOG


RELATIVE HUMIDITY (PERCENT)
 HIGHEST   100           200 AM
 LOWEST     86          1100 AM
 AVERAGE    93

..........................................................


THE REXBURG ID CLIMATE NORMALS FOR TODAY
                         NORMAL    RECORD    YEAR
 MAXIMUM TEMPERATURE (F)   68        87      2001
 MINIMUM TEMPERATURE (F)   37        22      2000


SUNRISE AND SUNSET
SEPTEMBER 24 2016.....SUNRISE   717 AM MDT   SUNSET   720 PM MDT
SEPTEMBER 25 2016.....SUNRISE   718 AM MDT   SUNSET   718 PM MDT


-  INDICATES NEGATIVE NUMBERS.
R  INDICATES RECORD WAS SET OR TIED.
MM INDICATES DATA IS MISSING.
T  INDICATES TRACE AMOUNT.




$$
