724
CDUS45 KPIH 220733
CLIRXE


CLIMATE REPORT
NATIONAL WEATHER SERVICE POCATELLO ID
132 AM MDT FRI MAY 22 2015


...................................

...THE REXBURG ID CLIMATE SUMMARY FOR MAY 21 2015...

CLIMATE NORMAL PERIOD 1981 TO 2010
CLIMATE RECORD PERIOD 1998 TO 2015


WEATHER ITEM   OBSERVED TIME   RECORD YEAR NORMAL DEPARTURE LAST
                VALUE   (LST)  VALUE       VALUE  FROM      YEAR
                                                  NORMAL
..................................................................
TEMPERATURE (F)
 YESTERDAY
  MAXIMUM         66    420 PM  85    2012  68     -2       75
  MINIMUM         47    615 AM  28    2001  41      6       40
  AVERAGE         57                        54      3       58

PRECIPITATION (IN)
  YESTERDAY        T            MM      MM   0.06  -0.06     0.01
  MONTH TO DATE    2.08                      1.14   0.94     0.56
  SINCE OCT 1      6.66                      8.46  -1.80     6.89
  SINCE JAN 1      3.89                      5.25  -1.36     5.03

SNOWFALL (IN)
  YESTERDAY       MM
  MONTH TO DATE   MM
  SINCE MAR 1     MM
  SINCE JUL 1     MM
  SNOW DEPTH      MM

DEGREE DAYS
 HEATING
  YESTERDAY        8                        11     -3        7
  MONTH TO DATE  255                       294    -39      290
  SINCE MAR 1   1591                      1886   -295     1779
  SINCE JUL 1   6675                      7859  -1184     7594

 COOLING
  YESTERDAY        0                         0      0        0
  MONTH TO DATE    0                         0      0        0
  SINCE MAR 1      0                         0      0        0
  SINCE JAN 1      0                         0      0        0
..................................................................


WIND (MPH)
  HIGHEST WIND SPEED    15   HIGHEST WIND DIRECTION     S (180)
  HIGHEST GUST SPEED    22   HIGHEST GUST DIRECTION     S (180)
  AVERAGE WIND SPEED     4.5


SKY COVER
  POSSIBLE SUNSHINE  MM
  AVERAGE SKY COVER 0.6


WEATHER CONDITIONS
 THE FOLLOWING WEATHER WAS RECORDED YESTERDAY.
  NO SIGNIFICANT WEATHER WAS OBSERVED.


RELATIVE HUMIDITY (PERCENT)
 HIGHEST    93           500 AM
 LOWEST     34           400 PM
 AVERAGE    64

..........................................................


THE REXBURG ID CLIMATE NORMALS FOR TODAY
                         NORMAL    RECORD    YEAR
 MAXIMUM TEMPERATURE (F)   68        80      2014
 MINIMUM TEMPERATURE (F)   41        31      2007


SUNRISE AND SUNSET
MAY 22 2015...........SUNRISE   555 AM MDT   SUNSET   853 PM MDT
MAY 23 2015...........SUNRISE   554 AM MDT   SUNSET   854 PM MDT


-  INDICATES NEGATIVE NUMBERS.
R  INDICATES RECORD WAS SET OR TIED.
MM INDICATES DATA IS MISSING.
T  INDICATES TRACE AMOUNT.




$$
