000
CDUS45 KPIH 212331
CLIRXE


CLIMATE REPORT
NATIONAL WEATHER SERVICE POCATELLO ID
522 PM MDT FRI JUL 21 2017


...................................

...THE REXBURG ID CLIMATE SUMMARY FOR JULY 21 2017...
VALID TODAY AS OF 0500 PM LOCAL TIME.

CLIMATE NORMAL PERIOD 1981 TO 2010
CLIMATE RECORD PERIOD 1998 TO 2017


WEATHER ITEM   OBSERVED TIME   RECORD YEAR NORMAL DEPARTURE LAST
                VALUE   (LST)  VALUE       VALUE  FROM      YEAR
                                                  NORMAL
..................................................................
TEMPERATURE (F)
 TODAY
  MAXIMUM         86    354 PM  95    2006  85      1       93
                                      2003
  MINIMUM         47    544 AM  46    2011  51     -4       48
                                      2000
  AVERAGE         67                        68     -1       71

PRECIPITATION (IN)
  TODAY            0.00         MM      MM   0.01  -0.01     0.00
  MONTH TO DATE    0.03                      0.52  -0.49     0.15
  SINCE OCT 1     13.95                     10.97   2.98     9.07
  SINCE JAN 1      8.19                      7.76   0.43     5.91

SNOWFALL (IN)
  TODAY           MM
  MONTH TO DATE   MM
  SINCE JUN 1     MM
  SINCE JUL 1     MM
  SNOW DEPTH      MM

DEGREE DAYS
 HEATING
  TODAY            0                         0      0        0
  MONTH TO DATE    1                        27    -26       34
  SINCE JUN 1    120                       199    -79      104
  SINCE JUL 1      1                        27    -26       34

 COOLING
  TODAY            2                         4     -2        6
  MONTH TO DATE  149                        49    100       58
  SINCE JUN 1    180                        67    113      110
  SINCE JAN 1    181                        71    110      110
..................................................................


WIND (MPH)
  HIGHEST WIND SPEED    15   HIGHEST WIND DIRECTION    SW (220)
  HIGHEST GUST SPEED    20   HIGHEST GUST DIRECTION     S (200)
  AVERAGE WIND SPEED     6.0


SKY COVER
  POSSIBLE SUNSHINE  MM
  AVERAGE SKY COVER 0.0


WEATHER CONDITIONS
 THE FOLLOWING WEATHER WAS RECORDED TODAY.
  NO SIGNIFICANT WEATHER WAS OBSERVED.


RELATIVE HUMIDITY (PERCENT)
 HIGHEST    80           500 AM
 LOWEST     13           100 PM
 AVERAGE    47

..........................................................


THE REXBURG ID CLIMATE NORMALS FOR TOMORROW
                         NORMAL    RECORD    YEAR
 MAXIMUM TEMPERATURE (F)   86        96      2007
                                             2006
                                             2003
 MINIMUM TEMPERATURE (F)   51        45      1999


SUNRISE AND SUNSET
JULY 21 2017..........SUNRISE   605 AM MDT   SUNSET   902 PM MDT
JULY 22 2017..........SUNRISE   606 AM MDT   SUNSET   901 PM MDT


-  INDICATES NEGATIVE NUMBERS.
R  INDICATES RECORD WAS SET OR TIED.
MM INDICATES DATA IS MISSING.
T  INDICATES TRACE AMOUNT.




$$
