000
CDUS45 KPIH 060744
CLIRXE


CLIMATE REPORT
NATIONAL WEATHER SERVICE POCATELLO ID
1241 AM MST TUE DEC 6 2016


...................................

...THE REXBURG ID CLIMATE SUMMARY FOR DECEMBER 5 2016...

CLIMATE NORMAL PERIOD 1981 TO 2010
CLIMATE RECORD PERIOD 1998 TO 2016


WEATHER ITEM   OBSERVED TIME   RECORD YEAR NORMAL DEPARTURE LAST
                VALUE   (LST)  VALUE       VALUE  FROM      YEAR
                                                  NORMAL
..................................................................
TEMPERATURE (F)
 YESTERDAY
  MAXIMUM         33   1252 AM  46    2012  31      2       36
  MINIMUM         12   1151 PM -16    2013  14     -2       18
  AVERAGE         23                        22      1       27

PRECIPITATION (IN)
  YESTERDAY        0.05         MM      MM   0.03   0.02     0.01
  MONTH TO DATE    0.12                      0.14  -0.02     0.01
  SINCE OCT 1      3.93                      2.29   1.64     2.07
  SINCE JAN 1     11.66                     12.17  -0.51     9.64

SNOWFALL (IN)
  YESTERDAY       MM
  MONTH TO DATE   MM
  SINCE DEC 1     MM
  SINCE JUL 1     MM
  SNOW DEPTH      MM

DEGREE DAYS
 HEATING
  YESTERDAY       42                        43     -1       38
  MONTH TO DATE  201                       210     -9      207
  SINCE DEC 1    201                       210     -9      207
  SINCE JUL 1   1848                      2222   -374     1941

 COOLING
  YESTERDAY        0                         0      0        0
  MONTH TO DATE    0                         0      0        0
  SINCE DEC 1      0                         0      0        0
  SINCE JAN 1    261                       208     53      310
..................................................................


WIND (MPH)
  HIGHEST WIND SPEED    26   HIGHEST WIND DIRECTION    SW (240)
  HIGHEST GUST SPEED    36   HIGHEST GUST DIRECTION    SW (230)
  AVERAGE WIND SPEED     7.9


SKY COVER
  POSSIBLE SUNSHINE  MM
  AVERAGE SKY COVER 0.3


WEATHER CONDITIONS
 THE FOLLOWING WEATHER WAS RECORDED YESTERDAY.
  LIGHT SNOW
  FOG


RELATIVE HUMIDITY (PERCENT)
 HIGHEST    89          1200 AM
 LOWEST     38           100 PM
 AVERAGE    64

..........................................................


THE REXBURG ID CLIMATE NORMALS FOR TODAY
                         NORMAL    RECORD    YEAR
 MAXIMUM TEMPERATURE (F)   30        48      2014
 MINIMUM TEMPERATURE (F)   14        -9      2013


SUNRISE AND SUNSET
DECEMBER  6 2016......SUNRISE   747 AM MST   SUNSET   450 PM MST
DECEMBER  7 2016......SUNRISE   748 AM MST   SUNSET   450 PM MST


-  INDICATES NEGATIVE NUMBERS.
R  INDICATES RECORD WAS SET OR TIED.
MM INDICATES DATA IS MISSING.
T  INDICATES TRACE AMOUNT.




$$
