000
CDUS45 KPIH 010733
CLIRXE


CLIMATE REPORT
NATIONAL WEATHER SERVICE POCATELLO ID
132 AM MDT TUE SEP 1 2015


...................................

...THE REXBURG ID CLIMATE SUMMARY FOR AUGUST 31 2015...

CLIMATE NORMAL PERIOD 1981 TO 2010
CLIMATE RECORD PERIOD 1998 TO 2015


WEATHER ITEM   OBSERVED TIME   RECORD YEAR NORMAL DEPARTURE LAST
                VALUE   (LST)  VALUE       VALUE  FROM      YEAR
                                                  NORMAL
..................................................................
TEMPERATURE (F)
 YESTERDAY
  MAXIMUM         78    453 PM  89    1998  79     -1       66
  MINIMUM         42    621 AM  33    2006  45     -3       48
  AVERAGE         60                        62     -2       57

PRECIPITATION (IN)
  YESTERDAY        0.00         MM      MM   0.04  -0.04     0.32
  MONTH TO DATE    0.55                      0.96  -0.41     4.18
  SINCE OCT 1      9.91                     12.13  -2.22    13.13
  SINCE JAN 1      7.14                      8.92  -1.78    11.27

SNOWFALL (IN)
  YESTERDAY       MM
  MONTH TO DATE   MM
  SINCE JUN 1     MM
  SINCE JUL 1     MM
  SNOW DEPTH      MM

DEGREE DAYS
 HEATING
  YESTERDAY        5                         4      1        8
  MONTH TO DATE   31                        42    -11       66
  SINCE JUN 1    115                       245   -130      229
  SINCE JUL 1     75                        73      2       74

 COOLING
  YESTERDAY        0                         1     -1        0
  MONTH TO DATE  104                        88     16       56
  SINCE JUN 1    289                       198     91      222
  SINCE JAN 1    289                       202     87      222
..................................................................


WIND (MPH)
  HIGHEST WIND SPEED    20   HIGHEST WIND DIRECTION     S (190)
  HIGHEST GUST SPEED    29   HIGHEST GUST DIRECTION    SW (210)
  AVERAGE WIND SPEED     9.6


SKY COVER
  POSSIBLE SUNSHINE  MM
  AVERAGE SKY COVER 0.0


WEATHER CONDITIONS
 THE FOLLOWING WEATHER WAS RECORDED YESTERDAY.
  NO SIGNIFICANT WEATHER WAS OBSERVED.


RELATIVE HUMIDITY (PERCENT)
 HIGHEST    67           500 AM
 LOWEST     17           500 PM
 AVERAGE    42

..........................................................


THE REXBURG ID CLIMATE NORMALS FOR TODAY
                         NORMAL    RECORD    YEAR
 MAXIMUM TEMPERATURE (F)   78        90      2013
 MINIMUM TEMPERATURE (F)   45        33      2006


SUNRISE AND SUNSET
SEPTEMBER  1 2015.....SUNRISE   650 AM MDT   SUNSET   803 PM MDT
SEPTEMBER  2 2015.....SUNRISE   652 AM MDT   SUNSET   801 PM MDT


-  INDICATES NEGATIVE NUMBERS.
R  INDICATES RECORD WAS SET OR TIED.
MM INDICATES DATA IS MISSING.
T  INDICATES TRACE AMOUNT.




$$
