000
CDUS45 KPIH 250742
CLIRXE


CLIMATE REPORT
NATIONAL WEATHER SERVICE POCATELLO ID
131 AM MDT MON SEP 25 2017


...................................

...THE REXBURG ID CLIMATE SUMMARY FOR SEPTEMBER 24 2017...

CLIMATE NORMAL PERIOD 1981 TO 2010
CLIMATE RECORD PERIOD 1998 TO 2017


WEATHER ITEM   OBSERVED TIME   RECORD YEAR NORMAL DEPARTURE LAST
                VALUE   (LST)  VALUE       VALUE  FROM      YEAR
                                                  NORMAL
..................................................................
TEMPERATURE (F)
 YESTERDAY
  MAXIMUM         60    157 PM  87    2001  68     -8       62
  MINIMUM         33    650 AM  22    2000  37     -4       41
  AVERAGE         47                        52     -5       52

PRECIPITATION (IN)
  YESTERDAY        0.00         MM      MM   0.04  -0.04      T
  MONTH TO DATE    1.80                      0.75   1.05     1.78
  SINCE OCT 1     15.93                     12.88   3.05    10.89
  SINCE JAN 1     10.17                      9.67   0.50     7.73

SNOWFALL (IN)
  YESTERDAY       MM
  MONTH TO DATE   MM
  SINCE SEP 1     MM
  SINCE JUL 1     MM
  SNOW DEPTH      MM

DEGREE DAYS
 HEATING
  YESTERDAY       18                        13      5       13
  MONTH TO DATE  192                       202    -10      207
  SINCE SEP 1    192                       202    -10      207
  SINCE JUL 1    205                       275    -70      271

 COOLING
  YESTERDAY        0                         0      0        0
  MONTH TO DATE   38                         5     33       14
  SINCE SEP 1     38                         5     33       14
  SINCE JAN 1    347                       207    140      261
..................................................................


WIND (MPH)
  HIGHEST WIND SPEED    16   HIGHEST WIND DIRECTION     N (360)
  HIGHEST GUST SPEED    23   HIGHEST GUST DIRECTION    NW (330)
  AVERAGE WIND SPEED     5.2


SKY COVER
  POSSIBLE SUNSHINE  MM
  AVERAGE SKY COVER 0.3


WEATHER CONDITIONS
 THE FOLLOWING WEATHER WAS RECORDED YESTERDAY.
  HAZE


RELATIVE HUMIDITY (PERCENT)
 HIGHEST    82          1200 AM
 LOWEST     36           200 PM
 AVERAGE    59

..........................................................


THE REXBURG ID CLIMATE NORMALS FOR TODAY
                         NORMAL    RECORD    YEAR
 MAXIMUM TEMPERATURE (F)   67        89      2015
                                             2001
 MINIMUM TEMPERATURE (F)   37        24      2000


SUNRISE AND SUNSET
SEPTEMBER 25 2017.....SUNRISE   718 AM MDT   SUNSET   718 PM MDT
SEPTEMBER 26 2017.....SUNRISE   719 AM MDT   SUNSET   717 PM MDT


-  INDICATES NEGATIVE NUMBERS.
R  INDICATES RECORD WAS SET OR TIED.
MM INDICATES DATA IS MISSING.
T  INDICATES TRACE AMOUNT.




$$
