000
CDUS45 KPIH 032326
CLIRXE


CLIMATE REPORT
NATIONAL WEATHER SERVICE POCATELLO ID
523 PM MDT MON AUG 3 2015


...................................

...THE REXBURG ID CLIMATE SUMMARY FOR AUGUST 3 2015...
VALID TODAY AS OF 0500 PM LOCAL TIME.

CLIMATE NORMAL PERIOD 1981 TO 2010
CLIMATE RECORD PERIOD 1998 TO 2015


WEATHER ITEM   OBSERVED TIME   RECORD YEAR NORMAL DEPARTURE LAST
                VALUE   (LST)  VALUE       VALUE  FROM      YEAR
                                                  NORMAL
..................................................................
TEMPERATURE (F)
 TODAY
  MAXIMUM         77    100 PM  91    2014  87    -10       91
  MINIMUM         58    251 AM  44    2006  51      7       51
  AVERAGE         68                        69     -1       71

PRECIPITATION (IN)
  TODAY            0.00         MM      MM   0.02  -0.02     0.00
  MONTH TO DATE    0.00                      0.06  -0.06      T
  SINCE OCT 1      9.36                     11.23  -1.87     8.95
  SINCE JAN 1      6.59                      8.02  -1.43     7.09

SNOWFALL (IN)
  TODAY           MM
  MONTH TO DATE   MM
  SINCE JUN 1     MM
  SINCE JUL 1     MM
  SNOW DEPTH      MM

DEGREE DAYS
 HEATING
  TODAY            0                         0      0        0
  MONTH TO DATE    0                         0      0        0
  SINCE JUN 1     84                       202   -118      163
  SINCE JUL 1     44                        30     14        8

 COOLING
  TODAY            3                         4     -1        6
  MONTH TO DATE   16                        12      4       14
  SINCE JUN 1    201                       122     79      180
  SINCE JAN 1    201                       126     75      180
..................................................................


WIND (MPH)
  HIGHEST WIND SPEED    18   HIGHEST WIND DIRECTION    SW (220)
  HIGHEST GUST SPEED    25   HIGHEST GUST DIRECTION    SW (210)
  AVERAGE WIND SPEED     6.2


SKY COVER
  POSSIBLE SUNSHINE  MM
  AVERAGE SKY COVER 0.0


WEATHER CONDITIONS
 THE FOLLOWING WEATHER WAS RECORDED TODAY.
  NO SIGNIFICANT WEATHER WAS OBSERVED.


RELATIVE HUMIDITY (PERCENT)
 HIGHEST    62           300 AM
 LOWEST     36          1000 AM
 AVERAGE    49

..........................................................


THE REXBURG ID CLIMATE NORMALS FOR TOMORROW
                         NORMAL    RECORD    YEAR
 MAXIMUM TEMPERATURE (F)   87        91      2007
                                             2001
 MINIMUM TEMPERATURE (F)   51        46      2013


SUNRISE AND SUNSET
AUGUST  3 2015........SUNRISE   618 AM MDT   SUNSET   848 PM MDT
AUGUST  4 2015........SUNRISE   619 AM MDT   SUNSET   847 PM MDT


-  INDICATES NEGATIVE NUMBERS.
R  INDICATES RECORD WAS SET OR TIED.
MM INDICATES DATA IS MISSING.
T  INDICATES TRACE AMOUNT.




$$
