000
CDUS45 KPIH 130809
CLIRXE


CLIMATE REPORT
NATIONAL WEATHER SERVICE POCATELLO ID
104 AM MST SAT FEB 13 2016


...................................

...THE REXBURG ID CLIMATE SUMMARY FOR FEBRUARY 12 2016...

CLIMATE NORMAL PERIOD 1981 TO 2010
CLIMATE RECORD PERIOD 1998 TO 2016


WEATHER ITEM   OBSERVED TIME   RECORD YEAR NORMAL DEPARTURE LAST
                VALUE   (LST)  VALUE       VALUE  FROM      YEAR
                                                  NORMAL
..................................................................
TEMPERATURE (F)
 YESTERDAY
  MAXIMUM         41    156 PM  50    2015  31     10       50
  MINIMUM         19    814 AM  -8    2004  11      8       29
  AVERAGE         30                        21      9       40

PRECIPITATION (IN)
  YESTERDAY        0.00         MM      MM   0.03  -0.03     0.00
  MONTH TO DATE    0.10                      0.36  -0.26     0.29
  SINCE OCT 1      4.89                      4.31   0.58     3.78
  SINCE JAN 1      1.73                      1.10   0.63     1.01

SNOWFALL (IN)
  YESTERDAY       MM
  MONTH TO DATE   MM
  SINCE DEC 1     MM
  SINCE JUL 1     MM
  SNOW DEPTH      MM

DEGREE DAYS
 HEATING
  YESTERDAY       35                        44     -9       25
  MONTH TO DATE  555                       536     19      326
  SINCE DEC 1   3257                      3301    -44     2737
  SINCE JUL 1   4991                      5313   -322     4547

 COOLING
  YESTERDAY        0                         0      0        0
  MONTH TO DATE    0                         0      0        0
  SINCE DEC 1      0                         0      0        0
  SINCE JAN 1      0                         0      0        0
..................................................................


WIND (MPH)
  HIGHEST WIND SPEED     6   HIGHEST WIND DIRECTION     E (90)
  HIGHEST GUST SPEED     8   HIGHEST GUST DIRECTION     N (10)
  AVERAGE WIND SPEED     1.0


SKY COVER
  POSSIBLE SUNSHINE  MM
  AVERAGE SKY COVER 0.4


WEATHER CONDITIONS
 THE FOLLOWING WEATHER WAS RECORDED YESTERDAY.
  FOG
  FOG W/VISIBILITY <= 1/4 MILE


RELATIVE HUMIDITY (PERCENT)
 HIGHEST   100           300 AM
 LOWEST     55           200 PM
 AVERAGE    78

..........................................................


THE REXBURG ID CLIMATE NORMALS FOR TODAY
                         NORMAL    RECORD    YEAR
 MAXIMUM TEMPERATURE (F)   31        53      2015
 MINIMUM TEMPERATURE (F)   11       -11      2004


SUNRISE AND SUNSET
FEBRUARY 13 2016......SUNRISE   729 AM MST   SUNSET   554 PM MST
FEBRUARY 14 2016......SUNRISE   728 AM MST   SUNSET   555 PM MST


-  INDICATES NEGATIVE NUMBERS.
R  INDICATES RECORD WAS SET OR TIED.
MM INDICATES DATA IS MISSING.
T  INDICATES TRACE AMOUNT.




$$
