000
CDUS45 KPIH 210738
CLIRXE


CLIMATE REPORT
NATIONAL WEATHER SERVICE POCATELLO ID
1237 AM MST TUE NOV 21 2017


...................................

...THE REXBURG ID CLIMATE SUMMARY FOR NOVEMBER 20 2017...

CLIMATE NORMAL PERIOD 1981 TO 2010
CLIMATE RECORD PERIOD 1998 TO 2017


WEATHER ITEM   OBSERVED TIME   RECORD YEAR NORMAL DEPARTURE LAST
                VALUE   (LST)  VALUE       VALUE  FROM      YEAR
                                                  NORMAL
..................................................................
TEMPERATURE (F)
 YESTERDAY
  MAXIMUM         40   1141 PM  57    2016  38      2       57
  MINIMUM         26    321 AM   0    2000  19      7       31
  AVERAGE         33                        28      5       44

PRECIPITATION (IN)
  YESTERDAY        0.03         MM      MM   0.04  -0.01     0.00
  MONTH TO DATE    0.69                      0.75  -0.06     0.01
  SINCE OCT 1      1.12                      1.86  -0.74     3.40
  SINCE JAN 1     11.48                     11.74  -0.26    11.13

SNOWFALL (IN)
  YESTERDAY       MM
  MONTH TO DATE   MM
  SINCE SEP 1     MM
  SINCE JUL 1     MM
  SNOW DEPTH      MM

DEGREE DAYS
 HEATING
  YESTERDAY       32                        37     -5       21
  MONTH TO DATE  574                       633    -59      454
  SINCE SEP 1   1589                      1547     42     1261
  SINCE JUL 1   1602                      1620    -18     1325

 COOLING
  YESTERDAY        0                         0      0        0
  MONTH TO DATE    0                         0      0        0
  SINCE SEP 1     38                         6     32       14
  SINCE JAN 1    347                       208    139      261
..................................................................


WIND (MPH)
  HIGHEST WIND SPEED    18   HIGHEST WIND DIRECTION    SW (220)
  HIGHEST GUST SPEED    23   HIGHEST GUST DIRECTION     S (200)
  AVERAGE WIND SPEED     6.0


SKY COVER
  POSSIBLE SUNSHINE  MM
  AVERAGE SKY COVER 0.6


WEATHER CONDITIONS
 THE FOLLOWING WEATHER WAS RECORDED YESTERDAY.
  LIGHT RAIN
  FOG


RELATIVE HUMIDITY (PERCENT)
 HIGHEST   100           600 PM
 LOWEST     70           100 PM
 AVERAGE    85

..........................................................


THE REXBURG ID CLIMATE NORMALS FOR TODAY
                         NORMAL    RECORD    YEAR
 MAXIMUM TEMPERATURE (F)   37        54      2006
 MINIMUM TEMPERATURE (F)   19         3      2015


SUNRISE AND SUNSET
NOVEMBER 21 2017......SUNRISE   730 AM MST   SUNSET   456 PM MST
NOVEMBER 22 2017......SUNRISE   731 AM MST   SUNSET   455 PM MST


-  INDICATES NEGATIVE NUMBERS.
R  INDICATES RECORD WAS SET OR TIED.
MM INDICATES DATA IS MISSING.
T  INDICATES TRACE AMOUNT.




$$
