000
CDUS45 KPIH 030736
CLIRXE


CLIMATE REPORT
NATIONAL WEATHER SERVICE POCATELLO ID
1235 AM MST TUE MAR 3 2015


...................................

...THE REXBURG ID CLIMATE SUMMARY FOR MARCH 2 2015...

CLIMATE NORMAL PERIOD 1981 TO 2010
CLIMATE RECORD PERIOD 1998 TO 2015


WEATHER ITEM   OBSERVED TIME   RECORD YEAR NORMAL DEPARTURE LAST
                VALUE   (LST)  VALUE       VALUE  FROM      YEAR
                                                  NORMAL
..................................................................
TEMPERATURE (F)
 YESTERDAY
  MAXIMUM         42    334 PM  46    2009  38      4       37
  MINIMUM         12    544 AM -10    2002  18     -6       12
  AVERAGE         27                        28     -1       25

PRECIPITATION (IN)
  YESTERDAY        0.00         MM      MM   0.03  -0.03     0.03
  MONTH TO DATE    0.00                      0.06  -0.06     0.16
  SINCE OCT 1      3.78                      4.84  -1.06     3.42
  SINCE JAN 1      1.01                      1.63  -0.62     1.56

SNOWFALL (IN)
  YESTERDAY       MM
  MONTH TO DATE   MM
  SINCE MAR 1     MM
  SINCE JUL 1     MM
  SNOW DEPTH      MM

DEGREE DAYS
 HEATING
  YESTERDAY       38                        37      1       40
  MONTH TO DATE   78                        75      3       79
  SINCE MAR 1     78                        75      3       79
  SINCE JUL 1   5162                      6048   -886     5894

 COOLING
  YESTERDAY        0                         0      0        0
  MONTH TO DATE    0                         0      0        0
  SINCE MAR 1      0                         0      0        0
  SINCE JAN 1      0                         0      0        0
..................................................................


WIND (MPH)
  HIGHEST WIND SPEED    13   HIGHEST WIND DIRECTION     S (180)
  HIGHEST GUST SPEED    17   HIGHEST GUST DIRECTION     S (170)
  AVERAGE WIND SPEED     4.6


SKY COVER
  POSSIBLE SUNSHINE  MM
  AVERAGE SKY COVER 0.3


WEATHER CONDITIONS
 THE FOLLOWING WEATHER WAS RECORDED YESTERDAY.
  NO SIGNIFICANT WEATHER WAS OBSERVED.


RELATIVE HUMIDITY (PERCENT)
 HIGHEST    84           500 AM
 LOWEST     36           300 PM
 AVERAGE    60

..........................................................


THE REXBURG ID CLIMATE NORMALS FOR TODAY
                         NORMAL    RECORD    YEAR
 MAXIMUM TEMPERATURE (F)   39        50      2006
 MINIMUM TEMPERATURE (F)   18       -12      2002


SUNRISE AND SUNSET
MARCH  3 2015.........SUNRISE   701 AM MST   SUNSET   618 PM MST
MARCH  4 2015.........SUNRISE   659 AM MST   SUNSET   619 PM MST


-  INDICATES NEGATIVE NUMBERS.
R  INDICATES RECORD WAS SET OR TIED.
MM INDICATES DATA IS MISSING.
T  INDICATES TRACE AMOUNT.




$$
