000
CDUS46 KSTO 240836
CLISAC

CLIMATE REPORT
NATIONAL WEATHER SERVICE SACRAMENTO, CA
135 AM PDT SUN MAY 24 2015


...................................

...THE SACRAMENTO EXEC. AIRPORT CA CLIMATE SUMMARY FOR MAY 23 2015...

CLIMATE NORMAL PERIOD 1981 TO 2010
CLIMATE RECORD PERIOD 1930 TO 2015


WEATHER ITEM   OBSERVED TIME   RECORD YEAR NORMAL DEPARTURE LAST
                VALUE   (LST)  VALUE       VALUE  FROM      YEAR
                                                  NORMAL
..................................................................
TEMPERATURE (F)
 YESTERDAY
  MAXIMUM         76    529 PM  97    1982  82     -6       89
                                      1967
  MINIMUM         56    538 AM  42    1980  52      4       54
  AVERAGE         66

PRECIPITATION (IN)
  YESTERDAY        0.00          0.48 1960   0.02  -0.02     0.00
  MONTH TO DATE    0.07                      0.54  -0.47      T
  SINCE OCT 1     15.34                     17.83  -2.49     9.20
  SINCE JAN 1      4.96                     11.55  -6.59     7.89

SNOWFALL (IN)
  YESTERDAY        0.0          MM      MM   0.0             0.0
  MONTH TO DATE    0.0                       0.0             0.0
  SINCE MAR 1      0.0                       0.0             0.0
  SINCE JUL 1      0.0                       0.0             0.0

DEGREE DAYS
 HEATING
  YESTERDAY        0

 COOLING
  YESTERDAY        1
..................................................................


WIND (MPH)
  RESULTANT WIND SPEED   7   RESULTANT WIND DIRECTION  SW (210)
  HIGHEST WIND SPEED    15   HIGHEST WIND DIRECTION    SW (230)
  HIGHEST GUST SPEED    25   HIGHEST GUST DIRECTION    NW (310)


SKY COVER
  POSSIBLE SUNSHINE  MM
  AVERAGE SKY COVER 0.5


WEATHER CONDITIONS
 THE FOLLOWING WEATHER WAS RECORDED YESTERDAY.
  NO SIGNIFICANT WEATHER WAS OBSERVED.


RELATIVE HUMIDITY (PERCENT)
 HIGHEST    80
 LOWEST     46
 AVERAGE    63

..........................................................


THE SACRAMENTO EXEC. AIRPORT CA CLIMATE NORMALS FOR TODAY
                         NORMAL    RECORD    YEAR
 MAXIMUM TEMPERATURE (F)   82       100      1982
 MINIMUM TEMPERATURE (F)   53        40      1953


SUNRISE AND SUNSET
MAY 24 2015...........SUNRISE   548 AM PDT   SUNSET   818 PM PDT
MAY 25 2015...........SUNRISE   547 AM PDT   SUNSET   819 PM PDT


-  INDICATES NEGATIVE NUMBERS.
R  INDICATES RECORD WAS SET OR TIED.
MM INDICATES DATA IS MISSING.
T  INDICATES TRACE AMOUNT.

&&
....................................................................

SACRAMENTO CITY CLIMATE DATA FOR SATURDAY MAY 23 2015

HIGH...   79  RECORD HIGH    99 IN 2001    NORMAL    HIGH   83
LOW....   55  RECORD LOW     45 IN 2010    NORMAL    LOW    55

RAIN SINCE MIDNIGHT....  0.00   RECORD THIS DATE....... 0.37 IN 1960
TOTAL THIS MONTH.......  0.19   NORMAL SINCE OCT 1ST.........  19.55
TOTAL SINCE OCT 1ST... 13.73   PERCENT OF NORMAL.............  70%

$$
