000
CDUS46 KSTO 270835
CLISAC

CLIMATE REPORT
NATIONAL WEATHER SERVICE SACRAMENTO, CA
135 AM PDT TUE SEP 27 2016


...................................

...THE SACRAMENTO EXEC. AIRPORT CA CLIMATE SUMMARY FOR SEPTEMBER 26 2016...

CLIMATE NORMAL PERIOD 1981 TO 2010
CLIMATE RECORD PERIOD 1930 TO 2016


WEATHER ITEM   OBSERVED TIME   RECORD YEAR NORMAL DEPARTURE LAST
                VALUE   (LST)  VALUE       VALUE  FROM      YEAR
                                                  NORMAL
..................................................................
TEMPERATURE (F)
 YESTERDAY
  MAXIMUM         97    358 PM 104    1963  85     12       95
  MINIMUM         57    632 AM  45    1948  54      3       60
  AVERAGE         77

PRECIPITATION (IN)
  YESTERDAY        0.00          0.31 1972   0.02  -0.02     0.00
  MONTH TO DATE    T                         0.23  -0.23     0.02
  SINCE OCT 1     16.19                     18.46  -2.27    15.43
  SINCE JAN 1     12.75                     12.18   0.57     5.05

SNOWFALL (IN)
  YESTERDAY        0.0           0.0  2002   0.0             0.0
                                      2001
  MONTH TO DATE    0.0                       0.0             0.0
  SINCE SEP 1      0.0                       0.0             0.0
  SINCE JUL 1      0.0                       0.0             0.0

DEGREE DAYS
 HEATING
  YESTERDAY        0

 COOLING
  YESTERDAY       12
..................................................................


WIND (MPH)
  RESULTANT WIND SPEED   1   RESULTANT WIND DIRECTION  SW (210)
  HIGHEST WIND SPEED     7   HIGHEST WIND DIRECTION    SW (230)
  HIGHEST GUST SPEED    10   HIGHEST GUST DIRECTION    SW (240)


SKY COVER
  POSSIBLE SUNSHINE  MM
  AVERAGE SKY COVER 0.0


WEATHER CONDITIONS
 THE FOLLOWING WEATHER WAS RECORDED YESTERDAY.
  NO SIGNIFICANT WEATHER WAS OBSERVED.


RELATIVE HUMIDITY (PERCENT)
 HIGHEST    77
 LOWEST     14
 AVERAGE    46

..........................................................


THE SACRAMENTO EXEC. AIRPORT CA CLIMATE NORMALS FOR TODAY
                         NORMAL    RECORD    YEAR
 MAXIMUM TEMPERATURE (F)   85       102      1963
 MINIMUM TEMPERATURE (F)   54        44      1971
                                             1948


SUNRISE AND SUNSET
SEPTEMBER 27 2016.....SUNRISE   659 AM PDT   SUNSET   654 PM PDT
SEPTEMBER 28 2016.....SUNRISE   700 AM PDT   SUNSET   653 PM PDT


-  INDICATES NEGATIVE NUMBERS.
R  INDICATES RECORD WAS SET OR TIED.
MM INDICATES DATA IS MISSING.
T  INDICATES TRACE AMOUNT.

&&
....................................................................

SACRAMENTO CITY CLIMATE DATA FOR MONDAY SEPTEMBER 26 2016

HIGH...   99  RECORD HIGH   103 IN 1963    NORMAL    HIGH   86
LOW....   61  RECORD LOW     46 IN 1923    NORMAL    LOW    57

RAIN SINCE MIDNIGHT....  0.00   RECORD THIS DATE....... 0.41 IN 1972
TOTAL THIS MONTH.......  0.00   NORMAL SINCE OCT 1ST.........  20.19
TOTAL SINCE OCT 1ST.... 16.97   PERCENT OF NORMAL..............  84%

$$
