000
CDUS46 KSTO 230038
CLISAC

CLIMATE REPORT
NATIONAL WEATHER SERVICE SACRAMENTO, CA
437 PM PST MON DEC 22 2014


...................................

...THE SACRAMENTO EXEC. AIRPORT CA CLIMATE SUMMARY FOR DECEMBER 22 2014...
VALID TODAY AS OF 400 PM LOCAL TIME.

CLIMATE NORMAL PERIOD 1981 TO 2010
CLIMATE RECORD PERIOD 1930 TO 2014


WEATHER ITEM   OBSERVED TIME   RECORD YEAR NORMAL DEPARTURE LAST
                VALUE   (LST)  VALUE       VALUE  FROM      YEAR
                                                  NORMAL
..................................................................
TEMPERATURE (F)
 TODAY
  MAXIMUM         63    337 PM  66    1999  53     10       62
  MINIMUM         57    823 AM  18    1990  38     19       32
  AVERAGE         60

PRECIPITATION (IN)
  TODAY            0.00          2.41 1955   0.12  -0.12     0.00
  MONTH TO DATE    8.59                      2.23   6.36     0.43
  SINCE JUL 1     10.84                      5.60   5.24     1.90
  SINCE JAN 1     18.73                     17.50   1.23     5.81

SNOWFALL (IN)
  TODAY            0.0          MM      MM   0.0             0.0
  MONTH TO DATE    0.0                       0.0             0.0
  SINCE DEC 1      0.0                       0.0             0.0
  SINCE JUL 1      0.0                       0.0             0.0

DEGREE DAYS
 HEATING
  TODAY            5

 COOLING
  TODAY            0
..................................................................


WIND (MPH)
  RESULTANT WIND SPEED   7   RESULTANT WIND DIRECTION  NW (320)
  HIGHEST WIND SPEED    14   HIGHEST WIND DIRECTION    NW (320)
  HIGHEST GUST SPEED    17   HIGHEST GUST DIRECTION    NW (320)


SKY COVER
  POSSIBLE SUNSHINE  MM
  AVERAGE SKY COVER 0.8


WEATHER CONDITIONS
 THE FOLLOWING WEATHER WAS RECORDED TODAY.
  FOG


RELATIVE HUMIDITY (PERCENT)
 HIGHEST    93
 LOWEST     72
 AVERAGE    83

..........................................................


THE SACRAMENTO EXEC. AIRPORT CA CLIMATE NORMALS FOR TOMORROW
                         NORMAL    RECORD    YEAR
 MAXIMUM TEMPERATURE (F)   52        66      1964
 MINIMUM TEMPERATURE (F)   38        20      1998
                                             1990


SUNRISE AND SUNSET
DECEMBER 22 2014......SUNRISE   720 AM PST   SUNSET   449 PM PST
DECEMBER 23 2014......SUNRISE   721 AM PST   SUNSET   450 PM PST


-  INDICATES NEGATIVE NUMBERS.
R  INDICATES RECORD WAS SET OR TIED.
MM INDICATES DATA IS MISSING.
T  INDICATES TRACE AMOUNT.

&&
....................................................................

SACRAMENTO CITY CLIMATE DATA FOR MONDAY DECEMBER 22 2014

HIGH...   61  RECORD HIGH    67 IN 1999    NORMAL    HIGH   53
LOW....   55  RECORD LOW     18 IN 1990    NORMAL    LOW    40

RAIN SINCE MIDNIGHT....  0.00   RECORD THIS DATE....... 1.94 IN 1955
TOTAL THIS MONTH.......  7.55   NORMAL SEASON TO DATE.........  6.24
TOTAL SINCE JULY 1ST...  9.76   PERCENT OF NORMAL.............  156%


$$
NNNN
