000
CDUS46 KSTO 010040
CLISAC

CLIMATE REPORT
NATIONAL WEATHER SERVICE SACRAMENTO, CA
538 PM PDT SAT APR 30 2016


...................................

...THE SACRAMENTO EXEC. AIRPORT CA CLIMATE SUMMARY FOR APRIL 30 2016...
VALID TODAY AS OF 0500 PM LOCAL TIME.

CLIMATE NORMAL PERIOD 1981 TO 2010
CLIMATE RECORD PERIOD 1930 TO 2016


WEATHER ITEM   OBSERVED TIME   RECORD YEAR NORMAL DEPARTURE LAST
                VALUE   (LST)  VALUE       VALUE  FROM      YEAR
                                                  NORMAL
..................................................................
TEMPERATURE (F)
 TODAY
  MAXIMUM         83    344 PM  95    1996  76      7       92
  MINIMUM         56   1221 AM  37    1967  48      8       55
  AVERAGE         70

PRECIPITATION (IN)
  TODAY            0.00          0.31 1995   0.03  -0.03     0.00
  MONTH TO DATE    1.03                      1.15  -0.12     1.85
  SINCE OCT 1     15.80                     17.29  -1.49    15.27
  SINCE JAN 1     12.36                     11.01   1.35     4.89

SNOWFALL (IN)
  TODAY            0.0          MM      MM   0.0             0.0
  MONTH TO DATE    0.0                       0.0             0.0
  SINCE MAR 1      0.0                       0.0             0.0
  SINCE JUL 1      0.0                       0.0             0.0

DEGREE DAYS
 HEATING
  TODAY            0

 COOLING
  TODAY            5
..................................................................


WIND (MPH)
  RESULTANT WIND SPEED  20   RESULTANT WIND DIRECTION   N (340)
  HIGHEST WIND SPEED    31   HIGHEST WIND DIRECTION     N (340)
  HIGHEST GUST SPEED    41   HIGHEST GUST DIRECTION    NW (330)


SKY COVER
  POSSIBLE SUNSHINE  MM
  AVERAGE SKY COVER 0.0


WEATHER CONDITIONS
 THE FOLLOWING WEATHER WAS RECORDED TODAY.
  NO SIGNIFICANT WEATHER WAS OBSERVED.


RELATIVE HUMIDITY (PERCENT)
 HIGHEST    77
 LOWEST     20
 AVERAGE    49

..........................................................


THE SACRAMENTO EXEC. AIRPORT CA CLIMATE NORMALS FOR TOMORROW
                         NORMAL    RECORD    YEAR
 MAXIMUM TEMPERATURE (F)   76        94      1996
 MINIMUM TEMPERATURE (F)   49        39      1948


SUNRISE AND SUNSET
APRIL 30 2016.........SUNRISE   609 AM PDT   SUNSET   757 PM PDT
MAY  1 2016...........SUNRISE   608 AM PDT   SUNSET   758 PM PDT


-  INDICATES NEGATIVE NUMBERS.
R  INDICATES RECORD WAS SET OR TIED.
MM INDICATES DATA IS MISSING.
T  INDICATES TRACE AMOUNT.

&&
....................................................................

SACRAMENTO CITY CLIMATE DATA FOR SATURDAY APRIL 30 2016

HIGH...   83  RECORD HIGH    97 IN 1996    NORMAL    HIGH   77
LOW....   57  RECORD LOW     39 IN 1933    NORMAL    LOW    51

RAIN SINCE MIDNIGHT....  0.00   RECORD THIS DATE....... 0.57 IN 1995
TOTAL THIS MONTH.......  1.48   NORMAL SINCE OCT 1ST.........  18.94
TOTAL SINCE OCT 1ST...  16.38   PERCENT OF NORMAL.............  86%


$$
NNNN
