000
CDUS46 KSTO 181443
CLISAC

CLIMATE REPORT
NATIONAL WEATHER SERVICE SACRAMENTO, CA
800 AM PDT THU SEP 18 2014

................................................................

...THE SACRAMENTO EXEC. AIRPORT CA CLIMATE SUMMARY FOR SEPTEMBER 17 2014...

CLIMATE NORMAL PERIOD 1981 TO 2010
CLIMATE RECORD PERIOD 1930 TO 2014


WEATHER ITEM   OBSERVED TIME   RECORD YEAR NORMAL DEPARTURE LAST
                VALUE   (LST)  VALUE       VALUE  FROM      YEAR
                                                  NORMAL
..................................................................
TEMPERATURE (F)
 YESTERDAY
  MAXIMUM         89    251 PM 100    1984  87      2       83
  MINIMUM         62    621 AM  48    2006  56      6       58
  AVERAGE         76

PRECIPITATION (IN)
  YESTERDAY        0.00          0.35 1950   0.01  -0.01     0.00
  MONTH TO DATE    0.00                      0.13  -0.13     0.10
  SINCE JUL 1      0.01                      0.18  -0.17     0.10
  SINCE JAN 1      7.90                     12.08  -4.18     4.01

SNOWFALL (IN)
  YESTERDAY        0.0          MM      MM   0.0             0.0
  MONTH TO DATE    0.0                       0.0             0.0
  SINCE SEP 1      0.0                       0.0             0.0
  SINCE JUL 1      0.0                       0.0             0.0

DEGREE DAYS
 HEATING
  YESTERDAY        0

 COOLING
  YESTERDAY       11
..................................................................


WIND (MPH)
  RESULTANT WIND SPEED   6   RESULTANT WIND DIRECTION  SW (220)
  HIGHEST WIND SPEED    21   HIGHEST WIND DIRECTION    SW (230)
  HIGHEST GUST SPEED    25   HIGHEST GUST DIRECTION    SW (220)


SKY COVER
  POSSIBLE SUNSHINE  MM
  AVERAGE SKY COVER 0.0


WEATHER CONDITIONS
 THE FOLLOWING WEATHER WAS RECORDED YESTERDAY.
  NO SIGNIFICANT WEATHER WAS OBSERVED.


RELATIVE HUMIDITY (PERCENT)
 HIGHEST    78
 LOWEST     26
 AVERAGE    52

..........................................................


THE SACRAMENTO EXEC. AIRPORT CA CLIMATE NORMALS FOR TODAY
                         NORMAL    RECORD    YEAR
 MAXIMUM TEMPERATURE (F)   87       101      2000
                                             1984
 MINIMUM TEMPERATURE (F)   56        43      1965


SUNRISE AND SUNSET
SEPTEMBER 18 2014.....SUNRISE   650 AM PDT   SUNSET   709 PM PDT
SEPTEMBER 19 2014.....SUNRISE   651 AM PDT   SUNSET   708 PM PDT


-  INDICATES NEGATIVE NUMBERS.
R  INDICATES RECORD WAS SET OR TIED.
MM INDICATES DATA IS MISSING.
T  INDICATES TRACE AMOUNT.

&&
....................................................................

SACRAMENTO CITY CLIMATE DATA FOR WEDNESDAY SEPTEMBER 17 2014

HIGH...   91  RECORD HIGH   106 IN 1984    NORMAL    HIGH   88
LOW....   62  RECORD LOW     48 IN 1892    NORMAL    LOW    58

RAIN SINCE MIDNIGHT....  0.00   RECORD THIS DATE....... 0.62 IN 1950
TOTAL THIS MONTH.......  0.00   NORMAL SEASON TO DATE.........  0.18
TOTAL SINCE JULY 1ST...  0.02   PERCENT OF NORMAL.............   11%

$$
POWELL
