000
CDUS46 KSTO 230845 RRA
CLISAC

CLIMATE REPORT
NATIONAL WEATHER SERVICE SACRAMENTO, CA
142 AM PDT FRI JUN 23 2017


...................................

...THE SACRAMENTO EXEC. AIRPORT CA CLIMATE SUMMARY FOR JUNE 22 2017...

CLIMATE NORMAL PERIOD 1981 TO 2010
CLIMATE RECORD PERIOD 1930 TO 2017


WEATHER ITEM   OBSERVED TIME   RECORD YEAR NORMAL DEPARTURE LAST
                VALUE   (LST)  VALUE       VALUE  FROM      YEAR
                                                  NORMAL
..................................................................
TEMPERATURE (F)
 YESTERDAY
  MAXIMUM        107R   324 PM 106    1968  89     18       91
  MINIMUM         71    516 AM  50    1993  57     14       59
  AVERAGE         89

PRECIPITATION (IN)
  YESTERDAY        0.00          T    2012   0.00   0.00     0.00
  MONTH TO DATE    0.10                      0.19  -0.09      T
  SINCE OCT 1     33.08                     18.16  14.92    16.19
  SINCE JAN 1     23.63                     11.88  11.75    12.75

SNOWFALL (IN)
  YESTERDAY        0.0          MM      MM   0.0             0.0
  MONTH TO DATE    0.0                       0.0             0.0
  SINCE JUN 1      0.0                       0.0             0.0
  SINCE JUL 1      0.0                       0.0             0.0

DEGREE DAYS
 HEATING
  YESTERDAY        0

 COOLING
  YESTERDAY       24
..................................................................


WIND (MPH)
  RESULTANT WIND SPEED   3   RESULTANT WIND DIRECTION   W (290)
  HIGHEST WIND SPEED    15   HIGHEST WIND DIRECTION    SW (220)
  HIGHEST GUST SPEED    19   HIGHEST GUST DIRECTION    SW (210)


SKY COVER
  POSSIBLE SUNSHINE  MM
  AVERAGE SKY COVER 0.0


WEATHER CONDITIONS
 THE FOLLOWING WEATHER WAS RECORDED YESTERDAY.
  NO SIGNIFICANT WEATHER WAS OBSERVED.


RELATIVE HUMIDITY (PERCENT)
 HIGHEST    84
 LOWEST     17
 AVERAGE    51

..........................................................


THE SACRAMENTO EXEC. AIRPORT CA CLIMATE NORMALS FOR TODAY
                         NORMAL    RECORD    YEAR
 MAXIMUM TEMPERATURE (F)   89       105      2006
                                             1964
 MINIMUM TEMPERATURE (F)   57        48      1955


SUNRISE AND SUNSET
JUNE 23 2017..........SUNRISE   543 AM PDT   SUNSET   834 PM PDT
JUNE 24 2017..........SUNRISE   543 AM PDT   SUNSET   834 PM PDT


-  INDICATES NEGATIVE NUMBERS.
R  INDICATES RECORD WAS SET OR TIED.
MM INDICATES DATA IS MISSING.
T  INDICATES TRACE AMOUNT.




&&
....................................................................

SACRAMENTO CITY CLIMATE DATA FOR THURSDAY JUNE 22 2017

HIGH...  108  RECORD HIGH   107 IN 1981    NORMAL    HIGH   90
LOW....   77  RECORD LOW     48 IN 1943    NORMAL    LOW    59

RAIN SINCE MIDNIGHT....  0.00   RECORD THIS DATE....... 0.09 IN 1923
TOTAL THIS MONTH.......  0.18   NORMAL SINCE OCT 1ST.........  19.87
TOTAL SINCE OCT 1ST... 33.94   PERCENT OF NORMAL.............  171%


$$
NNNN
