000
CDUS46 KSTO 290841
CLISAC

CLIMATE REPORT
NATIONAL WEATHER SERVICE SACRAMENTO, CA
1240 AM PST SAT NOV 29 2014


...................................

...THE SACRAMENTO EXEC. AIRPORT CA CLIMATE SUMMARY FOR NOVEMBER 28 2014...

CLIMATE NORMAL PERIOD 1981 TO 2010
CLIMATE RECORD PERIOD 1930 TO 2014


WEATHER ITEM   OBSERVED TIME   RECORD YEAR NORMAL DEPARTURE LAST
                VALUE   (LST)  VALUE       VALUE  FROM      YEAR
                                                  NORMAL
..................................................................
TEMPERATURE (F)
 YESTERDAY
  MAXIMUM         66    338 PM  70    2013  59      7       70
  MINIMUM         37    605 AM  28    1952  40     -3       44
  AVERAGE         52

PRECIPITATION (IN)
  YESTERDAY        0.17          2.42 1970   0.09   0.08     0.00
  MONTH TO DATE    0.90                      1.90  -1.00     0.88
  SINCE JUL 1      1.90                      3.19  -1.29     1.47
  SINCE JAN 1      9.79                     15.09  -5.30     5.38

SNOWFALL (IN)
  YESTERDAY       MM            MM      MM   0.0            MM
  MONTH TO DATE    0.0                       0.0             0.0
  SINCE SEP 1      0.0                       0.0             0.0
  SINCE JUL 1      0.0                       0.0             0.0

DEGREE DAYS
 HEATING
  YESTERDAY       13

 COOLING
  YESTERDAY        0
..................................................................


WIND (MPH)
  RESULTANT WIND SPEED   2   RESULTANT WIND DIRECTION   S (180)
  HIGHEST WIND SPEED     9   HIGHEST WIND DIRECTION    SE (140)
  HIGHEST GUST SPEED    12   HIGHEST GUST DIRECTION    SE (130)


SKY COVER
  POSSIBLE SUNSHINE  MM
  AVERAGE SKY COVER 0.6


WEATHER CONDITIONS
 THE FOLLOWING WEATHER WAS RECORDED YESTERDAY.
  HEAVY RAIN
  RAIN
  LIGHT RAIN
  FOG
  FOG W/VISIBILITY <= 1/4 MILE
  HAZE


RELATIVE HUMIDITY (PERCENT)
 HIGHEST   100
 LOWEST     56
 AVERAGE    78

..........................................................


THE SACRAMENTO EXEC. AIRPORT CA CLIMATE NORMALS FOR TODAY
                         NORMAL    RECORD    YEAR
 MAXIMUM TEMPERATURE (F)   58        71      1995
 MINIMUM TEMPERATURE (F)   40        28      2004


SUNRISE AND SUNSET
NOVEMBER 29 2014......SUNRISE   703 AM PST   SUNSET   446 PM PST
NOVEMBER 30 2014......SUNRISE   704 AM PST   SUNSET   446 PM PST


-  INDICATES NEGATIVE NUMBERS.
R  INDICATES RECORD WAS SET OR TIED.
MM INDICATES DATA IS MISSING.
T  INDICATES TRACE AMOUNT.

&&
....................................................................

SACRAMENTO CITY CLIMATE DATA FOR FRIDAY NOVEMBER 28 2014

HIGH...   68  RECORD HIGH    71 IN 2013    NORMAL    HIGH   59
LOW....   41  RECORD LOW     27 IN 1880    NORMAL    LOW    43

RAIN SINCE MIDNIGHT....  0.23   RECORD THIS DATE.......  2.2 IN 1970
TOTAL THIS MONTH.......  0.93   NORMAL SEASON TO DATE.........  3.66
TOTAL SINCE JULY 1ST...  1.86   PERCENT OF NORMAL.............   50%

$$
