000
CDUS46 KSTO 140834
CLISAC

CLIMATE REPORT
NATIONAL WEATHER SERVICE SACRAMENTO, CA
1234 AM PST SUN FEB 14 2016


...................................

...THE SACRAMENTO EXEC. AIRPORT CA CLIMATE SUMMARY FOR FEBRUARY 13 2016...

CLIMATE NORMAL PERIOD 1981 TO 2010
CLIMATE RECORD PERIOD 1930 TO 2016


WEATHER ITEM   OBSERVED TIME   RECORD YEAR NORMAL DEPARTURE LAST
                VALUE   (LST)  VALUE       VALUE  FROM      YEAR
                                                  NORMAL
..................................................................
TEMPERATURE (F)
 YESTERDAY
  MAXIMUM         72    354 PM  73    2015  60     12       73
  MINIMUM         45    509 AM  25    1949  41      4       44
  AVERAGE         59

PRECIPITATION (IN)
  YESTERDAY        0.00          1.22 1979   0.12  -0.12     0.00
  MONTH TO DATE    0.04                      1.63  -1.59     2.82
  SINCE OCT 1      8.92                     11.55  -2.63    13.20
  SINCE JAN 1      5.48                      5.27   0.21     2.82

SNOWFALL (IN)
  YESTERDAY        0.0          MM      MM   0.0             0.0
  MONTH TO DATE    0.0                       0.0             0.0
  SINCE DEC 1      0.0                       0.0             0.0
  SINCE JUL 1      0.0                       0.0             0.0

DEGREE DAYS
 HEATING
  YESTERDAY        6

 COOLING
  YESTERDAY        0
..................................................................


WIND (MPH)
  RESULTANT WIND SPEED   4   RESULTANT WIND DIRECTION  NW (320)
  HIGHEST WIND SPEED    15   HIGHEST WIND DIRECTION    NW (320)
  HIGHEST GUST SPEED    19   HIGHEST GUST DIRECTION    NW (320)


SKY COVER
  POSSIBLE SUNSHINE  MM
  AVERAGE SKY COVER 0.1


WEATHER CONDITIONS
 THE FOLLOWING WEATHER WAS RECORDED YESTERDAY.
  FOG
  FOG W/VISIBILITY <= 1/4 MILE


RELATIVE HUMIDITY (PERCENT)
 HIGHEST   100
 LOWEST     34
 AVERAGE    67

..........................................................


THE SACRAMENTO EXEC. AIRPORT CA CLIMATE NORMALS FOR TODAY
                         NORMAL    RECORD    YEAR
 MAXIMUM TEMPERATURE (F)   60        74      2015
                                             1957
 MINIMUM TEMPERATURE (F)   41        25      1949


SUNRISE AND SUNSET
FEBRUARY 14 2016......SUNRISE   658 AM PST   SUNSET   543 PM PST
FEBRUARY 15 2016......SUNRISE   657 AM PST   SUNSET   544 PM PST


-  INDICATES NEGATIVE NUMBERS.
R  INDICATES RECORD WAS SET OR TIED.
MM INDICATES DATA IS MISSING.
T  INDICATES TRACE AMOUNT.

&&
....................................................................

SACRAMENTO CITY CLIMATE DATA FOR SATURDAY FEBRUARY 13 2016

HIGH...   72  RECORD HIGH    77 IN 2015    NORMAL    HIGH   61
LOW....   48  RECORD LOW     21 IN 1884    NORMAL    LOW    44

RAIN SINCE MIDNIGHT....  0.00   RECORD THIS DATE....... 1.61 IN 1926
TOTAL THIS MONTH.......  0.03   NORMAL SINCE OCT 1ST.........  12.65
TOTAL SINCE OCT 1ST....  9.44   PERCENT OF NORMAL..............  75%

$$
