000
CDUS46 KSTO 210856 RRA
CLISAC

CLIMATE REPORT
NATIONAL WEATHER SERVICE SACRAMENTO, CA
1244 AM PST SUN JAN 21 2018


...............................................................

...THE SACRAMENTO EXEC. AIRPORT CA CLIMATE SUMMARY FOR JANUARY 20 2018...

CLIMATE NORMAL PERIOD 1981 TO 2010
CLIMATE RECORD PERIOD 1930 TO 2018


WEATHER ITEM   OBSERVED TIME   RECORD YEAR NORMAL DEPARTURE LAST
                VALUE   (LST)  VALUE       VALUE  FROM      YEAR
                                                  NORMAL
..................................................................
TEMPERATURE (F)
 YESTERDAY
  MAXIMUM         57    311 PM  69    2014  54      3       53
  MINIMUM         36   1159 PM  25    1963  39     -3       46
  AVERAGE         47

PRECIPITATION (IN)
  YESTERDAY        0.00          2.47 1964   0.12  -0.12     0.69
  MONTH TO DATE    4.77                      2.35   2.42     9.13
  SINCE OCT 1      7.19                      8.63  -1.44    18.58
  SINCE JAN 1      4.77                      2.35   2.42     9.13

SNOWFALL (IN)
  YESTERDAY        0.0           0.0  2002   0.0            MM
  MONTH TO DATE    0.0                       0.0             0.0
  SINCE DEC 1      0.0                       0.0             0.0
  SINCE JUL 1      0.0                       0.0             0.0

DEGREE DAYS
 HEATING
  YESTERDAY       18

 COOLING
  YESTERDAY        0
..................................................................


WIND (MPH)
  RESULTANT WIND SPEED   7   RESULTANT WIND DIRECTION  NW (320)
  HIGHEST WIND SPEED    16   HIGHEST WIND DIRECTION    NW (310)
  HIGHEST GUST SPEED    20   HIGHEST GUST DIRECTION    NW (320)


SKY COVER
  POSSIBLE SUNSHINE  MM
  AVERAGE SKY COVER 0.0


WEATHER CONDITIONS
 THE FOLLOWING WEATHER WAS RECORDED YESTERDAY.
  NO SIGNIFICANT WEATHER WAS OBSERVED.


RELATIVE HUMIDITY (PERCENT)
 HIGHEST    92
 LOWEST     43
 AVERAGE    68

..........................................................


THE SACRAMENTO EXEC. AIRPORT CA CLIMATE NORMALS FOR TODAY
                         NORMAL    RECORD    YEAR
 MAXIMUM TEMPERATURE (F)   54        70      2014
 MINIMUM TEMPERATURE (F)   39        26      1963


SUNRISE AND SUNSET
JANUARY 21 2018.......SUNRISE   719 AM PST   SUNSET   516 PM PST
JANUARY 22 2018.......SUNRISE   719 AM PST   SUNSET   517 PM PST


-  INDICATES NEGATIVE NUMBERS.
R  INDICATES RECORD WAS SET OR TIED.
MM INDICATES DATA IS MISSING.
T  INDICATES TRACE AMOUNT.


&&
....................................................................

SACRAMENTO CITY CLIMATE DATA FOR SATURDAY JANUARY 20 2018

HIGH...   57  RECORD HIGH    71 IN 2014    NORMAL    HIGH   55
LOW....   39  RECORD LOW     22 IN 1883    NORMAL    LOW    41

RAIN SINCE MIDNIGHT....  0.00   RECORD THIS DATE.......  2.1 IN 1964
TOTAL THIS MONTH.......  4.58   NORMAL SINCE OCT 1ST.........  9.56
TOTAL SINCE OCT 1ST...   7.30   PERCENT OF NORMAL.............  76%


$$
NNNN
