000
CDUS46 KSTO 050838
CLISAC

CLIMATE REPORT
NATIONAL WEATHER SERVICE SACRAMENTO, CA
1236 AM PST THU MAR 5 2015


.................................................................

...THE SACRAMENTO EXEC. AIRPORT CA CLIMATE SUMMARY FOR MARCH 4 2015...

CLIMATE NORMAL PERIOD 1981 TO 2010
CLIMATE RECORD PERIOD 1930 TO 2015


WEATHER ITEM   OBSERVED TIME   RECORD YEAR NORMAL DEPARTURE LAST
                VALUE   (LST)  VALUE       VALUE  FROM      YEAR
                                                  NORMAL
..................................................................
TEMPERATURE (F)
 YESTERDAY
  MAXIMUM         68    409 PM  75    1972  64      4       63
  MINIMUM         36    716 AM  30    1966  43     -7       52
  AVERAGE         52

PRECIPITATION (IN)
  YESTERDAY        0.00          1.11 1978   0.11  -0.11     0.01
  MONTH TO DATE    0.02                      0.47  -0.45     0.20
  SINCE OCT 1     13.22                     13.86  -0.64     5.80
  SINCE JAN 1      2.84                      7.58  -4.74     4.49

SNOWFALL (IN)
  YESTERDAY        0.0          MM      MM   0.0             0.0
  MONTH TO DATE    0.0                       0.0             0.0
  SINCE MAR 1      0.0                       0.0             0.0
  SINCE JUL 1      0.0                       0.0             0.0

DEGREE DAYS
 HEATING
  YESTERDAY       13

 COOLING
  YESTERDAY        0
..................................................................


WIND (MPH)
  RESULTANT WIND SPEED   0   RESULTANT WIND DIRECTION   E (100)
  HIGHEST WIND SPEED     6   HIGHEST WIND DIRECTION    SW (230)
  HIGHEST GUST SPEED     8   HIGHEST GUST DIRECTION    SW (210)


SKY COVER
  POSSIBLE SUNSHINE  MM
  AVERAGE SKY COVER 0.0


WEATHER CONDITIONS
 THE FOLLOWING WEATHER WAS RECORDED YESTERDAY.
  NO SIGNIFICANT WEATHER WAS OBSERVED.


RELATIVE HUMIDITY (PERCENT)
 HIGHEST    92
 LOWEST     32
 AVERAGE    62

..........................................................


THE SACRAMENTO EXEC. AIRPORT CA CLIMATE NORMALS FOR TODAY
                         NORMAL    RECORD    YEAR
 MAXIMUM TEMPERATURE (F)   64        77      1972
 MINIMUM TEMPERATURE (F)   44        26      1971


SUNRISE AND SUNSET
MARCH  5 2015.........SUNRISE   632 AM PST   SUNSET   603 PM PST
MARCH  6 2015.........SUNRISE   631 AM PST   SUNSET   604 PM PST


-  INDICATES NEGATIVE NUMBERS.
R  INDICATES RECORD WAS SET OR TIED.
MM INDICATES DATA IS MISSING.
T  INDICATES TRACE AMOUNT.






&&
....................................................................

SACRAMENTO CITY CLIMATE DATA FOR WEDNESDAY MARCH 4 2015

HIGH...   68  RECORD HIGH    78 IN 1986    NORMAL    HIGH   65
LOW....   39  RECORD LOW     33 IN 1939    NORMAL    LOW    46

RAIN SINCE MIDNIGHT....  0.00   RECORD THIS DATE....... 1.26 IN 1978
TOTAL THIS MONTH.......  0.00   NORMAL SINCE OCT 1ST.........  15.13
TOTAL SINCE OCT 1ST...  11.57   PERCENT OF NORMAL.............  76%


$$
NNNN
