000
CDUS46 KSTO 250045
CLISAC

CLIMATE REPORT
NATIONAL WEATHER SERVICE SACRAMENTO, CA
540 PM PDT THU APR 24 2014


...................................

...THE SACRAMENTO EXEC. AIRPORT CA CLIMATE SUMMARY FOR APRIL 24 2014...
VALID TODAY AS OF 0500 PM LOCAL TIME.

CLIMATE NORMAL PERIOD 1981 TO 2010
CLIMATE RECORD PERIOD 1930 TO 2014


WEATHER ITEM   OBSERVED TIME   RECORD YEAR NORMAL DEPARTURE LAST
                VALUE   (LST)  VALUE       VALUE  FROM      YEAR
                                                  NORMAL
..................................................................
TEMPERATURE (F)
 TODAY
  MAXIMUM         73    306 PM  90    2013  74     -1       90
  MINIMUM         50    322 AM  36    2008  47      3       47
                                      1964
  AVERAGE         62

PRECIPITATION (IN)
  TODAY            0.00          0.46 1972   0.04  -0.04     0.00
  MONTH TO DATE    1.38                      0.98   0.40     0.69
  SINCE JUL 1      9.34                     17.46  -8.12    14.68
  SINCE JAN 1      7.44                     10.84  -3.40     3.39

SNOWFALL (IN)
  TODAY            0.0          MM      MM   0.0             0.0
  MONTH TO DATE    0.0                       0.0             0.0
  SINCE MAR 1      0.0                       0.0             0.0
  SINCE JUL 1      0.0                       0.0             0.0

DEGREE DAYS
 HEATING
  TODAY            3

 COOLING
  TODAY            0
..................................................................


WIND (MPH)
  RESULTANT WIND SPEED   4   RESULTANT WIND DIRECTION   S (200)
  HIGHEST WIND SPEED    14   HIGHEST WIND DIRECTION    SW (230)
  HIGHEST GUST SPEED    17   HIGHEST GUST DIRECTION    SW (220)


SKY COVER
  POSSIBLE SUNSHINE  MM
  AVERAGE SKY COVER 0.0


WEATHER CONDITIONS
 THE FOLLOWING WEATHER WAS RECORDED TODAY.
  NO SIGNIFICANT WEATHER WAS OBSERVED.


RELATIVE HUMIDITY (PERCENT)
 HIGHEST    89
 LOWEST     47
 AVERAGE    68

..........................................................


THE SACRAMENTO EXEC. AIRPORT CA CLIMATE NORMALS FOR TOMORROW
                         NORMAL    RECORD    YEAR
 MAXIMUM TEMPERATURE (F)   74        89      2004
 MINIMUM TEMPERATURE (F)   47        36      1975


SUNRISE AND SUNSET
APRIL 24 2014.........SUNRISE   618 AM PDT   SUNSET   751 PM PDT
APRIL 25 2014.........SUNRISE   616 AM PDT   SUNSET   752 PM PDT


-  INDICATES NEGATIVE NUMBERS.
R  INDICATES RECORD WAS SET OR TIED.
MM INDICATES DATA IS MISSING.
T  INDICATES TRACE AMOUNT.

&&
....................................................................

SACRAMENTO CITY CLIMATE DATA FOR THURSDAY APRIL 24 2014

HIGH...   74  RECORD HIGH    94 IN 1946    NORMAL    HIGH   75
LOW....   49  RECORD LOW     38 IN 1964    NORMAL    LOW    50

RAIN SINCE MIDNIGHT....  0.00   RECORD THIS DATE.......  1.9 IN 1896
TOTAL THIS MONTH.......  1.31   NORMAL SEASON TO DATE.........  19.12
TOTAL SINCE JULY 1ST...  9.68   PERCENT OF NORMAL.............   50%


$$
NNNN
