531
CDUS46 KSGX 250016
CLISAN


CLIMATE REPORT
NATIONAL WEATHER SERVICE SAN DIEGO, CA
516 PM PDT FRI MAR 24 2017


...................................

...THE SAN DIEGO INTL AIRPORT CA CLIMATE SUMMARY FOR MARCH 24 2017...
VALID TODAY AS OF 0500 PM LOCAL TIME.

CLIMATE NORMAL PERIOD 1981 TO 2010
CLIMATE RECORD PERIOD 1874 TO 2017


WEATHER ITEM   OBSERVED TIME   RECORD YEAR NORMAL DEPARTURE LAST
                VALUE   (LST)  VALUE       VALUE  FROM      YEAR
                                                  NORMAL
..................................................................
TEMPERATURE (F)
 TODAY
  MAXIMUM         68    144 PM  85    1896  66      2       76
  MINIMUM         53    617 AM  43    1929  54     -1       55
                                      1898
                                      1884
  AVERAGE         61                        60      1       66

PRECIPITATION (IN)
  TODAY            0.00          2.36 1906   0.05  -0.05     0.00
  MONTH TO DATE    0.08                      1.50  -1.42     0.72
  SINCE OCT 1     11.70                      8.86   2.84     6.83
  SINCE JAN 1      6.80                      5.75   1.05     3.98

DEGREE DAYS
 HEATING
  TODAY            4                         5     -1        0
  MONTH TO DATE   63                       143    -80       47
  SINCE MAR 1     63                       143    -80       47
  SINCE JUL 1    655                      1001   -346      587

 COOLING
  TODAY            0                         0      0        1
  MONTH TO DATE    9                         0      9        4
  SINCE MAR 1      9                         0      9        4
  SINCE JAN 1      9                         5      4       49
..................................................................


WIND (MPH)
  RESULTANT WIND SPEED   3   RESULTANT WIND DIRECTION  NW (300)
  HIGHEST WIND SPEED    16   HIGHEST WIND DIRECTION     W (290)
  HIGHEST GUST SPEED    21   HIGHEST GUST DIRECTION     W (290)
  AVERAGE WIND SPEED     4.3


SKY COVER
  POSSIBLE SUNSHINE  MM
  AVERAGE SKY COVER 0.1


WEATHER CONDITIONS
 THE FOLLOWING WEATHER WAS RECORDED TODAY.
  NO SIGNIFICANT WEATHER WAS OBSERVED.


RELATIVE HUMIDITY (PERCENT)
 HIGHEST    71           300 AM
 LOWEST     52          1000 AM
 AVERAGE    62

..........................................................


THE SAN DIEGO INTL AIRPORT CA CLIMATE NORMALS FOR TOMORROW
                         NORMAL    RECORD    YEAR
 MAXIMUM TEMPERATURE (F)   66        89      1988
 MINIMUM TEMPERATURE (F)   54        41      1880


SUNRISE AND SUNSET
MARCH 24 2017.........SUNRISE   647 AM PDT   SUNSET   703 PM PDT
MARCH 25 2017.........SUNRISE   645 AM PDT   SUNSET   704 PM PDT


-  INDICATES NEGATIVE NUMBERS.
R  INDICATES RECORD WAS SET OR TIED.
MM INDICATES DATA IS MISSING.
T  INDICATES TRACE AMOUNT.




$$
