000
CDUS46 KSGX 301417
CLISAN


CLIMATE REPORT
NATIONAL WEATHER SERVICE SAN DIEGO, CA
716 AM PDT SAT APR 30 2016


...................................

...THE SAN DIEGO/LINDBERGH FIELD CA CLIMATE SUMMARY FOR APRIL 29 2016...

CLIMATE NORMAL PERIOD 1981 TO 2010
CLIMATE RECORD PERIOD 1874 TO 2016


WEATHER ITEM   OBSERVED TIME   RECORD YEAR NORMAL DEPARTURE LAST
                VALUE   (LST)  VALUE       VALUE  FROM      YEAR
                                                  NORMAL
..................................................................
TEMPERATURE (F)
 YESTERDAY
  MAXIMUM         68   1224 PM  91    2014  68      0       81
  MINIMUM         59    550 AM  43    1894  58      1       61
  AVERAGE         64                        63      1       71

PRECIPITATION (IN)
  YESTERDAY        0.00          0.46 1983   0.02  -0.02     0.00
  MONTH TO DATE    0.55                      0.77  -0.22     0.02
  SINCE OCT 1      7.42                      9.94  -2.52     6.52
  SINCE JAN 1      4.57                      6.83  -2.26     1.65

DEGREE DAYS
 HEATING
  YESTERDAY        1                         3     -2        0
  MONTH TO DATE   24                       110    -86       21
  SINCE MAR 1     93                       288   -195       57
  SINCE JUL 1    633                      1146   -513      403

 COOLING
  YESTERDAY        0                         1     -1        6
  MONTH TO DATE   49                        11     38       48
  SINCE MAR 1     54                        16     38      141
  SINCE JAN 1     99                        21     78      163
..................................................................


WIND (MPH)
  RESULTANT WIND SPEED   3   RESULTANT WIND DIRECTION  SW (230)
  HIGHEST WIND SPEED    14   HIGHEST WIND DIRECTION    SW (240)
  HIGHEST GUST SPEED    18   HIGHEST GUST DIRECTION     S (200)
  AVERAGE WIND SPEED     7.7


SKY COVER
  POSSIBLE SUNSHINE  MM
  AVERAGE SKY COVER 0.8


WEATHER CONDITIONS
 THE FOLLOWING WEATHER WAS RECORDED YESTERDAY.
  NO SIGNIFICANT WEATHER WAS OBSERVED.


RELATIVE HUMIDITY (PERCENT)
 HIGHEST    72           900 PM
 LOWEST     48          1000 AM
 AVERAGE    60

..........................................................


THE SAN DIEGO/LINDBERGH FIELD CA CLIMATE NORMALS FOR TODAY
                         NORMAL    RECORD    YEAR
 MAXIMUM TEMPERATURE (F)   68        94      2014
 MINIMUM TEMPERATURE (F)   58        46      1942
                                             1915


SUNRISE AND SUNSET
APRIL 30 2016.........SUNRISE   602 AM PDT   SUNSET   730 PM PDT
MAY  1 2016...........SUNRISE   601 AM PDT   SUNSET   731 PM PDT


-  INDICATES NEGATIVE NUMBERS.
R  INDICATES RECORD WAS SET OR TIED.
MM INDICATES DATA IS MISSING.
T  INDICATES TRACE AMOUNT.




$$
