000
CDUS46 KSGX 271150
CLISAN


CLIMATE REPORT
NATIONAL WEATHER SERVICE SAN DIEGO, CA
450 AM PDT THU JUL 27 2017


...................................

...THE SAN DIEGO INTL AIRPORT CA CLIMATE SUMMARY FOR JULY 26 2017...

CLIMATE NORMAL PERIOD 1981 TO 2010
CLIMATE RECORD PERIOD 1874 TO 2017


WEATHER ITEM   OBSERVED TIME   RECORD YEAR NORMAL DEPARTURE LAST
                VALUE   (LST)  VALUE       VALUE  FROM      YEAR
                                                  NORMAL
..................................................................
TEMPERATURE (F)
 YESTERDAY
  MAXIMUM         78    225 PM  87    1977  75      3       78
                                      1891
  MINIMUM         71   1159 PM  59    1932  66      5       67
                                      1892
  AVERAGE         75                        71      4       73

PRECIPITATION (IN)
  YESTERDAY        0.00          0.05 1941   0.00   0.00     0.00
  MONTH TO DATE    T                         0.02  -0.02      T
  SINCE OCT 1     12.65                     10.16   2.49     7.86
  SINCE JAN 1      7.75                      7.05   0.70     5.01

DEGREE DAYS
 HEATING
  YESTERDAY        0                         0      0        0
  MONTH TO DATE    0                         0      0        0
  SINCE JUN 1      9                        18     -9        0
  SINCE JUL 1      0                         0      0        0

 COOLING
  YESTERDAY       10                         6      4        8
  MONTH TO DATE  213                       128     85      150
  SINCE JUN 1    311                       188    123      275
  SINCE JAN 1    403                       237    166      393
..................................................................


WIND (MPH)
  RESULTANT WIND SPEED   7   RESULTANT WIND DIRECTION  NW (300)
  HIGHEST WIND SPEED    16   HIGHEST WIND DIRECTION    NW (300)
  HIGHEST GUST SPEED    20   HIGHEST GUST DIRECTION     W (290)
  AVERAGE WIND SPEED     7.7


SKY COVER
  POSSIBLE SUNSHINE  MM
  AVERAGE SKY COVER 0.9


WEATHER CONDITIONS
 THE FOLLOWING WEATHER WAS RECORDED YESTERDAY.
  NO SIGNIFICANT WEATHER WAS OBSERVED.


RELATIVE HUMIDITY (PERCENT)
 HIGHEST    79          1200 AM
 LOWEST     62           200 PM
 AVERAGE    71

..........................................................


THE SAN DIEGO INTL AIRPORT CA CLIMATE NORMALS FOR TODAY
                         NORMAL    RECORD    YEAR
 MAXIMUM TEMPERATURE (F)   75        86      2006
                                             1972
                                             1967
 MINIMUM TEMPERATURE (F)   66        58      1892


SUNRISE AND SUNSET
JULY 27 2017..........SUNRISE   559 AM PDT   SUNSET   751 PM PDT
JULY 28 2017..........SUNRISE   600 AM PDT   SUNSET   750 PM PDT


-  INDICATES NEGATIVE NUMBERS.
R  INDICATES RECORD WAS SET OR TIED.
MM INDICATES DATA IS MISSING.
T  INDICATES TRACE AMOUNT.




$$
