000
CDUS46 KSGX 012318
CLISAN


CLIMATE REPORT
NATIONAL WEATHER SERVICE SAN DIEGO, CA
418 PM PDT SAT AUG 1 2015


...................................

...THE SAN DIEGO/LINDBERGH FIELD CA CLIMATE SUMMARY FOR AUGUST 1 2015...
VALID TODAY AS OF 0400 PM LOCAL TIME.

CLIMATE NORMAL PERIOD 1981 TO 2010
CLIMATE RECORD PERIOD 1874 TO 2015


WEATHER ITEM   OBSERVED TIME   RECORD YEAR NORMAL DEPARTURE LAST
                VALUE   (LST)  VALUE       VALUE  FROM      YEAR
                                                  NORMAL
..................................................................
TEMPERATURE (F)
 TODAY
  MAXIMUM         77    217 PM  90    1972  76      1       78
  MINIMUM         70    753 AM  60    1944  67      3       69
                                      1911
  AVERAGE         74                        71      3       74

PRECIPITATION (IN)
  TODAY            0.00          0.01 1991   0.00   0.00     0.00
                                      1925
  MONTH TO DATE    0.00                      0.00   0.00     0.00
  SINCE OCT 1     10.66                     10.17   0.49     5.01
  SINCE JAN 1      5.79                      7.06  -1.27     2.82

DEGREE DAYS
 HEATING
  TODAY            0                         0      0        0
  MONTH TO DATE    0                         0      0        0
  SINCE JUN 1      1                        19    -18        0
  SINCE JUL 1      0                         1     -1        0

 COOLING
  TODAY            9                         6      3        9
  MONTH TO DATE    9                         6      3        9
  SINCE JUN 1    369                       222    147      394
  SINCE JAN 1    552                       271    281      633
..................................................................


WIND (MPH)
  RESULTANT WIND SPEED   4   RESULTANT WIND DIRECTION   W (290)
  HIGHEST WIND SPEED    14   HIGHEST WIND DIRECTION     W (280)
  HIGHEST GUST SPEED    18   HIGHEST GUST DIRECTION     W (270)
  AVERAGE WIND SPEED     5.1


SKY COVER
  POSSIBLE SUNSHINE  MM
  AVERAGE SKY COVER 0.9


WEATHER CONDITIONS
 THE FOLLOWING WEATHER WAS RECORDED TODAY.
  NO SIGNIFICANT WEATHER WAS OBSERVED.


RELATIVE HUMIDITY (PERCENT)
 HIGHEST    78          1200 AM
 LOWEST     60           100 PM
 AVERAGE    69

..........................................................


THE SAN DIEGO/LINDBERGH FIELD CA CLIMATE NORMALS FOR TOMORROW
                         NORMAL    RECORD    YEAR
 MAXIMUM TEMPERATURE (F)   76        85      1971
 MINIMUM TEMPERATURE (F)   67        59      1944


SUNRISE AND SUNSET
AUGUST  1 2015........SUNRISE   602 AM PDT   SUNSET   747 PM PDT
AUGUST  2 2015........SUNRISE   603 AM PDT   SUNSET   746 PM PDT


-  INDICATES NEGATIVE NUMBERS.
R  INDICATES RECORD WAS SET OR TIED.
MM INDICATES DATA IS MISSING.
T  INDICATES TRACE AMOUNT.




$$
