000
CDUS44 KEWX 290657
CLISAT


CLIMATE REPORT
NATIONAL WEATHER SERVICE AUSTIN/SAN ANTONIO, TX
150 AM CDT SAT APR 29 2017


...................................

...THE SAN ANTONIO CLIMATE SUMMARY FOR APRIL 28 2017...

CLIMATE NORMAL PERIOD 1981 TO 2010
CLIMATE RECORD PERIOD 1886 TO 2017


WEATHER ITEM   OBSERVED TIME   RECORD YEAR NORMAL DEPARTURE LAST
                VALUE   (LST)  VALUE       VALUE  FROM      YEAR
                                                  NORMAL
..................................................................
TEMPERATURE (F)
 YESTERDAY
  MAXIMUM         92    537 PM  99    2014  83      9       83
  MINIMUM         70    505 AM  47    2008  62      8       63
  AVERAGE         81                        72      9       73

PRECIPITATION (IN)
  YESTERDAY        0.00          2.39 1888   0.09  -0.09      T
  MONTH TO DATE    2.76                      1.92   0.84     5.73
  SINCE MAR 1      4.85                      4.23   0.62     9.29
  SINCE JAN 1     11.18                      7.78   3.40    12.22

SNOWFALL (IN)
  YESTERDAY        0.0
  MONTH TO DATE    0.0
  SINCE MAR 1      0.0
  SINCE JUL 1      0.0
  SNOW DEPTH       0

DEGREE DAYS
 HEATING
  YESTERDAY        0                         0      0        0
  MONTH TO DATE    9                        38    -29       18
  SINCE MAR 1     60                       192   -132       88
  SINCE JUL 1    778                      1493   -715     1037

 COOLING
  YESTERDAY       16                         8      8        8
  MONTH TO DATE  188                       153     35      151
  SINCE MAR 1    322                       218    104      256
  SINCE JAN 1    422                       244    178      285
..................................................................


WIND (MPH)
  HIGHEST WIND SPEED    24   HIGHEST WIND DIRECTION     E (110)
  HIGHEST GUST SPEED    28   HIGHEST GUST DIRECTION    SE (120)
  AVERAGE WIND SPEED    12.0


SKY COVER
  AVERAGE SKY COVER 0.6


WEATHER CONDITIONS
 THE FOLLOWING WEATHER WAS RECORDED YESTERDAY.
  HAZE


RELATIVE HUMIDITY (PERCENT)
 HIGHEST    90           500 AM
 LOWEST     44           500 PM
 AVERAGE    67

..........................................................


THE SAN ANTONIO CLIMATE NORMALS FOR TODAY
                         NORMAL    RECORD    YEAR
 MAXIMUM TEMPERATURE (F)   83        98      1909
 MINIMUM TEMPERATURE (F)   62        46      2008
                                             1965


SUNRISE AND SUNSET
APRIL 29 2017.........SUNRISE   653 AM CDT   SUNSET   809 PM CDT
APRIL 30 2017.........SUNRISE   652 AM CDT   SUNSET   810 PM CDT


-  INDICATES NEGATIVE NUMBERS.
R  INDICATES RECORD WAS SET OR TIED.
MM INDICATES DATA IS MISSING.
T  INDICATES TRACE AMOUNT.




$$
