000
CDUS44 KEWX 290755
CLISAT


CLIMATE REPORT
NATIONAL WEATHER SERVICE AUSTIN/SAN ANTONIO, TX
255 AM CDT FRI APR 29 2016


...................................

...THE SAN ANTONIO CLIMATE SUMMARY FOR APRIL 28 2016...

CLIMATE NORMAL PERIOD 1981 TO 2010
CLIMATE RECORD PERIOD 1886 TO 2016


WEATHER ITEM   OBSERVED TIME   RECORD YEAR NORMAL DEPARTURE LAST
                VALUE   (LST)  VALUE       VALUE  FROM      YEAR
                                                  NORMAL
..................................................................
TEMPERATURE (F)
 YESTERDAY
  MAXIMUM         83   1205 PM  99    2014  83      0       69
  MINIMUM         63    210 AM  47    2008  62      1       52
  AVERAGE         73                        72      1       61

PRECIPITATION (IN)
  YESTERDAY        T             2.39 1888   0.09  -0.09     0.00
  MONTH TO DATE    5.73                      1.92   3.81     7.54
  SINCE MAR 1      9.29                      4.23   5.06    10.51
  SINCE JAN 1     12.22                      7.78   4.44    14.71

SNOWFALL (IN)
  YESTERDAY        0.0
  MONTH TO DATE    0.0
  SINCE MAR 1      0.0
  SINCE JUL 1      0.0
  SNOW DEPTH       0

DEGREE DAYS
 HEATING
  YESTERDAY        0                         0      0        4
  MONTH TO DATE   18                        38    -20        5
  SINCE MAR 1     88                       192   -104      177
  SINCE JUL 1   1037                      1493   -456     1492

 COOLING
  YESTERDAY        8                         8      0        0
  MONTH TO DATE  149                       153     -4      214
  SINCE MAR 1    254                       218     36      270
  SINCE JAN 1    283                       244     39      283
..................................................................


WIND (MPH)
  HIGHEST WIND SPEED    22   HIGHEST WIND DIRECTION    SE (130)
  HIGHEST GUST SPEED    27   HIGHEST GUST DIRECTION    SE (120)
  AVERAGE WIND SPEED    11.0


SKY COVER
  AVERAGE SKY COVER 0.7


WEATHER CONDITIONS
 THE FOLLOWING WEATHER WAS RECORDED YESTERDAY.
  RAIN
  FOG
  HAZE


RELATIVE HUMIDITY (PERCENT)
 HIGHEST    93           300 AM
 LOWEST     58          1200 PM
 AVERAGE    76

..........................................................


THE SAN ANTONIO CLIMATE NORMALS FOR TODAY
                         NORMAL    RECORD    YEAR
 MAXIMUM TEMPERATURE (F)   83        98      1909
 MINIMUM TEMPERATURE (F)   62        46      2008
                                             1965


SUNRISE AND SUNSET
APRIL 29 2016.........SUNRISE   653 AM CDT   SUNSET   810 PM CDT
APRIL 30 2016.........SUNRISE   652 AM CDT   SUNSET   810 PM CDT


-  INDICATES NEGATIVE NUMBERS.
R  INDICATES RECORD WAS SET OR TIED.
MM INDICATES DATA IS MISSING.
T  INDICATES TRACE AMOUNT.




$$
