000
CDUS44 KEWX 210715
CLISAT


CLIMATE REPORT
NATIONAL WEATHER SERVICE AUSTIN/SAN ANTONIO, TX
214 AM CDT THU AUG 21 2014


...................................

...THE SAN ANTONIO CLIMATE SUMMARY FOR AUGUST 20 2014...

CLIMATE NORMAL PERIOD 1981 TO 2010
CLIMATE RECORD PERIOD 1886 TO 2014


WEATHER ITEM   OBSERVED TIME   RECORD YEAR NORMAL DEPARTURE LAST
                VALUE   (LST)  VALUE       VALUE  FROM      YEAR
                                                  NORMAL
..................................................................
TEMPERATURE (F)
 YESTERDAY
  MAXIMUM        101    436 PM 107    1909  96      5       97
  MINIMUM         79    631 AM  65    1940  75      4       71
  AVERAGE         90                        86      4       84

PRECIPITATION (IN)
  YESTERDAY        0.00          4.51 1886   0.07  -0.07     0.00
  MONTH TO DATE    0.08                      1.08  -1.00     0.65
  SINCE JUN 1      8.71                      7.96   0.75     3.40
  SINCE JAN 1     16.07                     19.93  -3.86    23.24

SNOWFALL (IN)
  YESTERDAY        0.0
  MONTH TO DATE    0.0
  SINCE JUN 1      0.0
  SINCE JUL 1      0.0
  SNOW DEPTH       0

DEGREE DAYS
 HEATING
  YESTERDAY        0                         0      0        0
  MONTH TO DATE    0                         0      0        0
  SINCE JUN 1      0                         0      0        0
  SINCE JUL 1      0                         0      0        0

 COOLING
  YESTERDAY       25                        20      5       19
  MONTH TO DATE  457                       419     38      487
  SINCE JUN 1   1632                      1550     82     1724
  SINCE JAN 1   2336                      2179    157     2341
..................................................................


WIND (MPH)
  HIGHEST WIND SPEED    26   HIGHEST WIND DIRECTION    SE (140)
  HIGHEST GUST SPEED    35   HIGHEST GUST DIRECTION    SE (140)
  AVERAGE WIND SPEED    15.6


SKY COVER
  AVERAGE SKY COVER 0.5


WEATHER CONDITIONS
 THE FOLLOWING WEATHER WAS RECORDED YESTERDAY.
  NO SIGNIFICANT WEATHER WAS OBSERVED.


RELATIVE HUMIDITY (PERCENT)
 HIGHEST    85           500 AM
 LOWEST     31           400 PM
 AVERAGE    58

..........................................................


THE SAN ANTONIO CLIMATE NORMALS FOR TODAY
                         NORMAL    RECORD    YEAR
 MAXIMUM TEMPERATURE (F)   96       104      1999
 MINIMUM TEMPERATURE (F)   75        64      1940


SUNRISE AND SUNSET
AUGUST 21 2014........SUNRISE   705 AM CDT   SUNSET   808 PM CDT
AUGUST 22 2014........SUNRISE   706 AM CDT   SUNSET   807 PM CDT


-  INDICATES NEGATIVE NUMBERS.
R  INDICATES RECORD WAS SET OR TIED.
MM INDICATES DATA IS MISSING.
T  INDICATES TRACE AMOUNT.




$$
