656
CDUS44 KEWX 240707
CLISAT


CLIMATE REPORT
NATIONAL WEATHER SERVICE AUSTIN/SAN ANTONIO, TX
206 AM CDT TUE MAY 24 2016


...................................

...THE SAN ANTONIO CLIMATE SUMMARY FOR MAY 23 2016...

CLIMATE NORMAL PERIOD 1981 TO 2010
CLIMATE RECORD PERIOD 1886 TO 2016


WEATHER ITEM   OBSERVED TIME   RECORD YEAR NORMAL DEPARTURE LAST
                VALUE   (LST)  VALUE       VALUE  FROM      YEAR
                                                  NORMAL
..................................................................
TEMPERATURE (F)
 YESTERDAY
  MAXIMUM         86    428 PM  99    2008  89     -3       88
                                      1996
  MINIMUM         72    648 AM  53    1892  69      3       64
  AVERAGE         79                        79      0       76

PRECIPITATION (IN)
  YESTERDAY        0.01          2.81 2015   0.14  -0.13     2.81
  MONTH TO DATE    4.89                      2.84   2.05     6.89
  SINCE MAR 1     14.64                      7.25   7.39    17.40
  SINCE JAN 1     17.57                     10.80   6.77    21.60

SNOWFALL (IN)
  YESTERDAY        0.0
  MONTH TO DATE    0.0
  SINCE MAR 1      T
  SINCE JUL 1      T
  SNOW DEPTH       0

DEGREE DAYS
 HEATING
  YESTERDAY        0                         0      0        0
  MONTH TO DATE    1                         0      1        0
  SINCE MAR 1     89                       193   -104      179
  SINCE JUL 1   1038                      1494   -456     1494

 COOLING
  YESTERDAY       14                        14      0       11
  MONTH TO DATE  203                       254    -51      254
  SINCE MAR 1    477                       487    -10      525
  SINCE JAN 1    506                       513     -7      538
..................................................................


WIND (MPH)
  HIGHEST WIND SPEED    24   HIGHEST WIND DIRECTION    SE (120)
  HIGHEST GUST SPEED    29   HIGHEST GUST DIRECTION    SE (130)
  AVERAGE WIND SPEED    11.1


SKY COVER
  AVERAGE SKY COVER 0.9


WEATHER CONDITIONS
 THE FOLLOWING WEATHER WAS RECORDED YESTERDAY.
  LIGHT RAIN
  FOG
  HAZE


RELATIVE HUMIDITY (PERCENT)
 HIGHEST    94          1000 AM
 LOWEST     70           100 PM
 AVERAGE    82

..........................................................


THE SAN ANTONIO CLIMATE NORMALS FOR TODAY
                         NORMAL    RECORD    YEAR
 MAXIMUM TEMPERATURE (F)   89       101      1989
                                             1955
                                             1925
 MINIMUM TEMPERATURE (F)   69        55      1967
                                             1910


SUNRISE AND SUNSET
MAY 24 2016...........SUNRISE   637 AM CDT   SUNSET   825 PM CDT
MAY 25 2016...........SUNRISE   636 AM CDT   SUNSET   826 PM CDT


-  INDICATES NEGATIVE NUMBERS.
R  INDICATES RECORD WAS SET OR TIED.
MM INDICATES DATA IS MISSING.
T  INDICATES TRACE AMOUNT.




$$
