000
CDUS44 KEWX 222256
CLISAT


CLIMATE REPORT
NATIONAL WEATHER SERVICE AUSTIN/SAN ANTONIO, TX
555 PM CDT THU JUN 22 2017


...................................

...THE SAN ANTONIO CLIMATE SUMMARY FOR JUNE 22 2017...
VALID TODAY AS OF 555 PM LOCAL TIME.

CLIMATE NORMAL PERIOD 1981 TO 2010
CLIMATE RECORD PERIOD 1886 TO 2017


WEATHER ITEM   OBSERVED TIME   RECORD YEAR NORMAL DEPARTURE LAST
                VALUE   (LST)  VALUE       VALUE  FROM      YEAR
                                                  NORMAL
..................................................................
TEMPERATURE (F)
 TODAY
  MAXIMUM        100    351 PM 101    1990  93      7       92
                                      1953
                                      1906
  MINIMUM         71    608 AM  63    1961  74     -3       76
                                      1912
  AVERAGE         86                        83      3       84

PRECIPITATION (IN)
  TODAY            0.00          3.15 1958   0.15  -0.15     0.00
  MONTH TO DATE    0.27                      3.12  -2.85     2.38
  SINCE JUN 1      0.27                      3.12  -2.85     2.38
  SINCE JAN 1     13.34                     15.09  -1.75    24.20

SNOWFALL (IN)
  TODAY            0.0
  MONTH TO DATE    0.0
  SINCE JUN 1      0.0
  SINCE JUL 1      0.0
  SNOW DEPTH       0

DEGREE DAYS
 HEATING
  TODAY            0                         0      0        0
  MONTH TO DATE    0                         0      0        0
  SINCE JUN 1      0                         0      0        0
  SINCE JUL 1    778                      1496   -718     1038

 COOLING
  TODAY           21                        18      3       19
  MONTH TO DATE  405                       375     30      368
  SINCE JUN 1    405                       375     30      368
  SINCE JAN 1   1177                      1004    173      993
..................................................................


WIND (MPH)
  HIGHEST WIND SPEED    13   HIGHEST WIND DIRECTION    SW (220)
  HIGHEST GUST SPEED    19   HIGHEST GUST DIRECTION     S (200)
  AVERAGE WIND SPEED     6.4


SKY COVER
  AVERAGE SKY COVER 0.5


WEATHER CONDITIONS
 THE FOLLOWING WEATHER WAS RECORDED TODAY.
  NO SIGNIFICANT WEATHER WAS OBSERVED.


RELATIVE HUMIDITY (PERCENT)
 HIGHEST    73           500 AM
 LOWEST     19           400 PM
 AVERAGE    46

..........................................................


THE SAN ANTONIO CLIMATE NORMALS FOR TOMORROW
                         NORMAL    RECORD    YEAR
 MAXIMUM TEMPERATURE (F)   93       102      1990
 MINIMUM TEMPERATURE (F)   74        63      1920


SUNRISE AND SUNSET
JUNE 22 2017..........SUNRISE   635 AM CDT   SUNSET   837 PM CDT
JUNE 23 2017..........SUNRISE   635 AM CDT   SUNSET   837 PM CDT


-  INDICATES NEGATIVE NUMBERS.
R  INDICATES RECORD WAS SET OR TIED.
MM INDICATES DATA IS MISSING.
T  INDICATES TRACE AMOUNT.




$$
