000
CDUS44 KEWX 200825
CLISAT


CLIMATE REPORT
NATIONAL WEATHER SERVICE AUSTIN/SAN ANTONIO, TX
224 AM CST SAT JAN 20 2018


...................................

...THE SAN ANTONIO CLIMATE SUMMARY FOR JANUARY 19 2018...

CLIMATE NORMAL PERIOD 1981 TO 2010
CLIMATE RECORD PERIOD 1886 TO 2018


WEATHER ITEM   OBSERVED TIME   RECORD YEAR NORMAL DEPARTURE LAST
                VALUE   (LST)  VALUE       VALUE  FROM      YEAR
                                                  NORMAL
..................................................................
TEMPERATURE (F)
 YESTERDAY
  MAXIMUM         50   1145 PM  85    2000  63    -13       71
  MINIMUM         39    731 AM  15    1940  41     -2       50
  AVERAGE         45                        52     -7       61

PRECIPITATION (IN)
  YESTERDAY        0.10          1.78 1968   0.06   0.04      T
  MONTH TO DATE    0.19                      1.02  -0.83     2.71
  SINCE DEC 1      4.23                      2.93   1.30     8.93
  SINCE JAN 1      0.19                      1.02  -0.83     2.71

SNOWFALL (IN)
  YESTERDAY       MM
  MONTH TO DATE    T
  SINCE DEC 1      1.9
  SINCE JUL 1      1.9
  SNOW DEPTH       0

DEGREE DAYS
 HEATING
  YESTERDAY       20                        13      7        4
  MONTH TO DATE  354                       264     90      156
  SINCE DEC 1    739                       655     84      474
  SINCE JUL 1    871                       866      5      532

 COOLING
  YESTERDAY        0                         0      0        0
  MONTH TO DATE    0                         0      0       20
  SINCE DEC 1     18                        14      4       62
  SINCE JAN 1      0                         0      0       20
..................................................................


WIND (MPH)
  HIGHEST WIND SPEED    10   HIGHEST WIND DIRECTION     S (160)
  HIGHEST GUST SPEED    13   HIGHEST GUST DIRECTION    SW (220)
  AVERAGE WIND SPEED     3.5


SKY COVER
  AVERAGE SKY COVER 1.0


WEATHER CONDITIONS
 THE FOLLOWING WEATHER WAS RECORDED YESTERDAY.
  LIGHT RAIN
  FOG
  FOG W/VISIBILITY <= 1/4 MILE


RELATIVE HUMIDITY (PERCENT)
 HIGHEST    93           400 PM
 LOWEST     33          1200 AM
 AVERAGE    63

..........................................................


THE SAN ANTONIO CLIMATE NORMALS FOR TODAY
                         NORMAL    RECORD    YEAR
 MAXIMUM TEMPERATURE (F)   63        83      1972
 MINIMUM TEMPERATURE (F)   41        19      1943


SUNRISE AND SUNSET
JANUARY 20 2018.......SUNRISE   728 AM CST   SUNSET   602 PM CST
JANUARY 21 2018.......SUNRISE   728 AM CST   SUNSET   603 PM CST


-  INDICATES NEGATIVE NUMBERS.
R  INDICATES RECORD WAS SET OR TIED.
MM INDICATES DATA IS MISSING.
T  INDICATES TRACE AMOUNT.




$$
