000
CDUS42 KCHS 182212
CLISAV


CLIMATE REPORT
NATIONAL WEATHER SERVICE CHARLESTON SC
612 PM EDT FRI AUG 18 2017


...................................

...THE SAVANNAH GA CLIMATE SUMMARY FOR AUGUST 18 2017...
VALID TODAY AS OF 0500 PM LOCAL TIME.

CLIMATE NORMAL PERIOD 1981 TO 2010
CLIMATE RECORD PERIOD 1871 TO 2017


WEATHER ITEM   OBSERVED TIME   RECORD YEAR NORMAL DEPARTURE LAST
                VALUE   (LST)  VALUE       VALUE  FROM      YEAR
                                                  NORMAL
..................................................................
TEMPERATURE (F)
 TODAY
  MAXIMUM         97    402 PM 100    1995  91      6       96
  MINIMUM         77    616 AM  66    1979  72      5       76
                                      1976
                                      1960
  AVERAGE         87                        81      6       86

PRECIPITATION (IN)
  TODAY            0.00          2.09 1957   0.21  -0.21      T
  MONTH TO DATE    3.45                      3.84  -0.39     2.76
  SINCE JUN 1     16.31                     15.39   0.92    10.93
  SINCE JAN 1     40.06                     31.65   8.41    33.60

DEGREE DAYS
 HEATING
  TODAY            0                         0      0        0
  MONTH TO DATE    0                         0      0        0
  SINCE JUN 1      0                         0      0        0
  SINCE JUL 1      0                         0      0        0

 COOLING
  TODAY           22                        16      6       21
  MONTH TO DATE  338                       306     32      361
  SINCE JUN 1   1365                      1298     67     1538
  SINCE JAN 1   2039                      1701    338     2066
..................................................................


WIND (MPH)
  HIGHEST WIND SPEED    13   HIGHEST WIND DIRECTION     S (170)
  HIGHEST GUST SPEED    16   HIGHEST GUST DIRECTION     S (170)
  AVERAGE WIND SPEED     6.0


SKY COVER
  POSSIBLE SUNSHINE  MM
  AVERAGE SKY COVER 0.4


WEATHER CONDITIONS
 THE FOLLOWING WEATHER WAS RECORDED TODAY.
  NO SIGNIFICANT WEATHER WAS OBSERVED.


RELATIVE HUMIDITY (PERCENT)
 HIGHEST    94           600 AM
 LOWEST     42           400 PM
 AVERAGE    68

..........................................................


THE SAVANNAH GA CLIMATE NORMALS FOR TOMORROW
                         NORMAL    RECORD    YEAR
 MAXIMUM TEMPERATURE (F)   90        99      1900
                                             1899
                                             1878
 MINIMUM TEMPERATURE (F)   72        64      1960
                                             1889


SUNRISE AND SUNSET
AUGUST 18 2017........SUNRISE   651 AM EDT   SUNSET   805 PM EDT
AUGUST 19 2017........SUNRISE   652 AM EDT   SUNSET   804 PM EDT


-  INDICATES NEGATIVE NUMBERS.
R  INDICATES RECORD WAS SET OR TIED.
MM INDICATES DATA IS MISSING.
T  INDICATES TRACE AMOUNT.




$$
