000
CDUS42 KCHS 060539
CLISAV


CLIMATE REPORT
NATIONAL WEATHER SERVICE CHARLESTON SC
1239 AM EST FRI MAR 6 2015


...................................

...THE SAVANNAH GA CLIMATE SUMMARY FOR MARCH 5 2015...

CLIMATE NORMAL PERIOD 1981 TO 2010
CLIMATE RECORD PERIOD 1871 TO 2015


WEATHER ITEM   OBSERVED TIME   RECORD YEAR NORMAL DEPARTURE LAST
                VALUE   (LST)  VALUE       VALUE  FROM      YEAR
                                                  NORMAL
..................................................................
TEMPERATURE (F)
 YESTERDAY
  MAXIMUM         84    335 PM  86    1955  68     16       45
  MINIMUM         55   1159 PM  25    2002  45     10       37
                                      1960
  AVERAGE         70                        57     13       41

PRECIPITATION (IN)
  YESTERDAY        0.22          3.57 1959   0.12   0.10     0.17
  MONTH TO DATE    0.28                      0.59  -0.31     0.46
  SINCE MAR 1      0.28                      0.59  -0.31     0.46
  SINCE JAN 1      7.84                      7.07   0.77     4.57

SNOWFALL (IN)
  YESTERDAY        0.0                       0.0    0.0
  SINCE MAR 1      0.0                       0.0    0.0
  SINCE JUL 1      0.0                       0.3   -0.3

DEGREE DAYS
 HEATING
  YESTERDAY        0                         9     -9       24
  MONTH TO DATE   22                        46    -24       64
  SINCE MAR 1     22                        46    -24       64
  SINCE JUL 1   1557                      1563     -6     1445

 COOLING
  YESTERDAY        5                         1      4        0
  MONTH TO DATE   13                         5      8        0
  SINCE MAR 1     13                         5      8        0
  SINCE JAN 1     18                        15      3       18
..................................................................


WIND (MPH)
  HIGHEST WIND SPEED    33   HIGHEST WIND DIRECTION    NW (300)
  HIGHEST GUST SPEED    41   HIGHEST GUST DIRECTION    NW (310)
  AVERAGE WIND SPEED    12.7


SKY COVER
  POSSIBLE SUNSHINE  MM
  AVERAGE SKY COVER 0.7


WEATHER CONDITIONS
 THE FOLLOWING WEATHER WAS RECORDED YESTERDAY.
  HEAVY RAIN
  RAIN
  LIGHT RAIN
  FOG


RELATIVE HUMIDITY (PERCENT)
 HIGHEST    93           500 AM
 LOWEST     46           400 PM
 AVERAGE    70

..........................................................


THE SAVANNAH GA CLIMATE NORMALS FOR TODAY
                         NORMAL    RECORD    YEAR
 MAXIMUM TEMPERATURE (F)   69        85      1967
 MINIMUM TEMPERATURE (F)   46        20      1960


SUNRISE AND SUNSET
MARCH  6 2015.........SUNRISE   646 AM EST   SUNSET   626 PM EST
MARCH  7 2015.........SUNRISE   645 AM EST   SUNSET   627 PM EST


-  INDICATES NEGATIVE NUMBERS.
R  INDICATES RECORD WAS SET OR TIED.
MM INDICATES DATA IS MISSING.
T  INDICATES TRACE AMOUNT.




$$
