000
CDUS42 KCHS 310602
CLISAV


CLIMATE REPORT
NATIONAL WEATHER SERVICE CHARLESTON SC
202 AM EDT WED AUG 31 2016


...................................

...THE SAVANNAH GA CLIMATE SUMMARY FOR AUGUST 30 2016...

CLIMATE NORMAL PERIOD 1981 TO 2010
CLIMATE RECORD PERIOD 1871 TO 2016


WEATHER ITEM   OBSERVED TIME   RECORD YEAR NORMAL DEPARTURE LAST
                VALUE   (LST)  VALUE       VALUE  FROM      YEAR
                                                  NORMAL
..................................................................
TEMPERATURE (F)
 YESTERDAY
  MAXIMUM         89    247 PM  98    1948  89      0       84
  MINIMUM         74    953 AM  61    1986  71      3       72
                                      1896
  AVERAGE         82                        80      2       78

PRECIPITATION (IN)
  YESTERDAY        0.14          3.19 1959   0.20  -0.06     1.16
  MONTH TO DATE    3.31                      6.37  -3.06     7.26
  SINCE JUN 1     11.48                     17.92  -6.44    18.25
  SINCE JAN 1     34.15                     34.18  -0.03    35.58

DEGREE DAYS
 HEATING
  YESTERDAY        0                         0      0        0
  MONTH TO DATE    0                         0      0        0
  SINCE JUN 1      0                         0      0        0
  SINCE JUL 1      0                         0      0        0

 COOLING
  YESTERDAY       17                        15      2       13
  MONTH TO DATE  588                       495     93      512
  SINCE JUN 1   1765                      1487    278     1604
  SINCE JAN 1   2293                      1890    403     2139
..................................................................


WIND (MPH)
  HIGHEST WIND SPEED    17   HIGHEST WIND DIRECTION    SE (140)
  HIGHEST GUST SPEED    21   HIGHEST GUST DIRECTION    SE (140)
  AVERAGE WIND SPEED     7.6


SKY COVER
  POSSIBLE SUNSHINE  MM
  AVERAGE SKY COVER 0.5


WEATHER CONDITIONS
 THE FOLLOWING WEATHER WAS RECORDED YESTERDAY.
  THUNDERSTORM
  HEAVY RAIN
  LIGHT RAIN
  FOG


RELATIVE HUMIDITY (PERCENT)
 HIGHEST    94           300 AM
 LOWEST     57           500 PM
 AVERAGE    76

..........................................................


THE SAVANNAH GA CLIMATE NORMALS FOR TODAY
                         NORMAL    RECORD    YEAR
 MAXIMUM TEMPERATURE (F)   89        99      1998
 MINIMUM TEMPERATURE (F)   71        61      1999


SUNRISE AND SUNSET
AUGUST 31 2016........SUNRISE   700 AM EDT   SUNSET   750 PM EDT
SEPTEMBER  1 2016.....SUNRISE   700 AM EDT   SUNSET   748 PM EDT


-  INDICATES NEGATIVE NUMBERS.
R  INDICATES RECORD WAS SET OR TIED.
MM INDICATES DATA IS MISSING.
T  INDICATES TRACE AMOUNT.




$$
