000
CDUS42 KCHS 220614
CLISAV


CLIMATE REPORT
NATIONAL WEATHER SERVICE CHARLESTON SC
214 AM EDT SUN OCT 22 2017


...................................

...THE SAVANNAH GA CLIMATE SUMMARY FOR OCTOBER 21 2017...

CLIMATE NORMAL PERIOD 1981 TO 2010
CLIMATE RECORD PERIOD 1871 TO 2017


WEATHER ITEM   OBSERVED TIME   RECORD YEAR NORMAL DEPARTURE LAST
                VALUE   (LST)  VALUE       VALUE  FROM      YEAR
                                                  NORMAL
..................................................................
TEMPERATURE (F)
 YESTERDAY
  MAXIMUM         83   1253 PM  90    1943  77      6       83
  MINIMUM         57    623 AM  36    1913  56      1       58
  AVERAGE         70                        66      4       71

PRECIPITATION (IN)
  YESTERDAY        0.00          2.73 1933   0.11  -0.11     0.00
  MONTH TO DATE    0.93                      2.82  -1.89    11.60
  SINCE SEP 1      6.52                      7.40  -0.88    16.59
  SINCE JAN 1     48.88                     41.77   7.11    50.96

SNOWFALL (IN)
  YESTERDAY        0.0                       0.0    0.0
  SINCE SEP 1      0.0                       0.0    0.0
  SINCE JUL 1      0.0                       0.0    0.0

DEGREE DAYS
 HEATING
  YESTERDAY        0                         2     -2        0
  MONTH TO DATE    1                        26    -25        0
  SINCE SEP 1      1                        28    -27        0
  SINCE JUL 1      1                        28    -27        0

 COOLING
  YESTERDAY        5                         4      1        6
  MONTH TO DATE  223                       120    103      162
  SINCE SEP 1    645                       479    166      605
  SINCE JAN 1   2905                      2386    519     2915
..................................................................


WIND (MPH)
  HIGHEST WIND SPEED    15   HIGHEST WIND DIRECTION     E (100)
  HIGHEST GUST SPEED    20   HIGHEST GUST DIRECTION     E (80)
  AVERAGE WIND SPEED     6.3


SKY COVER
  POSSIBLE SUNSHINE  MM
  AVERAGE SKY COVER 0.4


WEATHER CONDITIONS
 THE FOLLOWING WEATHER WAS RECORDED YESTERDAY.
  FOG


RELATIVE HUMIDITY (PERCENT)
 HIGHEST   100          1200 AM
 LOWEST     42          1100 AM
 AVERAGE    71

..........................................................


THE SAVANNAH GA CLIMATE NORMALS FOR TODAY
                         NORMAL    RECORD    YEAR
 MAXIMUM TEMPERATURE (F)   77        88      1943
                                             1939
 MINIMUM TEMPERATURE (F)   55        38      1976


SUNRISE AND SUNSET
OCTOBER 22 2017.......SUNRISE   734 AM EDT   SUNSET   644 PM EDT
OCTOBER 23 2017.......SUNRISE   735 AM EDT   SUNSET   643 PM EDT


-  INDICATES NEGATIVE NUMBERS.
R  INDICATES RECORD WAS SET OR TIED.
MM INDICATES DATA IS MISSING.
T  INDICATES TRACE AMOUNT.




$$
