000
CDUS42 KCHS 220532
CLISAV


CLIMATE REPORT
NATIONAL WEATHER SERVICE CHARLESTON SC
131 AM EDT FRI AUG 22 2014


...................................

...THE SAVANNAH GA CLIMATE SUMMARY FOR AUGUST 21 2014...

CLIMATE NORMAL PERIOD 1981 TO 2010
CLIMATE RECORD PERIOD 1871 TO 2014


WEATHER ITEM   OBSERVED TIME   RECORD YEAR NORMAL DEPARTURE LAST
                VALUE   (LST)  VALUE       VALUE  FROM      YEAR
                                                  NORMAL
..................................................................
TEMPERATURE (F)
 YESTERDAY
  MAXIMUM         97    420 PM 101    1902  90      7       87
  MINIMUM         73    628 AM  62    1961  72      1       74
  AVERAGE         85                        81      4       81

PRECIPITATION (IN)
  YESTERDAY        0.00          3.40 1876   0.21  -0.21     0.31
  MONTH TO DATE    3.41                      4.48  -1.07     5.94
  SINCE JUN 1     19.27                     16.03   3.24    26.54
  SINCE JAN 1     35.06                     32.29   2.77    46.08

DEGREE DAYS
 HEATING
  YESTERDAY        0                         0      0        0
  MONTH TO DATE    0                         0      0        0
  SINCE JUN 1      0                         0      0        0
  SINCE JUL 1      0                         0      0        0

 COOLING
  YESTERDAY       20                        16      4       16
  MONTH TO DATE  392                       354     38      363
  SINCE JUN 1   1446                      1346    100     1337
  SINCE JAN 1   1935                      1749    186     1695
..................................................................


WIND (MPH)
  HIGHEST WIND SPEED    14   HIGHEST WIND DIRECTION    NW (320)
  HIGHEST GUST SPEED    18   HIGHEST GUST DIRECTION     W (260)
  AVERAGE WIND SPEED     4.6


SKY COVER
  POSSIBLE SUNSHINE  MM
  AVERAGE SKY COVER 0.4


WEATHER CONDITIONS
 THE FOLLOWING WEATHER WAS RECORDED YESTERDAY.
  NO SIGNIFICANT WEATHER WAS OBSERVED.


RELATIVE HUMIDITY (PERCENT)
 HIGHEST    87           500 AM
 LOWEST     42           200 PM
 AVERAGE    65

..........................................................


THE SAVANNAH GA CLIMATE NORMALS FOR TODAY
                         NORMAL    RECORD    YEAR
 MAXIMUM TEMPERATURE (F)   90       100      1983
 MINIMUM TEMPERATURE (F)   72        62      1930


SUNRISE AND SUNSET
AUGUST 22 2014........SUNRISE   654 AM EDT   SUNSET   801 PM EDT
AUGUST 23 2014........SUNRISE   654 AM EDT   SUNSET   800 PM EDT


-  INDICATES NEGATIVE NUMBERS.
R  INDICATES RECORD WAS SET OR TIED.
MM INDICATES DATA IS MISSING.
T  INDICATES TRACE AMOUNT.




$$
