000
CDUS42 KCHS 280540
CLISAV


CLIMATE REPORT
NATIONAL WEATHER SERVICE CHARLESTON SC
1240 AM EST WED JAN 28 2015


...................................

...THE SAVANNAH GA CLIMATE SUMMARY FOR JANUARY 27 2015...

CLIMATE NORMAL PERIOD 1981 TO 2010
CLIMATE RECORD PERIOD 1871 TO 2015


WEATHER ITEM   OBSERVED TIME   RECORD YEAR NORMAL DEPARTURE LAST
                VALUE   (LST)  VALUE       VALUE  FROM      YEAR
                                                  NORMAL
..................................................................
TEMPERATURE (F)
 YESTERDAY
  MAXIMUM         55    406 PM  81    1974  61     -6       73
  MINIMUM         36    733 AM  17    1985  39     -3       43
  AVERAGE         46                        50     -4       58

PRECIPITATION (IN)
  YESTERDAY        0.00          2.60 1984   0.13  -0.13      T
  MONTH TO DATE    4.12                      3.19   0.93     2.10
  SINCE DEC 1      8.14                      6.14   2.00     4.48
  SINCE JAN 1      4.12                      3.19   0.93     2.10

SNOWFALL (IN)
  YESTERDAY        0.0                       0.0    0.0
  SINCE DEC 1      0.0                       0.2   -0.2
  SINCE JUL 1      0.0                       0.2   -0.2

DEGREE DAYS
 HEATING
  YESTERDAY       19                        15      4        7
  MONTH TO DATE  392                       426    -34      474
  SINCE DEC 1    676                       849   -173      744
  SINCE JUL 1    968                      1116   -148     1000

 COOLING
  YESTERDAY        0                         0      0        0
  MONTH TO DATE    5                         0      5        3
  SINCE DEC 1     11                         9      2       41
  SINCE JAN 1      5                         0      5        3
..................................................................


WIND (MPH)
  HIGHEST WIND SPEED    24   HIGHEST WIND DIRECTION    NW (300)
  HIGHEST GUST SPEED    31   HIGHEST GUST DIRECTION    NW (310)
  AVERAGE WIND SPEED    11.2


SKY COVER
  POSSIBLE SUNSHINE  MM
  AVERAGE SKY COVER 0.3


WEATHER CONDITIONS
 THE FOLLOWING WEATHER WAS RECORDED YESTERDAY.
  NO SIGNIFICANT WEATHER WAS OBSERVED.


RELATIVE HUMIDITY (PERCENT)
 HIGHEST    70           300 AM
 LOWEST     35           300 PM
 AVERAGE    53

..........................................................


THE SAVANNAH GA CLIMATE NORMALS FOR TODAY
                         NORMAL    RECORD    YEAR
 MAXIMUM TEMPERATURE (F)   61        82      1957
 MINIMUM TEMPERATURE (F)   39        13      1986


SUNRISE AND SUNSET
JANUARY 28 2015.......SUNRISE   721 AM EST   SUNSET   555 PM EST
JANUARY 29 2015.......SUNRISE   721 AM EST   SUNSET   556 PM EST


-  INDICATES NEGATIVE NUMBERS.
R  INDICATES RECORD WAS SET OR TIED.
MM INDICATES DATA IS MISSING.
T  INDICATES TRACE AMOUNT.




$$
