000
CDUS42 KCHS 262215
CLISAV


CLIMATE REPORT
NATIONAL WEATHER SERVICE CHARLESTON SC
515 PM EST SUN FEB 26 2017


...................................

...THE SAVANNAH GA CLIMATE SUMMARY FOR FEBRUARY 26 2017...
VALID TODAY AS OF 0500 PM LOCAL TIME.

CLIMATE NORMAL PERIOD 1981 TO 2010
CLIMATE RECORD PERIOD 1871 TO 2017


WEATHER ITEM   OBSERVED TIME   RECORD YEAR NORMAL DEPARTURE LAST
                VALUE   (LST)  VALUE       VALUE  FROM      YEAR
                                                  NORMAL
..................................................................
TEMPERATURE (F)
 TODAY
  MAXIMUM         69    347 PM  84    1996  67      2       58
                                      1944
  MINIMUM         40    719 AM  16    1967  44     -4       37
  AVERAGE         55                        55      0       48

PRECIPITATION (IN)
  TODAY            0.00          1.74 2013   0.09  -0.09     0.00
  MONTH TO DATE    2.22                      2.59  -0.37     3.28
  SINCE DEC 1     13.12                      9.23   3.89     9.76
  SINCE JAN 1      8.83                      6.28   2.55     6.41

SNOWFALL (IN)
  TODAY            0.0                       0.0    0.0
  SINCE DEC 1      0.0                       0.3   -0.3
  SINCE JUL 1      0.0                       0.3   -0.3

DEGREE DAYS
 HEATING
  TODAY           10                        10      0       17
  MONTH TO DATE  123                       323   -200      296
  SINCE DEC 1    624                      1230   -606      911
  SINCE JUL 1    805                      1497   -692     1036

 COOLING
  TODAY            0                         0      0        0
  MONTH TO DATE   27                         0     27       21
  SINCE DEC 1     60                        12     48      127
  SINCE JAN 1     50                         3     47       21
..................................................................


WIND (MPH)
  HIGHEST WIND SPEED    20   HIGHEST WIND DIRECTION    NW (310)
  HIGHEST GUST SPEED    26   HIGHEST GUST DIRECTION    NW (310)
  AVERAGE WIND SPEED     6.2


SKY COVER
  POSSIBLE SUNSHINE  MM
  AVERAGE SKY COVER 0.0


WEATHER CONDITIONS
 THE FOLLOWING WEATHER WAS RECORDED TODAY.
  NO SIGNIFICANT WEATHER WAS OBSERVED.


RELATIVE HUMIDITY (PERCENT)
 HIGHEST    64           700 AM
 LOWEST     14           300 PM
 AVERAGE    39

..........................................................


THE SAVANNAH GA CLIMATE NORMALS FOR TOMORROW
                         NORMAL    RECORD    YEAR
 MAXIMUM TEMPERATURE (F)   67        85      2011
                                             1997
 MINIMUM TEMPERATURE (F)   44        21      1974


SUNRISE AND SUNSET
FEBRUARY 26 2017......SUNRISE   655 AM EST   SUNSET   620 PM EST
FEBRUARY 27 2017......SUNRISE   654 AM EST   SUNSET   621 PM EST


-  INDICATES NEGATIVE NUMBERS.
R  INDICATES RECORD WAS SET OR TIED.
MM INDICATES DATA IS MISSING.
T  INDICATES TRACE AMOUNT.




$$
