119
CDUS42 KCHS 170635
CLISAV


CLIMATE REPORT
NATIONAL WEATHER SERVICE CHARLESTON SC
135 AM EST TUE JAN 17 2017


...................................

...THE SAVANNAH GA CLIMATE SUMMARY FOR JANUARY 16 2017...

CLIMATE NORMAL PERIOD 1981 TO 2010
CLIMATE RECORD PERIOD 1871 TO 2017


WEATHER ITEM   OBSERVED TIME   RECORD YEAR NORMAL DEPARTURE LAST
                VALUE   (LST)  VALUE       VALUE  FROM      YEAR
                                                  NORMAL
..................................................................
TEMPERATURE (F)
 YESTERDAY
  MAXIMUM         75    259 PM  82    2013  60     15       68
  MINIMUM         52    617 AM  18    1893  38     14       46
  AVERAGE         64                        49     15       57

PRECIPITATION (IN)
  YESTERDAY        0.00          2.53 1896   0.12  -0.12     0.00
  MONTH TO DATE    1.62                      1.80  -0.18     1.68
  SINCE DEC 1      5.91                      4.75   1.16     5.03
  SINCE JAN 1      1.62                      1.80  -0.18     1.68

SNOWFALL (IN)
  YESTERDAY        0.0                       0.0    0.0
  SINCE DEC 1      0.0                       0.2   -0.2
  SINCE JUL 1      0.0                       0.2   -0.2

DEGREE DAYS
 HEATING
  YESTERDAY        1                        16    -15        8
  MONTH TO DATE  137                       256   -119      234
  SINCE DEC 1    409                       679   -270      358
  SINCE JUL 1    590                       946   -356      483

 COOLING
  YESTERDAY        0                         0      0        0
  MONTH TO DATE    9                         0      9        0
  SINCE DEC 1     19                         9     10      106
  SINCE JAN 1      9                         0      9        0
..................................................................


WIND (MPH)
  HIGHEST WIND SPEED    15   HIGHEST WIND DIRECTION     E (110)
  HIGHEST GUST SPEED    18   HIGHEST GUST DIRECTION    SE (120)
  AVERAGE WIND SPEED     5.6


SKY COVER
  POSSIBLE SUNSHINE  MM
  AVERAGE SKY COVER 0.7


WEATHER CONDITIONS
 THE FOLLOWING WEATHER WAS RECORDED YESTERDAY.
  FOG


RELATIVE HUMIDITY (PERCENT)
 HIGHEST    93          1200 AM
 LOWEST     54           200 PM
 AVERAGE    74

..........................................................


THE SAVANNAH GA CLIMATE NORMALS FOR TODAY
                         NORMAL    RECORD    YEAR
 MAXIMUM TEMPERATURE (F)   60        81      1943
 MINIMUM TEMPERATURE (F)   38        16      1977


SUNRISE AND SUNSET
JANUARY 17 2017.......SUNRISE   725 AM EST   SUNSET   545 PM EST
JANUARY 18 2017.......SUNRISE   725 AM EST   SUNSET   546 PM EST


-  INDICATES NEGATIVE NUMBERS.
R  INDICATES RECORD WAS SET OR TIED.
MM INDICATES DATA IS MISSING.
T  INDICATES TRACE AMOUNT.




$$
