000
CDUS42 KCHS 222207
CLISAV


CLIMATE REPORT
NATIONAL WEATHER SERVICE CHARLESTON SC
506 PM EST SAT NOV 22 2014


...................................

...THE SAVANNAH GA CLIMATE SUMMARY FOR NOVEMBER 22 2014...
VALID TODAY AS OF 0500 PM LOCAL TIME.

CLIMATE NORMAL PERIOD 1981 TO 2010
CLIMATE RECORD PERIOD 1871 TO 2014


WEATHER ITEM   OBSERVED TIME   RECORD YEAR NORMAL DEPARTURE LAST
                VALUE   (LST)  VALUE       VALUE  FROM      YEAR
                                                  NORMAL
..................................................................
TEMPERATURE (F)
 TODAY
  MAXIMUM         70    127 PM  82    1997  69      1       79
                                      1900
  MINIMUM         46    644 AM  23    2000  46      0       61
  AVERAGE         58                        58      0       70

PRECIPITATION (IN)
  TODAY            0.00          1.19 1997   0.08  -0.08     0.01
  MONTH TO DATE    0.14                      1.74  -1.60     1.17
  SINCE SEP 1      6.98                     10.01  -3.03     3.18
  SINCE JAN 1     42.04                     44.38  -2.34    50.35

SNOWFALL (IN)
  TODAY            0.0                       0.0    0.0
  SINCE SEP 1      0.0                       0.0    0.0
  SINCE JUL 1      0.0                       0.0    0.0

DEGREE DAYS
 HEATING
  TODAY            7                         8     -1        0
  MONTH TO DATE  203                       133     70      112
  SINCE SEP 1    222                       190     32      146
  SINCE JUL 1    222                       190     32      146

 COOLING
  TODAY            0                         1     -1        5
  MONTH TO DATE   12                        32    -20       40
  SINCE SEP 1    602                       537     65      602
  SINCE JAN 1   2715                      2444    271     2451
..................................................................


WIND (MPH)
  HIGHEST WIND SPEED    18   HIGHEST WIND DIRECTION     E (80)
  HIGHEST GUST SPEED    24   HIGHEST GUST DIRECTION     E (100)
  AVERAGE WIND SPEED    10.1


SKY COVER
  POSSIBLE SUNSHINE  MM
  AVERAGE SKY COVER 0.2


WEATHER CONDITIONS
 THE FOLLOWING WEATHER WAS RECORDED TODAY.
  NO SIGNIFICANT WEATHER WAS OBSERVED.


RELATIVE HUMIDITY (PERCENT)
 HIGHEST    80          1200 AM
 LOWEST     48          1200 PM
 AVERAGE    64

..........................................................


THE SAVANNAH GA CLIMATE NORMALS FOR TOMORROW
                         NORMAL    RECORD    YEAR
 MAXIMUM TEMPERATURE (F)   69        82      2010
                                             1941
                                             1900
 MINIMUM TEMPERATURE (F)   46        26      1956


SUNRISE AND SUNSET
NOVEMBER 22 2014......SUNRISE   700 AM EST   SUNSET   522 PM EST
NOVEMBER 23 2014......SUNRISE   701 AM EST   SUNSET   521 PM EST


-  INDICATES NEGATIVE NUMBERS.
R  INDICATES RECORD WAS SET OR TIED.
MM INDICATES DATA IS MISSING.
T  INDICATES TRACE AMOUNT.




$$
