000
CDUS42 KCHS 140602
CLISAV


CLIMATE REPORT
NATIONAL WEATHER SERVICE CHARLESTON SC
102 AM EST THU DEC 14 2017


...................................

...THE SAVANNAH GA CLIMATE SUMMARY FOR DECEMBER 13 2017...

CLIMATE NORMAL PERIOD 1981 TO 2010
CLIMATE RECORD PERIOD 1871 TO 2017


WEATHER ITEM   OBSERVED TIME   RECORD YEAR NORMAL DEPARTURE LAST
                VALUE   (LST)  VALUE       VALUE  FROM      YEAR
                                                  NORMAL
..................................................................
TEMPERATURE (F)
 YESTERDAY
  MAXIMUM         53    338 PM  81    1956  63    -10       76
                                      1948
  MINIMUM         33    729 AM   9    1962  41     -8       53
  AVERAGE         43                        52     -9       65

PRECIPITATION (IN)
  YESTERDAY        0.00          2.11 2009   0.10  -0.10     0.20
  MONTH TO DATE    1.92                      1.17   0.75     3.70
  SINCE DEC 1      1.92                      1.17   0.75     3.70
  SINCE JAN 1     52.81                     46.18   6.63    54.86

SNOWFALL (IN)
  YESTERDAY        0.0                       0.0    0.0
  SINCE DEC 1      0.0                       0.0    0.0
  SINCE JUL 1      0.0                       0.0    0.0

DEGREE DAYS
 HEATING
  YESTERDAY       22                        13      9        0
  MONTH TO DATE  154                       156     -2      111
  SINCE DEC 1    154                       156     -2      111
  SINCE JUL 1    378                       423    -45      292

 COOLING
  YESTERDAY        0                         0      0        0
  MONTH TO DATE    5                         3      2        4
  SINCE DEC 1      5                         3      2        4
  SINCE JAN 1   2969                      2452    517     3015
..................................................................


WIND (MPH)
  HIGHEST WIND SPEED    14   HIGHEST WIND DIRECTION    NW (300)
  HIGHEST GUST SPEED    17   HIGHEST GUST DIRECTION     W (290)
  AVERAGE WIND SPEED     7.2


SKY COVER
  POSSIBLE SUNSHINE  MM
  AVERAGE SKY COVER 0.0


WEATHER CONDITIONS
 THE FOLLOWING WEATHER WAS RECORDED YESTERDAY.
  HAZE


RELATIVE HUMIDITY (PERCENT)
 HIGHEST    76           400 AM
 LOWEST     24           200 PM
 AVERAGE    50

..........................................................


THE SAVANNAH GA CLIMATE NORMALS FOR TODAY
                         NORMAL    RECORD    YEAR
 MAXIMUM TEMPERATURE (F)   63        81      1931
 MINIMUM TEMPERATURE (F)   41        18      1960


SUNRISE AND SUNSET
DECEMBER 14 2017......SUNRISE   718 AM EST   SUNSET   522 PM EST
DECEMBER 15 2017......SUNRISE   718 AM EST   SUNSET   522 PM EST


-  INDICATES NEGATIVE NUMBERS.
R  INDICATES RECORD WAS SET OR TIED.
MM INDICATES DATA IS MISSING.
T  INDICATES TRACE AMOUNT.




$$
