000
CDUS46 KLOX 290901
CLISBA


CLIMATE REPORT
NATIONAL WEATHER SERVICE LOS ANGELES/OXNARD CA
201 AM PDT FRI APR 29 2016


...................................

...THE SANTA BARBARA AIRPORT CA CLIMATE SUMMARY FOR APRIL 28 2016...

CLIMATE NORMAL PERIOD 1981 TO 2010
CLIMATE RECORD PERIOD 1940 TO 2016


WEATHER ITEM   OBSERVED TIME   RECORD YEAR NORMAL DEPARTURE LAST
                VALUE   (LST)  VALUE       VALUE  FROM      YEAR
                                                  NORMAL
..................................................................
TEMPERATURE (F)
 YESTERDAY
  MAXIMUM         70    154 PM  86    2004  68      2       75
  MINIMUM         49    317 AM  39    1994  50     -1       52
  AVERAGE         60                        59      1       64

PRECIPITATION (IN)
  YESTERDAY        0.00          1.08 1951   0.02  -0.02     0.00
  MONTH TO DATE    0.54                      0.96  -0.42     0.18
  SINCE OCT 1     10.19                     16.90  -6.71     9.00
  SINCE JAN 1      9.31                     11.60  -2.29     2.71

SNOWFALL (IN)
  YESTERDAY        0.0
  MONTH TO DATE    0.0
  SINCE MAR 1      0.0
  SINCE JUL 1      0.0

DEGREE DAYS
 HEATING
  YESTERDAY        5                         6     -1        1
  MONTH TO DATE  109                       217   -108      140
  SINCE MAR 1    302                       513   -211      262
  SINCE JUL 1   1365                      2114   -749     1087

 COOLING
  YESTERDAY        0                         0      0        0
  MONTH TO DATE    2                         0      2        3
  SINCE MAR 1      8                         2      6       37
  SINCE JAN 1     10                         2      8       37
..................................................................


WIND (MPH)
  HIGHEST WIND SPEED    26   HIGHEST WIND DIRECTION     W (260)
  HIGHEST GUST SPEED    39   HIGHEST GUST DIRECTION     N (360)
  AVERAGE WIND SPEED    11.4


SKY COVER
  POSSIBLE SUNSHINE  MM
  AVERAGE SKY COVER 0.1


WEATHER CONDITIONS
 THE FOLLOWING WEATHER WAS RECORDED YESTERDAY.
  NO SIGNIFICANT WEATHER WAS OBSERVED.


RELATIVE HUMIDITY (PERCENT)
 HIGHEST    77           300 AM
 LOWEST     42           900 AM
 AVERAGE    60

..........................................................


THE SANTA BARBARA AIRPORT CA CLIMATE NORMALS FOR TODAY
                         NORMAL    RECORD    YEAR
 MAXIMUM TEMPERATURE (F)   68        85      2014
 MINIMUM TEMPERATURE (F)   50        39      2002


SUNRISE AND SUNSET
APRIL 29 2016.........SUNRISE   611 AM PDT   SUNSET   743 PM PDT
APRIL 30 2016.........SUNRISE   610 AM PDT   SUNSET   744 PM PDT


-  INDICATES NEGATIVE NUMBERS.
R  INDICATES RECORD WAS SET OR TIED.
MM INDICATES DATA IS MISSING.
T  INDICATES TRACE AMOUNT.




$$
