753
CDUS46 KLOX 180916
CLISBA


CLIMATE REPORT
NATIONAL WEATHER SERVICE LOS ANGELES/OXNARD CA
116 AM PST MON DEC 18 2017


...................................

...THE SANTA BARBARA AIRPORT CA CLIMATE SUMMARY FOR DECEMBER 17 2017...

CLIMATE NORMAL PERIOD 1981 TO 2010
CLIMATE RECORD PERIOD 1940 TO 2017


WEATHER ITEM   OBSERVED TIME   RECORD YEAR NORMAL DEPARTURE LAST
                VALUE   (LST)  VALUE       VALUE  FROM      YEAR
                                                  NORMAL
..................................................................
TEMPERATURE (F)
 YESTERDAY
  MAXIMUM         67    132 PM  77    2013  63      4       61
  MINIMUM         36    619 AM  29    1990  40     -4       36
  AVERAGE         52                        52      0       49

PRECIPITATION (IN)
  YESTERDAY        0.00          0.83 1988   0.10  -0.10     0.00
  MONTH TO DATE    0.00                      1.33  -1.33     1.57
  SINCE OCT 1      0.07                      3.69  -3.62     3.19
  SINCE JAN 1     19.76                     16.15   3.61    12.53

SNOWFALL (IN)
  YESTERDAY        0.0
  MONTH TO DATE    0.0
  SINCE DEC 1      0.0
  SINCE JUL 1      0.0

DEGREE DAYS
 HEATING
  YESTERDAY       13                        13      0       16
  MONTH TO DATE  183                       215    -32      184
  SINCE DEC 1    183                       215    -32      184
  SINCE JUL 1    434                       693   -259      513

 COOLING
  YESTERDAY        0                         0      0        0
  MONTH TO DATE    0                         0      0        0
  SINCE DEC 1      0                         0      0        0
  SINCE JAN 1    385                       188    197      259
..................................................................


WIND (MPH)
  HIGHEST WIND SPEED    15   HIGHEST WIND DIRECTION     W (270)
  HIGHEST GUST SPEED    19   HIGHEST GUST DIRECTION     W (280)
  AVERAGE WIND SPEED     2.7


SKY COVER
  POSSIBLE SUNSHINE  MM
  AVERAGE SKY COVER 0.1


WEATHER CONDITIONS
 THE FOLLOWING WEATHER WAS RECORDED YESTERDAY.
  HAZE


RELATIVE HUMIDITY (PERCENT)
 HIGHEST    79           700 AM
 LOWEST     30           300 PM
 AVERAGE    55

..........................................................


THE SANTA BARBARA AIRPORT CA CLIMATE NORMALS FOR TODAY
                         NORMAL    RECORD    YEAR
 MAXIMUM TEMPERATURE (F)   63        77      1950
 MINIMUM TEMPERATURE (F)   40        31      2006
                                             1975


SUNRISE AND SUNSET
DECEMBER 18 2017......SUNRISE   700 AM PST   SUNSET   452 PM PST
DECEMBER 19 2017......SUNRISE   701 AM PST   SUNSET   452 PM PST


-  INDICATES NEGATIVE NUMBERS.
R  INDICATES RECORD WAS SET OR TIED.
MM INDICATES DATA IS MISSING.
T  INDICATES TRACE AMOUNT.




$$
