000
CDUS46 KLOX 290130
CLISBA


CLIMATE REPORT
NATIONAL WEATHER SERVICE LOS ANGELES/OXNARD CA
630 PM PDT MON JUL 28 2014


...................................

...THE SANTA BARBARA AIRPORT CA CLIMATE SUMMARY FOR JULY 28 2014...
VALID TODAY AS OF 0600 PM LOCAL TIME.

CLIMATE NORMAL PERIOD 1981 TO 2010
CLIMATE RECORD PERIOD 1940 TO 2014


WEATHER ITEM   OBSERVED TIME   RECORD YEAR NORMAL DEPARTURE LAST
                VALUE   (LST)  VALUE       VALUE  FROM      YEAR
                                                  NORMAL
..................................................................
TEMPERATURE (F)
 TODAY
  MAXIMUM         79    103 PM  86    1947  74      5       69
  MINIMUM         63    558 AM  49    2010  58      5       59
                                      1949
  AVERAGE         71                        66      5       64

PRECIPITATION (IN)
  TODAY            0.00          0.01 2000   0.00   0.00     0.00
  MONTH TO DATE    0.01                      0.03  -0.02     0.07
  SINCE JUL 1      0.01                      0.03  -0.02     0.07
  SINCE JAN 1      5.21                     12.08  -6.87     3.42

SNOWFALL (IN)
  TODAY            0.0
  MONTH TO DATE    0.0
  SINCE JUN 1      0.0
  SINCE JUL 1      0.0

DEGREE DAYS
 HEATING
  TODAY            0                         1     -1        1
  MONTH TO DATE    0                        28    -28        2
  SINCE JUN 1     52                       118    -66       45
  SINCE JUL 1      0                        28    -28        2

 COOLING
  TODAY            6                         2      4        0
  MONTH TO DATE  127                        44     83       57
  SINCE JUN 1    149                        58     91       92
  SINCE JAN 1    217                        72    145      149
..................................................................


WIND (MPH)
  HIGHEST WIND SPEED    14   HIGHEST WIND DIRECTION     W (260)
  HIGHEST GUST SPEED    17   HIGHEST GUST DIRECTION     W (260)
  AVERAGE WIND SPEED     5.6


SKY COVER
  POSSIBLE SUNSHINE  MM
  AVERAGE SKY COVER 0.4


WEATHER CONDITIONS
 THE FOLLOWING WEATHER WAS RECORDED TODAY.
  FOG


RELATIVE HUMIDITY (PERCENT)
 HIGHEST    93           200 AM
 LOWEST     54          1200 PM
 AVERAGE    74

..........................................................


THE SANTA BARBARA AIRPORT CA CLIMATE NORMALS FOR TOMORROW
                         NORMAL    RECORD    YEAR
 MAXIMUM TEMPERATURE (F)   74        83      1995
 MINIMUM TEMPERATURE (F)   58        48      2010


SUNRISE AND SUNSET
JULY 28 2014..........SUNRISE   607 AM PDT   SUNSET   804 PM PDT
JULY 29 2014..........SUNRISE   608 AM PDT   SUNSET   803 PM PDT


-  INDICATES NEGATIVE NUMBERS.
R  INDICATES RECORD WAS SET OR TIED.
MM INDICATES DATA IS MISSING.
T  INDICATES TRACE AMOUNT.




$$
