000
CDUS46 KLOX 220859
CLISBA


CLIMATE REPORT
NATIONAL WEATHER SERVICE LOS ANGELES/OXNARD CA
1259 AM PST MON DEC 22 2014


...................................

...THE SANTA BARBARA AIRPORT CA CLIMATE SUMMARY FOR DECEMBER 21 2014...

CLIMATE NORMAL PERIOD 1981 TO 2010
CLIMATE RECORD PERIOD 1940 TO 2014


WEATHER ITEM   OBSERVED TIME   RECORD YEAR NORMAL DEPARTURE LAST
                VALUE   (LST)  VALUE       VALUE  FROM      YEAR
                                                  NORMAL
..................................................................
TEMPERATURE (F)
 YESTERDAY
  MAXIMUM         79    152 PM  80    1953  63     16       62
  MINIMUM         53    735 AM  28    1968  40     13       38
  AVERAGE         66                        51     15       50

PRECIPITATION (IN)
  YESTERDAY        0.00          2.51 1945   0.11  -0.11     0.00
  MONTH TO DATE    4.95                      1.73   3.22     0.16
  SINCE JUL 1      6.31                      4.50   1.81     1.36
  SINCE JAN 1     11.51                     16.55  -5.04     4.71

SNOWFALL (IN)
  YESTERDAY        0.0
  MONTH TO DATE    0.0
  SINCE DEC 1      0.0
  SINCE JUL 1      0.0

DEGREE DAYS
 HEATING
  YESTERDAY        0                        14    -14       15
  MONTH TO DATE  132                       270   -138      267
  SINCE DEC 1    132                       270   -138      267
  SINCE JUL 1    265                       748   -483      641

 COOLING
  YESTERDAY        1                         0      1        0
  MONTH TO DATE    1                         0      1        0
  SINCE DEC 1      1                         0      1        0
  SINCE JAN 1    530                       188    342      285
..................................................................


WIND (MPH)
  HIGHEST WIND SPEED    29   HIGHEST WIND DIRECTION     E (70)
  HIGHEST GUST SPEED    40   HIGHEST GUST DIRECTION     E (70)
  AVERAGE WIND SPEED     9.0


SKY COVER
  POSSIBLE SUNSHINE  MM
  AVERAGE SKY COVER 0.3


WEATHER CONDITIONS
 THE FOLLOWING WEATHER WAS RECORDED YESTERDAY.
  NO SIGNIFICANT WEATHER WAS OBSERVED.


RELATIVE HUMIDITY (PERCENT)
 HIGHEST    89           700 AM
 LOWEST     35           900 PM
 AVERAGE    62

..........................................................


THE SANTA BARBARA AIRPORT CA CLIMATE NORMALS FOR TODAY
                         NORMAL    RECORD    YEAR
 MAXIMUM TEMPERATURE (F)   63        76      1989
 MINIMUM TEMPERATURE (F)   40        20      1990


SUNRISE AND SUNSET
DECEMBER 22 2014......SUNRISE   702 AM PST   SUNSET   454 PM PST
DECEMBER 23 2014......SUNRISE   703 AM PST   SUNSET   454 PM PST


-  INDICATES NEGATIVE NUMBERS.
R  INDICATES RECORD WAS SET OR TIED.
MM INDICATES DATA IS MISSING.
T  INDICATES TRACE AMOUNT.




$$
