000
CDUS46 KLOX 160910
CLISBA


CLIMATE REPORT
NATIONAL WEATHER SERVICE LOS ANGELES/OXNARD CA
210 AM PDT TUE SEP 16 2014


...................................

...THE SANTA BARBARA AIRPORT CA CLIMATE SUMMARY FOR SEPTEMBER 15 2014...

CLIMATE NORMAL PERIOD 1981 TO 2010
CLIMATE RECORD PERIOD 1940 TO 2014


WEATHER ITEM   OBSERVED TIME   RECORD YEAR NORMAL DEPARTURE LAST
                VALUE   (LST)  VALUE       VALUE  FROM      YEAR
                                                  NORMAL
..................................................................
TEMPERATURE (F)
 YESTERDAY
  MAXIMUM         89    605 PM  93    1979  74     15       80
  MINIMUM         65    558 AM  45    1970  56      9       59
  AVERAGE         77                        65     12       70

PRECIPITATION (IN)
  YESTERDAY        0.00          0.08 1982   0.01  -0.01     0.00
  MONTH TO DATE    T                         0.06  -0.06     0.00
  SINCE JUL 1      0.02                      0.21  -0.19     0.07
  SINCE JAN 1      5.22                     12.26  -7.04     3.42

SNOWFALL (IN)
  YESTERDAY        0.0
  MONTH TO DATE    0.0
  SINCE SEP 1      0.0
  SINCE JUL 1      0.0

DEGREE DAYS
 HEATING
  YESTERDAY        0                         1     -1        0
  MONTH TO DATE    1                        15    -14        0
  SINCE SEP 1      1                        15    -14        0
  SINCE JUL 1      1                        66    -65       30

 COOLING
  YESTERDAY       12                         2     10        5
  MONTH TO DATE   66                        30     36       64
  SINCE SEP 1     66                        30     36       64
  SINCE JAN 1    397                       157    240      262
..................................................................


WIND (MPH)
  HIGHEST WIND SPEED    10   HIGHEST WIND DIRECTION     S (170)
  HIGHEST GUST SPEED    12   HIGHEST GUST DIRECTION     S (170)
  AVERAGE WIND SPEED     4.1


SKY COVER
  POSSIBLE SUNSHINE  MM
  AVERAGE SKY COVER 0.0


WEATHER CONDITIONS
 THE FOLLOWING WEATHER WAS RECORDED YESTERDAY.
  FOG
  HAZE


RELATIVE HUMIDITY (PERCENT)
 HIGHEST    87           500 AM
 LOWEST     36           900 PM
 AVERAGE    62

..........................................................


THE SANTA BARBARA AIRPORT CA CLIMATE NORMALS FOR TODAY
                         NORMAL    RECORD    YEAR
 MAXIMUM TEMPERATURE (F)   74        90      1979
 MINIMUM TEMPERATURE (F)   56        46      2006


SUNRISE AND SUNSET
SEPTEMBER 16 2014.....SUNRISE   643 AM PDT   SUNSET   704 PM PDT
SEPTEMBER 17 2014.....SUNRISE   644 AM PDT   SUNSET   703 PM PDT


-  INDICATES NEGATIVE NUMBERS.
R  INDICATES RECORD WAS SET OR TIED.
MM INDICATES DATA IS MISSING.
T  INDICATES TRACE AMOUNT.




$$
