000
CDUS43 KIWX 240525
CLISBN


CLIMATE REPORT
NATIONAL WEATHER SERVICE NORTHERN INDIANA
125 AM EDT THU JUL 24 2014


...................................

...THE SOUTH BEND CLIMATE SUMMARY FOR JULY 23 2014...

CLIMATE NORMAL PERIOD 1981 TO 2010
CLIMATE RECORD PERIOD 1893 TO 2014


WEATHER ITEM   OBSERVED TIME   RECORD YEAR NORMAL DEPARTURE LAST
                VALUE   (LST)  VALUE       VALUE  FROM      YEAR
                                                  NORMAL
..................................................................
TEMPERATURE (F)
 YESTERDAY
  MAXIMUM         78   1246 AM 106    1934  83     -5       79
  MINIMUM         58   1127 PM  45    1947  63     -5       58
  AVERAGE         68                        73     -5       69

PRECIPITATION (IN)
  YESTERDAY        0.23          0.67 1959   0.14   0.09     0.14
  MONTH TO DATE    1.75                      2.95  -1.20     3.00
  SINCE JUN 1     10.89                      6.74   4.15     6.43
  SINCE JAN 1     25.97                     20.46   5.51    23.73

DEGREE DAYS
 HEATING
  YESTERDAY        0                         0      0        0
  MONTH TO DATE    9                         0      9        3
  SINCE JUN 1     26                        44    -18       40
  SINCE JUL 1      9                         0      9        3

 COOLING
  YESTERDAY        3                         8     -5        4
  MONTH TO DATE  114                       184    -70      223
  SINCE JUN 1    330                       349    -19      388
  SINCE JAN 1    415                       405     10      484
..................................................................


WIND (MPH)
  HIGHEST WIND SPEED    23   HIGHEST WIND DIRECTION     N (360)
  HIGHEST GUST SPEED    27   HIGHEST GUST DIRECTION    NW (320)
  AVERAGE WIND SPEED    11.8


SKY COVER
  AVERAGE SKY COVER 0.4


WEATHER CONDITIONS
 THE FOLLOWING WEATHER WAS RECORDED YESTERDAY.
  THUNDERSTORM
  HEAVY RAIN
  RAIN
  LIGHT RAIN
  FOG


RELATIVE HUMIDITY (PERCENT)
 HIGHEST    90           500 AM
 LOWEST     57           100 PM
 AVERAGE    74

..........................................................


THE SOUTH BEND CLIMATE NORMALS FOR TODAY
                         NORMAL    RECORD    YEAR
 MAXIMUM TEMPERATURE (F)   83       109      1934
 MINIMUM TEMPERATURE (F)   63        50      2013
                                             1953
                                             1932


SUNRISE AND SUNSET
JULY 24 2014..........SUNRISE   632 AM EDT   SUNSET   911 PM EDT
JULY 25 2014..........SUNRISE   633 AM EDT   SUNSET   910 PM EDT


-  INDICATES NEGATIVE NUMBERS.
R  INDICATES RECORD WAS SET OR TIED.
MM INDICATES DATA IS MISSING.
T  INDICATES TRACE AMOUNT.




$$
