000
CDUS43 KIWX 290522
CLISBN


CLIMATE REPORT
NATIONAL WEATHER SERVICE NORTHERN INDIANA
121 AM EDT THU JUN 29 2017


...................................

...THE SOUTH BEND CLIMATE SUMMARY FOR JUNE 28 2017...

CLIMATE NORMAL PERIOD 1981 TO 2010
CLIMATE RECORD PERIOD 1893 TO 2017


WEATHER ITEM   OBSERVED TIME   RECORD YEAR NORMAL DEPARTURE LAST
                VALUE   (LST)  VALUE       VALUE  FROM      YEAR
                                                  NORMAL
..................................................................
TEMPERATURE (F)
 YESTERDAY
  MAXIMUM         78    530 PM 103    1934  83     -5       65
  MINIMUM         54    517 AM  42    1992  62     -8       50
  AVERAGE         66                        72     -6       58

PRECIPITATION (IN)
  YESTERDAY        0.01          1.56 1993   0.11  -0.10     0.00
  MONTH TO DATE    1.39                      3.57  -2.18     3.25
  SINCE JUN 1      1.39                      3.57  -2.18     3.25
  SINCE JAN 1     20.62                     17.29   3.33    18.36

DEGREE DAYS
 HEATING
  YESTERDAY        0                         0      0        7
  MONTH TO DATE   25                        43    -18       31
  SINCE JUN 1     25                        43    -18       31
  SINCE JUL 1   5527                      6297   -770     5636

 COOLING
  YESTERDAY        1                         8     -7        0
  MONTH TO DATE  154                       149      5      175
  SINCE JUN 1    154                       149      5      175
  SINCE JAN 1    194                       205    -11      244
..................................................................


WIND (MPH)
  HIGHEST WIND SPEED    25   HIGHEST WIND DIRECTION     S (180)
  HIGHEST GUST SPEED    33   HIGHEST GUST DIRECTION     S (170)
  AVERAGE WIND SPEED    13.0


SKY COVER
  AVERAGE SKY COVER 0.3


WEATHER CONDITIONS
 THE FOLLOWING WEATHER WAS RECORDED YESTERDAY.
  THUNDERSTORM
  LIGHT RAIN


RELATIVE HUMIDITY (PERCENT)
 HIGHEST    77           500 AM
 LOWEST     49          1100 AM
 AVERAGE    63

..........................................................


THE SOUTH BEND CLIMATE NORMALS FOR TODAY
                         NORMAL    RECORD    YEAR
 MAXIMUM TEMPERATURE (F)   83       102      1934
 MINIMUM TEMPERATURE (F)   62        43      1923


SUNRISE AND SUNSET
JUNE 29 2017..........SUNRISE   614 AM EDT   SUNSET   924 PM EDT
JUNE 30 2017..........SUNRISE   614 AM EDT   SUNSET   924 PM EDT


-  INDICATES NEGATIVE NUMBERS.
R  INDICATES RECORD WAS SET OR TIED.
MM INDICATES DATA IS MISSING.
T  INDICATES TRACE AMOUNT.




$$
