000
CDUS43 KIWX 190528
CLISBN


CLIMATE REPORT
NATIONAL WEATHER SERVICE NORTHERN INDIANA
128 AM EDT SAT AUG 19 2017


...................................

...THE SOUTH BEND CLIMATE SUMMARY FOR AUGUST 18 2017...

CLIMATE NORMAL PERIOD 1981 TO 2010
CLIMATE RECORD PERIOD 1893 TO 2017


WEATHER ITEM   OBSERVED TIME   RECORD YEAR NORMAL DEPARTURE LAST
                VALUE   (LST)  VALUE       VALUE  FROM      YEAR
                                                  NORMAL
..................................................................
TEMPERATURE (F)
 YESTERDAY
  MAXIMUM         79    503 PM  98    1947  81     -2       82
  MINIMUM         64   1159 PM  41    1963  62      2       66
  AVERAGE         72                        71      1       74

PRECIPITATION (IN)
  YESTERDAY        0.00          1.66 1912   0.12  -0.12     0.07
  MONTH TO DATE    1.29                      2.23  -0.94    10.74
  SINCE JUN 1      7.46                     10.02  -2.56    17.23
  SINCE JAN 1     26.69                     23.74   2.95    32.34

DEGREE DAYS
 HEATING
  YESTERDAY        0                         0      0        0
  MONTH TO DATE    6                         0      6        0
  SINCE JUN 1     32                        49    -17       43
  SINCE JUL 1      7                         5      2        8

 COOLING
  YESTERDAY        7                         7      0        9
  MONTH TO DATE   81                       128    -47      197
  SINCE JUN 1    474                       546    -72      643
  SINCE JAN 1    514                       602    -88      712
..................................................................


WIND (MPH)
  HIGHEST WIND SPEED    17   HIGHEST WIND DIRECTION     W (270)
  HIGHEST GUST SPEED    23   HIGHEST GUST DIRECTION     W (290)
  AVERAGE WIND SPEED     6.9


SKY COVER
  AVERAGE SKY COVER 0.5


WEATHER CONDITIONS
 THE FOLLOWING WEATHER WAS RECORDED YESTERDAY.
  NO SIGNIFICANT WEATHER WAS OBSERVED.


RELATIVE HUMIDITY (PERCENT)
 HIGHEST   100           200 AM
 LOWEST     62           500 PM
 AVERAGE    81

..........................................................


THE SOUTH BEND CLIMATE NORMALS FOR TODAY
                         NORMAL    RECORD    YEAR
 MAXIMUM TEMPERATURE (F)   81        98      1983
                                             1916
 MINIMUM TEMPERATURE (F)   62        44      1933
                                             1896


SUNRISE AND SUNSET
AUGUST 19 2017........SUNRISE   658 AM EDT   SUNSET   839 PM EDT
AUGUST 20 2017........SUNRISE   659 AM EDT   SUNSET   837 PM EDT


-  INDICATES NEGATIVE NUMBERS.
R  INDICATES RECORD WAS SET OR TIED.
MM INDICATES DATA IS MISSING.
T  INDICATES TRACE AMOUNT.




$$
