486
CDUS41 KAKQ 040630
CLISBY


CLIMATE REPORT
NATIONAL WEATHER SERVICE WAKEFIELD, VA
130 AM EST SUN DEC 4 2016


...................................

...THE SALISBURY MD CLIMATE SUMMARY FOR DECEMBER 3 2016...

CLIMATE NORMAL PERIOD 1981 TO 2010
CLIMATE RECORD PERIOD 1900 TO 2016


WEATHER ITEM   OBSERVED TIME   RECORD YEAR NORMAL DEPARTURE LAST
                VALUE   (LST)  VALUE       VALUE  FROM      YEAR
                                                  NORMAL
..................................................................
TEMPERATURE (F)
 YESTERDAY
  MAXIMUM         52    234 PM  72    2012  52      0       54
                                      1991
  MINIMUM         37    604 AM  14    1976  33      4       40
  AVERAGE         45                        42      3       47

PRECIPITATION (IN)
  YESTERDAY        0.00          1.67 1948   0.13  -0.13     0.01
  MONTH TO DATE    0.08                      0.39  -0.31     0.96
  SINCE DEC 1      0.08                      0.39  -0.31     0.96
  SINCE JAN 1     51.58                     42.36   9.22    47.84

SNOWFALL (IN)
  YESTERDAY        0.0          MM      MM   0.0    0.0
  MONTH TO DATE    0.0                       0.1   -0.1
  SINCE NOV 1      0.0                       0.3   -0.3
  SINCE JUL 1      0.0                       0.3   -0.3
  SNOW DEPTH       0

DEGREE DAYS
 HEATING
  YESTERDAY       20                        22     -2       18
  MONTH TO DATE   54                        66    -12       34
  SINCE DEC 1     54                        66    -12       34
  SINCE JUL 1    714                       884   -170      681

 COOLING
  YESTERDAY        0                         0      0        0
  MONTH TO DATE    0                         0      0        0
  SINCE DEC 1      0                         0      0        0
  SINCE JAN 1   1481                      1153    328     1342
..................................................................


WIND (MPH)
  HIGHEST WIND SPEED    26   HIGHEST WIND DIRECTION    NW (330)
  HIGHEST GUST SPEED    34   HIGHEST GUST DIRECTION    NW (310)
  AVERAGE WIND SPEED    10.7


SKY COVER
  POSSIBLE SUNSHINE  MM
  AVERAGE SKY COVER 0.1


WEATHER CONDITIONS
 THE FOLLOWING WEATHER WAS RECORDED YESTERDAY.
  NO SIGNIFICANT WEATHER WAS OBSERVED.


RELATIVE HUMIDITY (PERCENT)
 HIGHEST    70           600 AM
 LOWEST     42           100 PM
 AVERAGE    56

..........................................................


THE SALISBURY MD CLIMATE NORMALS FOR TODAY
                         NORMAL    RECORD    YEAR
 MAXIMUM TEMPERATURE (F)   52        75      1998
 MINIMUM TEMPERATURE (F)   33         9      1940


SUNRISE AND SUNSET
DECEMBER  4 2016......SUNRISE   703 AM EST   SUNSET   441 PM EST
DECEMBER  5 2016......SUNRISE   704 AM EST   SUNSET   441 PM EST


-  INDICATES NEGATIVE NUMBERS.
R  INDICATES RECORD WAS SET OR TIED.
MM INDICATES DATA IS MISSING.
T  INDICATES TRACE AMOUNT.




$$
