000
CDUS41 KAKQ 260545
CLISBY


CLIMATE REPORT
NATIONAL WEATHER SERVICE WAKEFIELD, VA
145 AM EDT WED APR 26 2017


...................................

...THE SALISBURY MD CLIMATE SUMMARY FOR APRIL 25 2017...

CLIMATE NORMAL PERIOD 1981 TO 2010
CLIMATE RECORD PERIOD 1900 TO 2017


WEATHER ITEM   OBSERVED TIME   RECORD YEAR NORMAL DEPARTURE LAST
                VALUE   (LST)  VALUE       VALUE  FROM      YEAR
                                                  NORMAL
..................................................................
TEMPERATURE (F)
 YESTERDAY
  MAXIMUM         64    324 PM  91    1960  68     -4       75
  MINIMUM         54    425 AM  27    1956  46      8       39
  AVERAGE         59                        57      2       57

PRECIPITATION (IN)
  YESTERDAY        0.75          1.15 1987   0.10   0.65     0.00
  MONTH TO DATE    2.01                      3.04  -1.03     3.17
  SINCE MAR 1      6.64                      7.46  -0.82     4.95
  SINCE JAN 1     11.44                     14.42  -2.98    11.80

SNOWFALL (IN)
  YESTERDAY        0.0           0.0  2002   0.0    0.0
                                      2001
  MONTH TO DATE    0.0                       0.2   -0.2
  SINCE NOV 1      9.6                       9.3    0.3
  SINCE JUL 1      9.6                       9.3    0.3
  SNOW DEPTH       0

DEGREE DAYS
 HEATING
  YESTERDAY        6                         9     -3        8
  MONTH TO DATE  175                       305   -130      315
  SINCE MAR 1    799                       935   -136      759
  SINCE JUL 1   3550                      4240   -690     3430

 COOLING
  YESTERDAY        0                         1     -1        0
  MONTH TO DATE   28                        12     16       13
  SINCE MAR 1     30                        14     16       16
  SINCE JAN 1     30                        14     16       16
..................................................................


WIND (MPH)
  HIGHEST WIND SPEED    26   HIGHEST WIND DIRECTION    NE (60)
  HIGHEST GUST SPEED    35   HIGHEST GUST DIRECTION    NE (60)
  AVERAGE WIND SPEED    11.1


SKY COVER
  POSSIBLE SUNSHINE  MM
  AVERAGE SKY COVER 1.0


WEATHER CONDITIONS
 THE FOLLOWING WEATHER WAS RECORDED YESTERDAY.
  HEAVY RAIN
  RAIN
  LIGHT RAIN
  FOG


RELATIVE HUMIDITY (PERCENT)
 HIGHEST   100          1200 AM
 LOWEST     93           900 AM
 AVERAGE    97

..........................................................


THE SALISBURY MD CLIMATE NORMALS FOR TODAY
                         NORMAL    RECORD    YEAR
 MAXIMUM TEMPERATURE (F)   68        96      1915
 MINIMUM TEMPERATURE (F)   46        30      1967


SUNRISE AND SUNSET
APRIL 26 2017.........SUNRISE   611 AM EDT   SUNSET   749 PM EDT
APRIL 27 2017.........SUNRISE   610 AM EDT   SUNSET   750 PM EDT


-  INDICATES NEGATIVE NUMBERS.
R  INDICATES RECORD WAS SET OR TIED.
MM INDICATES DATA IS MISSING.
T  INDICATES TRACE AMOUNT.




$$
