000
CDUS41 KAKQ 300826
CLISBY


CLIMATE REPORT
NATIONAL WEATHER SERVICE WAKEFIELD, VA
326 AM EST FRI JAN 30 2015


...................................

...THE SALISBURY MD CLIMATE SUMMARY FOR JANUARY 29 2015...

CLIMATE NORMAL PERIOD 1981 TO 2010
CLIMATE RECORD PERIOD 1900 TO 2015


WEATHER ITEM   OBSERVED TIME   RECORD YEAR NORMAL DEPARTURE LAST
                VALUE   (LST)  VALUE       VALUE  FROM      YEAR
                                                  NORMAL
..................................................................
TEMPERATURE (F)
 YESTERDAY
  MAXIMUM         41   1159 PM  72    2013  45     -4       21
  MINIMUM         19    602 AM  -6    1966  27     -8        3
  AVERAGE         30                        36     -6       12

PRECIPITATION (IN)
  YESTERDAY        0.01          0.93 1973   0.12  -0.11     0.06
  MONTH TO DATE    4.55                      3.36   1.19     2.13
  SINCE DEC 1      6.24                      7.07  -0.83     5.31
  SINCE JAN 1      4.55                      3.36   1.19     2.13

SNOWFALL (IN)
  YESTERDAY        0.0           6.0  1966   0.1   -0.1
  MONTH TO DATE    T                         2.9   -2.9
  SINCE NOV 1      T                         4.7   -4.7
  SINCE JUL 1      T                         4.7   -4.7
  SNOW DEPTH       0

DEGREE DAYS
 HEATING
  YESTERDAY       35                        29      6       53
  MONTH TO DATE  822                       862    -40      922
  SINCE DEC 1   1466                      1668   -202     1592
  SINCE JUL 1   2138                      2486   -348     2297

 COOLING
  YESTERDAY        0                         0      0        0
  MONTH TO DATE    0                         0      0        0
  SINCE DEC 1      0                         0      0        5
  SINCE JAN 1      0                         0      0        0
..................................................................


WIND (MPH)
  HIGHEST WIND SPEED    16   HIGHEST WIND DIRECTION     S (190)
  HIGHEST GUST SPEED    21   HIGHEST GUST DIRECTION     S (200)
  AVERAGE WIND SPEED     5.5


SKY COVER
  POSSIBLE SUNSHINE  MM
  AVERAGE SKY COVER 0.4


WEATHER CONDITIONS
 THE FOLLOWING WEATHER WAS RECORDED YESTERDAY.
  LIGHT RAIN


RELATIVE HUMIDITY (PERCENT)
 HIGHEST    77           800 AM
 LOWEST     30          1200 PM
 AVERAGE    54

..........................................................


THE SALISBURY MD CLIMATE NORMALS FOR TODAY
                         NORMAL    RECORD    YEAR
 MAXIMUM TEMPERATURE (F)   45        77      2002
 MINIMUM TEMPERATURE (F)   27        -6      2014


SUNRISE AND SUNSET
JANUARY 30 2015.......SUNRISE   709 AM EST   SUNSET   522 PM EST
JANUARY 31 2015.......SUNRISE   708 AM EST   SUNSET   523 PM EST


-  INDICATES NEGATIVE NUMBERS.
R  INDICATES RECORD WAS SET OR TIED.
MM INDICATES DATA IS MISSING.
T  INDICATES TRACE AMOUNT.




$$
