000
CDUS41 KAKQ 200548
CLISBY


CLIMATE REPORT
NATIONAL WEATHER SERVICE WAKEFIELD, VA
137 AM EDT THU JUL 20 2017


...................................

...THE SALISBURY MD CLIMATE SUMMARY FOR JULY 19 2017...

CLIMATE NORMAL PERIOD 1981 TO 2010
CLIMATE RECORD PERIOD 1900 TO 2017


WEATHER ITEM   OBSERVED TIME   RECORD YEAR NORMAL DEPARTURE LAST
                VALUE   (LST)  VALUE       VALUE  FROM      YEAR
                                                  NORMAL
..................................................................
TEMPERATURE (F)
 YESTERDAY
  MAXIMUM         91    200 PM  99    1977  87      4       90
                                      1942
  MINIMUM         73    600 AM  53    1910  67      6       72
  AVERAGE         82                        77      5       81

PRECIPITATION (IN)
  YESTERDAY        0.00          2.11 1983   0.14  -0.14     0.00
  MONTH TO DATE    3.25                      2.47   0.78     2.00
  SINCE JUN 1      5.24                      6.18  -0.94     8.33
  SINCE JAN 1     21.77                     24.73  -2.96    27.06

SNOWFALL (IN)
  YESTERDAY        0.0           0.0  2002   0.0    0.0
                                      2001
  MONTH TO DATE    0.0                       0.0    0.0
  SINCE NOV 1      9.6                       9.3    0.3
  SINCE JUL 1      0.0                       0.0    0.0
  SNOW DEPTH       0

DEGREE DAYS
 HEATING
  YESTERDAY        0                         0      0        0
  MONTH TO DATE    0                         0      0        0
  SINCE JUN 1     15                        19     -4        1
  SINCE JUL 1      0                         0      0        0

 COOLING
  YESTERDAY       17                        12      5       16
  MONTH TO DATE  299                       223     76      257
  SINCE JUN 1    577                       450    127      470
  SINCE JAN 1    715                       534    181      555
..................................................................


WIND (MPH)
  HIGHEST WIND SPEED    12   HIGHEST WIND DIRECTION    SE (130)
  HIGHEST GUST SPEED    MM   HIGHEST GUST DIRECTION    MM
  AVERAGE WIND SPEED     4.5


SKY COVER
  POSSIBLE SUNSHINE  MM
  AVERAGE SKY COVER 0.2


WEATHER CONDITIONS
 THE FOLLOWING WEATHER WAS RECORDED YESTERDAY.
  NO SIGNIFICANT WEATHER WAS OBSERVED.


RELATIVE HUMIDITY (PERCENT)
 HIGHEST   100           600 AM
 LOWEST     49           200 PM
 AVERAGE    75

..........................................................


THE SALISBURY MD CLIMATE NORMALS FOR TODAY
                         NORMAL    RECORD    YEAR
 MAXIMUM TEMPERATURE (F)   87       104      1930
 MINIMUM TEMPERATURE (F)   67        52      2001


SUNRISE AND SUNSET
JULY 20 2017..........SUNRISE   555 AM EDT   SUNSET   822 PM EDT
JULY 21 2017..........SUNRISE   555 AM EDT   SUNSET   821 PM EDT


-  INDICATES NEGATIVE NUMBERS.
R  INDICATES RECORD WAS SET OR TIED.
MM INDICATES DATA IS MISSING.
T  INDICATES TRACE AMOUNT.




$$
