000
CDUS41 KAKQ 062130
CLISBY


CLIMATE REPORT
NATIONAL WEATHER SERVICE WAKEFIELD, VA
530 PM EDT FRI MAY 6 2016


...................................

...THE SALISBURY MD CLIMATE SUMMARY FOR MAY 6 2016...
VALID TODAY AS OF 0500 PM LOCAL TIME.

CLIMATE NORMAL PERIOD 1981 TO 2010
CLIMATE RECORD PERIOD 1900 TO 2016


WEATHER ITEM   OBSERVED TIME   RECORD YEAR NORMAL DEPARTURE LAST
                VALUE   (LST)  VALUE       VALUE  FROM      YEAR
                                                  NORMAL
..................................................................
TEMPERATURE (F)
 TODAY
  MAXIMUM         53    137 PM  92    1930  71    -18       82
  MINIMUM         48    844 AM  30    1920  49     -1       53
  AVERAGE         51

PRECIPITATION (IN)
  TODAY            0.63          2.22 1919   0.11   0.52     0.00
  MONTH TO DATE    2.24                      0.62   1.62     0.13
  SINCE MAR 1      7.69                      8.59  -0.90     7.87
  SINCE JAN 1     14.54                     15.55  -1.01    15.59

SNOWFALL (IN)
  TODAY           MM
  MONTH TO DATE    0.0
  SINCE NOV 1     19.8
  SINCE JUL 1     19.8
  SNOW DEPTH       0

DEGREE DAYS
 HEATING
  TODAY           14
  MONTH TO DATE   54
  SINCE MAR 1    860
  SINCE JUL 1   3531

 COOLING
  TODAY            0
  MONTH TO DATE    2
  SINCE MAR 1     26
  SINCE JAN 1     26
..................................................................


WIND (MPH)
  RESULTANT WIND SPEED   2   RESULTANT WIND DIRECTION  NW (320)
  HIGHEST WIND SPEED    20   HIGHEST WIND DIRECTION    NW (330)
  HIGHEST GUST SPEED    23   HIGHEST GUST DIRECTION    NW (330)


SKY COVER
  POSSIBLE SUNSHINE  MM
  AVERAGE SKY COVER 0.9


WEATHER CONDITIONS
 THE FOLLOWING WEATHER WAS RECORDED TODAY.
  THUNDERSTORM
  HEAVY RAIN
  RAIN
  LIGHT RAIN
  FOG


RELATIVE HUMIDITY (PERCENT)
 HIGHEST   100
 LOWEST     89
 AVERAGE    95

..........................................................


THE SALISBURY MD CLIMATE NORMALS FOR TOMORROW
                         NORMAL    RECORD    YEAR
 MAXIMUM TEMPERATURE (F)   71        92      1930
 MINIMUM TEMPERATURE (F)   49        32      1970


SUNRISE AND SUNSET
MAY  6 2016...........SUNRISE   559 AM EDT   SUNSET   759 PM EDT
MAY  7 2016...........SUNRISE   558 AM EDT   SUNSET   800 PM EDT


-  INDICATES NEGATIVE NUMBERS.
R  INDICATES RECORD WAS SET OR TIED.
MM INDICATES DATA IS MISSING.
T  INDICATES TRACE AMOUNT.




$$
