000
CDUS41 KAKQ 312127
CLISBY


CLIMATE REPORT
NATIONAL WEATHER SERVICE WAKEFIELD, VA
526 PM EDT FRI OCT 31 2014


...................................

...THE SALISBURY MD CLIMATE SUMMARY FOR OCTOBER 31 2014...
VALID TODAY AS OF 0500 PM LOCAL TIME.

CLIMATE NORMAL PERIOD 1981 TO 2010
CLIMATE RECORD PERIOD 1900 TO 2014


WEATHER ITEM   OBSERVED TIME   RECORD YEAR NORMAL DEPARTURE LAST
                VALUE   (LST)  VALUE       VALUE  FROM      YEAR
                                                  NORMAL
..................................................................
TEMPERATURE (F)
 TODAY
  MAXIMUM         58    201 PM  83    1946  64     -6       75
  MINIMUM         43    347 AM  24    2008  42      1       52
  AVERAGE         51

PRECIPITATION (IN)
  TODAY            0.00          2.93 1956   0.12  -0.12     0.00
  MONTH TO DATE    1.72                      3.49  -1.77     3.68
  SINCE SEP 1      6.10                      7.47  -1.37     4.45
  SINCE JAN 1     26.38                     38.54 -12.16    44.13

SNOWFALL (IN)
  TODAY            0.0
  MONTH TO DATE    0.0
  SINCE NOV 1     22.5
  SINCE JUL 1      0.0
  SNOW DEPTH       0

DEGREE DAYS
 HEATING
  TODAY           14
  MONTH TO DATE  127
  SINCE SEP 1    133
  SINCE JUL 1    133

 COOLING
  TODAY            0
  MONTH TO DATE   33
  SINCE SEP 1    253
  SINCE JAN 1   1375
..................................................................


WIND (MPH)
  RESULTANT WIND SPEED   5   RESULTANT WIND DIRECTION   N (20)
  HIGHEST WIND SPEED    14   HIGHEST WIND DIRECTION     N (350)
  HIGHEST GUST SPEED    17   HIGHEST GUST DIRECTION     N (350)


SKY COVER
  POSSIBLE SUNSHINE  MM
  AVERAGE SKY COVER 0.5


WEATHER CONDITIONS
 THE FOLLOWING WEATHER WAS RECORDED TODAY.
  NO SIGNIFICANT WEATHER WAS OBSERVED.


RELATIVE HUMIDITY (PERCENT)
 HIGHEST    83
 LOWEST     43
 AVERAGE    63

..........................................................


THE SALISBURY MD CLIMATE NORMALS FOR TOMORROW
                         NORMAL    RECORD    YEAR
 MAXIMUM TEMPERATURE (F)   64        85      1950
 MINIMUM TEMPERATURE (F)   42        25      1913


SUNRISE AND SUNSET
OCTOBER 31 2014.......SUNRISE   727 AM EDT   SUNSET   604 PM EDT
NOVEMBER  1 2014......SUNRISE   728 AM EDT   SUNSET   602 PM EDT


-  INDICATES NEGATIVE NUMBERS.
R  INDICATES RECORD WAS SET OR TIED.
MM INDICATES DATA IS MISSING.
T  INDICATES TRACE AMOUNT.




$$
