000
CDUS46 KSTO 010040
CLISCK


CLIMATE REPORT
NATIONAL WEATHER SERVICE SACRAMENTO, CA
540 PM PDT SUN APR 30 2017


...................................

...THE STOCKTON AIRPORT CA CLIMATE SUMMARY FOR APRIL 30 2017...
VALID TODAY AS OF 0500 PM LOCAL TIME.

CLIMATE NORMAL PERIOD 1981 TO 2010
CLIMATE RECORD PERIOD 1948 TO 2017


WEATHER ITEM   OBSERVED TIME   RECORD YEAR NORMAL DEPARTURE LAST
                VALUE   (LST)  VALUE       VALUE  FROM      YEAR
                                                  NORMAL
..................................................................
TEMPERATURE (F)
 TODAY
  MAXIMUM         87    232 PM 100    1981  77     10       83
  MINIMUM         45    520 AM  37    1967  49     -4       53
  AVERAGE         66

PRECIPITATION (IN)
  TODAY            0.00          0.44 1977   0.02  -0.02     0.00
  MONTH TO DATE    1.86                      0.98   0.88     2.83
  SINCE OCT 1     21.68                     13.15   8.53    16.34
  SINCE JAN 1     15.52                      8.42   7.10    11.77

SNOWFALL (IN)
  TODAY            0.0          MM      MM
  MONTH TO DATE    0.0
  SINCE MAR 1      0.0
  SINCE JUL 1      0.0

DEGREE DAYS
 HEATING
  TODAY            0                         4     -4        0
  MONTH TO DATE  148                       189    -41       79
  SINCE MAR 1    375                       514   -139      311
  SINCE JUL 1   2084                      2576   -492     2029

 COOLING
  TODAY            1                         1      0        3
  MONTH TO DATE    1                        17    -16       26
  SINCE MAR 1      2                        17    -15       26
  SINCE JAN 1      2                        17    -15       26
..................................................................


WIND (MPH)
  RESULTANT WIND SPEED   2   RESULTANT WIND DIRECTION  NW (310)
  HIGHEST WIND SPEED    15   HIGHEST WIND DIRECTION    NW (300)
  HIGHEST GUST SPEED    24   HIGHEST GUST DIRECTION     N (340)


SKY COVER
  POSSIBLE SUNSHINE  MM
  AVERAGE SKY COVER 0.0


WEATHER CONDITIONS
 THE FOLLOWING WEATHER WAS RECORDED TODAY.
  NO SIGNIFICANT WEATHER WAS OBSERVED.


RELATIVE HUMIDITY (PERCENT)
 HIGHEST    86           300 AM
 LOWEST     25           200 PM
 AVERAGE    56

..........................................................


THE STOCKTON AIRPORT CA CLIMATE NORMALS FOR TOMORROW
                         NORMAL    RECORD    YEAR
 MAXIMUM TEMPERATURE (F)   77        96      1996
 MINIMUM TEMPERATURE (F)   49        41      2011
                                             1967


SUNRISE AND SUNSET
APRIL 30 2017.........SUNRISE   610 AM PDT   SUNSET   755 PM PDT
MAY  1 2017...........SUNRISE   609 AM PDT   SUNSET   756 PM PDT


-  INDICATES NEGATIVE NUMBERS.
R  INDICATES RECORD WAS SET OR TIED.
MM INDICATES DATA IS MISSING.
T  INDICATES TRACE AMOUNT.




$$
