000
CDUS46 KSTO 310833
CLISCK


CLIMATE REPORT
NATIONAL WEATHER SERVICE SACRAMENTO, CA
133 AM PDT TUE MAY 31 2016


...................................

...THE STOCKTON AIRPORT CA CLIMATE SUMMARY FOR MAY 30 2016...

CLIMATE NORMAL PERIOD 1981 TO 2010
CLIMATE RECORD PERIOD 1948 TO 2016


WEATHER ITEM   OBSERVED TIME   RECORD YEAR NORMAL DEPARTURE LAST
                VALUE   (LST)  VALUE       VALUE  FROM      YEAR
                                                  NORMAL
..................................................................
TEMPERATURE (F)
 YESTERDAY
  MAXIMUM         97    319 PM 101    2001  84     13       91
  MINIMUM         53    504 AM  44    2011  54     -1       54
  AVERAGE         75

PRECIPITATION (IN)
  YESTERDAY        0.00          0.01 1990   0.01  -0.01     0.00
  MONTH TO DATE    0.35                      0.52  -0.17     0.02
  SINCE OCT 1     16.69                     13.67   3.02    10.62
  SINCE JAN 1     12.12                      8.94   3.18     2.78

SNOWFALL (IN)
  YESTERDAY        0.0          MM      MM
  MONTH TO DATE    0.0
  SINCE MAR 1      0.0
  SINCE JUL 1      0.0
  SNOW DEPTH       0

DEGREE DAYS
 HEATING
  YESTERDAY        0                         1     -1        0
  MONTH TO DATE   37                        58    -21       42
  SINCE MAR 1    348                       572   -224      274
  SINCE JUL 1   2066                      2634   -568     1713

 COOLING
  YESTERDAY       10                         5      5        8
  MONTH TO DATE  105                        97      8       45
  SINCE MAR 1    131                       114     17       94
  SINCE JAN 1    131                       114     17       94
..................................................................


WIND (MPH)
  RESULTANT WIND SPEED   7   RESULTANT WIND DIRECTION  NW (300)
  HIGHEST WIND SPEED    18   HIGHEST WIND DIRECTION     W (290)
  HIGHEST GUST SPEED    22   HIGHEST GUST DIRECTION     W (290)


SKY COVER
  POSSIBLE SUNSHINE  MM
  AVERAGE SKY COVER 0.0


WEATHER CONDITIONS
 THE FOLLOWING WEATHER WAS RECORDED YESTERDAY.
  NO SIGNIFICANT WEATHER WAS OBSERVED.


RELATIVE HUMIDITY (PERCENT)
 HIGHEST    77           100 AM
 LOWEST     14           500 PM
 AVERAGE    46

..........................................................


THE STOCKTON AIRPORT CA CLIMATE NORMALS FOR TODAY
                         NORMAL    RECORD    YEAR
 MAXIMUM TEMPERATURE (F)   85       107      2001
 MINIMUM TEMPERATURE (F)   54        47      1971
                                             1955


SUNRISE AND SUNSET
MAY 31 2016...........SUNRISE   545 AM PDT   SUNSET   821 PM PDT
JUNE  1 2016..........SUNRISE   544 AM PDT   SUNSET   822 PM PDT


-  INDICATES NEGATIVE NUMBERS.
R  INDICATES RECORD WAS SET OR TIED.
MM INDICATES DATA IS MISSING.
T  INDICATES TRACE AMOUNT.




$$
