000
CDUS46 KSTO 230844
CLISCK


CLIMATE REPORT
NATIONAL WEATHER SERVICE SACRAMENTO, CA
1244 AM PST TUE JAN 23 2018


...................................

...THE STOCKTON AIRPORT CA CLIMATE SUMMARY FOR JANUARY 22 2018...

CLIMATE NORMAL PERIOD 1981 TO 2010
CLIMATE RECORD PERIOD 1948 TO 2018


WEATHER ITEM   OBSERVED TIME   RECORD YEAR NORMAL DEPARTURE LAST
                VALUE   (LST)  VALUE       VALUE  FROM      YEAR
                                                  NORMAL
..................................................................
TEMPERATURE (F)
 YESTERDAY
  MAXIMUM         58    242 PM  67    1970  55      3       57
  MINIMUM         47    831 AM  26    1963  38      9       45
                                      1962
  AVERAGE         53

PRECIPITATION (IN)
  YESTERDAY        0.07          1.70 1983   0.08  -0.01     0.46
  MONTH TO DATE    2.77                      1.91   0.86     6.23
  SINCE OCT 1      3.73                      6.64  -2.91    12.39
  SINCE JAN 1      2.77                      1.91   0.86     6.23

SNOWFALL (IN)
  YESTERDAY       MM             0.0  2002
  MONTH TO DATE    0.0
  SINCE DEC 1      0.0
  SINCE JUL 1      0.0
  SNOW DEPTH       0

DEGREE DAYS
 HEATING
  YESTERDAY       12                        19     -7       14
  MONTH TO DATE  273                       433   -160      383
  SINCE DEC 1    804                      1036   -232      954
  SINCE JUL 1   1108                      1493   -385     1223

 COOLING
  YESTERDAY        0                         0      0        0
  MONTH TO DATE    0                         0      0        0
  SINCE DEC 1      0                         0      0        0
  SINCE JAN 1      0                         0      0        0
..................................................................


WIND (MPH)
  RESULTANT WIND SPEED   4   RESULTANT WIND DIRECTION  SE (120)
  HIGHEST WIND SPEED    18   HIGHEST WIND DIRECTION    SE (130)
  HIGHEST GUST SPEED    23   HIGHEST GUST DIRECTION    SE (120)


SKY COVER
  POSSIBLE SUNSHINE  MM
  AVERAGE SKY COVER 1.0


WEATHER CONDITIONS
 THE FOLLOWING WEATHER WAS RECORDED YESTERDAY.
  LIGHT RAIN
  FOG
  HAZE


RELATIVE HUMIDITY (PERCENT)
 HIGHEST    93           800 AM
 LOWEST     62           300 PM
 AVERAGE    78

..........................................................


THE STOCKTON AIRPORT CA CLIMATE NORMALS FOR TODAY
                         NORMAL    RECORD    YEAR
 MAXIMUM TEMPERATURE (F)   55        64      2014
                                             1991
                                             1977
 MINIMUM TEMPERATURE (F)   38        27      2007


SUNRISE AND SUNSET
JANUARY 23 2018.......SUNRISE   716 AM PST   SUNSET   518 PM PST
JANUARY 24 2018.......SUNRISE   715 AM PST   SUNSET   520 PM PST


-  INDICATES NEGATIVE NUMBERS.
R  INDICATES RECORD WAS SET OR TIED.
MM INDICATES DATA IS MISSING.
T  INDICATES TRACE AMOUNT.




$$
