000
CDUS46 KSTO 010834
CLISCK


CLIMATE REPORT
NATIONAL WEATHER SERVICE SACRAMENTO, CA
134 AM PDT WED JUL 1 2015


...................................

...THE STOCKTON AIRPORT CA CLIMATE SUMMARY FOR JUNE 30 2015...

CLIMATE NORMAL PERIOD 1981 TO 2010
CLIMATE RECORD PERIOD 1948 TO 2015


WEATHER ITEM   OBSERVED TIME   RECORD YEAR NORMAL DEPARTURE LAST
                VALUE   (LST)  VALUE       VALUE  FROM      YEAR
                                                  NORMAL
..................................................................
TEMPERATURE (F)
 YESTERDAY
  MAXIMUM        107    445 PM 110    1972  92     15      105
  MINIMUM         65    452 AM  48    1955  59      6       62
  AVERAGE         86

PRECIPITATION (IN)
  YESTERDAY        0.00          T    1997   0.00   0.00     0.00
                                      1982
  MONTH TO DATE    0.08                      0.08   0.00     0.01
  SINCE OCT 1     10.70                     13.76  -3.06     7.23
  SINCE JAN 1      2.86                      9.03  -6.17     5.80

SNOWFALL (IN)
  YESTERDAY        0.0          MM      MM
  MONTH TO DATE    0.0
  SINCE JUN 1      0.0
  SINCE JUL 1      0.0
  SNOW DEPTH       0

DEGREE DAYS
 HEATING
  YESTERDAY        0                         0      0        0
  MONTH TO DATE    0                         4     -4        0
  SINCE JUN 1      0                         7     -7        0
  SINCE JUL 1   1713                      2643   -930     2160

 COOLING
  YESTERDAY       21                        10     11       19
  MONTH TO DATE  339                       230    109      275
  SINCE JUN 1    339                       230    109      275
  SINCE JAN 1    435                       349     86      458
..................................................................


WIND (MPH)
  RESULTANT WIND SPEED   5   RESULTANT WIND DIRECTION  NW (320)
  HIGHEST WIND SPEED    13   HIGHEST WIND DIRECTION    NW (300)
  HIGHEST GUST SPEED    17   HIGHEST GUST DIRECTION     W (290)


SKY COVER
  POSSIBLE SUNSHINE  MM
  AVERAGE SKY COVER 0.0


WEATHER CONDITIONS
 THE FOLLOWING WEATHER WAS RECORDED YESTERDAY.
  NO SIGNIFICANT WEATHER WAS OBSERVED.


RELATIVE HUMIDITY (PERCENT)
 HIGHEST    68           500 AM
 LOWEST     12           700 PM
 AVERAGE    40

..........................................................


THE STOCKTON AIRPORT CA CLIMATE NORMALS FOR TODAY
                         NORMAL    RECORD    YEAR
 MAXIMUM TEMPERATURE (F)   92       108      1996
 MINIMUM TEMPERATURE (F)   59        50      1955


SUNRISE AND SUNSET
JULY  1 2015..........SUNRISE   546 AM PDT   SUNSET   831 PM PDT
JULY  2 2015..........SUNRISE   547 AM PDT   SUNSET   831 PM PDT


-  INDICATES NEGATIVE NUMBERS.
R  INDICATES RECORD WAS SET OR TIED.
MM INDICATES DATA IS MISSING.
T  INDICATES TRACE AMOUNT.




$$
