000
CDUS46 KSTO 190840
CLISCK


CLIMATE REPORT
NATIONAL WEATHER SERVICE SACRAMENTO, CA
1239 AM PST SUN NOV 19 2017


...................................

...THE STOCKTON AIRPORT CA CLIMATE SUMMARY FOR NOVEMBER 18 2017...

CLIMATE NORMAL PERIOD 1981 TO 2010
CLIMATE RECORD PERIOD 1948 TO 2017


WEATHER ITEM   OBSERVED TIME   RECORD YEAR NORMAL DEPARTURE LAST
                VALUE   (LST)  VALUE       VALUE  FROM      YEAR
                                                  NORMAL
..................................................................
TEMPERATURE (F)
 YESTERDAY
  MAXIMUM         64    247 PM  77    2005  63      1       67
  MINIMUM         37    642 AM  27    1964  41     -4       37
  AVERAGE         51

PRECIPITATION (IN)
  YESTERDAY        0.00          2.18 1950   0.06  -0.06     0.00
  MONTH TO DATE    0.66                      0.97  -0.31     0.01
  SINCE OCT 1      0.78                      1.79  -1.01     2.40
  SINCE JAN 1     16.41                     11.12   5.29    14.52

SNOWFALL (IN)
  YESTERDAY        0.0          MM      MM
  MONTH TO DATE    0.0
  SINCE SEP 1      0.0
  SINCE JUL 1      0.0
  SNOW DEPTH       0

DEGREE DAYS
 HEATING
  YESTERDAY       14                        13      1       13
  MONTH TO DATE  148                       180    -32       86
  SINCE SEP 1    200                       277    -77      142
  SINCE JUL 1    200                       277    -77      142

 COOLING
  YESTERDAY        0                         0      0        0
  MONTH TO DATE    0                         0      0        0
  SINCE SEP 1    365                       276     89      247
  SINCE JAN 1   1796                      1320    476     1445
..................................................................


WIND (MPH)
  RESULTANT WIND SPEED   3   RESULTANT WIND DIRECTION   W (270)
  HIGHEST WIND SPEED     9   HIGHEST WIND DIRECTION     W (260)
  HIGHEST GUST SPEED    11   HIGHEST GUST DIRECTION     W (270)


SKY COVER
  POSSIBLE SUNSHINE  MM
  AVERAGE SKY COVER 0.0


WEATHER CONDITIONS
 THE FOLLOWING WEATHER WAS RECORDED YESTERDAY.
  NO SIGNIFICANT WEATHER WAS OBSERVED.


RELATIVE HUMIDITY (PERCENT)
 HIGHEST   100           900 PM
 LOWEST     52           200 PM
 AVERAGE    76

..........................................................


THE STOCKTON AIRPORT CA CLIMATE NORMALS FOR TODAY
                         NORMAL    RECORD    YEAR
 MAXIMUM TEMPERATURE (F)   62        74      2005
                                             1995
 MINIMUM TEMPERATURE (F)   41        25      1985


SUNRISE AND SUNSET
NOVEMBER 19 2017......SUNRISE   650 AM PST   SUNSET   451 PM PST
NOVEMBER 20 2017......SUNRISE   651 AM PST   SUNSET   450 PM PST


-  INDICATES NEGATIVE NUMBERS.
R  INDICATES RECORD WAS SET OR TIED.
MM INDICATES DATA IS MISSING.
T  INDICATES TRACE AMOUNT.




$$
