000
CDUS46 KSTO 060835
CLISCK


CLIMATE REPORT
NATIONAL WEATHER SERVICE SACRAMENTO, CA
1235 AM PST FRI MAR 6 2015


...................................

...THE STOCKTON AIRPORT CA CLIMATE SUMMARY FOR MARCH 5 2015...

CLIMATE NORMAL PERIOD 1981 TO 2010
CLIMATE RECORD PERIOD 1948 TO 2015


WEATHER ITEM   OBSERVED TIME   RECORD YEAR NORMAL DEPARTURE LAST
                VALUE   (LST)  VALUE       VALUE  FROM      YEAR
                                                  NORMAL
..................................................................
TEMPERATURE (F)
 YESTERDAY
  MAXIMUM         71    429 PM  79    1972  65      6       71
  MINIMUM         35    644 AM  30    1967  42     -7       50
  AVERAGE         53

PRECIPITATION (IN)
  YESTERDAY        0.00          1.39 1987   0.07  -0.07     0.06
  MONTH TO DATE    0.01                      0.41  -0.40     0.40
  SINCE OCT 1      9.31                     10.42  -1.11     4.91
  SINCE JAN 1      1.47                      5.69  -4.22     3.48

SNOWFALL (IN)
  YESTERDAY        0.0          MM      MM
  MONTH TO DATE    0.0
  SINCE MAR 1      0.0
  SINCE JUL 1      0.0
  SNOW DEPTH       0

DEGREE DAYS
 HEATING
  YESTERDAY       12                        12      0        4
  MONTH TO DATE   67                        60      7       39
  SINCE MAR 1     67                        60      7       39
  SINCE JUL 1   1506                      2122   -616     1872

 COOLING
  YESTERDAY        0                         0      0        0
  MONTH TO DATE    0                         0      0        0
  SINCE MAR 1      0                         0      0        0
  SINCE JAN 1      0                         0      0        0
..................................................................


WIND (MPH)
  RESULTANT WIND SPEED   1   RESULTANT WIND DIRECTION  NW (300)
  HIGHEST WIND SPEED     9   HIGHEST WIND DIRECTION    NW (300)
  HIGHEST GUST SPEED    10   HIGHEST GUST DIRECTION     W (290)


SKY COVER
  POSSIBLE SUNSHINE  MM
  AVERAGE SKY COVER 0.0


WEATHER CONDITIONS
 THE FOLLOWING WEATHER WAS RECORDED YESTERDAY.
  NO SIGNIFICANT WEATHER WAS OBSERVED.


RELATIVE HUMIDITY (PERCENT)
 HIGHEST    92           700 AM
 LOWEST     23           200 PM
 AVERAGE    58

..........................................................


THE STOCKTON AIRPORT CA CLIMATE NORMALS FOR TODAY
                         NORMAL    RECORD    YEAR
 MAXIMUM TEMPERATURE (F)   65        80      1972
 MINIMUM TEMPERATURE (F)   42        30      1956


SUNRISE AND SUNSET
MARCH  6 2015.........SUNRISE   630 AM PST   SUNSET   603 PM PST
MARCH  7 2015.........SUNRISE   628 AM PST   SUNSET   604 PM PST


-  INDICATES NEGATIVE NUMBERS.
R  INDICATES RECORD WAS SET OR TIED.
MM INDICATES DATA IS MISSING.
T  INDICATES TRACE AMOUNT.




$$
