000
CDUS46 KSTO 250858
CLISCK


CLIMATE REPORT
NATIONAL WEATHER SERVICE SACRAMENTO, CA
157 AM PDT MON SEP 25 2017


...................................

...THE STOCKTON AIRPORT CA CLIMATE SUMMARY FOR SEPTEMBER 24 2017...

CLIMATE NORMAL PERIOD 1981 TO 2010
CLIMATE RECORD PERIOD 1948 TO 2017


WEATHER ITEM   OBSERVED TIME   RECORD YEAR NORMAL DEPARTURE LAST
                VALUE   (LST)  VALUE       VALUE  FROM      YEAR
                                                  NORMAL
..................................................................
TEMPERATURE (F)
 YESTERDAY
  MAXIMUM         85    330 PM  99    1991  86     -1       89
                                      1978
  MINIMUM         46R   558 AM  49    2005  55     -9       53
                                      1958
  AVERAGE         66

PRECIPITATION (IN)
  YESTERDAY        0.00          0.68 1986   0.01  -0.01     0.00
  MONTH TO DATE    T                         0.20  -0.20      T
  SINCE OCT 1     21.79                     13.97   7.82    16.69
  SINCE JAN 1     15.63                      9.24   6.39    12.12

SNOWFALL (IN)
  YESTERDAY        0.0           0.0  2002
                                      2001
  MONTH TO DATE    0.0
  SINCE SEP 1      0.0
  SINCE JUL 1      0.0
  SNOW DEPTH       0

DEGREE DAYS
 HEATING
  YESTERDAY        0                         0      0        0
  MONTH TO DATE    3                         0      3        3
  SINCE SEP 1      3                         0      3        3
  SINCE JUL 1      3                         0      3        3

 COOLING
  YESTERDAY        1                         6     -5        6
  MONTH TO DATE  272                       191     81      167
  SINCE SEP 1    272                       191     81      167
  SINCE JAN 1   1703                      1235    468     1365
..................................................................


WIND (MPH)
  RESULTANT WIND SPEED   4   RESULTANT WIND DIRECTION   W (290)
  HIGHEST WIND SPEED    13   HIGHEST WIND DIRECTION    NW (310)
  HIGHEST GUST SPEED    17   HIGHEST GUST DIRECTION    NW (320)


SKY COVER
  POSSIBLE SUNSHINE  MM
  AVERAGE SKY COVER 0.0


WEATHER CONDITIONS
 THE FOLLOWING WEATHER WAS RECORDED YESTERDAY.
  HAZE


RELATIVE HUMIDITY (PERCENT)
 HIGHEST    76           600 AM
 LOWEST     15           200 PM
 AVERAGE    46

..........................................................


THE STOCKTON AIRPORT CA CLIMATE NORMALS FOR TODAY
                         NORMAL    RECORD    YEAR
 MAXIMUM TEMPERATURE (F)   86       100      1952
 MINIMUM TEMPERATURE (F)   55        47      2005
                                             1955


SUNRISE AND SUNSET
SEPTEMBER 25 2017.....SUNRISE   656 AM PDT   SUNSET   657 PM PDT
SEPTEMBER 26 2017.....SUNRISE   657 AM PDT   SUNSET   655 PM PDT


-  INDICATES NEGATIVE NUMBERS.
R  INDICATES RECORD WAS SET OR TIED.
MM INDICATES DATA IS MISSING.
T  INDICATES TRACE AMOUNT.




$$
