000
CDUS46 KLOX 270915
CLISDB


CLIMATE REPORT
NATIONAL WEATHER SERVICE LOS ANGELES/OXNARD CA
215 AM PDT SAT MAY 27 2017


...................................

...THE SANDBERG CA CLIMATE SUMMARY FOR MAY 26 2017...

CLIMATE NORMAL PERIOD 1981 TO 2010
CLIMATE RECORD PERIOD 1934 TO 2017


WEATHER ITEM   OBSERVED TIME   RECORD YEAR NORMAL DEPARTURE LAST
                VALUE   (LST)  VALUE       VALUE  FROM      YEAR
                                                  NORMAL
..................................................................
TEMPERATURE (F)
 YESTERDAY
  MAXIMUM         61    322 PM  90    1974  70     -9       70
  MINIMUM         44    448 AM  30    1953  51     -7       49
  AVERAGE         53                        61     -8       60

PRECIPITATION (IN)
  YESTERDAY        0.01          0.32 1946   0.00   0.01     0.00
  MONTH TO DATE    0.03                      0.37  -0.34     0.29
  SINCE OCT 1     12.79                     12.01   0.78     6.93
  SINCE JAN 1      8.95                      8.38   0.57     5.23

DEGREE DAYS
 HEATING
  YESTERDAY       12                         6      6        5
  MONTH TO DATE  181                       224    -43      175
  SINCE MAR 1    785                      1240   -455      784
  SINCE JUL 1   3042                      3999   -957     3044

 COOLING
  YESTERDAY        0                         2     -2        0
  MONTH TO DATE   96                        28     68       30
  SINCE MAR 1    117                        36     81       49
  SINCE JAN 1    117                        36     81       49
..................................................................


WIND (MPH)
  HIGHEST WIND SPEED    28   HIGHEST WIND DIRECTION     S (190)
  HIGHEST GUST SPEED    35   HIGHEST GUST DIRECTION    SW (210)
  AVERAGE WIND SPEED    17.0


SKY COVER
  POSSIBLE SUNSHINE  MM
  AVERAGE SKY COVER 0.6


WEATHER CONDITIONS
 THE FOLLOWING WEATHER WAS RECORDED YESTERDAY.
  LIGHT RAIN
  FOG
  FOG W/VISIBILITY <= 1/4 MILE


RELATIVE HUMIDITY (PERCENT)
 HIGHEST   100          1100 PM
 LOWEST     57           100 PM
 AVERAGE    79

..........................................................


THE SANDBERG CA CLIMATE NORMALS FOR TODAY
                         NORMAL    RECORD    YEAR
 MAXIMUM TEMPERATURE (F)   71        88      2014
                                             2003
 MINIMUM TEMPERATURE (F)   51        33      1971


SUNRISE AND SUNSET
MAY 27 2017...........SUNRISE   545 AM PDT   SUNSET   800 PM PDT
MAY 28 2017...........SUNRISE   544 AM PDT   SUNSET   801 PM PDT


-  INDICATES NEGATIVE NUMBERS.
R  INDICATES RECORD WAS SET OR TIED.
MM INDICATES DATA IS MISSING.
T  INDICATES TRACE AMOUNT.




$$
