000
CDUS46 KLOX 270906
CLISDB


CLIMATE REPORT
NATIONAL WEATHER SERVICE LOS ANGELES/OXNARD CA
106 AM PST TUE JAN 27 2015


...................................

...THE SANDBERG CA CLIMATE SUMMARY FOR JANUARY 26 2015...

CLIMATE NORMAL PERIOD 1981 TO 2010
CLIMATE RECORD PERIOD 1934 TO 2015


WEATHER ITEM   OBSERVED TIME   RECORD YEAR NORMAL DEPARTURE LAST
                VALUE   (LST)  VALUE       VALUE  FROM      YEAR
                                                  NORMAL
..................................................................
TEMPERATURE (F)
 YESTERDAY
  MAXIMUM         61   1140 AM  67    1951  49     12       61
  MINIMUM         45   1159 PM  21    1957  37      8       50
  AVERAGE         53                        43     10       56

PRECIPITATION (IN)
  YESTERDAY        0.18          1.08 1961   0.05   0.13    MM
  MONTH TO DATE    1.16                      2.16  -1.00     0.00
  SINCE OCT 1      6.06                      5.79   0.27     0.70
  SINCE JAN 1      1.16                      2.16  -1.00     0.00

DEGREE DAYS
 HEATING
  YESTERDAY       12                        22    -10        9
  MONTH TO DATE  346                       575   -229      266
  SINCE DEC 1    919                      1277   -358      788
  SINCE JUL 1   1309                      2056   -747     1342

 COOLING
  YESTERDAY        0                         0      0        0
  MONTH TO DATE    0                         0      0        0
  SINCE DEC 1      0                         0      0        0
  SINCE JAN 1      0                         0      0        0
..................................................................


WIND (MPH)
  HIGHEST WIND SPEED    25   HIGHEST WIND DIRECTION     E (80)
  HIGHEST GUST SPEED    33   HIGHEST GUST DIRECTION     E (80)
  AVERAGE WIND SPEED    15.8


SKY COVER
  POSSIBLE SUNSHINE  MM
  AVERAGE SKY COVER 0.6


WEATHER CONDITIONS
 THE FOLLOWING WEATHER WAS RECORDED YESTERDAY.
  LIGHT RAIN
  FOG
  FOG W/VISIBILITY <= 1/4 MILE


RELATIVE HUMIDITY (PERCENT)
 HIGHEST    92          1000 PM
 LOWEST     29          1200 PM
 AVERAGE    61

..........................................................


THE SANDBERG CA CLIMATE NORMALS FOR TODAY
                         NORMAL    RECORD    YEAR
 MAXIMUM TEMPERATURE (F)   49        65      2003
 MINIMUM TEMPERATURE (F)   37        18      1957


SUNRISE AND SUNSET
JANUARY 27 2015.......SUNRISE   657 AM PST   SUNSET   519 PM PST
JANUARY 28 2015.......SUNRISE   656 AM PST   SUNSET   520 PM PST


-  INDICATES NEGATIVE NUMBERS.
R  INDICATES RECORD WAS SET OR TIED.
MM INDICATES DATA IS MISSING.
T  INDICATES TRACE AMOUNT.




$$
