000
CDUS46 KLOX 070114
CLISDB


CLIMATE REPORT
NATIONAL WEATHER SERVICE LOS ANGELES/OXNARD CA
514 PM PST FRI MAR 6 2015


...................................

...THE SANDBERG CA CLIMATE SUMMARY FOR MARCH 6 2015...
VALID TODAY AS OF 0500 PM LOCAL TIME.

CLIMATE NORMAL PERIOD 1981 TO 2010
CLIMATE RECORD PERIOD 1934 TO 2015


WEATHER ITEM   OBSERVED TIME   RECORD YEAR NORMAL DEPARTURE LAST
                VALUE   (LST)  VALUE       VALUE  FROM      YEAR
                                                  NORMAL
..................................................................
TEMPERATURE (F)
 TODAY
  MAXIMUM         65    246 PM  73    1972  53     12       61
  MINIMUM         44    304 AM  19    1956  39      5       44
  AVERAGE         55                        46      9       53

PRECIPITATION (IN)
  TODAY            0.00          1.58 1975   0.08  -0.08      T
  MONTH TO DATE    0.27                      0.47  -0.20     0.24
  SINCE OCT 1      6.81                      9.75  -2.94     3.85
  SINCE JAN 1      1.91                      6.12  -4.21     3.15

DEGREE DAYS
 HEATING
  TODAY           10                        19     -9       12
  MONTH TO DATE  114                       118     -4       91
  SINCE MAR 1    114                       118     -4       91
  SINCE JUL 1   1745                      2877  -1132     1876

 COOLING
  TODAY            0                         0      0        0
  MONTH TO DATE    0                         0      0        0
  SINCE MAR 1      0                         0      0        0
  SINCE JAN 1      3                         0      3        7
..................................................................


WIND (MPH)
  HIGHEST WIND SPEED    30   HIGHEST WIND DIRECTION     E (80)
  HIGHEST GUST SPEED    39   HIGHEST GUST DIRECTION     E (80)
  AVERAGE WIND SPEED    16.0


SKY COVER
  POSSIBLE SUNSHINE  MM
  AVERAGE SKY COVER 0.0


WEATHER CONDITIONS
 THE FOLLOWING WEATHER WAS RECORDED TODAY.
  NO SIGNIFICANT WEATHER WAS OBSERVED.


RELATIVE HUMIDITY (PERCENT)
 HIGHEST    28           200 AM
 LOWEST     13           300 PM
 AVERAGE    21

..........................................................


THE SANDBERG CA CLIMATE NORMALS FOR TOMORROW
                         NORMAL    RECORD    YEAR
 MAXIMUM TEMPERATURE (F)   53        75      1972
 MINIMUM TEMPERATURE (F)   39        22      2012


SUNRISE AND SUNSET
MARCH  6 2015.........SUNRISE   618 AM PST   SUNSET   555 PM PST
MARCH  7 2015.........SUNRISE   617 AM PST   SUNSET   556 PM PST


-  INDICATES NEGATIVE NUMBERS.
R  INDICATES RECORD WAS SET OR TIED.
MM INDICATES DATA IS MISSING.
T  INDICATES TRACE AMOUNT.




$$
