000
CDUS46 KLOX 280908
CLISDB


CLIMATE REPORT
NATIONAL WEATHER SERVICE LOS ANGELES/OXNARD CA
208 AM PDT THU JUL 28 2016


...................................

...THE SANDBERG CA CLIMATE SUMMARY FOR JULY 27 2016...

CLIMATE NORMAL PERIOD 1981 TO 2010
CLIMATE RECORD PERIOD 1934 TO 2016


WEATHER ITEM   OBSERVED TIME   RECORD YEAR NORMAL DEPARTURE LAST
                VALUE   (LST)  VALUE       VALUE  FROM      YEAR
                                                  NORMAL
..................................................................
TEMPERATURE (F)
 YESTERDAY
  MAXIMUM         98   1246 PM 102    1934  86     12       82
  MINIMUM         78    417 AM  49    1941  65     13       61
  AVERAGE         88                        75     13       72

PRECIPITATION (IN)
  YESTERDAY        0.00          0.01 1952   0.00   0.00     0.00
  MONTH TO DATE    0.00                      0.02  -0.02     1.02
  SINCE OCT 1      6.93                     12.13  -5.20     8.41
  SINCE JAN 1      5.23                      8.50  -3.27     3.51

DEGREE DAYS
 HEATING
  YESTERDAY        0                         0      0        0
  MONTH TO DATE    0                         4     -4       10
  SINCE JUN 1     21                        88    -67       29
  SINCE JUL 1      0                         4     -4       10

 COOLING
  YESTERDAY       23                        10     13        7
  MONTH TO DATE  348                       245    103      188
  SINCE JUN 1    719                       376    343      528
  SINCE JAN 1    800                       421    379      641
..................................................................


WIND (MPH)
  HIGHEST WIND SPEED    24   HIGHEST WIND DIRECTION     N (340)
  HIGHEST GUST SPEED    32   HIGHEST GUST DIRECTION     N (20)
  AVERAGE WIND SPEED    10.7


SKY COVER
  POSSIBLE SUNSHINE  MM
  AVERAGE SKY COVER 0.0


WEATHER CONDITIONS
 THE FOLLOWING WEATHER WAS RECORDED YESTERDAY.
  NO SIGNIFICANT WEATHER WAS OBSERVED.


RELATIVE HUMIDITY (PERCENT)
 HIGHEST    25           400 AM
 LOWEST     13          1100 AM
 AVERAGE    19

..........................................................


THE SANDBERG CA CLIMATE NORMALS FOR TODAY
                         NORMAL    RECORD    YEAR
 MAXIMUM TEMPERATURE (F)   86       103      1995
 MINIMUM TEMPERATURE (F)   65        50      1941


SUNRISE AND SUNSET
JULY 28 2016..........SUNRISE   602 AM PDT   SUNSET   800 PM PDT
JULY 29 2016..........SUNRISE   603 AM PDT   SUNSET   759 PM PDT


-  INDICATES NEGATIVE NUMBERS.
R  INDICATES RECORD WAS SET OR TIED.
MM INDICATES DATA IS MISSING.
T  INDICATES TRACE AMOUNT.




$$
