000
CDUS46 KLOX 290905
CLISDB


CLIMATE REPORT
NATIONAL WEATHER SERVICE LOS ANGELES/OXNARD CA
205 AM PDT SAT AUG 29 2015


...................................

...THE SANDBERG CA CLIMATE SUMMARY FOR AUGUST 28 2015...

CLIMATE NORMAL PERIOD 1981 TO 2010
CLIMATE RECORD PERIOD 1934 TO 2015


WEATHER ITEM   OBSERVED TIME   RECORD YEAR NORMAL DEPARTURE LAST
                VALUE   (LST)  VALUE       VALUE  FROM      YEAR
                                                  NORMAL
..................................................................
TEMPERATURE (F)
 YESTERDAY
  MAXIMUM         96    215 PM  97    2008  83     13       95
  MINIMUM         74    542 AM  45    1947  63     11       70
  AVERAGE         85                        73     12       83

PRECIPITATION (IN)
  YESTERDAY        0.00          0.03 1972   0.01  -0.01     0.00
  MONTH TO DATE    0.00                      0.03  -0.03     0.16
  SINCE OCT 1      8.65                     12.16  -3.51     4.45
  SINCE JAN 1      3.75                      8.53  -4.78     3.75

DEGREE DAYS
 HEATING
  YESTERDAY        0                         1     -1        0
  MONTH TO DATE    0                         2     -2        0
  SINCE JUN 1     29                        94    -65        7
  SINCE JUL 1     10                        10      0        0

 COOLING
  YESTERDAY       20                         9     11       18
  MONTH TO DATE  396                       268    128      317
  SINCE JUN 1    982                       686    296      987
  SINCE JAN 1   1095                       731    364     1137
..................................................................


WIND (MPH)
  HIGHEST WIND SPEED    25   HIGHEST WIND DIRECTION     N (340)
  HIGHEST GUST SPEED    32   HIGHEST GUST DIRECTION     N (340)
  AVERAGE WIND SPEED    12.1


SKY COVER
  POSSIBLE SUNSHINE  MM
  AVERAGE SKY COVER 0.0


WEATHER CONDITIONS
 THE FOLLOWING WEATHER WAS RECORDED YESTERDAY.
  NO SIGNIFICANT WEATHER WAS OBSERVED.


RELATIVE HUMIDITY (PERCENT)
 HIGHEST    33           400 AM
 LOWEST     14          1100 AM
 AVERAGE    24

..........................................................


THE SANDBERG CA CLIMATE NORMALS FOR TODAY
                         NORMAL    RECORD    YEAR
 MAXIMUM TEMPERATURE (F)   83        97      2007
 MINIMUM TEMPERATURE (F)   63        42      1942


SUNRISE AND SUNSET
AUGUST 29 2015........SUNRISE   626 AM PDT   SUNSET   726 PM PDT
AUGUST 30 2015........SUNRISE   626 AM PDT   SUNSET   724 PM PDT


-  INDICATES NEGATIVE NUMBERS.
R  INDICATES RECORD WAS SET OR TIED.
MM INDICATES DATA IS MISSING.
T  INDICATES TRACE AMOUNT.




$$
