000
CDUS46 KLOX 220904
CLISDB


CLIMATE REPORT
NATIONAL WEATHER SERVICE LOS ANGELES/OXNARD CA
104 AM PST WED FEB 22 2017


...................................

...THE SANDBERG CA CLIMATE SUMMARY FOR FEBRUARY 21 2017...

CLIMATE NORMAL PERIOD 1981 TO 2010
CLIMATE RECORD PERIOD 1934 TO 2017


WEATHER ITEM   OBSERVED TIME   RECORD YEAR NORMAL DEPARTURE LAST
                VALUE   (LST)  VALUE       VALUE  FROM      YEAR
                                                  NORMAL
..................................................................
TEMPERATURE (F)
 YESTERDAY
  MAXIMUM         50    243 PM  69    1965  50      0       65
  MINIMUM         42   1159 PM  22    1975  38      4       47
  AVERAGE         46                        44      2       56

PRECIPITATION (IN)
  YESTERDAY        0.00          2.90 2005   0.14  -0.14     0.00
  MONTH TO DATE    5.20                      2.30   2.90     0.29
  SINCE OCT 1     12.27                      8.34   3.93     5.00
  SINCE JAN 1      8.43                      4.71   3.72     3.30

DEGREE DAYS
 HEATING
  YESTERDAY       19                        21     -2        9
  MONTH TO DATE  323                       453   -130      265
  SINCE DEC 1   1621                      1839   -218     1581
  SINCE JUL 1   2070                      2618   -548     2197

 COOLING
  YESTERDAY        0                         0      0        0
  MONTH TO DATE    0                         0      0        0
  SINCE DEC 1      0                         0      0        0
  SINCE JAN 1      0                         0      0        0
..................................................................


WIND (MPH)
  HIGHEST WIND SPEED    23   HIGHEST WIND DIRECTION     S (180)
  HIGHEST GUST SPEED    30   HIGHEST GUST DIRECTION     S (190)
  AVERAGE WIND SPEED    12.5


SKY COVER
  POSSIBLE SUNSHINE  MM
  AVERAGE SKY COVER 1.0


WEATHER CONDITIONS
 THE FOLLOWING WEATHER WAS RECORDED YESTERDAY.
  FOG
  FOG W/VISIBILITY <= 1/4 MILE


RELATIVE HUMIDITY (PERCENT)
 HIGHEST   100           200 AM
 LOWEST     89          1100 PM
 AVERAGE    95

..........................................................


THE SANDBERG CA CLIMATE NORMALS FOR TODAY
                         NORMAL    RECORD    YEAR
 MAXIMUM TEMPERATURE (F)   50        70      2014
 MINIMUM TEMPERATURE (F)   38        23      1975


SUNRISE AND SUNSET
FEBRUARY 22 2017......SUNRISE   632 AM PST   SUNSET   545 PM PST
FEBRUARY 23 2017......SUNRISE   631 AM PST   SUNSET   546 PM PST


-  INDICATES NEGATIVE NUMBERS.
R  INDICATES RECORD WAS SET OR TIED.
MM INDICATES DATA IS MISSING.
T  INDICATES TRACE AMOUNT.




$$
