000
CDUS46 KLOX 240908
CLISDB


CLIMATE REPORT
NATIONAL WEATHER SERVICE LOS ANGELES/OXNARD CA
108 AM PST WED JAN 24 2018


...................................

...THE SANDBERG CA CLIMATE SUMMARY FOR JANUARY 23 2018...

CLIMATE NORMAL PERIOD 1981 TO 2010
CLIMATE RECORD PERIOD 1934 TO 2018


WEATHER ITEM   OBSERVED TIME   RECORD YEAR NORMAL DEPARTURE LAST
                VALUE   (LST)  VALUE       VALUE  FROM      YEAR
                                                  NORMAL
..................................................................
TEMPERATURE (F)
 YESTERDAY
  MAXIMUM         56    226 PM  67    1948  49      7       39
  MINIMUM         39    437 AM   9    1937  37      2       31
  AVERAGE         48                        43      5       35

PRECIPITATION (IN)
  YESTERDAY        0.00          1.36 1995   0.06  -0.06     0.18
  MONTH TO DATE    3.07                      2.00   1.07     3.23
  SINCE OCT 1      3.12                      5.63  -2.51     7.07
  SINCE JAN 1      3.07                      2.00   1.07     3.23

DEGREE DAYS
 HEATING
  YESTERDAY       17                        22     -5       30
  MONTH TO DATE  277                       509   -232      518
  SINCE DEC 1    622                      1211   -589     1133
  SINCE JUL 1    980                      1990  -1010     1582

 COOLING
  YESTERDAY        0                         0      0        0
  MONTH TO DATE    0                         0      0        0
  SINCE DEC 1      0                         0      0        0
  SINCE JAN 1      0                         0      0        0
..................................................................


WIND (MPH)
  HIGHEST WIND SPEED    24   HIGHEST WIND DIRECTION     E (70)
  HIGHEST GUST SPEED    31   HIGHEST GUST DIRECTION     E (70)
  AVERAGE WIND SPEED    15.2


SKY COVER
  POSSIBLE SUNSHINE  MM
  AVERAGE SKY COVER 0.0


WEATHER CONDITIONS
 THE FOLLOWING WEATHER WAS RECORDED YESTERDAY.
  NO SIGNIFICANT WEATHER WAS OBSERVED.


RELATIVE HUMIDITY (PERCENT)
 HIGHEST    79           100 AM
 LOWEST     24          1200 PM
 AVERAGE    52

..........................................................


THE SANDBERG CA CLIMATE NORMALS FOR TODAY
                         NORMAL    RECORD    YEAR
 MAXIMUM TEMPERATURE (F)   49        69      1948
 MINIMUM TEMPERATURE (F)   37        18      1949


SUNRISE AND SUNSET
JANUARY 24 2018.......SUNRISE   658 AM PST   SUNSET   516 PM PST
JANUARY 25 2018.......SUNRISE   658 AM PST   SUNSET   517 PM PST


-  INDICATES NEGATIVE NUMBERS.
R  INDICATES RECORD WAS SET OR TIED.
MM INDICATES DATA IS MISSING.
T  INDICATES TRACE AMOUNT.




$$
