000
CDUS46 KLOX 230901
CLISDB


CLIMATE REPORT
NATIONAL WEATHER SERVICE LOS ANGELES/OXNARD CA
200 AM PDT MON OCT 23 2017


...................................

...THE SANDBERG CA CLIMATE SUMMARY FOR OCTOBER 22 2017...

CLIMATE NORMAL PERIOD 1981 TO 2010
CLIMATE RECORD PERIOD 1934 TO 2017


WEATHER ITEM   OBSERVED TIME   RECORD YEAR NORMAL DEPARTURE LAST
                VALUE   (LST)  VALUE       VALUE  FROM      YEAR
                                                  NORMAL
..................................................................
TEMPERATURE (F)
 YESTERDAY
  MAXIMUM         76    249 PM  84    2003  65     11       78
  MINIMUM         57    210 AM  35    1985  50      7       59
  AVERAGE         67                        57     10       69

PRECIPITATION (IN)
  YESTERDAY        0.00          0.59 1987   0.03  -0.03     0.00
  MONTH TO DATE    T                         0.38  -0.38     0.01
  SINCE OCT 1      T                         0.38  -0.38     0.01
  SINCE JAN 1     10.05                      9.08   0.97     5.24

DEGREE DAYS
 HEATING
  YESTERDAY        0                         8     -8        0
  MONTH TO DATE   66                       135    -69       76
  SINCE SEP 1    117                       196    -79      109
  SINCE JUL 1    118                       213    -95      109

 COOLING
  YESTERDAY        2                         1      1        4
  MONTH TO DATE   51                        44      7       53
  SINCE SEP 1    254                       233     21      293
  SINCE JAN 1   1726                       990    736     1637
..................................................................


WIND (MPH)
  HIGHEST WIND SPEED    28   HIGHEST WIND DIRECTION     E (80)
  HIGHEST GUST SPEED    35   HIGHEST GUST DIRECTION     E (70)
  AVERAGE WIND SPEED    16.1


SKY COVER
  POSSIBLE SUNSHINE  MM
  AVERAGE SKY COVER 0.0


WEATHER CONDITIONS
 THE FOLLOWING WEATHER WAS RECORDED YESTERDAY.
  NO SIGNIFICANT WEATHER WAS OBSERVED.


RELATIVE HUMIDITY (PERCENT)
 HIGHEST    32          1200 AM
 LOWEST     14          1100 AM
 AVERAGE    23

..........................................................


THE SANDBERG CA CLIMATE NORMALS FOR TODAY
                         NORMAL    RECORD    YEAR
 MAXIMUM TEMPERATURE (F)   65        84      1959
 MINIMUM TEMPERATURE (F)   49        31      1975


SUNRISE AND SUNSET
OCTOBER 23 2017.......SUNRISE   708 AM PDT   SUNSET   610 PM PDT
OCTOBER 24 2017.......SUNRISE   709 AM PDT   SUNSET   609 PM PDT


-  INDICATES NEGATIVE NUMBERS.
R  INDICATES RECORD WAS SET OR TIED.
MM INDICATES DATA IS MISSING.
T  INDICATES TRACE AMOUNT.




$$
