000
CDUS43 KLMK 160626
CLISDF


CLIMATE REPORT
NATIONAL WEATHER SERVICE LOUISVILLE KY
226 AM EDT TUE SEP 16 2014


...................................

...THE LOUISVILLE KY CLIMATE SUMMARY FOR SEPTEMBER 15 2014...

CLIMATE NORMAL PERIOD 1981 TO 2010
CLIMATE RECORD PERIOD 1871 TO 2014


WEATHER ITEM   OBSERVED TIME   RECORD YEAR NORMAL DEPARTURE LAST
                VALUE   (LST)  VALUE       VALUE  FROM      YEAR
                                                  NORMAL
..................................................................
TEMPERATURE (F)
 YESTERDAY
  MAXIMUM         76    141 PM  99    1897  82     -6       81
  MINIMUM         53    652 AM  44    1902  61     -8       52
  AVERAGE         65                        71     -6       67

PRECIPITATION (IN)
  YESTERDAY        T             2.04 1881   0.11  -0.11     0.00
  MONTH TO DATE    3.31                      1.49   1.82     0.80
  SINCE SEP 1      3.31                      1.49   1.82     0.80
  SINCE JAN 1     34.48                     32.71   1.77    32.61

SNOWFALL (IN)
  YESTERDAY        0.0          MM      MM   0.0    0.0      0.0
  MONTH TO DATE    0.0                       0.0    0.0      0.0
  SINCE SEP 1      0.0                       0.0    0.0      0.0
  SINCE JUL 1      0.0                       0.0    0.0      0.0
  SNOW DEPTH       0

DEGREE DAYS
 HEATING
  YESTERDAY        0                         1     -1        0
  MONTH TO DATE    5                         1      4        2
  SINCE SEP 1      5                         1      4        2
  SINCE JUL 1      5                         1      4        2

 COOLING
  YESTERDAY        0                         7     -7        2
  MONTH TO DATE  138                       138      0      164
  SINCE SEP 1    138                       138      0      164
  SINCE JAN 1   1530                      1495     35     1504
..................................................................


WIND (MPH)
  HIGHEST WIND SPEED    15   HIGHEST WIND DIRECTION    NE (30)
  HIGHEST GUST SPEED    18   HIGHEST GUST DIRECTION     N (20)
  AVERAGE WIND SPEED     4.1


SKY COVER
  POSSIBLE SUNSHINE  MM
  AVERAGE SKY COVER 0.6


WEATHER CONDITIONS
 THE FOLLOWING WEATHER WAS RECORDED YESTERDAY.
  LIGHT RAIN


RELATIVE HUMIDITY (PERCENT)
 HIGHEST    93           600 AM
 LOWEST     46           200 PM
 AVERAGE    70

..........................................................


THE LOUISVILLE KY CLIMATE NORMALS FOR TODAY
                         NORMAL    RECORD    YEAR
 MAXIMUM TEMPERATURE (F)   82        96      1954
                                             1897
 MINIMUM TEMPERATURE (F)   61        44      1916


SUNRISE AND SUNSET
SEPTEMBER 16 2014.....SUNRISE   725 AM EDT   SUNSET   749 PM EDT
SEPTEMBER 17 2014.....SUNRISE   726 AM EDT   SUNSET   748 PM EDT


-  INDICATES NEGATIVE NUMBERS.
R  INDICATES RECORD WAS SET OR TIED.
MM INDICATES DATA IS MISSING.
T  INDICATES TRACE AMOUNT.




$$
