000
CDUS43 KLMK 270629
CLISDF


CLIMATE REPORT
NATIONAL WEATHER SERVICE LOUISVILLE KY
128 AM EST SAT DEC 27 2014


...................................

...THE LOUISVILLE KY CLIMATE SUMMARY FOR DECEMBER 26 2014...

CLIMATE NORMAL PERIOD 1981 TO 2010
CLIMATE RECORD PERIOD 1871 TO 2014


WEATHER ITEM   OBSERVED TIME   RECORD YEAR NORMAL DEPARTURE LAST
                VALUE   (LST)  VALUE       VALUE  FROM      YEAR
                                                  NORMAL
..................................................................
TEMPERATURE (F)
 YESTERDAY
  MAXIMUM         57    401 PM  70    1942  43     14       44
  MINIMUM         32    314 AM   4    1983  28      4       30
                                      1924
                                      1903
  AVERAGE         45                        36      9       37

PRECIPITATION (IN)
  YESTERDAY        0.00          2.38 1895   0.12  -0.12     0.00
  MONTH TO DATE    3.29                      3.24   0.05     4.90
  SINCE DEC 1      3.29                      3.24   0.05     4.90
  SINCE JAN 1     42.99                     44.32  -1.33    53.07

SNOWFALL (IN)
  YESTERDAY        0.0           8.2  1894   0.1   -0.1      0.0
  MONTH TO DATE    T                         2.0   -2.0      5.3
  SINCE DEC 1      T                         2.0   -2.0      5.3
  SINCE JUL 1      3.7                       2.2    1.5      5.8
  SNOW DEPTH       0

DEGREE DAYS
 HEATING
  YESTERDAY       20                        29     -9       28
  MONTH TO DATE  598                       693    -95      668
  SINCE DEC 1    598                       693    -95      668
  SINCE JUL 1   1484                      1428     56     1498

 COOLING
  YESTERDAY        0                         0      0        0
  MONTH TO DATE    0                         0      0        0
  SINCE DEC 1      0                         0      0        0
  SINCE JAN 1   1626                      1613     13     1628
..................................................................


WIND (MPH)
  HIGHEST WIND SPEED    16   HIGHEST WIND DIRECTION     S (190)
  HIGHEST GUST SPEED    20   HIGHEST GUST DIRECTION     S (200)
  AVERAGE WIND SPEED     7.8


SKY COVER
  POSSIBLE SUNSHINE  MM
  AVERAGE SKY COVER 0.5


WEATHER CONDITIONS
 THE FOLLOWING WEATHER WAS RECORDED YESTERDAY.
  NO SIGNIFICANT WEATHER WAS OBSERVED.


RELATIVE HUMIDITY (PERCENT)
 HIGHEST    89           100 AM
 LOWEST     43           300 PM
 AVERAGE    66

..........................................................


THE LOUISVILLE KY CLIMATE NORMALS FOR TODAY
                         NORMAL    RECORD    YEAR
 MAXIMUM TEMPERATURE (F)   43        71      2008
 MINIMUM TEMPERATURE (F)   28        -2      1925


SUNRISE AND SUNSET
DECEMBER 27 2014......SUNRISE   758 AM EST   SUNSET   530 PM EST
DECEMBER 28 2014......SUNRISE   759 AM EST   SUNSET   531 PM EST


-  INDICATES NEGATIVE NUMBERS.
R  INDICATES RECORD WAS SET OR TIED.
MM INDICATES DATA IS MISSING.
T  INDICATES TRACE AMOUNT.




$$
