000
CDUS43 KLMK 250627
CLISDF


CLIMATE REPORT
NATIONAL WEATHER SERVICE LOUISVILLE KY
227 AM EDT SAT OCT 25 2014


...................................

...THE LOUISVILLE KY CLIMATE SUMMARY FOR OCTOBER 24 2014...

CLIMATE NORMAL PERIOD 1981 TO 2010
CLIMATE RECORD PERIOD 1871 TO 2014


WEATHER ITEM   OBSERVED TIME   RECORD YEAR NORMAL DEPARTURE LAST
                VALUE   (LST)  VALUE       VALUE  FROM      YEAR
                                                  NORMAL
..................................................................
TEMPERATURE (F)
 YESTERDAY
  MAXIMUM         68    157 PM  82    2010  67      1       48
                                      2000
                                      1975
  MINIMUM         42    719 AM  24    1981  47     -5       34
  AVERAGE         55                        57     -2       41

PRECIPITATION (IN)
  YESTERDAY        0.00          1.63 1926   0.09  -0.09      T
  MONTH TO DATE    3.22                      2.50   0.72     7.86
  SINCE SEP 1      6.53                      5.55   0.98    10.56
  SINCE JAN 1     37.70                     36.77   0.93    42.37

SNOWFALL (IN)
  YESTERDAY        0.0           T    2013   0.0    0.0       T
                                      1929
  MONTH TO DATE    0.0                       0.1   -0.1       T
  SINCE SEP 1      0.0                       0.1   -0.1       T
  SINCE JUL 1      0.0                       0.1   -0.1       T
  SNOW DEPTH       0

DEGREE DAYS
 HEATING
  YESTERDAY       10                         9      1       24
  MONTH TO DATE  137                       143     -6      142
  SINCE SEP 1    150                       173    -23      148
  SINCE JUL 1    150                       173    -23      148

 COOLING
  YESTERDAY        0                         1     -1        0
  MONTH TO DATE   25                        39    -14       53
  SINCE SEP 1    228                       249    -21      288
  SINCE JAN 1   1620                      1606     14     1628
..................................................................


WIND (MPH)
  HIGHEST WIND SPEED    14   HIGHEST WIND DIRECTION    SW (240)
  HIGHEST GUST SPEED    17   HIGHEST GUST DIRECTION    SW (210)
  AVERAGE WIND SPEED     6.1


SKY COVER
  POSSIBLE SUNSHINE  MM
  AVERAGE SKY COVER 0.5


WEATHER CONDITIONS
 THE FOLLOWING WEATHER WAS RECORDED YESTERDAY.
  FOG
  HAZE


RELATIVE HUMIDITY (PERCENT)
 HIGHEST    93           200 AM
 LOWEST     39           200 PM
 AVERAGE    66

..........................................................


THE LOUISVILLE KY CLIMATE NORMALS FOR TODAY
                         NORMAL    RECORD    YEAR
 MAXIMUM TEMPERATURE (F)   67        84      1902
 MINIMUM TEMPERATURE (F)   46        28      1960


SUNRISE AND SUNSET
OCTOBER 25 2014.......SUNRISE   802 AM EDT   SUNSET   652 PM EDT
OCTOBER 26 2014.......SUNRISE   803 AM EDT   SUNSET   651 PM EDT


-  INDICATES NEGATIVE NUMBERS.
R  INDICATES RECORD WAS SET OR TIED.
MM INDICATES DATA IS MISSING.
T  INDICATES TRACE AMOUNT.




$$
