000
CDUS43 KLMK 230626
CLISDF


CLIMATE REPORT
NATIONAL WEATHER SERVICE LOUISVILLE KY
126 AM EST FRI FEB 23 2018


...................................

...THE LOUISVILLE KY CLIMATE SUMMARY FOR FEBRUARY 22 2018...

CLIMATE NORMAL PERIOD 1981 TO 2010
CLIMATE RECORD PERIOD 1871 TO 2018


WEATHER ITEM   OBSERVED TIME   RECORD YEAR NORMAL DEPARTURE LAST
                VALUE   (LST)  VALUE       VALUE  FROM      YEAR
                                                  NORMAL
..................................................................
TEMPERATURE (F)
 YESTERDAY
  MAXIMUM         51    532 PM  73    2017  50      1       73
  MINIMUM         43    946 AM  -2    1963  32     11       57
  AVERAGE         47                        41      6       65

PRECIPITATION (IN)
  YESTERDAY        1.51R         1.45 1994   0.12   1.39      T
  MONTH TO DATE    5.72                      2.49   3.23     0.71
  SINCE DEC 1     10.21                      9.56   0.65    10.22
  SINCE JAN 1      7.48                      5.73   1.75     4.92

SNOWFALL (IN)
  YESTERDAY        0.0           1.1  1914   0.2   -0.2      0.0
  MONTH TO DATE    0.8                       3.8   -3.0       T
  SINCE DEC 1      6.0                      10.1   -4.1      2.7
  SINCE JUL 1      6.0                      10.3   -4.3      2.7
  SNOW DEPTH       0

DEGREE DAYS
 HEATING
  YESTERDAY       18                        24     -6        0
  MONTH TO DATE  506                       592    -86      378
  SINCE DEC 1   2362                      2366     -4     1930
  SINCE JUL 1   3028                      3101    -73     2397

 COOLING
  YESTERDAY        0                         0      0        0
  MONTH TO DATE   12                         0     12        0
  SINCE DEC 1     12                         1     11        1
  SINCE JAN 1     12                         0     12        0
..................................................................


WIND (MPH)
  HIGHEST WIND SPEED    16   HIGHEST WIND DIRECTION    NE (30)
  HIGHEST GUST SPEED    23   HIGHEST GUST DIRECTION    NE (30)
  AVERAGE WIND SPEED     7.0


SKY COVER
  POSSIBLE SUNSHINE  MM
  AVERAGE SKY COVER 1.0


WEATHER CONDITIONS
 THE FOLLOWING WEATHER WAS RECORDED YESTERDAY.
  HEAVY RAIN
  RAIN
  LIGHT RAIN
  FOG


RELATIVE HUMIDITY (PERCENT)
 HIGHEST    93          1200 AM
 LOWEST     80           300 PM
 AVERAGE    87

..........................................................


THE LOUISVILLE KY CLIMATE NORMALS FOR TODAY
                         NORMAL    RECORD    YEAR
 MAXIMUM TEMPERATURE (F)   50        76      1996
 MINIMUM TEMPERATURE (F)   32         5      1963


SUNRISE AND SUNSET
FEBRUARY 23 2018......SUNRISE   723 AM EST   SUNSET   630 PM EST
FEBRUARY 24 2018......SUNRISE   722 AM EST   SUNSET   631 PM EST


-  INDICATES NEGATIVE NUMBERS.
R  INDICATES RECORD WAS SET OR TIED.
MM INDICATES DATA IS MISSING.
T  INDICATES TRACE AMOUNT.




$$
