000
CDUS46 KSEW 010123
CLISEW


CLIMATE REPORT
NATIONAL WEATHER SERVICE SEATTLE WA
623 PM PDT SUN APR 30 2017


...................................

...THE SEATTLE WA WFO CLIMATE SUMMARY FOR APRIL 30 2017...
VALID TODAY AS OF 0600 PM LOCAL TIME.

CLIMATE NORMAL PERIOD 1981 TO 2010
CLIMATE RECORD PERIOD 1986 TO 2017


WEATHER ITEM   OBSERVED TIME   RECORD YEAR     LAST
                VALUE   (LST)  VALUE           YEAR
....................................................
TEMPERATURE (F)
 TODAY
  MAXIMUM         57        MM  81    2004    66
  MINIMUM         46        MM  36    2006    43
  AVERAGE         52                          55

PRECIPITATION (IN)
  TODAY            0.07          0.78 1987     0.00
  MONTH TO DATE    4.05                        1.57
  SINCE OCT 1     44.12                       38.45
  SINCE JAN 1     22.40                       18.05

SNOWFALL (IN)
  TODAY            0.0                         0.0
  MONTH TO DATE    0.0                         0.0
  SINCE OCT 1      3.6                          T
  SINCE JUL 1      3.6                          T
  SNOW DEPTH       0

DEGREE DAYS
 HEATING
  TODAY           13                          10
  MONTH TO DATE  418                         260
  SINCE MAR 1    983                         737
  SINCE JUL 1   4063                        3542

 COOLING
  TODAY            0                           0
  MONTH TO DATE    0                           6
  SINCE MAR 1      0                           6
  SINCE JAN 1      0                           6
....................................................


WIND (MPH)
  HIGHEST WIND SPEED    MM   HIGHEST WIND DIRECTION    MM
  HIGHEST GUST SPEED    MM   HIGHEST GUST DIRECTION    MM
  AVERAGE WIND SPEED    MM



WEATHER CONDITIONS
 THE FOLLOWING WEATHER WAS RECORDED TODAY.
  LIGHT RAIN






-  INDICATES NEGATIVE NUMBERS.
R  INDICATES RECORD WAS SET OR TIED.
MM INDICATES DATA IS MISSING.
T  INDICATES TRACE AMOUNT.




$$
