827
CDUS46 KMTR 290841
CLISFD


CLIMATE REPORT
NATIONAL WEATHER SERVICE SAN FRANCISCO BAY AREA
141 AM PDT SUN MAY 29 2016


...................................

...THE SAN FRANCISCO DWTN CA CLIMATE SUMMARY FOR MAY 28 2016...

CLIMATE NORMAL PERIOD 1981 TO 2010
CLIMATE RECORD PERIOD 1850 TO 2016


WEATHER ITEM   OBSERVED TIME   RECORD YEAR NORMAL DEPARTURE LAST
                VALUE   (LST)  VALUE       VALUE  FROM      YEAR
                                                  NORMAL
..................................................................
TEMPERATURE (F)
 YESTERDAY
  MAXIMUM         72    143 PM  97    1887  65      7       59
  MINIMUM         55    543 AM  47    1893  52      3       50
  AVERAGE         64                        58      6       55

PRECIPITATION (IN)
  YESTERDAY        0.00          0.59 1998   0.02  -0.02     0.00
  MONTH TO DATE    0.15                      0.66  -0.51     0.09
  SINCE OCT 1     23.06                     23.18  -0.12    17.43
  SINCE JAN 1     16.45                     14.34   2.11     2.98

DEGREE DAYS
 HEATING
  YESTERDAY        1                        MM     MM       10
  MONTH TO DATE  172                        MM     MM      247
  SINCE MAR 1    596                        MM     MM      644
  SINCE JUL 1   1921                        MM     MM     1718

 COOLING
  YESTERDAY        0                        MM     MM        0
  MONTH TO DATE    4                         0      4        0
  SINCE MAR 1     23                         0     23       14
  SINCE JAN 1     26                         0     26       14
..................................................................







THE SAN FRANCISCO DWTN CA CLIMATE NORMALS FOR TODAY
                         NORMAL    RECORD    YEAR
 MAXIMUM TEMPERATURE (F)   65        93      1975
 MINIMUM TEMPERATURE (F)   52        46      1893


SUNRISE AND SUNSET
MAY 29 2016...........SUNRISE   550 AM PDT   SUNSET   824 PM PDT
MAY 30 2016...........SUNRISE   550 AM PDT   SUNSET   825 PM PDT


-  INDICATES NEGATIVE NUMBERS.
R  INDICATES RECORD WAS SET OR TIED.
MM INDICATES DATA IS MISSING.
T  INDICATES TRACE AMOUNT.




$$
