000
CDUS46 KMTR 270836
CLISFD


CLIMATE REPORT
NATIONAL WEATHER SERVICE SAN FRANCISCO BAY AREA
1235 AM PST TUE JAN 27 2015


...................................

...THE SAN FRANCISCO DWTN CA CLIMATE SUMMARY FOR JANUARY 26 2015...

CLIMATE NORMAL PERIOD 1981 TO 2010
CLIMATE RECORD PERIOD 1850 TO 2015


WEATHER ITEM   OBSERVED TIME   RECORD YEAR NORMAL DEPARTURE LAST
                VALUE   (LST)  VALUE       VALUE  FROM      YEAR
                                                  NORMAL
..................................................................
TEMPERATURE (F)
 YESTERDAY
  MAXIMUM         64    243 PM  78    1899  58      6       70
  MINIMUM         49    843 AM  36    1949  46      3       49
  AVERAGE         57                        52      5       60

PRECIPITATION (IN)
  YESTERDAY        0.00          1.09 1967   0.14  -0.14     0.00
  MONTH TO DATE    0.00                      3.75  -3.75     0.03
  SINCE JUL 1     15.09                     12.86   2.23     2.11
  SINCE JAN 1      0.00                      3.75  -3.75     0.03

DEGREE DAYS
 HEATING
  YESTERDAY        8                        MM     MM        5
  MONTH TO DATE  265                        MM     MM      208
  SINCE DEC 1    529                        MM     MM      610
  SINCE JUL 1    898                        MM     MM     1323

 COOLING
  YESTERDAY        0                        MM     MM        0
  MONTH TO DATE    0                         0      0        0
  SINCE DEC 1      0                         0      0        0
  SINCE JAN 1      0                         0      0        0
..................................................................







THE SAN FRANCISCO DWTN CA CLIMATE NORMALS FOR TODAY
                         NORMAL    RECORD    YEAR
 MAXIMUM TEMPERATURE (F)   58        75      1899
 MINIMUM TEMPERATURE (F)   46        37      1898


SUNRISE AND SUNSET
JANUARY 27 2015.......SUNRISE   718 AM PST   SUNSET   528 PM PST
JANUARY 28 2015.......SUNRISE   717 AM PST   SUNSET   529 PM PST


-  INDICATES NEGATIVE NUMBERS.
R  INDICATES RECORD WAS SET OR TIED.
MM INDICATES DATA IS MISSING.
T  INDICATES TRACE AMOUNT.




$$
