000
CDUS46 KMTR 280826
CLISFD


CLIMATE REPORT
NATIONAL WEATHER SERVICE SAN FRANCISCO BAY AREA
1226 AM PST SUN DEC 28 2014


...................................

...THE SAN FRANCISCO DWTN CA CLIMATE SUMMARY FOR DECEMBER 27 2014...

CLIMATE NORMAL PERIOD 1981 TO 2010
CLIMATE RECORD PERIOD 1850 TO 2014


WEATHER ITEM   OBSERVED TIME   RECORD YEAR NORMAL DEPARTURE LAST
                VALUE   (LST)  VALUE       VALUE  FROM      YEAR
                                                  NORMAL
..................................................................
TEMPERATURE (F)
 YESTERDAY
  MAXIMUM         55    243 PM  71    1953  56     -1       61
  MINIMUM         45    743 AM  36    1879  45      0       47
  AVERAGE         50                        51     -1       54

PRECIPITATION (IN)
  YESTERDAY        0.00          3.11 1945   0.15  -0.15     0.00
  MONTH TO DATE   11.70                      3.97   7.73     0.39
  SINCE JUL 1     15.09                      8.52   6.57     2.08
  SINCE JAN 1     25.55                     23.06   2.49     5.59

DEGREE DAYS
 HEATING
  YESTERDAY       15                        MM     MM       11
  MONTH TO DATE  205                        MM     MM      360
  SINCE DEC 1    205                        MM     MM      360
  SINCE JUL 1    574                        MM     MM     1073

 COOLING
  YESTERDAY        0                        MM     MM        0
  MONTH TO DATE    0                         0      0        0
  SINCE DEC 1      0                         0      0        0
  SINCE JAN 1    163                         0    163       71
..................................................................







THE SAN FRANCISCO DWTN CA CLIMATE NORMALS FOR TODAY
                         NORMAL    RECORD    YEAR
 MAXIMUM TEMPERATURE (F)   56        73      1967
 MINIMUM TEMPERATURE (F)   45        37      1899


SUNRISE AND SUNSET
DECEMBER 28 2014......SUNRISE   724 AM PST   SUNSET   459 PM PST
DECEMBER 29 2014......SUNRISE   725 AM PST   SUNSET   459 PM PST


-  INDICATES NEGATIVE NUMBERS.
R  INDICATES RECORD WAS SET OR TIED.
MM INDICATES DATA IS MISSING.
T  INDICATES TRACE AMOUNT.




$$
