879
CDUS46 KMTR 040837
CLISFD


CLIMATE REPORT
NATIONAL WEATHER SERVICE SAN FRANCISCO BAY AREA
137 AM PDT WED MAY 4 2016


...................................

...THE SAN FRANCISCO DWTN CA CLIMATE SUMMARY FOR MAY 3 2016...

CLIMATE NORMAL PERIOD 1981 TO 2010
CLIMATE RECORD PERIOD 1850 TO 2016


WEATHER ITEM   OBSERVED TIME   RECORD YEAR NORMAL DEPARTURE LAST
                VALUE   (LST)  VALUE       VALUE  FROM      YEAR
                                                  NORMAL
..................................................................
TEMPERATURE (F)
 YESTERDAY
  MAXIMUM         62   1043 AM  79    2013  64     -2       60
                                      1935
  MINIMUM         52    143 AM  44    1950  50      2       51
  AVERAGE         57                        57      0       56

PRECIPITATION (IN)
  YESTERDAY        0.00          0.62 1860   0.03  -0.03     0.00
  MONTH TO DATE    0.00                      0.10  -0.10     0.00
  SINCE OCT 1     22.91                     22.62   0.29    17.34
  SINCE JAN 1     16.30                     13.78   2.52     2.89

DEGREE DAYS
 HEATING
  YESTERDAY        8                        MM     MM        9
  MONTH TO DATE   16                        MM     MM       21
  SINCE MAR 1    440                        MM     MM      418
  SINCE JUL 1   1765                        MM     MM     1492

 COOLING
  YESTERDAY        0                        MM     MM        0
  MONTH TO DATE    1                         0      1        0
  SINCE MAR 1     20                         0     20       14
  SINCE JAN 1     23                         0     23       14
..................................................................







THE SAN FRANCISCO DWTN CA CLIMATE NORMALS FOR TODAY
                         NORMAL    RECORD    YEAR
 MAXIMUM TEMPERATURE (F)   64        84      1935
 MINIMUM TEMPERATURE (F)   50        45      1952


SUNRISE AND SUNSET
MAY  4 2016...........SUNRISE   610 AM PDT   SUNSET   803 PM PDT
MAY  5 2016...........SUNRISE   609 AM PDT   SUNSET   804 PM PDT


-  INDICATES NEGATIVE NUMBERS.
R  INDICATES RECORD WAS SET OR TIED.
MM INDICATES DATA IS MISSING.
T  INDICATES TRACE AMOUNT.




$$
