000
CDUS46 KMTR 240035
CLISFD


CLIMATE REPORT
NATIONAL WEATHER SERVICE SAN FRANCISCO BAY AREA
534 PM PDT SAT SEP 23 2017


...................................

...THE SAN FRANCISCO DWTN CA CLIMATE SUMMARY FOR SEPTEMBER 23 2017...
VALID TODAY AS OF 0500 PM LOCAL TIME.

CLIMATE NORMAL PERIOD 1981 TO 2010
CLIMATE RECORD PERIOD 1850 TO 2017


WEATHER ITEM   OBSERVED TIME   RECORD YEAR NORMAL DEPARTURE LAST
                VALUE   (LST)  VALUE       VALUE  FROM      YEAR
                                                  NORMAL
..................................................................
TEMPERATURE (F)
 TODAY
  MAXIMUM         74    143 PM  97    1997  70      4       72
  MINIMUM         55    543 AM  48    1899  55      0       54
  AVERAGE         65                        63      2       63

PRECIPITATION (IN)
  TODAY            0.00          3.09 1904   0.01  -0.01     0.00
  MONTH TO DATE    0.10                      0.13  -0.03     0.00
  SINCE OCT 1     32.44                     23.57   8.87    23.10
  SINCE JAN 1     23.41                     14.73   8.68    16.49

DEGREE DAYS
 HEATING
  TODAY            0                        MM     MM        2
  MONTH TO DATE   24                        MM     MM       94
  SINCE SEP 1     24                        MM     MM       94
  SINCE JUL 1    246                        MM     MM      402

 COOLING
  TODAY            0                        MM     MM        0
  MONTH TO DATE  102                         0    102       17
  SINCE SEP 1    102                         0    102       17
  SINCE JAN 1    141                         0    141       48
..................................................................







THE SAN FRANCISCO DWTN CA CLIMATE NORMALS FOR TOMORROW
                         NORMAL    RECORD    YEAR
 MAXIMUM TEMPERATURE (F)   70        95      1997
 MINIMUM TEMPERATURE (F)   55        50      1899


SUNRISE AND SUNSET
SEPTEMBER 23 2017.....SUNRISE   659 AM PDT   SUNSET   705 PM PDT
SEPTEMBER 24 2017.....SUNRISE   700 AM PDT   SUNSET   703 PM PDT


-  INDICATES NEGATIVE NUMBERS.
R  INDICATES RECORD WAS SET OR TIED.
MM INDICATES DATA IS MISSING.
T  INDICATES TRACE AMOUNT.




$$
