000
CDUS46 KOTX 020823
CLISFF


CLIMATE REPORT
NATIONAL WEATHER SERVICE SPOKANE, WA
1222 AM PST FRI DEC 2 2016


...................................

...THE SPOKANE WA FELTS AIRPORT CLIMATE SUMMARY FOR DECEMBER 1 2016...

CLIMATE NORMAL PERIOD 1981 TO 2010
CLIMATE RECORD PERIOD 9999 TO 9999


WEATHER ITEM   OBSERVED TIME   RECORD YEAR NORMAL DEPARTURE LAST
                VALUE   (LST)  VALUE       VALUE  FROM      YEAR
                                                  NORMAL
..................................................................
TEMPERATURE (F)
 YESTERDAY
  MAXIMUM         38    105 AM  MM      MM  38      0       30
  MINIMUM         32   1159 PM  MM      MM  27      5       23
  AVERAGE         35                        32      3       27

PRECIPITATION (IN)
  YESTERDAY        0.08         MM      MM   0.09  -0.01      T
  MONTH TO DATE    0.08                      0.09  -0.01      T
  SINCE OCT 1      7.88                      3.73   4.15     2.02
  SINCE JAN 1     19.05                     15.31   3.74    11.15

SNOWFALL (IN)
  YESTERDAY       MM

DEGREE DAYS
 HEATING
  YESTERDAY       30                        33     -3       38
  MONTH TO DATE   30                        33     -3       38
  SINCE DEC 1     30                        33     -3       38
  SINCE JUL 1   1219                      1607   -388     1295

 COOLING
  YESTERDAY        0                         0      0        0
  MONTH TO DATE    0                         0      0        0
  SINCE DEC 1      0                         0      0        0
  SINCE JAN 1    480                       406     74      842
..................................................................


WIND (MPH)
  HIGHEST WIND SPEED    13   HIGHEST WIND DIRECTION    SW (230)
  HIGHEST GUST SPEED    16   HIGHEST GUST DIRECTION    SW (240)
  AVERAGE WIND SPEED     4.9


SKY COVER
  POSSIBLE SUNSHINE  MM
  AVERAGE SKY COVER 0.9


WEATHER CONDITIONS
 THE FOLLOWING WEATHER WAS RECORDED YESTERDAY.
  LIGHT RAIN
  LIGHT SNOW
  FOG


RELATIVE HUMIDITY (PERCENT)
 HIGHEST    96           900 PM
 LOWEST     82           300 PM
 AVERAGE    89

..........................................................


THE SPOKANE WA FELTS AIRPORT CLIMATE NORMALS FOR TODAY
                         NORMAL    RECORD    YEAR
 MAXIMUM TEMPERATURE (F)   37        MM        MM
 MINIMUM TEMPERATURE (F)   26        MM        MM


SUNRISE AND SUNSET
DECEMBER  2 2016......SUNRISE   719 AM PST   SUNSET   359 PM PST
DECEMBER  3 2016......SUNRISE   720 AM PST   SUNSET   359 PM PST


-  INDICATES NEGATIVE NUMBERS.
R  INDICATES RECORD WAS SET OR TIED.
MM INDICATES DATA IS MISSING.
T  INDICATES TRACE AMOUNT.




$$
