000
CDUS46 KOTX 210825
CLISFF


CLIMATE REPORT
NATIONAL WEATHER SERVICE SPOKANE, WA
120 AM PDT MON JUL 21 2014


...................................

...THE SPOKANE WA FELTS AIRPORT CLIMATE SUMMARY FOR JULY 20 2014...

CLIMATE NORMAL PERIOD 1981 TO 2010
CLIMATE RECORD PERIOD 9999 TO 9999


WEATHER ITEM   OBSERVED TIME   RECORD YEAR NORMAL DEPARTURE LAST
                VALUE   (LST)  VALUE       VALUE  FROM      YEAR
                                                  NORMAL
..................................................................
TEMPERATURE (F)
 YESTERDAY
  MAXIMUM         84    423 PM   MM    MM   87     -3       96
  MINIMUM         63    325 AM   MM    MM   55      8       58
  AVERAGE         74                        71      3       77

PRECIPITATION (IN)
  YESTERDAY        0.00          MM    MM   0.02  -0.02     0.00
  MONTH TO DATE    0.37                     0.64  -0.27      T
  SINCE OCT 1     12.85                    16.06  -3.21    14.60
  SINCE JAN 1     10.57                     9.86   0.71     7.96

SNOWFALL (IN)
  YESTERDAY       MM             MM    MM    MM     MM       MM
  MONTH TO DATE   MM                         MM     MM       MM
  SINCE JUN 1     MM                         MM     MM       MM
  SINCE JUL 1     MM                         MM     MM       MM
  SNOW DEPTH      MM

DEGREE DAYS
 HEATING
  YESTERDAY        0                         0      0        0
  MONTH TO DATE    0                        18    -18        0
  SINCE JUN 1     79                       136    -57      105
  SINCE JUL 1      0                        18    -18        0

 COOLING
  YESTERDAY        9                         6      3       12
  MONTH TO DATE  241                        97    144      170
  SINCE JUN 1    256                       137    119      227
  SINCE JAN 1    261                       144    117      253
..................................................................


WIND (MPH)
  HIGHEST WIND SPEED    21   HIGHEST WIND DIRECTION    SW (220)
  HIGHEST GUST SPEED    26   HIGHEST GUST DIRECTION     S (200)
  AVERAGE WIND SPEED     7.7


SKY COVER
  POSSIBLE SUNSHINE  MM
  AVERAGE SKY COVER 0.4


WEATHER CONDITIONS
 THE FOLLOWING WEATHER WAS RECORDED YESTERDAY.
  HAZE


RELATIVE HUMIDITY (PERCENT)
 HIGHEST    67           300 AM
 LOWEST     20           500 PM
 AVERAGE    44

..........................................................


THE SPOKANE WA FELTS AIRPORT CLIMATE NORMALS FOR TODAY
                         NORMAL    RECORD    YEAR
 MAXIMUM TEMPERATURE (F)   87        MM        MM
 MINIMUM TEMPERATURE (F)   55        MM        MM


SUNRISE AND SUNSET
JULY 21 2014..........SUNRISE   513 AM PDT   SUNSET   837 PM PDT
JULY 22 2014..........SUNRISE   515 AM PDT   SUNSET   836 PM PDT


-  INDICATES NEGATIVE NUMBERS.
R  INDICATES RECORD WAS SET OR TIED.
MM INDICATES DATA IS MISSING.
T  INDICATES TRACE AMOUNT.

$$
