000
CDUS46 KOTX 030833
CLISFF


CLIMATE REPORT
NATIONAL WEATHER SERVICE SPOKANE, WA
133 AM PDT WED JUN 3 2015


...................................

...THE SPOKANE WA FELTS AIRPORT CLIMATE SUMMARY FOR JUNE 2 2015...

CLIMATE NORMAL PERIOD 1981 TO 2010
CLIMATE RECORD PERIOD 9999 TO 9999


WEATHER ITEM   OBSERVED TIME   RECORD YEAR NORMAL DEPARTURE LAST
                VALUE   (LST)  VALUE       VALUE  FROM      YEAR
                                                  NORMAL
..................................................................
TEMPERATURE (F)
 YESTERDAY
  MAXIMUM         69    316 PM  MM      MM  71     -2       85
  MINIMUM         56   1159 PM  MM      MM  48      8       49
  AVERAGE         63                        59      4       67

PRECIPITATION (IN)
  YESTERDAY        T            MM      MM   0.07  -0.07     0.27
  MONTH TO DATE    0.31                      0.14   0.17     0.27
  SINCE OCT 1     12.69                     14.19  -1.50    10.11
  SINCE JAN 1      7.96                      7.99  -0.03     7.83

SNOWFALL (IN)
  YESTERDAY       MM

DEGREE DAYS
 HEATING
  YESTERDAY        2                         6     -4        0
  MONTH TO DATE    2                        13    -11        0
  SINCE JUN 1      2                        13    -11        0
  SINCE JUL 1   5035                      6188  -1153     6131

 COOLING
  YESTERDAY        0                         1     -1        2
  MONTH TO DATE    5                         2      3        2
  SINCE JUN 1      5                         2      3        2
  SINCE JAN 1     43                         9     34        7
..................................................................


WIND (MPH)
  HIGHEST WIND SPEED    21   HIGHEST WIND DIRECTION    SW (210)
  HIGHEST GUST SPEED    25   HIGHEST GUST DIRECTION    SW (220)
  AVERAGE WIND SPEED     8.3


SKY COVER
  POSSIBLE SUNSHINE  MM
  AVERAGE SKY COVER 0.8


WEATHER CONDITIONS
 THE FOLLOWING WEATHER WAS RECORDED YESTERDAY.
  LIGHT RAIN


RELATIVE HUMIDITY (PERCENT)
 HIGHEST    80           700 PM
 LOWEST     39           500 PM
 AVERAGE    60

..........................................................


THE SPOKANE WA FELTS AIRPORT CLIMATE NORMALS FOR TODAY
                         NORMAL    RECORD    YEAR
 MAXIMUM TEMPERATURE (F)   71        MM        MM
 MINIMUM TEMPERATURE (F)   48        MM        MM


SUNRISE AND SUNSET
JUNE  3 2015..........SUNRISE   454 AM PDT   SUNSET   841 PM PDT
JUNE  4 2015..........SUNRISE   454 AM PDT   SUNSET   842 PM PDT


-  INDICATES NEGATIVE NUMBERS.
R  INDICATES RECORD WAS SET OR TIED.
MM INDICATES DATA IS MISSING.
T  INDICATES TRACE AMOUNT.




$$
