000
CDUS43 KSGF 270651
CLISGF


CLIMATE REPORT
NATIONAL WEATHER SERVICE SPRINGFIELD MO
149 AM CDT SAT MAY 27 2017


...................................

...THE SPRINGFIELD MO CLIMATE SUMMARY FOR MAY 26 2017...

CLIMATE NORMAL PERIOD 1981 TO 2010
CLIMATE RECORD PERIOD 1888 TO 2017


WEATHER ITEM   OBSERVED TIME   RECORD YEAR NORMAL DEPARTURE LAST
                VALUE   (LST)  VALUE       VALUE  FROM      YEAR
                                                  NORMAL
..................................................................
TEMPERATURE (F)
 YESTERDAY
  MAXIMUM         83    323 PM  93    2012  78      5       88
  MINIMUM         67    613 AM  38    1901  58      9       68
  AVERAGE         75                        68      7       78

PRECIPITATION (IN)
  YESTERDAY        0.00          2.61 1953   0.15  -0.15     0.00
  MONTH TO DATE    5.74                      4.35   1.39     4.50
  SINCE MAR 1     22.56                     12.29  10.27     9.94
  SINCE JAN 1     27.02                     17.28   9.74    11.22

SNOWFALL (IN)
  YESTERDAY        0.0
  MONTH TO DATE    0.0
  SINCE MAR 1      0.1
  SINCE JUL 1      1.8
  SNOW DEPTH       0

DEGREE DAYS
 HEATING
  YESTERDAY        0                         2     -2        0
  MONTH TO DATE   75                        89    -14      129
  SINCE MAR 1    666                       970   -304      716
  SINCE JUL 1   3355                      4563  -1208     3629

 COOLING
  YESTERDAY       10                         4      6       13
  MONTH TO DATE   73                        65      8       58
  SINCE MAR 1    114                        90     24       85
  SINCE JAN 1    123                        90     33       85
..................................................................


WIND (MPH)
  HIGHEST WIND SPEED    21   HIGHEST WIND DIRECTION     S (170)
  HIGHEST GUST SPEED    26   HIGHEST GUST DIRECTION    SE (140)
  AVERAGE WIND SPEED    10.3


SKY COVER
  AVERAGE SKY COVER 0.5


WEATHER CONDITIONS
 THE FOLLOWING WEATHER WAS RECORDED YESTERDAY.
  NO SIGNIFICANT WEATHER WAS OBSERVED.


RELATIVE HUMIDITY (PERCENT)
 HIGHEST    87          1100 PM
 LOWEST     65           500 PM
 AVERAGE    76

..........................................................


THE SPRINGFIELD MO CLIMATE NORMALS FOR TODAY
                         NORMAL    RECORD    YEAR
 MAXIMUM TEMPERATURE (F)   78        91      2012
 MINIMUM TEMPERATURE (F)   58        37      1961


SUNRISE AND SUNSET
MAY 27 2017...........SUNRISE   557 AM CDT   SUNSET   825 PM CDT
MAY 28 2017...........SUNRISE   556 AM CDT   SUNSET   826 PM CDT


-  INDICATES NEGATIVE NUMBERS.
R  INDICATES RECORD WAS SET OR TIED.
MM INDICATES DATA IS MISSING.
T  INDICATES TRACE AMOUNT.




$$
