000
CDUS43 KSGF 280628
CLISGF


CLIMATE REPORT
NATIONAL WEATHER SERVICE SPRINGFIELD MO
128 AM CDT WED SEP 28 2016


...................................

...THE SPRINGFIELD MO CLIMATE SUMMARY FOR SEPTEMBER 27 2016...

CLIMATE NORMAL PERIOD 1981 TO 2010
CLIMATE RECORD PERIOD 1888 TO 2016


WEATHER ITEM   OBSERVED TIME   RECORD YEAR NORMAL DEPARTURE LAST
                VALUE   (LST)  VALUE       VALUE  FROM      YEAR
                                                  NORMAL
..................................................................
TEMPERATURE (F)
 YESTERDAY
  MAXIMUM         80    409 PM  91    1953  75      5       74
                                      1897
  MINIMUM         48    628 AM  30    1942  53     -5       62
  AVERAGE         64                        64      0       68

PRECIPITATION (IN)
  YESTERDAY        0.00          1.78 1936   0.16  -0.16     0.00
  MONTH TO DATE    3.89                      4.18  -0.29     4.05
  SINCE SEP 1      3.89                      4.18  -0.29     4.05
  SINCE JAN 1     29.51                     34.29  -4.78    39.57

SNOWFALL (IN)
  YESTERDAY        0.0
  MONTH TO DATE    0.0
  SINCE SEP 1      0.0
  SINCE JUL 1      0.0
  SNOW DEPTH       0

DEGREE DAYS
 HEATING
  YESTERDAY        1                         4     -3        0
  MONTH TO DATE    4                        40    -36        9
  SINCE SEP 1      4                        40    -36        9
  SINCE JUL 1      4                        42    -38       12

 COOLING
  YESTERDAY        0                         3     -3        3
  MONTH TO DATE  266                       164    102      240
  SINCE SEP 1    266                       164    102      240
  SINCE JAN 1   1698                      1350    348     1509
..................................................................


WIND (MPH)
  HIGHEST WIND SPEED    16   HIGHEST WIND DIRECTION     W (250)
  HIGHEST GUST SPEED    23   HIGHEST GUST DIRECTION     W (280)
  AVERAGE WIND SPEED     7.3


SKY COVER
  AVERAGE SKY COVER 0.0


WEATHER CONDITIONS
 THE FOLLOWING WEATHER WAS RECORDED YESTERDAY.
  NO SIGNIFICANT WEATHER WAS OBSERVED.


RELATIVE HUMIDITY (PERCENT)
 HIGHEST    86           200 AM
 LOWEST     26           200 PM
 AVERAGE    56

..........................................................


THE SPRINGFIELD MO CLIMATE NORMALS FOR TODAY
                         NORMAL    RECORD    YEAR
 MAXIMUM TEMPERATURE (F)   75       101      1953
 MINIMUM TEMPERATURE (F)   52        35      1967


SUNRISE AND SUNSET
SEPTEMBER 28 2016.....SUNRISE   707 AM CDT   SUNSET   700 PM CDT
SEPTEMBER 29 2016.....SUNRISE   708 AM CDT   SUNSET   659 PM CDT


-  INDICATES NEGATIVE NUMBERS.
R  INDICATES RECORD WAS SET OR TIED.
MM INDICATES DATA IS MISSING.
T  INDICATES TRACE AMOUNT.




$$
