000
CDUS43 KSGF 050631
CLISGF


CLIMATE REPORT
NATIONAL WEATHER SERVICE SPRINGFIELD MO
131 AM CDT THU MAY 5 2016


...................................

...THE SPRINGFIELD MO CLIMATE SUMMARY FOR MAY 4 2016...

CLIMATE NORMAL PERIOD 1981 TO 2010
CLIMATE RECORD PERIOD 1888 TO 2016


WEATHER ITEM   OBSERVED TIME   RECORD YEAR NORMAL DEPARTURE LAST
                VALUE   (LST)  VALUE       VALUE  FROM      YEAR
                                                  NORMAL
..................................................................
TEMPERATURE (F)
 YESTERDAY
  MAXIMUM         71    328 PM  91    2014  72     -1       83
  MINIMUM         49   1154 PM  31    1907  51     -2       61
  AVERAGE         60                        61     -1       72

PRECIPITATION (IN)
  YESTERDAY        0.00          2.45 1999   0.18  -0.18      T
  MONTH TO DATE    T                         0.71  -0.71      T
  SINCE MAR 1      5.44                      8.65  -3.21     6.57
  SINCE JAN 1      6.72                     13.64  -6.92     9.17

SNOWFALL (IN)
  YESTERDAY        0.0
  MONTH TO DATE    0.0
  SINCE MAR 1      T
  SINCE JUL 1      3.0
  SNOW DEPTH       0

DEGREE DAYS
 HEATING
  YESTERDAY        5                         5      0        0
  MONTH TO DATE   39                        21     18        8
  SINCE MAR 1    626                       902   -276      773
  SINCE JUL 1   3539                      4495   -956     4480

 COOLING
  YESTERDAY        0                         1     -1        7
  MONTH TO DATE    0                         4     -4       11
  SINCE MAR 1     27                        29     -2       33
  SINCE JAN 1     27                        29     -2       33
..................................................................


WIND (MPH)
  HIGHEST WIND SPEED    26   HIGHEST WIND DIRECTION     N (340)
  HIGHEST GUST SPEED    32   HIGHEST GUST DIRECTION     N (340)
  AVERAGE WIND SPEED    12.7


SKY COVER
  AVERAGE SKY COVER 0.0


WEATHER CONDITIONS
 THE FOLLOWING WEATHER WAS RECORDED YESTERDAY.
  NO SIGNIFICANT WEATHER WAS OBSERVED.


RELATIVE HUMIDITY (PERCENT)
 HIGHEST    71           100 AM
 LOWEST     28          1200 PM
 AVERAGE    50

..........................................................


THE SPRINGFIELD MO CLIMATE NORMALS FOR TODAY
                         NORMAL    RECORD    YEAR
 MAXIMUM TEMPERATURE (F)   73        91      2014
 MINIMUM TEMPERATURE (F)   51        33      1979


SUNRISE AND SUNSET
MAY  5 2016...........SUNRISE   614 AM CDT   SUNSET   807 PM CDT
MAY  6 2016...........SUNRISE   613 AM CDT   SUNSET   808 PM CDT


-  INDICATES NEGATIVE NUMBERS.
R  INDICATES RECORD WAS SET OR TIED.
MM INDICATES DATA IS MISSING.
T  INDICATES TRACE AMOUNT.




$$
