000
CDUS45 KBYZ 190724
CLISHR


CLIMATE REPORT
NATIONAL WEATHER SERVICE BILLINGS MT
1224 AM MST SUN NOV 19 2017


...................................

...THE SHERIDAN WY CLIMATE SUMMARY FOR NOVEMBER 18 2017...

CLIMATE NORMAL PERIOD 1981 TO 2010
CLIMATE RECORD PERIOD 1907 TO 2017


WEATHER ITEM   OBSERVED TIME   RECORD YEAR NORMAL DEPARTURE LAST
                VALUE   (LST)  VALUE       VALUE  FROM      YEAR
                                                  NORMAL
..................................................................
TEMPERATURE (F)
 YESTERDAY
  MAXIMUM         44    256 PM  74    2008  45     -1       30
  MINIMUM         21   1154 PM  -3    1978  18      3        6
  AVERAGE         33                        31      2       18

PRECIPITATION (IN)
  YESTERDAY        0.00          0.49 1953   0.02  -0.02     0.00
  MONTH TO DATE    1.26                      0.45   0.81     1.16
  SINCE OCT 1      1.60                      1.86  -0.26     2.61
  SINCE JAN 1     17.38                     13.34   4.04    15.83

DEGREE DAYS
 HEATING
  YESTERDAY       32                        34     -2       47
  MONTH TO DATE  598                       531     67      340
  SINCE SEP 1   1477                      1377    100     1025
  SINCE JUL 1   1501                      1439     62     1068

 COOLING
  YESTERDAY        0                         0      0        0
  MONTH TO DATE    0                         0      0        0
  SINCE SEP 1     52                        29     23       30
  SINCE JAN 1    481                       419     62      549
..................................................................


WIND (MPH)
  HIGHEST WIND SPEED    16   HIGHEST WIND DIRECTION     W (280)
  HIGHEST GUST SPEED    19   HIGHEST GUST DIRECTION     W (280)
  AVERAGE WIND SPEED     5.5


SKY COVER
  POSSIBLE SUNSHINE  MM
  AVERAGE SKY COVER 0.0


WEATHER CONDITIONS
 THE FOLLOWING WEATHER WAS RECORDED YESTERDAY.
  NO SIGNIFICANT WEATHER WAS OBSERVED.


RELATIVE HUMIDITY (PERCENT)
 HIGHEST    88           800 PM
 LOWEST     27           100 PM
 AVERAGE    58

..........................................................


THE SHERIDAN WY CLIMATE NORMALS FOR TODAY
                         NORMAL    RECORD    YEAR
 MAXIMUM TEMPERATURE (F)   44        73      1936
 MINIMUM TEMPERATURE (F)   18       -12      1978


SUNRISE AND SUNSET
NOVEMBER 19 2017......SUNRISE   711 AM MST   SUNSET   436 PM MST
NOVEMBER 20 2017......SUNRISE   712 AM MST   SUNSET   435 PM MST


-  INDICATES NEGATIVE NUMBERS.
R  INDICATES RECORD WAS SET OR TIED.
MM INDICATES DATA IS MISSING.
T  INDICATES TRACE AMOUNT.




$$
