000
CDUS45 KBYZ 020933
CLISHR


CLIMATE REPORT
NATIONAL WEATHER SERVICE BILLINGS MT
332 AM MDT TUE JUN 2 2015


...................................

...THE SHERIDAN WY CLIMATE SUMMARY FOR JUNE 1 2015...

CLIMATE NORMAL PERIOD 1981 TO 2010
CLIMATE RECORD PERIOD 1907 TO 2015


WEATHER ITEM   OBSERVED TIME   RECORD YEAR NORMAL DEPARTURE LAST
                VALUE   (LST)  VALUE       VALUE  FROM      YEAR
                                                  NORMAL
..................................................................
TEMPERATURE (F)
 YESTERDAY
  MAXIMUM         82    321 PM  89    1934  71     11       64
  MINIMUM         51    358 AM  29    1917  43      8       41
  AVERAGE         67                        57     10       53

PRECIPITATION (IN)
  YESTERDAY        0.10          1.66 1936   0.09   0.01     0.03
  MONTH TO DATE    0.10                      0.09   0.01     0.03
  SINCE OCT 1     11.47                      8.80   2.67    10.60
  SINCE JAN 1      9.08                      6.12   2.96     6.84

DEGREE DAYS
 HEATING
  YESTERDAY        0                         8     -8       12
  MONTH TO DATE    0                         8     -8       12
  SINCE JUN 1      0                         8     -8       12
  SINCE JUL 1   7001                      7502   -501     7734

 COOLING
  YESTERDAY        2                         0      2        0
  MONTH TO DATE    2                         0      2        0
  SINCE JUN 1      2                         0      2        0
  SINCE JAN 1      2                         4     -2        8
..................................................................


WIND (MPH)
  HIGHEST WIND SPEED    39   HIGHEST WIND DIRECTION     W (280)
  HIGHEST GUST SPEED    46   HIGHEST GUST DIRECTION     W (270)
  AVERAGE WIND SPEED     7.4


SKY COVER
  POSSIBLE SUNSHINE  MM
  AVERAGE SKY COVER 0.1


WEATHER CONDITIONS
 THE FOLLOWING WEATHER WAS RECORDED YESTERDAY.
  THUNDERSTORM
  LIGHT RAIN


RELATIVE HUMIDITY (PERCENT)
 HIGHEST    89           200 AM
 LOWEST     45           300 PM
 AVERAGE    67

..........................................................


THE SHERIDAN WY CLIMATE NORMALS FOR TODAY
                         NORMAL    RECORD    YEAR
 MAXIMUM TEMPERATURE (F)   72        92      2006
 MINIMUM TEMPERATURE (F)   43        30      1951
                                             1919


SUNRISE AND SUNSET
JUNE  2 2015..........SUNRISE   525 AM MDT   SUNSET   847 PM MDT
JUNE  3 2015..........SUNRISE   524 AM MDT   SUNSET   848 PM MDT


-  INDICATES NEGATIVE NUMBERS.
R  INDICATES RECORD WAS SET OR TIED.
MM INDICATES DATA IS MISSING.
T  INDICATES TRACE AMOUNT.




$$
