236
CDUS45 KBYZ 201041
CLISHR


CLIMATE REPORT
NATIONAL WEATHER SERVICE BILLINGS MT
340 AM MST MON FEB 20 2017


...................................

...THE SHERIDAN WY CLIMATE SUMMARY FOR FEBRUARY 19 2017...

CLIMATE NORMAL PERIOD 1981 TO 2010
CLIMATE RECORD PERIOD 1907 TO 2017


WEATHER ITEM   OBSERVED TIME   RECORD YEAR NORMAL DEPARTURE LAST
                VALUE   (LST)  VALUE       VALUE  FROM      YEAR
                                                  NORMAL
..................................................................
TEMPERATURE (F)
 YESTERDAY
  MAXIMUM         48    210 PM  66    1981  40      8       59
  MINIMUM         29    649 AM -23    1929  15     14       30
  AVERAGE         39                        27     12       45

PRECIPITATION (IN)
  YESTERDAY        0.07          0.24 1983   0.02   0.05     0.00
  MONTH TO DATE    0.50                      0.36   0.14     0.88
  SINCE OCT 1      5.27                      3.60   1.67     3.59
  SINCE JAN 1      1.54                      0.92   0.62     1.44

DEGREE DAYS
 HEATING
  YESTERDAY       26                        38    -12       20
  MONTH TO DATE  699                       747    -48      539
  SINCE DEC 1   3743                      3329    414     2922
  SINCE JUL 1   5220                      5207     13     4474

 COOLING
  YESTERDAY        0                         0      0        0
  MONTH TO DATE    0                         0      0        0
  SINCE DEC 1      0                         0      0        0
  SINCE JAN 1      0                         0      0        0
..................................................................


WIND (MPH)
  HIGHEST WIND SPEED    23   HIGHEST WIND DIRECTION    SW (230)
  HIGHEST GUST SPEED    28   HIGHEST GUST DIRECTION    SW (240)
  AVERAGE WIND SPEED     8.0


SKY COVER
  POSSIBLE SUNSHINE  MM
  AVERAGE SKY COVER 0.3


WEATHER CONDITIONS
 THE FOLLOWING WEATHER WAS RECORDED YESTERDAY.
  RAIN
  LIGHT RAIN


RELATIVE HUMIDITY (PERCENT)
 HIGHEST    89           900 AM
 LOWEST     58          1200 PM
 AVERAGE    74

..........................................................


THE SHERIDAN WY CLIMATE NORMALS FOR TODAY
                         NORMAL    RECORD    YEAR
 MAXIMUM TEMPERATURE (F)   40        68      1982
 MINIMUM TEMPERATURE (F)   15       -19      1918


SUNRISE AND SUNSET
FEBRUARY 20 2017......SUNRISE   700 AM MST   SUNSET   544 PM MST
FEBRUARY 21 2017......SUNRISE   658 AM MST   SUNSET   545 PM MST


-  INDICATES NEGATIVE NUMBERS.
R  INDICATES RECORD WAS SET OR TIED.
MM INDICATES DATA IS MISSING.
T  INDICATES TRACE AMOUNT.




$$
