090
CDUS45 KBYZ 061033
CLISHR


CLIMATE REPORT
NATIONAL WEATHER SERVICE BILLINGS MT
332 AM MST TUE DEC 6 2016


...................................

...THE SHERIDAN WY CLIMATE SUMMARY FOR DECEMBER 5 2016...

CLIMATE NORMAL PERIOD 1981 TO 2010
CLIMATE RECORD PERIOD 1907 TO 2016


WEATHER ITEM   OBSERVED TIME   RECORD YEAR NORMAL DEPARTURE LAST
                VALUE   (LST)  VALUE       VALUE  FROM      YEAR
                                                  NORMAL
..................................................................
TEMPERATURE (F)
 YESTERDAY
  MAXIMUM         31    111 AM  77    1939  36     -5       48
  MINIMUM          2   1131 PM -30    1972  12    -10       20
  AVERAGE         17                        24     -7       34

PRECIPITATION (IN)
  YESTERDAY        0.08          0.26 1920   0.02   0.06     0.00
  MONTH TO DATE    0.09                      0.10  -0.01     0.00
  SINCE OCT 1      2.82                      2.22   0.60     1.91
  SINCE JAN 1     16.04                     13.70   2.34    15.65

DEGREE DAYS
 HEATING
  YESTERDAY       48                        41      7       31
  MONTH TO DATE  187                       202    -15      170
  SINCE DEC 1    187                       202    -15      170
  SINCE JUL 1   1664                      2080   -416     1722

 COOLING
  YESTERDAY        0                         0      0        0
  MONTH TO DATE    0                         0      0        0
  SINCE DEC 1      0                         0      0        0
  SINCE JAN 1    549                       419    130      479
..................................................................


WIND (MPH)
  HIGHEST WIND SPEED    32   HIGHEST WIND DIRECTION    NW (320)
  HIGHEST GUST SPEED    37   HIGHEST GUST DIRECTION    NW (320)
  AVERAGE WIND SPEED    15.5


SKY COVER
  POSSIBLE SUNSHINE  MM
  AVERAGE SKY COVER 0.7


WEATHER CONDITIONS
 THE FOLLOWING WEATHER WAS RECORDED YESTERDAY.
  HEAVY SNOW
  SNOW
  LIGHT SNOW
  FOG
  FOG W/VISIBILITY <= 1/4 MILE
  HAZE


RELATIVE HUMIDITY (PERCENT)
 HIGHEST    92          1200 AM
 LOWEST     61           800 PM
 AVERAGE    77

..........................................................


THE SHERIDAN WY CLIMATE NORMALS FOR TODAY
                         NORMAL    RECORD    YEAR
 MAXIMUM TEMPERATURE (F)   36        73      1939
 MINIMUM TEMPERATURE (F)   12       -28      1972


SUNRISE AND SUNSET
DECEMBER  6 2016......SUNRISE   731 AM MST   SUNSET   427 PM MST
DECEMBER  7 2016......SUNRISE   732 AM MST   SUNSET   427 PM MST


-  INDICATES NEGATIVE NUMBERS.
R  INDICATES RECORD WAS SET OR TIED.
MM INDICATES DATA IS MISSING.
T  INDICATES TRACE AMOUNT.




$$
