000
CDUS45 KBYZ 290933
CLISHR


CLIMATE REPORT
NATIONAL WEATHER SERVICE BILLINGS MT
331 AM MDT MON AUG 29 2016


...................................

...THE SHERIDAN WY CLIMATE SUMMARY FOR AUGUST 28 2016...

CLIMATE NORMAL PERIOD 1981 TO 2010
CLIMATE RECORD PERIOD 1907 TO 2016


WEATHER ITEM   OBSERVED TIME   RECORD YEAR NORMAL DEPARTURE LAST
                VALUE   (LST)  VALUE       VALUE  FROM      YEAR
                                                  NORMAL
..................................................................
TEMPERATURE (F)
 YESTERDAY
  MAXIMUM         91    334 PM 100    1924  83      8       91
  MINIMUM         47    531 AM  31    1911  49     -2       53
  AVERAGE         69                        66      3       72

PRECIPITATION (IN)
  YESTERDAY        0.00          0.45 1996   0.02  -0.02     0.00
  MONTH TO DATE    1.44                      0.63   0.81     0.59
  SINCE OCT 1     11.66                     12.64  -0.98    15.85
  SINCE JAN 1      9.51                      9.96  -0.45    13.46

DEGREE DAYS
 HEATING
  YESTERDAY        0                         2     -2        0
  MONTH TO DATE   37                        27     10       44
  SINCE JUN 1     59                       202   -143      108
  SINCE JUL 1     43                        53    -10       64

 COOLING
  YESTERDAY        4                         3      1        7
  MONTH TO DATE  133                       150    -17      162
  SINCE JUN 1    494                       378    116      388
  SINCE JAN 1    496                       382    114      388
..................................................................


WIND (MPH)
  HIGHEST WIND SPEED    13   HIGHEST WIND DIRECTION     N (10)
  HIGHEST GUST SPEED    15   HIGHEST GUST DIRECTION     N (10)
  AVERAGE WIND SPEED     2.7


SKY COVER
  POSSIBLE SUNSHINE  MM
  AVERAGE SKY COVER 0.0


WEATHER CONDITIONS
 THE FOLLOWING WEATHER WAS RECORDED YESTERDAY.
  NO SIGNIFICANT WEATHER WAS OBSERVED.


RELATIVE HUMIDITY (PERCENT)
 HIGHEST    71           100 AM
 LOWEST     13          1200 PM
 AVERAGE    42

..........................................................


THE SHERIDAN WY CLIMATE NORMALS FOR TODAY
                         NORMAL    RECORD    YEAR
 MAXIMUM TEMPERATURE (F)   83       102      2012
 MINIMUM TEMPERATURE (F)   48        32      1920


SUNRISE AND SUNSET
AUGUST 29 2016........SUNRISE   627 AM MDT   SUNSET   749 PM MDT
AUGUST 30 2016........SUNRISE   628 AM MDT   SUNSET   747 PM MDT


-  INDICATES NEGATIVE NUMBERS.
R  INDICATES RECORD WAS SET OR TIED.
MM INDICATES DATA IS MISSING.
T  INDICATES TRACE AMOUNT.




$$
