000
CDUS45 KBYZ 262324
CLISHR


CLIMATE REPORT
NATIONAL WEATHER SERVICE BILLINGS MT
423 PM MST WED NOV 26 2014


...................................

...THE SHERIDAN WY CLIMATE SUMMARY FOR NOVEMBER 26 2014...
VALID TODAY AS OF 0400 PM LOCAL TIME.

CLIMATE NORMAL PERIOD 1981 TO 2010
CLIMATE RECORD PERIOD 1907 TO 2014


WEATHER ITEM   OBSERVED TIME   RECORD YEAR NORMAL DEPARTURE LAST
                VALUE   (LST)  VALUE       VALUE  FROM      YEAR
                                                  NORMAL
..................................................................
TEMPERATURE (F)
 TODAY
  MAXIMUM         30    223 PM  71    1998  40    -10       44
  MINIMUM         27    942 AM -15    1985  15     12       20
  AVERAGE         29                        28      1       32

PRECIPITATION (IN)
  TODAY            0.13          0.32        0.02   0.11     0.00
  MONTH TO DATE    1.26                      0.63   0.63     0.17
  SINCE OCT 1      1.42                      2.04  -0.62     2.64
  SINCE JAN 1     14.12                     13.52   0.60    16.89

DEGREE DAYS
 HEATING
  TODAY           36                        37     -1       33
  MONTH TO DATE  955                       818    137      826
  SINCE SEP 1   1634                      1664    -30     1687
  SINCE JUL 1   1684                      1726    -42     1688

 COOLING
  TODAY            0                         0      0        0
  MONTH TO DATE    0                         0      0        0
  SINCE SEP 1     28                        29     -1       82
  SINCE JAN 1    346                       419    -73      592
..................................................................


WIND (MPH)
  HIGHEST WIND SPEED    18   HIGHEST WIND DIRECTION     W (280)
  HIGHEST GUST SPEED    20   HIGHEST GUST DIRECTION     W (280)
  AVERAGE WIND SPEED     5.0


SKY COVER
  POSSIBLE SUNSHINE  MM
  AVERAGE SKY COVER 1.0


WEATHER CONDITIONS
 THE FOLLOWING WEATHER WAS RECORDED TODAY.
  LIGHT SNOW
  FOG


RELATIVE HUMIDITY (PERCENT)
 HIGHEST    92           600 AM
 LOWEST     69           200 AM
 AVERAGE    81

..........................................................


THE SHERIDAN WY CLIMATE NORMALS FOR TOMORROW
                         NORMAL    RECORD    YEAR
 MAXIMUM TEMPERATURE (F)   40        70      1949
 MINIMUM TEMPERATURE (F)   15       -18      1976


SUNRISE AND SUNSET
NOVEMBER 26 2014......SUNRISE   719 AM MST   SUNSET   431 PM MST
NOVEMBER 27 2014......SUNRISE   720 AM MST   SUNSET   430 PM MST


-  INDICATES NEGATIVE NUMBERS.
R  INDICATES RECORD WAS SET OR TIED.
MM INDICATES DATA IS MISSING.
T  INDICATES TRACE AMOUNT.




$$
