792
CDUS45 KBYZ 160955
CLISHR


CLIMATE REPORT
NATIONAL WEATHER SERVICE BILLINGS MT
255 AM MST TUE JAN 16 2018


...................................

...THE SHERIDAN WY CLIMATE SUMMARY FOR JANUARY 15 2018...

CLIMATE NORMAL PERIOD 1981 TO 2010
CLIMATE RECORD PERIOD 1907 TO 2018


WEATHER ITEM   OBSERVED TIME   RECORD YEAR NORMAL DEPARTURE LAST
                VALUE   (LST)  VALUE       VALUE  FROM      YEAR
                                                  NORMAL
..................................................................
TEMPERATURE (F)
 YESTERDAY
  MAXIMUM         19   1240 AM  70    1974  36    -17       27
  MINIMUM        -15   1138 PM -25    1930  11    -26       -4
  AVERAGE          2                        24    -22       12

PRECIPITATION (IN)
  YESTERDAY        T             0.37 1995   0.02  -0.02     0.00
  MONTH TO DATE    0.42                      0.25   0.17     0.32
  SINCE OCT 1      3.41                      2.93   0.48     4.05
  SINCE JAN 1      0.42                      0.25   0.17     0.32

DEGREE DAYS
 HEATING
  YESTERDAY       63                        41     22       53
  MONTH TO DATE  651                       624     27      876
  SINCE DEC 1   1924                      1929     -5     2404
  SINCE JUL 1   3714                      3807    -93     3881

 COOLING
  YESTERDAY        0                         0      0        0
  MONTH TO DATE    0                         0      0        0
  SINCE DEC 1      0                         0      0        0
  SINCE JAN 1      0                         0      0        0
..................................................................


WIND (MPH)
  HIGHEST WIND SPEED    20   HIGHEST WIND DIRECTION     N (340)
  HIGHEST GUST SPEED    23   HIGHEST GUST DIRECTION    NW (330)
  AVERAGE WIND SPEED     3.3


SKY COVER
  POSSIBLE SUNSHINE  MM
  AVERAGE SKY COVER 0.3


WEATHER CONDITIONS
 THE FOLLOWING WEATHER WAS RECORDED YESTERDAY.
  LIGHT SNOW
  FOG
  HAZE


RELATIVE HUMIDITY (PERCENT)
 HIGHEST    96           500 AM
 LOWEST     69           200 PM
 AVERAGE    83

..........................................................


THE SHERIDAN WY CLIMATE NORMALS FOR TODAY
                         NORMAL    RECORD    YEAR
 MAXIMUM TEMPERATURE (F)   36        64      1974
 MINIMUM TEMPERATURE (F)   12       -35      1930


SUNRISE AND SUNSET
JANUARY 16 2018.......SUNRISE   741 AM MST   SUNSET   455 PM MST
JANUARY 17 2018.......SUNRISE   740 AM MST   SUNSET   456 PM MST


-  INDICATES NEGATIVE NUMBERS.
R  INDICATES RECORD WAS SET OR TIED.
MM INDICATES DATA IS MISSING.
T  INDICATES TRACE AMOUNT.




$$
