000
CDUS45 KBYZ 250932
CLISHR


CLIMATE REPORT
NATIONAL WEATHER SERVICE BILLINGS MT
331 AM MDT SUN SEP 25 2016


...................................

...THE SHERIDAN WY CLIMATE SUMMARY FOR SEPTEMBER 24 2016...

CLIMATE NORMAL PERIOD 1981 TO 2010
CLIMATE RECORD PERIOD 1907 TO 2016


WEATHER ITEM   OBSERVED TIME   RECORD YEAR NORMAL DEPARTURE LAST
                VALUE   (LST)  VALUE       VALUE  FROM      YEAR
                                                  NORMAL
..................................................................
TEMPERATURE (F)
 YESTERDAY
  MAXIMUM         51    752 PM  90    2015  70    -19       90
                                      2011
  MINIMUM         45   1202 PM  13    1984  38      7       43
                                      1926
  AVERAGE         48                        54     -6       67

PRECIPITATION (IN)
  YESTERDAY        2.19R         0.68 1927   0.06   2.13     0.00
  MONTH TO DATE    3.71                      1.11   2.60     0.27
  SINCE OCT 1     15.37                     13.84   1.53    16.13
  SINCE JAN 1     13.22                     11.16   2.06    13.74

DEGREE DAYS
 HEATING
  YESTERDAY       17                        11      6        0
  MONTH TO DATE  153                       165    -12       72
  SINCE SEP 1    153                       165    -12       72
  SINCE JUL 1    196                       227    -31      136

 COOLING
  YESTERDAY        0                         0      0        2
  MONTH TO DATE   30                        26      4       50
  SINCE SEP 1     30                        26      4       50
  SINCE JAN 1    549                       416    133      459
..................................................................


WIND (MPH)
  HIGHEST WIND SPEED    30   HIGHEST WIND DIRECTION     W (290)
  HIGHEST GUST SPEED    37   HIGHEST GUST DIRECTION    NW (320)
  AVERAGE WIND SPEED    12.4


SKY COVER
  POSSIBLE SUNSHINE  MM
  AVERAGE SKY COVER 0.9


WEATHER CONDITIONS
 THE FOLLOWING WEATHER WAS RECORDED YESTERDAY.
  HEAVY RAIN
  RAIN
  LIGHT RAIN
  FOG


RELATIVE HUMIDITY (PERCENT)
 HIGHEST    93           200 AM
 LOWEST     74           800 PM
 AVERAGE    84

..........................................................


THE SHERIDAN WY CLIMATE NORMALS FOR TODAY
                         NORMAL    RECORD    YEAR
 MAXIMUM TEMPERATURE (F)   69        94      2015
 MINIMUM TEMPERATURE (F)   38         6      1984


SUNRISE AND SUNSET
SEPTEMBER 25 2016.....SUNRISE   659 AM MDT   SUNSET   659 PM MDT
SEPTEMBER 26 2016.....SUNRISE   700 AM MDT   SUNSET   657 PM MDT


-  INDICATES NEGATIVE NUMBERS.
R  INDICATES RECORD WAS SET OR TIED.
MM INDICATES DATA IS MISSING.
T  INDICATES TRACE AMOUNT.




$$
