000
CDUS45 KBYZ 250938
CLISHR


CLIMATE REPORT
NATIONAL WEATHER SERVICE BILLINGS MT
337 AM MDT SAT OCT 25 2014


...................................

...THE SHERIDAN WY CLIMATE SUMMARY FOR OCTOBER 24 2014...

CLIMATE NORMAL PERIOD 1981 TO 2010
CLIMATE RECORD PERIOD 1907 TO 2014


WEATHER ITEM   OBSERVED TIME   RECORD YEAR NORMAL DEPARTURE LAST
                VALUE   (LST)  VALUE       VALUE  FROM      YEAR
                                                  NORMAL
..................................................................
TEMPERATURE (F)
 YESTERDAY
  MAXIMUM         69    235 PM  84    2007  57     12       59
  MINIMUM         33   1145 PM   7    1916  28      5       29
  AVERAGE         51                        43      8       44

PRECIPITATION (IN)
  YESTERDAY        0.00          0.48 1957   0.03  -0.03     0.00
  MONTH TO DATE    0.16                      1.18  -1.02     2.36
  SINCE OCT 1      0.16                      1.18  -1.02     2.36
  SINCE JAN 1     12.86                     12.66   0.20    16.61

SNOWFALL (IN)
  YESTERDAY       MM             5.0  1997   0.2   MM       MM
  MONTH TO DATE   MM                         4.1   MM       MM
  SINCE SEP 1     MM                         6.9   MM       MM
  SINCE JUL 1     MM                         6.9   MM       MM
  SNOW DEPTH      MM

DEGREE DAYS
 HEATING
  YESTERDAY       14                        22     -8       21
  MONTH TO DATE  311                       438   -127      538
  SINCE SEP 1    541                       679   -138      692
  SINCE JUL 1    591                       741   -150      693

 COOLING
  YESTERDAY        0                         0      0        0
  MONTH TO DATE    0                         0      0        0
  SINCE SEP 1     28                        28      0       82
  SINCE JAN 1    346                       418    -72      592
..................................................................


WIND (MPH)
  HIGHEST WIND SPEED    18   HIGHEST WIND DIRECTION     N (360)
  HIGHEST GUST SPEED    21   HIGHEST GUST DIRECTION     N (350)
  AVERAGE WIND SPEED     4.3


SKY COVER
  POSSIBLE SUNSHINE  MM
  AVERAGE SKY COVER 0.1


WEATHER CONDITIONS
 THE FOLLOWING WEATHER WAS RECORDED YESTERDAY.
  NO SIGNIFICANT WEATHER WAS OBSERVED.


RELATIVE HUMIDITY (PERCENT)
 HIGHEST    82           900 PM
 LOWEST     26           200 PM
 AVERAGE    54

..........................................................


THE SHERIDAN WY CLIMATE NORMALS FOR TODAY
                         NORMAL    RECORD    YEAR
 MAXIMUM TEMPERATURE (F)   57        81      1990
                                             1977
 MINIMUM TEMPERATURE (F)   28         8      1997
                                             1919


SUNRISE AND SUNSET
OCTOBER 25 2014.......SUNRISE   736 AM MDT   SUNSET   607 PM MDT
OCTOBER 26 2014.......SUNRISE   738 AM MDT   SUNSET   605 PM MDT


-  INDICATES NEGATIVE NUMBERS.
R  INDICATES RECORD WAS SET OR TIED.
MM INDICATES DATA IS MISSING.
T  INDICATES TRACE AMOUNT.




$$
