000
CDUS45 KBYZ 190923
CLISHR


CLIMATE REPORT
NATIONAL WEATHER SERVICE BILLINGS MT
322 AM MDT TUE SEP 19 2017


...................................

...THE SHERIDAN WY CLIMATE SUMMARY FOR SEPTEMBER 18 2017...

CLIMATE NORMAL PERIOD 1981 TO 2010
CLIMATE RECORD PERIOD 1907 TO 2017


WEATHER ITEM   OBSERVED TIME   RECORD YEAR NORMAL DEPARTURE LAST
                VALUE   (LST)  VALUE       VALUE  FROM      YEAR
                                                  NORMAL
..................................................................
TEMPERATURE (F)
 YESTERDAY
  MAXIMUM         78    342 PM  94    1984  73      5       82
                                      1914
  MINIMUM         35    543 AM  15    1965  41     -6       55
  AVERAGE         57                        57      0       69

PRECIPITATION (IN)
  YESTERDAY        0.00          0.92 1967   0.05  -0.05     0.03
  MONTH TO DATE    1.27                      0.77   0.50     0.84
  SINCE OCT 1     18.89                     13.50   5.39    12.50
  SINCE JAN 1     15.16                     10.82   4.34    10.35

DEGREE DAYS
 HEATING
  YESTERDAY        8                         9     -1        0
  MONTH TO DATE   98                       104     -6      104
  SINCE SEP 1     98                       104     -6      104
  SINCE JUL 1    122                       166    -44      147

 COOLING
  YESTERDAY        0                         1     -1        4
  MONTH TO DATE   52                        26     26       30
  SINCE SEP 1     52                        26     26       30
  SINCE JAN 1    481                       416     65      549
..................................................................


WIND (MPH)
  HIGHEST WIND SPEED    23   HIGHEST WIND DIRECTION    NW (330)
  HIGHEST GUST SPEED    29   HIGHEST GUST DIRECTION    NW (320)
  AVERAGE WIND SPEED     5.1


SKY COVER
  POSSIBLE SUNSHINE  MM
  AVERAGE SKY COVER 0.1


WEATHER CONDITIONS
 THE FOLLOWING WEATHER WAS RECORDED YESTERDAY.
  NO SIGNIFICANT WEATHER WAS OBSERVED.


RELATIVE HUMIDITY (PERCENT)
 HIGHEST    89           300 AM
 LOWEST     22           400 PM
 AVERAGE    56

..........................................................


THE SHERIDAN WY CLIMATE NORMALS FOR TODAY
                         NORMAL    RECORD    YEAR
 MAXIMUM TEMPERATURE (F)   72        95      1981
 MINIMUM TEMPERATURE (F)   40        24      1965


SUNRISE AND SUNSET
SEPTEMBER 19 2017.....SUNRISE   652 AM MDT   SUNSET   710 PM MDT
SEPTEMBER 20 2017.....SUNRISE   653 AM MDT   SUNSET   708 PM MDT


-  INDICATES NEGATIVE NUMBERS.
R  INDICATES RECORD WAS SET OR TIED.
MM INDICATES DATA IS MISSING.
T  INDICATES TRACE AMOUNT.




$$
