000
CDUS45 KBYZ 190932
CLISHR


CLIMATE REPORT
NATIONAL WEATHER SERVICE BILLINGS MT
331 AM MDT SAT APR 19 2014


...................................

...THE SHERIDAN WY CLIMATE SUMMARY FOR APRIL 18 2014...

CLIMATE NORMAL PERIOD 1981 TO 2010
CLIMATE RECORD PERIOD 1907 TO 2014


WEATHER ITEM   OBSERVED TIME   RECORD YEAR NORMAL DEPARTURE LAST
                VALUE   (LST)  VALUE       VALUE  FROM      YEAR
                                                  NORMAL
..................................................................
TEMPERATURE (F)
 YESTERDAY
  MAXIMUM         71   1159 AM  81    1946  58     13       48
  MINIMUM         34   1109 PM  13    2013  30      4       13
  AVERAGE         53                        44      9       31

PRECIPITATION (IN)
  YESTERDAY        0.00          1.08 1948   0.06  -0.06     0.00
  MONTH TO DATE    1.21                      0.82   0.39     0.99
  SINCE OCT 1      8.51                      5.58   2.93     5.55
  SINCE JAN 1      4.75                      2.90   1.85     3.01

SNOWFALL (IN)
  YESTERDAY       MM             3.4  1966   0.3   MM       MM
  MONTH TO DATE   MM                         6.3   MM       MM
  SINCE MAR 1     MM                        17.7   MM       MM
  SINCE JUL 1     MM                        66.8   MM       MM
  SNOW DEPTH      MM

DEGREE DAYS
 HEATING
  YESTERDAY       12                        21     -9       34
  MONTH TO DATE  422                       414      8      522
  SINCE MAR 1   1411                      1338     73     1478
  SINCE JUL 1   7161                      6873    288     6801

 COOLING
  YESTERDAY        0                         0      0        0
  MONTH TO DATE    0                         0      0        0
  SINCE MAR 1      0                         0      0        0
  SINCE JAN 1      0                         0      0        0
..................................................................


WIND (MPH)
  HIGHEST WIND SPEED    37   HIGHEST WIND DIRECTION    NW (330)
  HIGHEST GUST SPEED    45   HIGHEST GUST DIRECTION    NW (330)
  AVERAGE WIND SPEED     6.9


SKY COVER
  POSSIBLE SUNSHINE  MM
  AVERAGE SKY COVER 0.1


WEATHER CONDITIONS
 THE FOLLOWING WEATHER WAS RECORDED YESTERDAY.
  NO SIGNIFICANT WEATHER WAS OBSERVED.


RELATIVE HUMIDITY (PERCENT)
 HIGHEST    89           400 AM
 LOWEST     33          1200 PM
 AVERAGE    61

..........................................................


THE SHERIDAN WY CLIMATE NORMALS FOR TODAY
                         NORMAL    RECORD    YEAR
 MAXIMUM TEMPERATURE (F)   58        83      1962
 MINIMUM TEMPERATURE (F)   31         5      1966


SUNRISE AND SUNSET
APRIL 19 2014.........SUNRISE   617 AM MDT   SUNSET   758 PM MDT
APRIL 20 2014.........SUNRISE   615 AM MDT   SUNSET   759 PM MDT


-  INDICATES NEGATIVE NUMBERS.
R  INDICATES RECORD WAS SET OR TIED.
MM INDICATES DATA IS MISSING.
T  INDICATES TRACE AMOUNT.




$$
