000
CDUS44 KSHV 250834
CLISHV


CLIMATE REPORT
NATIONAL WEATHER SERVICE SHREVEPORT, LA
234 AM CST SAT FEB 25 2017


...................................

...THE SHREVEPORT CLIMATE SUMMARY FOR FEBRUARY 24 2017...

CLIMATE NORMAL PERIOD 1981 TO 2010
CLIMATE RECORD PERIOD 1874 TO 2017


WEATHER ITEM   OBSERVED TIME   RECORD YEAR NORMAL DEPARTURE LAST
                VALUE   (LST)  VALUE       VALUE  FROM      YEAR
                                                  NORMAL
..................................................................
TEMPERATURE (F)
 YESTERDAY
  MAXIMUM         80    134 PM  85    1918  64     16       58
  MINIMUM         54   1159 PM  21    1965  42     12       41
  AVERAGE         67                        53     14       50

PRECIPITATION (IN)
  YESTERDAY        0.00          1.82 1949   0.17  -0.17      T
  MONTH TO DATE    1.37                      4.12  -2.75     2.15
  SINCE DEC 1      7.07                     13.09  -6.02     7.91
  SINCE JAN 1      3.93                      8.32  -4.39     5.02

SNOWFALL (IN)
  YESTERDAY        0.0
  MONTH TO DATE    0.0
  SINCE DEC 1      0.0
  SINCE JUL 1      0.0
  SNOW DEPTH       0

DEGREE DAYS
 HEATING
  YESTERDAY        0                        13    -13       15
  MONTH TO DATE  134                       362   -228      247
  SINCE DEC 1    852                      1463   -611     1074
  SINCE JUL 1   1006                      1834   -828     1251

 COOLING
  YESTERDAY        2                         0      2        0
  MONTH TO DATE   38                         0     38       12
  SINCE DEC 1     85                        11     74       54
  SINCE JAN 1     60                         4     56       18
..................................................................


WIND (MPH)
  HIGHEST WIND SPEED    24   HIGHEST WIND DIRECTION    NW (330)
  HIGHEST GUST SPEED    33   HIGHEST GUST DIRECTION    NW (330)
  AVERAGE WIND SPEED    13.0


SKY COVER
  POSSIBLE SUNSHINE  MM
  AVERAGE SKY COVER 0.2


WEATHER CONDITIONS
 THE FOLLOWING WEATHER WAS RECORDED YESTERDAY.
  NO SIGNIFICANT WEATHER WAS OBSERVED.


RELATIVE HUMIDITY (PERCENT)
 HIGHEST    97           200 AM
 LOWEST     40          1000 PM
 AVERAGE    69

..........................................................


THE SHREVEPORT CLIMATE NORMALS FOR TODAY
                         NORMAL    RECORD    YEAR
 MAXIMUM TEMPERATURE (F)   64        89      1977
                                             1918
 MINIMUM TEMPERATURE (F)   42        21      1965


SUNRISE AND SUNSET
FEBRUARY 25 2017......SUNRISE   647 AM CST   SUNSET   610 PM CST
FEBRUARY 26 2017......SUNRISE   646 AM CST   SUNSET   611 PM CST


-  INDICATES NEGATIVE NUMBERS.
R  INDICATES RECORD WAS SET OR TIED.
MM INDICATES DATA IS MISSING.
T  INDICATES TRACE AMOUNT.




$$
