000
CDUS44 KSHV 260736
CLISHV


CLIMATE REPORT
NATIONAL WEATHER SERVICE SHREVEPORT, LA
235 AM CDT SAT JUL 26 2014


...................................

...THE SHREVEPORT CLIMATE SUMMARY FOR JULY 25 2014...

CLIMATE NORMAL PERIOD 1981 TO 2010
CLIMATE RECORD PERIOD 1874 TO 2014


WEATHER ITEM   OBSERVED TIME   RECORD YEAR NORMAL DEPARTURE LAST
                VALUE   (LST)  VALUE       VALUE  FROM      YEAR
                                                  NORMAL
..................................................................
TEMPERATURE (F)
 YESTERDAY
  MAXIMUM         94    357 PM 103    1954  94      0       94
  MINIMUM         72    601 AM  63    1911  73     -1       68
  AVERAGE         83                        84     -1       81

PRECIPITATION (IN)
  YESTERDAY        0.00          1.92 1933   0.11  -0.11     0.00
  MONTH TO DATE    3.10                      3.00   0.10     0.82
  SINCE DEC 1     29.25                     35.38  -6.13    31.08
  SINCE JAN 1     24.27                     30.61  -6.34    25.42

SNOWFALL (IN)
  YESTERDAY        0.0
  MONTH TO DATE    0.0
  SINCE JUN 1      0.0
  SINCE JUL 1      0.0
  SNOW DEPTH       0

DEGREE DAYS
 HEATING
  YESTERDAY        0                         0      0        0
  MONTH TO DATE    0                         0      0        0
  SINCE JUN 1      0                         0      0        0
  SINCE JUL 1      0                         0      0        0

 COOLING
  YESTERDAY       18                        18      0       16
  MONTH TO DATE  385                       445    -60      425
  SINCE JUN 1    854                       889    -35      923
  SINCE JAN 1   1224                      1287    -63     1310
..................................................................


WIND (MPH)
  HIGHEST WIND SPEED    10   HIGHEST WIND DIRECTION    SW (220)
  HIGHEST GUST SPEED    16   HIGHEST GUST DIRECTION     W (250)
  AVERAGE WIND SPEED     3.6


SKY COVER
  POSSIBLE SUNSHINE  MM
  AVERAGE SKY COVER 0.5


WEATHER CONDITIONS
 THE FOLLOWING WEATHER WAS RECORDED YESTERDAY.
  FOG


RELATIVE HUMIDITY (PERCENT)
 HIGHEST   100           600 AM
 LOWEST     49           400 PM
 AVERAGE    75

..........................................................


THE SHREVEPORT CLIMATE NORMALS FOR TODAY
                         NORMAL    RECORD    YEAR
 MAXIMUM TEMPERATURE (F)   94       103      1925
 MINIMUM TEMPERATURE (F)   73        63      1911


SUNRISE AND SUNSET
JULY 26 2014..........SUNRISE   626 AM CDT   SUNSET   817 PM CDT
JULY 27 2014..........SUNRISE   626 AM CDT   SUNSET   817 PM CDT


-  INDICATES NEGATIVE NUMBERS.
R  INDICATES RECORD WAS SET OR TIED.
MM INDICATES DATA IS MISSING.
T  INDICATES TRACE AMOUNT.




$$

19
