000
CDUS44 KSHV 300844
CLISHV


CLIMATE REPORT
NATIONAL WEATHER SERVICE SHREVEPORT, LA
244 AM CST FRI JAN 30 2015


...................................

...THE SHREVEPORT CLIMATE SUMMARY FOR JANUARY 29 2015...

CLIMATE NORMAL PERIOD 1981 TO 2010
CLIMATE RECORD PERIOD 1874 TO 2015


WEATHER ITEM   OBSERVED TIME   RECORD YEAR NORMAL DEPARTURE LAST
                VALUE   (LST)  VALUE       VALUE  FROM      YEAR
                                                  NORMAL
..................................................................
TEMPERATURE (F)
 YESTERDAY
  MAXIMUM         77    208 PM  82    1975  58     19       44
  MINIMUM         49   1159 PM  17    1900  37     12       18
  AVERAGE         63                        48     15       31

PRECIPITATION (IN)
  YESTERDAY        0.00          3.49 1999   0.15  -0.15     0.00
  MONTH TO DATE    7.45                      3.89   3.56     0.82
  SINCE DEC 1     11.20                      8.66   2.54     5.80
  SINCE JAN 1      7.45                      3.89   3.56     0.82

SNOWFALL (IN)
  YESTERDAY        0.0
  MONTH TO DATE    0.0
  SINCE DEC 1      0.0
  SINCE JUL 1      T
  SNOW DEPTH       0

DEGREE DAYS
 HEATING
  YESTERDAY        2                        18    -16       34
  MONTH TO DATE  578                       539     39      625
  SINCE DEC 1   1019                      1070    -51     1184
  SINCE JUL 1   1423                      1441    -18     1595

 COOLING
  YESTERDAY        0                         0      0        0
  MONTH TO DATE    0                         0      0        0
  SINCE DEC 1      2                         7     -5       11
  SINCE JAN 1      0                         0      0        0
..................................................................


WIND (MPH)
  HIGHEST WIND SPEED    21   HIGHEST WIND DIRECTION     N (360)
  HIGHEST GUST SPEED    28   HIGHEST GUST DIRECTION     N (350)
  AVERAGE WIND SPEED    11.8


SKY COVER
  POSSIBLE SUNSHINE  MM
  AVERAGE SKY COVER 0.6


WEATHER CONDITIONS
 THE FOLLOWING WEATHER WAS RECORDED YESTERDAY.
  FOG


RELATIVE HUMIDITY (PERCENT)
 HIGHEST    93           600 AM
 LOWEST     29           500 PM
 AVERAGE    61

..........................................................


THE SHREVEPORT CLIMATE NORMALS FOR TODAY
                         NORMAL    RECORD    YEAR
 MAXIMUM TEMPERATURE (F)   59        84      1971
 MINIMUM TEMPERATURE (F)   37        13      1966
                                             1949


SUNRISE AND SUNSET
JANUARY 30 2015.......SUNRISE   711 AM CST   SUNSET   546 PM CST
JANUARY 31 2015.......SUNRISE   710 AM CST   SUNSET   547 PM CST


-  INDICATES NEGATIVE NUMBERS.
R  INDICATES RECORD WAS SET OR TIED.
MM INDICATES DATA IS MISSING.
T  INDICATES TRACE AMOUNT.




$$
