000
CDUS44 KSHV 050759
CLISHV


CLIMATE REPORT
NATIONAL WEATHER SERVICE SHREVEPORT, LA
250 AM CDT SUN JUL 5 2015


...................................

...THE SHREVEPORT CLIMATE SUMMARY FOR JULY 4 2015...

CLIMATE NORMAL PERIOD 1981 TO 2010
CLIMATE RECORD PERIOD 1874 TO 2015


WEATHER ITEM   OBSERVED TIME   RECORD YEAR NORMAL DEPARTURE LAST
                VALUE   (LST)  VALUE       VALUE  FROM      YEAR
                                                  NORMAL
..................................................................
TEMPERATURE (F)
 YESTERDAY
  MAXIMUM         90   1208 PM 102    1875  93     -3       87
  MINIMUM         70    402 PM  61    1924  72     -2       68
  AVERAGE         80                        82     -2       78

PRECIPITATION (IN)
  YESTERDAY        0.46          2.10 1915   0.15   0.31     0.00
  MONTH TO DATE    0.46                      0.58  -0.12     0.00
  SINCE DEC 1     46.36                     32.96  13.40    26.15
  SINCE JAN 1     42.61                     28.19  14.42    21.17

SNOWFALL (IN)
  YESTERDAY        0.0
  MONTH TO DATE    0.0
  SINCE JUN 1      0.0
  SINCE JUL 1      0.0
  SNOW DEPTH       0

DEGREE DAYS
 HEATING
  YESTERDAY        0                         0      0        0
  MONTH TO DATE    0                         0      0        0
  SINCE JUN 1      0                         0      0        0
  SINCE JUL 1      0                         0      0        0

 COOLING
  YESTERDAY       15                        17     -2       13
  MONTH TO DATE   69                        68      1       67
  SINCE JUN 1    586                       512     74      536
  SINCE JAN 1   1058                       910    148      906
..................................................................


WIND (MPH)
  HIGHEST WIND SPEED    18   HIGHEST WIND DIRECTION    NE (40)
  HIGHEST GUST SPEED    25   HIGHEST GUST DIRECTION    NE (50)
  AVERAGE WIND SPEED     9.2


SKY COVER
  POSSIBLE SUNSHINE  MM
  AVERAGE SKY COVER 0.9


WEATHER CONDITIONS
 THE FOLLOWING WEATHER WAS RECORDED YESTERDAY.
  THUNDERSTORM
  HEAVY RAIN
  RAIN
  LIGHT RAIN
  FOG


RELATIVE HUMIDITY (PERCENT)
 HIGHEST    93          1000 PM
 LOWEST     56           100 PM
 AVERAGE    75

..........................................................


THE SHREVEPORT CLIMATE NORMALS FOR TODAY
                         NORMAL    RECORD    YEAR
 MAXIMUM TEMPERATURE (F)   93       101      1938
                                             1884
                                             1875
 MINIMUM TEMPERATURE (F)   72        62      1968


SUNRISE AND SUNSET
JULY  5 2015..........SUNRISE   613 AM CDT   SUNSET   826 PM CDT
JULY  6 2015..........SUNRISE   614 AM CDT   SUNSET   826 PM CDT


-  INDICATES NEGATIVE NUMBERS.
R  INDICATES RECORD WAS SET OR TIED.
MM INDICATES DATA IS MISSING.
T  INDICATES TRACE AMOUNT.




$$
