000
CDUS44 KSHV 220833
CLISHV


CLIMATE REPORT
NATIONAL WEATHER SERVICE SHREVEPORT, LA
233 AM CST MON JAN 22 2018


...................................

...THE SHREVEPORT CLIMATE SUMMARY FOR JANUARY 21 2018...

CLIMATE NORMAL PERIOD 1981 TO 2010
CLIMATE RECORD PERIOD 1874 TO 2018


WEATHER ITEM   OBSERVED TIME   RECORD YEAR NORMAL DEPARTURE LAST
                VALUE   (LST)  VALUE       VALUE  FROM      YEAR
                                                  NORMAL
..................................................................
TEMPERATURE (F)
 YESTERDAY
  MAXIMUM         73    314 PM  81    1911  58     15       73
  MINIMUM         63    823 AM  10    1985  36     27       53
  AVERAGE         68                        47     21       63

PRECIPITATION (IN)
  YESTERDAY        0.01          2.11 1906   0.14  -0.13     0.00
  MONTH TO DATE    1.35                      2.73  -1.38     2.51
  SINCE DEC 1      5.47                      7.50  -2.03     5.65
  SINCE JAN 1      1.35                      2.73  -1.38     2.51

SNOWFALL (IN)
  YESTERDAY        0.0
  MONTH TO DATE    1.8
  SINCE DEC 1      1.8
  SINCE JUL 1      1.8
  SNOW DEPTH       0

DEGREE DAYS
 HEATING
  YESTERDAY        0                        18    -18        2
  MONTH TO DATE  516                       395    121      215
  SINCE DEC 1   1024                       926     98      615
  SINCE JUL 1   1297                      1297      0      769

 COOLING
  YESTERDAY        3                         0      3        0
  MONTH TO DATE    3                         0      3       21
  SINCE DEC 1      6                         7     -1       46
  SINCE JAN 1      3                         0      3       21
..................................................................


WIND (MPH)
  HIGHEST WIND SPEED    23   HIGHEST WIND DIRECTION     S (170)
  HIGHEST GUST SPEED    30   HIGHEST GUST DIRECTION     S (190)
  AVERAGE WIND SPEED    15.2


SKY COVER
  POSSIBLE SUNSHINE  MM
  AVERAGE SKY COVER 1.0


WEATHER CONDITIONS
 THE FOLLOWING WEATHER WAS RECORDED YESTERDAY.
  THUNDERSTORM
  LIGHT RAIN


RELATIVE HUMIDITY (PERCENT)
 HIGHEST   100           800 AM
 LOWEST     68           400 PM
 AVERAGE    84

..........................................................


THE SHREVEPORT CLIMATE NORMALS FOR TODAY
                         NORMAL    RECORD    YEAR
 MAXIMUM TEMPERATURE (F)   58        80      2012
                                             1943
 MINIMUM TEMPERATURE (F)   36         8      1930


SUNRISE AND SUNSET
JANUARY 22 2018.......SUNRISE   715 AM CST   SUNSET   539 PM CST
JANUARY 23 2018.......SUNRISE   715 AM CST   SUNSET   540 PM CST


-  INDICATES NEGATIVE NUMBERS.
R  INDICATES RECORD WAS SET OR TIED.
MM INDICATES DATA IS MISSING.
T  INDICATES TRACE AMOUNT.




$$
