000
CDUS44 KSHV 290849
CLISHV


CLIMATE REPORT
NATIONAL WEATHER SERVICE SHREVEPORT, LA
236 AM CST MON DEC 29 2014


...................................

...THE SHREVEPORT CLIMATE SUMMARY FOR DECEMBER 28 2014...

CLIMATE NORMAL PERIOD 1981 TO 2010
CLIMATE RECORD PERIOD 1874 TO 2014


WEATHER ITEM   OBSERVED TIME   RECORD YEAR NORMAL DEPARTURE LAST
                VALUE   (LST)  VALUE       VALUE  FROM      YEAR
                                                  NORMAL
..................................................................
TEMPERATURE (F)
 YESTERDAY
  MAXIMUM         45   1200 AM  78    1907  57    -12       55
  MINIMUM         40    622 AM  11    1894  36      4       39
  AVERAGE         43                        47     -4       47

PRECIPITATION (IN)
  YESTERDAY        0.39          3.57 1884   0.13   0.26      T
  MONTH TO DATE    3.75                      4.38  -0.63     4.98
  SINCE DEC 1      3.75                      4.38  -0.63     4.98
  SINCE JAN 1     41.22                     51.02  -9.80    53.45

SNOWFALL (IN)
  YESTERDAY       MM
  MONTH TO DATE    0.0
  SINCE DEC 1      0.0
  SINCE JUL 1      T
  SNOW DEPTH       0

DEGREE DAYS
 HEATING
  YESTERDAY       22                        19      3       18
  MONTH TO DATE  370                       474   -104      490
  SINCE DEC 1    370                       474   -104      490
  SINCE JUL 1    774                       845    -71      901

 COOLING
  YESTERDAY        0                         0      0        0
  MONTH TO DATE    2                         0      2       11
  SINCE DEC 1      2                         0      2       11
  SINCE JAN 1   2498                      2474     24     2717
..................................................................


WIND (MPH)
  HIGHEST WIND SPEED    18   HIGHEST WIND DIRECTION    NW (320)
  HIGHEST GUST SPEED    21   HIGHEST GUST DIRECTION    NW (330)
  AVERAGE WIND SPEED     6.9


SKY COVER
  POSSIBLE SUNSHINE  MM
  AVERAGE SKY COVER 1.0


WEATHER CONDITIONS
 THE FOLLOWING WEATHER WAS RECORDED YESTERDAY.
  RAIN
  LIGHT RAIN
  FOG


RELATIVE HUMIDITY (PERCENT)
 HIGHEST   100           300 AM
 LOWEST     89           900 AM
 AVERAGE    95

..........................................................


THE SHREVEPORT CLIMATE NORMALS FOR TODAY
                         NORMAL    RECORD    YEAR
 MAXIMUM TEMPERATURE (F)   57        80      1984
 MINIMUM TEMPERATURE (F)   36        10      1880


SUNRISE AND SUNSET
DECEMBER 29 2014......SUNRISE   716 AM CST   SUNSET   519 PM CST
DECEMBER 30 2014......SUNRISE   716 AM CST   SUNSET   519 PM CST


-  INDICATES NEGATIVE NUMBERS.
R  INDICATES RECORD WAS SET OR TIED.
MM INDICATES DATA IS MISSING.
T  INDICATES TRACE AMOUNT.




$$
