000
CDUS44 KSHV 020737
CLISHV


CLIMATE REPORT
NATIONAL WEATHER SERVICE SHREVEPORT, LA
236 AM CDT SUN AUG 2 2015


...................................

...THE SHREVEPORT CLIMATE SUMMARY FOR AUGUST 1 2015...

CLIMATE NORMAL PERIOD 1981 TO 2010
CLIMATE RECORD PERIOD 1874 TO 2015


WEATHER ITEM   OBSERVED TIME   RECORD YEAR NORMAL DEPARTURE LAST
                VALUE   (LST)  VALUE       VALUE  FROM      YEAR
                                                  NORMAL
..................................................................
TEMPERATURE (F)
 YESTERDAY
  MAXIMUM         98    350 PM 107    2011  94      4       73
                                      1998
  MINIMUM         73    424 AM  64    1936  73      0       67
  AVERAGE         86                        84      2       70

PRECIPITATION (IN)
  YESTERDAY        0.00          1.08 2009   0.10  -0.10     0.14
  MONTH TO DATE    0.00                      0.10  -0.10     0.14
  SINCE DEC 1     46.49                     36.13  10.36    30.55
  SINCE JAN 1     42.74                     31.36  11.38    25.57

SNOWFALL (IN)
  YESTERDAY        0.0
  MONTH TO DATE    0.0
  SINCE JUN 1      0.0
  SINCE JUL 1      0.0
  SNOW DEPTH       0

DEGREE DAYS
 HEATING
  YESTERDAY        0                         0      0        0
  MONTH TO DATE    0                         0      0        0
  SINCE JUN 1      0                         0      0        0
  SINCE JUL 1      0                         0      0        0

 COOLING
  YESTERDAY       21                        19      2        5
  MONTH TO DATE   21                        19      2        5
  SINCE JUN 1   1199                      1022    177      960
  SINCE JAN 1   1671                      1420    251     1330
..................................................................


WIND (MPH)
  HIGHEST WIND SPEED    16   HIGHEST WIND DIRECTION     E (70)
  HIGHEST GUST SPEED    22   HIGHEST GUST DIRECTION     E (90)
  AVERAGE WIND SPEED     6.6


SKY COVER
  POSSIBLE SUNSHINE  MM
  AVERAGE SKY COVER 0.3


WEATHER CONDITIONS
 THE FOLLOWING WEATHER WAS RECORDED YESTERDAY.
  NO SIGNIFICANT WEATHER WAS OBSERVED.


RELATIVE HUMIDITY (PERCENT)
 HIGHEST    73           400 AM
 LOWEST     25           500 PM
 AVERAGE    49

..........................................................


THE SHREVEPORT CLIMATE NORMALS FOR TODAY
                         NORMAL    RECORD    YEAR
 MAXIMUM TEMPERATURE (F)   94       108      2011
                                             1998
 MINIMUM TEMPERATURE (F)   73        63      1925


SUNRISE AND SUNSET
AUGUST  2 2015........SUNRISE   630 AM CDT   SUNSET   812 PM CDT
AUGUST  3 2015........SUNRISE   631 AM CDT   SUNSET   812 PM CDT


-  INDICATES NEGATIVE NUMBERS.
R  INDICATES RECORD WAS SET OR TIED.
MM INDICATES DATA IS MISSING.
T  INDICATES TRACE AMOUNT.




$$
