000
CDUS44 KSHV 260733
CLISHV


CLIMATE REPORT
NATIONAL WEATHER SERVICE SHREVEPORT, LA
232 AM CDT TUE SEP 26 2017


...................................

...THE SHREVEPORT CLIMATE SUMMARY FOR SEPTEMBER 25 2017...

CLIMATE NORMAL PERIOD 1981 TO 2010
CLIMATE RECORD PERIOD 1874 TO 2017


WEATHER ITEM   OBSERVED TIME   RECORD YEAR NORMAL DEPARTURE LAST
                VALUE   (LST)  VALUE       VALUE  FROM      YEAR
                                                  NORMAL
..................................................................
TEMPERATURE (F)
 YESTERDAY
  MAXIMUM         90    338 PM  98    2011  85      5       91
                                      1931
  MINIMUM         69    625 AM  46    1994  62      7       70
  AVERAGE         80                        74      6       81

PRECIPITATION (IN)
  YESTERDAY        0.00          4.16 1913   0.12  -0.12     0.00
  MONTH TO DATE    T                         2.56  -2.56     0.16
  SINCE DEC 1     33.24                     41.32  -8.08    53.42
  SINCE JAN 1     30.10                     36.55  -6.45    50.53

SNOWFALL (IN)
  YESTERDAY        0.0
  MONTH TO DATE    0.0
  SINCE SEP 1      0.0
  SINCE JUL 1      0.0
  SNOW DEPTH       0

DEGREE DAYS
 HEATING
  YESTERDAY        0                         0      0        0
  MONTH TO DATE    0                         0      0        0
  SINCE SEP 1      0                         0      0        0
  SINCE JUL 1      0                         0      0        0

 COOLING
  YESTERDAY       15                         9      6       16
  MONTH TO DATE  303                       322    -19      446
  SINCE SEP 1    303                       322    -19      446
  SINCE JAN 1   2410                      2284    126     2687
..................................................................


WIND (MPH)
  HIGHEST WIND SPEED    14   HIGHEST WIND DIRECTION    SE (130)
  HIGHEST GUST SPEED    17   HIGHEST GUST DIRECTION    SE (120)
  AVERAGE WIND SPEED     3.8


SKY COVER
  POSSIBLE SUNSHINE  MM
  AVERAGE SKY COVER 0.3


WEATHER CONDITIONS
 THE FOLLOWING WEATHER WAS RECORDED YESTERDAY.
  NO SIGNIFICANT WEATHER WAS OBSERVED.


RELATIVE HUMIDITY (PERCENT)
 HIGHEST   100           500 AM
 LOWEST     47           300 PM
 AVERAGE    74

..........................................................


THE SHREVEPORT CLIMATE NORMALS FOR TODAY
                         NORMAL    RECORD    YEAR
 MAXIMUM TEMPERATURE (F)   85       101      2005
 MINIMUM TEMPERATURE (F)   62        46      1975
                                             1942


SUNRISE AND SUNSET
SEPTEMBER 26 2017.....SUNRISE   706 AM CDT   SUNSET   706 PM CDT
SEPTEMBER 27 2017.....SUNRISE   707 AM CDT   SUNSET   705 PM CDT


-  INDICATES NEGATIVE NUMBERS.
R  INDICATES RECORD WAS SET OR TIED.
MM INDICATES DATA IS MISSING.
T  INDICATES TRACE AMOUNT.




$$
