000
CDUS44 KSHV 272150
CLISHV


CLIMATE REPORT
NATIONAL WEATHER SERVICE SHREVEPORT, LA
450 PM CDT WED MAY 27 2015


...................................

...THE SHREVEPORT CLIMATE SUMMARY FOR MAY 27 2015...
VALID TODAY AS OF 0400 PM LOCAL TIME.

CLIMATE NORMAL PERIOD 1981 TO 2010
CLIMATE RECORD PERIOD 1874 TO 2015


WEATHER ITEM   OBSERVED TIME   RECORD YEAR NORMAL DEPARTURE LAST
                VALUE   (LST)  VALUE       VALUE  FROM      YEAR
                                                  NORMAL
..................................................................
TEMPERATURE (F)
 TODAY
  MAXIMUM         86    259 PM  97    1886  86      0       78
  MINIMUM         65    448 AM  47    1961  66     -1       69
  AVERAGE         76                        76      0       74

PRECIPITATION (IN)
  TODAY            0.31          2.38 2000   0.17   0.14     0.47
  MONTH TO DATE    9.70                      4.32   5.38     5.31
  SINCE DEC 1     38.65                     26.37  12.28    21.84
  SINCE JAN 1     34.90                     21.60  13.30    16.86

DEGREE DAYS
 HEATING
  TODAY            0                         0      0        0
  MONTH TO DATE    0                         5     -5       24
  SINCE MAR 1    291                       342    -51      456
  SINCE JUL 1   2291                      2224     67     2567

 COOLING
  TODAY           11                        11      0        9
  MONTH TO DATE  255                       217     38      203
  SINCE MAR 1    422                       342     80      318
  SINCE JAN 1    422                       352     70      324
..................................................................


WIND (MPH)
  HIGHEST WIND SPEED    18   HIGHEST WIND DIRECTION     W (270)
  HIGHEST GUST SPEED    25   HIGHEST GUST DIRECTION     W (270)
  AVERAGE WIND SPEED     5.1


SKY COVER
  POSSIBLE SUNSHINE  MM
  AVERAGE SKY COVER 0.9


WEATHER CONDITIONS
 THE FOLLOWING WEATHER WAS RECORDED TODAY.
  THUNDERSTORM
  LIGHT RAIN
  FOG


RELATIVE HUMIDITY (PERCENT)
 HIGHEST    93           100 AM
 LOWEST     55           300 PM
 AVERAGE    74

..........................................................


THE SHREVEPORT CLIMATE NORMALS FOR TOMORROW
                         NORMAL    RECORD    YEAR
 MAXIMUM TEMPERATURE (F)   87        97      1886
 MINIMUM TEMPERATURE (F)   66        46      1961


SUNRISE AND SUNSET
MAY 27 2015...........SUNRISE   611 AM CDT   SUNSET   815 PM CDT
MAY 28 2015...........SUNRISE   610 AM CDT   SUNSET   815 PM CDT


-  INDICATES NEGATIVE NUMBERS.
R  INDICATES RECORD WAS SET OR TIED.
MM INDICATES DATA IS MISSING.
T  INDICATES TRACE AMOUNT.




$$
