000
CDUS44 KSHV 252135
CLISHV


CLIMATE REPORT
NATIONAL WEATHER SERVICE SHREVEPORT, LA
432 PM CDT WED MAY 25 2016


...................................

...THE SHREVEPORT CLIMATE SUMMARY FOR MAY 25 2016...
VALID TODAY AS OF 0400 PM LOCAL TIME.

CLIMATE NORMAL PERIOD 1981 TO 2010
CLIMATE RECORD PERIOD 1874 TO 2016


WEATHER ITEM   OBSERVED TIME   RECORD YEAR NORMAL DEPARTURE LAST
                VALUE   (LST)  VALUE       VALUE  FROM      YEAR
                                                  NORMAL
..................................................................
TEMPERATURE (F)
 TODAY
  MAXIMUM         91    239 PM  98    1875  86      5       89
  MINIMUM         75    534 AM  50    1971  65     10       63
  AVERAGE         83                        76      7       76

PRECIPITATION (IN)
  TODAY            0.00          2.20 1948   0.16  -0.16     1.04
  MONTH TO DATE    1.48                      3.98  -2.50     9.05
  SINCE DEC 1     35.52                     26.03   9.49    38.00
  SINCE JAN 1     32.63                     21.26  11.37    34.25

DEGREE DAYS
 HEATING
  TODAY            0                         0      0        0
  MONTH TO DATE    2                         5     -3        0
  SINCE MAR 1    148                       342   -194      291
  SINCE JUL 1   1451                      2224   -773     2291

 COOLING
  TODAY           18                        11      7       11
  MONTH TO DATE  189                       195     -6      234
  SINCE MAR 1    370                       320     50      401
  SINCE JAN 1    388                       330     58      401
..................................................................


WIND (MPH)
  HIGHEST WIND SPEED    18   HIGHEST WIND DIRECTION     S (190)
  HIGHEST GUST SPEED    25   HIGHEST GUST DIRECTION     S (170)
  AVERAGE WIND SPEED     9.2


SKY COVER
  POSSIBLE SUNSHINE  MM
  AVERAGE SKY COVER 0.9


WEATHER CONDITIONS
 THE FOLLOWING WEATHER WAS RECORDED TODAY.
  NO SIGNIFICANT WEATHER WAS OBSERVED.


RELATIVE HUMIDITY (PERCENT)
 HIGHEST    94           300 AM
 LOWEST     59           100 PM
 AVERAGE    77

..........................................................


THE SHREVEPORT CLIMATE NORMALS FOR TOMORROW
                         NORMAL    RECORD    YEAR
 MAXIMUM TEMPERATURE (F)   86        99      1887
 MINIMUM TEMPERATURE (F)   65        50      1979
                                             1925


SUNRISE AND SUNSET
MAY 25 2016...........SUNRISE   611 AM CDT   SUNSET   814 PM CDT
MAY 26 2016...........SUNRISE   611 AM CDT   SUNSET   814 PM CDT


-  INDICATES NEGATIVE NUMBERS.
R  INDICATES RECORD WAS SET OR TIED.
MM INDICATES DATA IS MISSING.
T  INDICATES TRACE AMOUNT.




$$
