000
CDUS44 KSHV 230747
CLISHV


CLIMATE REPORT
NATIONAL WEATHER SERVICE SHREVEPORT, LA
244 AM CDT TUE SEP 23 2014


...................................

...THE SHREVEPORT CLIMATE SUMMARY FOR SEPTEMBER 22 2014...

CLIMATE NORMAL PERIOD 1981 TO 2010
CLIMATE RECORD PERIOD 1874 TO 2014


WEATHER ITEM   OBSERVED TIME   RECORD YEAR NORMAL DEPARTURE LAST
                VALUE   (LST)  VALUE       VALUE  FROM      YEAR
                                                  NORMAL
..................................................................
TEMPERATURE (F)
 YESTERDAY
  MAXIMUM         87    258 PM 101    2005  86      1       84
  MINIMUM         66   1136 PM  43    1983  63      3       59
  AVERAGE         77                        75      2       72

PRECIPITATION (IN)
  YESTERDAY        0.00          2.47 1965   0.11  -0.11     0.00
  MONTH TO DATE    1.21                      2.22  -1.01     4.66
  SINCE DEC 1     32.18                     40.98  -8.80    37.28
  SINCE JAN 1     27.20                     36.21  -9.01    31.62

SNOWFALL (IN)
  YESTERDAY        0.0
  MONTH TO DATE    0.0
  SINCE SEP 1      0.0
  SINCE JUL 1      0.0
  SNOW DEPTH       0

DEGREE DAYS
 HEATING
  YESTERDAY        0                         0      0        0
  MONTH TO DATE    0                         0      0        0
  SINCE SEP 1      0                         0      0        0
  SINCE JUL 1      0                         0      0        0

 COOLING
  YESTERDAY       12                        10      2        7
  MONTH TO DATE  355                       294     61      415
  SINCE SEP 1    355                       294     61      415
  SINCE JAN 1   2247                      2256     -9     2460
..................................................................


WIND (MPH)
  HIGHEST WIND SPEED    17   HIGHEST WIND DIRECTION    NE (30)
  HIGHEST GUST SPEED    24   HIGHEST GUST DIRECTION     N (20)
  AVERAGE WIND SPEED     9.8


SKY COVER
  POSSIBLE SUNSHINE  MM
  AVERAGE SKY COVER 0.4


WEATHER CONDITIONS
 THE FOLLOWING WEATHER WAS RECORDED YESTERDAY.
  NO SIGNIFICANT WEATHER WAS OBSERVED.


RELATIVE HUMIDITY (PERCENT)
 HIGHEST    74          1200 AM
 LOWEST     26           300 PM
 AVERAGE    50

..........................................................


THE SHREVEPORT CLIMATE NORMALS FOR TODAY
                         NORMAL    RECORD    YEAR
 MAXIMUM TEMPERATURE (F)   86        99      2000
 MINIMUM TEMPERATURE (F)   63        45      1994
                                             1982


SUNRISE AND SUNSET
SEPTEMBER 23 2014.....SUNRISE   704 AM CDT   SUNSET   711 PM CDT
SEPTEMBER 24 2014.....SUNRISE   705 AM CDT   SUNSET   709 PM CDT


-  INDICATES NEGATIVE NUMBERS.
R  INDICATES RECORD WAS SET OR TIED.
MM INDICATES DATA IS MISSING.
T  INDICATES TRACE AMOUNT.




$$
