304
CDUS46 KMFR 241821
CLISIY


CLIMATE REPORT
NATIONAL WEATHER SERVICE MEDFORD, OR
1021 AM PST FRI FEB 24 2017


...................................

...THE MONTAGUE CA CLIMATE SUMMARY FOR FEBRUARY 23 2017...

CLIMATE NORMAL PERIOD 1981 TO 2010
CLIMATE RECORD PERIOD 1948 TO 2017


WEATHER ITEM   OBSERVED TIME   RECORD YEAR NORMAL DEPARTURE LAST
                VALUE   (LST)  VALUE       VALUE  FROM      YEAR
                                                  NORMAL
..................................................................
TEMPERATURE (F)
 YESTERDAY
  MAXIMUM         39    455 PM  71    1995  53    -14       54
  MINIMUM         22   1159 PM  14    2007  29     -7       24
  AVERAGE         31                        41    -10       39

PRECIPITATION (IN)
  YESTERDAY        T             1.61 1956   0.08  -0.08     0.00
  MONTH TO DATE    2.68                      1.62   1.06     1.09
  SINCE OCT 1     12.52                     10.65   1.87     9.75
  SINCE JAN 1      4.31                      3.82   0.49     4.66

SNOWFALL (IN)
  YESTERDAY       MM                        MM     MM       MM
  MONTH TO DATE   MM                        MM     MM       MM
  SINCE JUL 1     MM                        MM     MM       MM
  SNOW DEPTH      MM

DEGREE DAYS
 HEATING
  YESTERDAY       34                        24     10       26
  MONTH TO DATE  525                       607    -82      519
  SINCE DEC 1   2602                      2453    149     2212
  SINCE JUL 1   3732                      3759    -27     3295

 COOLING
  YESTERDAY        0                         0      0        0
  MONTH TO DATE    0                         0      0        0
  SINCE DEC 1      0                         0      0        0
  SINCE JAN 1      0                         0      0        0
..................................................................


WIND (MPH)
  HIGHEST WIND SPEED    13   HIGHEST WIND DIRECTION    SW (240)
  HIGHEST GUST SPEED    15   HIGHEST GUST DIRECTION     W (250)
  AVERAGE WIND SPEED     2.6


SKY COVER
  POSSIBLE SUNSHINE  MM
  AVERAGE SKY COVER 0.6


WEATHER CONDITIONS
 THE FOLLOWING WEATHER WAS RECORDED YESTERDAY.
  LIGHT SNOW
  FOG


RELATIVE HUMIDITY (PERCENT)
 HIGHEST   100          1200 AM
 LOWEST     48           500 PM

..........................................................


THE MONTAGUE CA CLIMATE NORMALS FOR TODAY
                         NORMAL    RECORD    YEAR
 MAXIMUM TEMPERATURE (F)   54        70      1995
 MINIMUM TEMPERATURE (F)   29        16      2015


SUNRISE AND SUNSET
FEBRUARY 24 2017......SUNRISE   652 AM PST   SUNSET   555 PM PST
FEBRUARY 25 2017......SUNRISE   650 AM PST   SUNSET   556 PM PST


-  INDICATES NEGATIVE NUMBERS.
R  INDICATES RECORD WAS SET OR TIED.
MM INDICATES DATA IS MISSING.
T  INDICATES TRACE AMOUNT.




$$
