000
CDUS46 KMFR 270859
CLISIY


CLIMATE REPORT
NATIONAL WEATHER SERVICE MEDFORD, OR
1258 AM PST SAT DEC 27 2014


...................................

...THE MONTAGUE CA CLIMATE SUMMARY FOR DECEMBER 26 2014...

CLIMATE NORMAL PERIOD 1981 TO 2010
CLIMATE RECORD PERIOD 1948 TO 2014


WEATHER ITEM   OBSERVED TIME   RECORD YEAR NORMAL DEPARTURE LAST
                VALUE   (LST)  VALUE       VALUE  FROM      YEAR
                                                  NORMAL
..................................................................
TEMPERATURE (F)
 YESTERDAY
  MAXIMUM         45    232 PM  61    1980  44      1       48
  MINIMUM         22    751 AM   3    1988  26     -4       17
  AVERAGE         34                        35     -1       33

PRECIPITATION (IN)
  YESTERDAY        0.00          0.50 2006   0.09  -0.09     0.00
  MONTH TO DATE    2.67                      2.28   0.39     0.09
  SINCE SEP 1      7.24                      7.09   0.15     1.38
  SINCE JAN 1     13.41                     18.09  -4.68     5.71

SNOWFALL (IN)
  YESTERDAY       MM                        MM     MM       MM
  MONTH TO DATE   MM                        MM     MM       MM
  SINCE JUL 1     MM                        MM     MM        0.0
  SNOW DEPTH      MM

DEGREE DAYS
 HEATING
  YESTERDAY       31                        30      1       32
  MONTH TO DATE  566                       778   -212      986
  SINCE DEC 1    566                       778   -212      986
  SINCE JUL 1   1571                      2084   -513     2306

 COOLING
  YESTERDAY        0                         0      0        0
  MONTH TO DATE    0                         0      0        0
  SINCE DEC 1      0                         0      0        0
  SINCE JAN 1    913                       544    369      776
..................................................................


WIND (MPH)
  HIGHEST WIND SPEED     7   HIGHEST WIND DIRECTION     N (20)
  HIGHEST GUST SPEED     9   HIGHEST GUST DIRECTION     N (360)
  AVERAGE WIND SPEED     1.5


SKY COVER
  POSSIBLE SUNSHINE  MM
  AVERAGE SKY COVER 0.0


WEATHER CONDITIONS
 THE FOLLOWING WEATHER WAS RECORDED YESTERDAY.
  NO SIGNIFICANT WEATHER WAS OBSERVED.


RELATIVE HUMIDITY (PERCENT)
 HIGHEST    96           700 AM
 LOWEST     53           300 PM

..........................................................


THE MONTAGUE CA CLIMATE NORMALS FOR TODAY
                         NORMAL    RECORD    YEAR
 MAXIMUM TEMPERATURE (F)   44        65      1980
 MINIMUM TEMPERATURE (F)   26         4      1988


SUNRISE AND SUNSET
DECEMBER 27 2014......SUNRISE   736 AM PST   SUNSET   446 PM PST
DECEMBER 28 2014......SUNRISE   737 AM PST   SUNSET   447 PM PST


-  INDICATES NEGATIVE NUMBERS.
R  INDICATES RECORD WAS SET OR TIED.
MM INDICATES DATA IS MISSING.
T  INDICATES TRACE AMOUNT.




$$
