144
CDUS46 KMFR 050842
CLISIY


CLIMATE REPORT
NATIONAL WEATHER SERVICE MEDFORD, OR
1242 AM PST MON DEC 5 2016


...................................

...THE MONTAGUE CA CLIMATE SUMMARY FOR DECEMBER 4 2016...

CLIMATE NORMAL PERIOD 1981 TO 2010
CLIMATE RECORD PERIOD 1948 TO 2016


WEATHER ITEM   OBSERVED TIME   RECORD YEAR NORMAL DEPARTURE LAST
                VALUE   (LST)  VALUE       VALUE  FROM      YEAR
                                                  NORMAL
..................................................................
TEMPERATURE (F)
 YESTERDAY
  MAXIMUM         48    359 PM  64    1979  45      3       47
  MINIMUM         25    221 AM   7    1948  26     -1       31
  AVERAGE         37                        35      2       39

PRECIPITATION (IN)
  YESTERDAY        0.03          1.40 1962   0.08  -0.05     0.11
  MONTH TO DATE    0.03                      0.31  -0.28     0.34
  SINCE OCT 1      6.01                      4.48   1.53     1.35
  SINCE JAN 1     16.24                     16.12   0.12     8.57

SNOWFALL (IN)
  YESTERDAY       MM                        MM     MM       MM
  MONTH TO DATE   MM                        MM     MM       MM
  SINCE JUL 1     MM                        MM     MM       MM
  SNOW DEPTH      MM

DEGREE DAYS
 HEATING
  YESTERDAY       28                        30     -2       26
  MONTH TO DATE  119                       118      1      103
  SINCE DEC 1    119                       118      1      103
  SINCE JUL 1   1249                      1424   -175     1186

 COOLING
  YESTERDAY        0                         0      0        0
  MONTH TO DATE    0                         0      0        0
  SINCE DEC 1      0                         0      0        0
  SINCE JAN 1    689                       544    145      922
..................................................................


WIND (MPH)
  HIGHEST WIND SPEED    25   HIGHEST WIND DIRECTION     N (20)
  HIGHEST GUST SPEED    29   HIGHEST GUST DIRECTION    NE (30)
  AVERAGE WIND SPEED     7.0


SKY COVER
  POSSIBLE SUNSHINE  MM
  AVERAGE SKY COVER 0.8


WEATHER CONDITIONS
 THE FOLLOWING WEATHER WAS RECORDED YESTERDAY.
  LIGHT RAIN
  FOG


RELATIVE HUMIDITY (PERCENT)
 HIGHEST   100           500 AM
 LOWEST     66           200 PM

..........................................................


THE MONTAGUE CA CLIMATE NORMALS FOR TODAY
                         NORMAL    RECORD    YEAR
 MAXIMUM TEMPERATURE (F)   45        60      2014
                                             1979
 MINIMUM TEMPERATURE (F)   26         2      2013


SUNRISE AND SUNSET
DECEMBER  5 2016......SUNRISE   722 AM PST   SUNSET   439 PM PST
DECEMBER  6 2016......SUNRISE   723 AM PST   SUNSET   439 PM PST


-  INDICATES NEGATIVE NUMBERS.
R  INDICATES RECORD WAS SET OR TIED.
MM INDICATES DATA IS MISSING.
T  INDICATES TRACE AMOUNT.




$$
