000
CDUS46 KMFR 200849
CLISIY


CLIMATE REPORT
NATIONAL WEATHER SERVICE MEDFORD, OR
1248 AM PST FRI JAN 20 2017


...................................

...THE MONTAGUE CA CLIMATE SUMMARY FOR JANUARY 19 2017...

CLIMATE NORMAL PERIOD 1981 TO 2010
CLIMATE RECORD PERIOD 1948 TO 2017


WEATHER ITEM   OBSERVED TIME   RECORD YEAR NORMAL DEPARTURE LAST
                VALUE   (LST)  VALUE       VALUE  FROM      YEAR
                                                  NORMAL
..................................................................
TEMPERATURE (F)
 YESTERDAY
  MAXIMUM         45    325 PM  58    1997  45      0       54
  MINIMUM         30    800 AM   2    1952  26      4       35
  AVERAGE         38                        35      3       45

PRECIPITATION (IN)
  YESTERDAY        T             0.98 1996   0.05  -0.05     0.11
  MONTH TO DATE    1.49                      1.67  -0.18     2.17
  SINCE OCT 1      9.70                      8.50   1.20     7.26
  SINCE JAN 1      1.49                      1.67  -0.18     2.17

SNOWFALL (IN)
  YESTERDAY       MM                        MM     MM       MM
  MONTH TO DATE   MM                        MM     MM       MM
  SINCE JUL 1     MM                        MM     MM       MM
  SNOW DEPTH      MM

DEGREE DAYS
 HEATING
  YESTERDAY       27                        30     -3       20
  MONTH TO DATE  692                       570    122      537
  SINCE DEC 1   1706                      1497    209     1397
  SINCE JUL 1   2836                      2803     33     2480

 COOLING
  YESTERDAY        0                         0      0        0
  MONTH TO DATE    0                         0      0        0
  SINCE DEC 1      0                         0      0        0
  SINCE JAN 1      0                         0      0        0
..................................................................


WIND (MPH)
  HIGHEST WIND SPEED    22   HIGHEST WIND DIRECTION     S (180)
  HIGHEST GUST SPEED    29   HIGHEST GUST DIRECTION     S (180)
  AVERAGE WIND SPEED     6.1


SKY COVER
  POSSIBLE SUNSHINE  MM
  AVERAGE SKY COVER 0.7


WEATHER CONDITIONS
 THE FOLLOWING WEATHER WAS RECORDED YESTERDAY.
  FOG
  FOG W/VISIBILITY <= 1/4 MILE


RELATIVE HUMIDITY (PERCENT)
 HIGHEST   100           800 AM
 LOWEST     65           200 PM

..........................................................


THE MONTAGUE CA CLIMATE NORMALS FOR TODAY
                         NORMAL    RECORD    YEAR
 MAXIMUM TEMPERATURE (F)   45        58      1970
 MINIMUM TEMPERATURE (F)   26         7      1949


SUNRISE AND SUNSET
JANUARY 20 2017.......SUNRISE   732 AM PST   SUNSET   511 PM PST
JANUARY 21 2017.......SUNRISE   731 AM PST   SUNSET   512 PM PST


-  INDICATES NEGATIVE NUMBERS.
R  INDICATES RECORD WAS SET OR TIED.
MM INDICATES DATA IS MISSING.
T  INDICATES TRACE AMOUNT.




$$
