000
CDUS46 KMFR 290841
CLISIY


CLIMATE REPORT
NATIONAL WEATHER SERVICE MEDFORD, OR
140 AM PDT THU SEP 29 2016


...................................

...THE MONTAGUE CA CLIMATE SUMMARY FOR SEPTEMBER 28 2016...

CLIMATE NORMAL PERIOD 1981 TO 2010
CLIMATE RECORD PERIOD 1948 TO 2016


WEATHER ITEM   OBSERVED TIME   RECORD YEAR NORMAL DEPARTURE LAST
                VALUE   (LST)  VALUE       VALUE  FROM      YEAR
                                                  NORMAL
..................................................................
TEMPERATURE (F)
 YESTERDAY
  MAXIMUM         91    245 PM  95    1967  77     14       88
  MINIMUM         46    601 AM  33    1986  40      6       44
  AVERAGE         69                        58     11       66

PRECIPITATION (IN)
  YESTERDAY        0.00          0.43 1977   0.03  -0.03     0.00
  MONTH TO DATE    0.18                      0.58  -0.40      T
  SINCE OCT 1     15.32                     18.41  -3.09    13.13
  SINCE JAN 1     10.23                     11.58  -1.35     7.22

SNOWFALL (IN)
  YESTERDAY       MM                        MM     MM       MM
  MONTH TO DATE   MM                        MM     MM       MM
  SINCE JUL 1     MM                        MM     MM       MM
  SNOW DEPTH      MM

DEGREE DAYS
 HEATING
  YESTERDAY        0                         7     -7        0
  MONTH TO DATE   92                       110    -18       80
  SINCE SEP 1     92                       110    -18       80
  SINCE JUL 1    105                       127    -22       81

 COOLING
  YESTERDAY        4                         0      4        1
  MONTH TO DATE   34                        42     -8       77
  SINCE SEP 1     34                        42     -8       77
  SINCE JAN 1    688                       543    145      914
..................................................................


WIND (MPH)
  HIGHEST WIND SPEED    16   HIGHEST WIND DIRECTION     N (350)
  HIGHEST GUST SPEED    20   HIGHEST GUST DIRECTION     N (350)
  AVERAGE WIND SPEED     4.4


SKY COVER
  POSSIBLE SUNSHINE  MM
  AVERAGE SKY COVER 0.0


WEATHER CONDITIONS
 THE FOLLOWING WEATHER WAS RECORDED YESTERDAY.
  NO SIGNIFICANT WEATHER WAS OBSERVED.


RELATIVE HUMIDITY (PERCENT)
 HIGHEST    66           500 AM
 LOWEST     17           300 PM

..........................................................


THE MONTAGUE CA CLIMATE NORMALS FOR TODAY
                         NORMAL    RECORD    YEAR
 MAXIMUM TEMPERATURE (F)   77        93      1967
 MINIMUM TEMPERATURE (F)   39        28      2007


SUNRISE AND SUNSET
SEPTEMBER 29 2016.....SUNRISE   705 AM PDT   SUNSET   654 PM PDT
SEPTEMBER 30 2016.....SUNRISE   706 AM PDT   SUNSET   652 PM PDT


-  INDICATES NEGATIVE NUMBERS.
R  INDICATES RECORD WAS SET OR TIED.
MM INDICATES DATA IS MISSING.
T  INDICATES TRACE AMOUNT.




$$
