000
CDUS46 KMFR 290836
CLISIY


CLIMATE REPORT
NATIONAL WEATHER SERVICE MEDFORD, OR
136 AM PDT THU JUN 29 2017


...................................

...THE MONTAGUE CA CLIMATE SUMMARY FOR JUNE 28 2017...

CLIMATE NORMAL PERIOD 1981 TO 2010
CLIMATE RECORD PERIOD 1948 TO 2017


WEATHER ITEM   OBSERVED TIME   RECORD YEAR NORMAL DEPARTURE LAST
                VALUE   (LST)  VALUE       VALUE  FROM      YEAR
                                                  NORMAL
..................................................................
TEMPERATURE (F)
 YESTERDAY
  MAXIMUM         89    251 PM 100    1973  85      4       95
  MINIMUM         55    508 AM  34    1949  51      4       55
  AVERAGE         72                        68      4       75

PRECIPITATION (IN)
  YESTERDAY        0.00          0.36 1952   0.02  -0.02     0.00
  MONTH TO DATE    0.43                      0.68  -0.25     1.18
  SINCE OCT 1     15.89                     17.01  -1.12    15.07
  SINCE JAN 1      7.68                     10.18  -2.50     9.98

SNOWFALL (IN)
  YESTERDAY       MM                        MM     MM       MM
  MONTH TO DATE   MM                        MM     MM       MM
  SINCE JUL 1     MM                        MM     MM       MM
  SNOW DEPTH      MM

DEGREE DAYS
 HEATING
  YESTERDAY        0                         1     -1        0
  MONTH TO DATE   88                        92     -4       73
  SINCE JUN 1     88                        92     -4       73
  SINCE JUL 1   5415                      5481    -66     4646

 COOLING
  YESTERDAY        7                         4      3       10
  MONTH TO DATE  126                        50     76      109
  SINCE JUN 1    126                        50     76      109
  SINCE JAN 1    141                        63     78      113
..................................................................


WIND (MPH)
  HIGHEST WIND SPEED    21   HIGHEST WIND DIRECTION     N (20)
  HIGHEST GUST SPEED    26   HIGHEST GUST DIRECTION    NE (30)
  AVERAGE WIND SPEED     7.9


SKY COVER
  POSSIBLE SUNSHINE  MM
  AVERAGE SKY COVER 0.0


WEATHER CONDITIONS
 THE FOLLOWING WEATHER WAS RECORDED YESTERDAY.
  NO SIGNIFICANT WEATHER WAS OBSERVED.


RELATIVE HUMIDITY (PERCENT)
 HIGHEST    77           500 AM
 LOWEST     13           200 PM

..........................................................


THE MONTAGUE CA CLIMATE NORMALS FOR TODAY
                         NORMAL    RECORD    YEAR
 MAXIMUM TEMPERATURE (F)   86        99      2015
 MINIMUM TEMPERATURE (F)   51        33      1955


SUNRISE AND SUNSET
JUNE 29 2017..........SUNRISE   538 AM PDT   SUNSET   849 PM PDT
JUNE 30 2017..........SUNRISE   539 AM PDT   SUNSET   849 PM PDT


-  INDICATES NEGATIVE NUMBERS.
R  INDICATES RECORD WAS SET OR TIED.
MM INDICATES DATA IS MISSING.
T  INDICATES TRACE AMOUNT.




$$
