000
CDUS46 KMTR 010043
CLISJC


CLIMATE REPORT
NATIONAL WEATHER SERVICE SAN FRANCISCO BAY AREA
543 PM PDT TUE JUN 30 2015


...................................

...THE SAN JOSE CA CLIMATE SUMMARY FOR JUNE 30 2015...
VALID TODAY AS OF 0500 PM LOCAL TIME.

CLIMATE NORMAL PERIOD 1981 TO 2010
CLIMATE RECORD PERIOD 1893 TO 2015


WEATHER ITEM   OBSERVED TIME   RECORD YEAR NORMAL DEPARTURE LAST
                VALUE   (LST)  VALUE       VALUE  FROM      YEAR
                                                  NORMAL
..................................................................
TEMPERATURE (F)
 TODAY
  MAXIMUM         92    329 PM 100    1996  83      9       92
  MINIMUM         61    534 AM  42    1896  58      3       62
  AVERAGE         77                        70      7       77

PRECIPITATION (IN)
  TODAY            0.00          0.02 1982   0.00   0.00     0.00
  MONTH TO DATE    0.10                      0.09   0.01     0.01
  SINCE OCT 1     13.36                     14.67  -1.31     5.69
  SINCE JAN 1      3.41                      9.89  -6.48     4.79

SNOWFALL (IN)
  TODAY            0.0           0.0  1947
  MONTH TO DATE    0.0
  SINCE JUN 1      0.0
  SINCE JUL 1      0.0

DEGREE DAYS
 HEATING
  TODAY            0                         0      0        0
  MONTH TO DATE   10                        13     -3        9
  SINCE JUN 1     10                        15     -5        9
  SINCE JUL 1   1662                      2001   -339     1908

 COOLING
  TODAY           12                         5      7       12
  MONTH TO DATE  100                       115    -15       86
  SINCE JUN 1    100                       115    -15       86
  SINCE JAN 1    127                       185    -58      177
..................................................................


WIND (MPH)
  RESULTANT WIND SPEED   4   RESULTANT WIND DIRECTION  NW (300)
  HIGHEST WIND SPEED    10   HIGHEST WIND DIRECTION    NW (300)
  HIGHEST GUST SPEED    14   HIGHEST GUST DIRECTION     W (290)
  AVERAGE WIND SPEED     4.4


SKY COVER
  POSSIBLE SUNSHINE  MM
  AVERAGE SKY COVER 0.5


WEATHER CONDITIONS
 THE FOLLOWING WEATHER WAS RECORDED TODAY.
  NO SIGNIFICANT WEATHER WAS OBSERVED.


RELATIVE HUMIDITY (PERCENT)
 HIGHEST    90           500 AM
 LOWEST     26           300 PM
 AVERAGE    58

..........................................................


THE SAN JOSE CA CLIMATE NORMALS FOR TOMORROW
                         NORMAL    RECORD    YEAR
 MAXIMUM TEMPERATURE (F)   83       102      1985
 MINIMUM TEMPERATURE (F)   58        40      1896


SUNRISE AND SUNSET
JUNE 30 2015..........SUNRISE   550 AM PDT   SUNSET   832 PM PDT
JULY  1 2015..........SUNRISE   551 AM PDT   SUNSET   832 PM PDT


-  INDICATES NEGATIVE NUMBERS.
R  INDICATES RECORD WAS SET OR TIED.
MM INDICATES DATA IS MISSING.
T  INDICATES TRACE AMOUNT.




$$
