000
CDUS46 KMTR 270845
CLISJC


CLIMATE REPORT
NATIONAL WEATHER SERVICE SAN FRANCISCO BAY AREA
1245 AM PST THU NOV 27 2014


...................................

...THE SAN JOSE AIRPORT CLIMATE SUMMARY FOR NOVEMBER 26 2014...

CLIMATE NORMAL PERIOD 1981 TO 2010
CLIMATE RECORD PERIOD 1893 TO 2014


WEATHER ITEM   OBSERVED TIME   RECORD YEAR NORMAL DEPARTURE LAST
                VALUE   (LST)  VALUE       VALUE  FROM      YEAR
                                                  NORMAL
..................................................................
TEMPERATURE (F)
 YESTERDAY
  MAXIMUM         70    311 PM  79    1959  65      5       63
  MINIMUM         41    550 AM  25    1896  44     -3       43
  AVERAGE         56                        54      2       53

PRECIPITATION (IN)
  YESTERDAY        0.00          1.66 1997   0.07  -0.07     0.00
  MONTH TO DATE    0.29                      1.62  -1.33     0.77
  SINCE JUL 1      1.27                      2.63  -1.36     1.43
  SINCE JAN 1      6.06                     12.52  -6.46     3.67

SNOWFALL (IN)
  YESTERDAY        0.0                      MM     MM        0.0
  MONTH TO DATE    0.0                      MM     MM        0.0
  SINCE SEP 1      0.0                      MM     MM        0.0
  SINCE JUL 1      0.0                      MM     MM        0.0

DEGREE DAYS
 HEATING
  YESTERDAY        9                        11     -2       12
  MONTH TO DATE  196                       201     -5      216
  SINCE SEP 1    245                       280    -35      340
  SINCE JUL 1    245                       283    -38      341

 COOLING
  YESTERDAY        0                         0      0        0
  MONTH TO DATE    0                         0      0        0
  SINCE SEP 1    184                       182      2      124
  SINCE JAN 1    685                       728    -43      549
..................................................................


WIND (MPH)
  RESULTANT WIND SPEED   0   RESULTANT WIND DIRECTION   N (340)
  HIGHEST WIND SPEED    10   HIGHEST WIND DIRECTION    NW (300)
  HIGHEST GUST SPEED    12   HIGHEST GUST DIRECTION    NW (300)
  AVERAGE WIND SPEED     1.2


SKY COVER
  POSSIBLE SUNSHINE  MM
  AVERAGE SKY COVER 0.1


WEATHER CONDITIONS
 THE FOLLOWING WEATHER WAS RECORDED YESTERDAY.
  HAZE


RELATIVE HUMIDITY (PERCENT)
 HIGHEST    83           300 AM
 LOWEST     36           300 PM
 AVERAGE    60

..........................................................


THE SAN JOSE AIRPORT CLIMATE NORMALS FOR TODAY
                         NORMAL    RECORD    YEAR
 MAXIMUM TEMPERATURE (F)   64        78      1959
 MINIMUM TEMPERATURE (F)   44        26      1896


SUNRISE AND SUNSET
NOVEMBER 27 2014......SUNRISE   659 AM PST   SUNSET   451 PM PST
NOVEMBER 28 2014......SUNRISE   700 AM PST   SUNSET   451 PM PST


-  INDICATES NEGATIVE NUMBERS.
R  INDICATES RECORD WAS SET OR TIED.
MM INDICATES DATA IS MISSING.
T  INDICATES TRACE AMOUNT.




$$
