000
CDUS46 KMTR 160045
CLISJC


CLIMATE REPORT
NATIONAL WEATHER SERVICE SAN FRANCISCO BAY AREA
545 PM PDT TUE APR 15 2014


...................................

...THE SAN JOSE CA CLIMATE SUMMARY FOR APRIL 15 2014...
VALID TODAY AS OF 0500 PM LOCAL TIME.

CLIMATE NORMAL PERIOD 1981 TO 2010
CLIMATE RECORD PERIOD 1893 TO 2014


WEATHER ITEM   OBSERVED TIME   RECORD YEAR NORMAL DEPARTURE LAST
                VALUE   (LST)  VALUE       VALUE  FROM      YEAR
                                                  NORMAL
..................................................................
TEMPERATURE (F)
 TODAY
  MAXIMUM         72    312 PM  89    1966  70      2       60
  MINIMUM         45   1218 PM  30    1896  48     -3       46
  AVERAGE         59                        59      0       53

PRECIPITATION (IN)
  TODAY            0.00          0.85 1978   0.03  -0.03     0.00
  MONTH TO DATE    0.39                      0.59  -0.20     0.26
  SINCE JUL 1      6.07                     13.95  -7.88     9.38
  SINCE JAN 1      4.51                      8.94  -4.43     2.19

SNOWFALL (IN)
  TODAY            0.0           0.0  1947
  MONTH TO DATE    0.0
  SINCE MAR 1      0.0
  SINCE JUL 1      0.0

DEGREE DAYS
 HEATING
  TODAY            6                         6      0       12
  MONTH TO DATE   71                       106    -35       81
  SINCE MAR 1    241                       361   -120      333
  SINCE JUL 1   1782                      1824    -42     1939

 COOLING
  TODAY            0                         0      0        0
  MONTH TO DATE   11                         0     11        2
  SINCE MAR 1     15                         4     11        3
  SINCE JAN 1     15                         4     11        3
..................................................................


WIND (MPH)
  RESULTANT WIND SPEED   4   RESULTANT WIND DIRECTION  NW (300)
  HIGHEST WIND SPEED    14   HIGHEST WIND DIRECTION    NW (310)
  HIGHEST GUST SPEED    18   HIGHEST GUST DIRECTION    NW (310)
  AVERAGE WIND SPEED     5.8


SKY COVER
  POSSIBLE SUNSHINE  MM
  AVERAGE SKY COVER 0.3


WEATHER CONDITIONS
 THE FOLLOWING WEATHER WAS RECORDED TODAY.
  NO SIGNIFICANT WEATHER WAS OBSERVED.


RELATIVE HUMIDITY (PERCENT)
 HIGHEST    89           300 AM
 LOWEST     47          1100 AM
 AVERAGE    68

..........................................................


THE SAN JOSE CA CLIMATE NORMALS FOR TOMORROW
                         NORMAL    RECORD    YEAR
 MAXIMUM TEMPERATURE (F)   70        93      1999
 MINIMUM TEMPERATURE (F)   48        29      1896


SUNRISE AND SUNSET
APRIL 15 2014.........SUNRISE   633 AM PDT   SUNSET   743 PM PDT
APRIL 16 2014.........SUNRISE   632 AM PDT   SUNSET   744 PM PDT


-  INDICATES NEGATIVE NUMBERS.
R  INDICATES RECORD WAS SET OR TIED.
MM INDICATES DATA IS MISSING.
T  INDICATES TRACE AMOUNT.




$$
