000
CDUS46 KMTR 250845
CLISJC


CLIMATE REPORT
NATIONAL WEATHER SERVICE SAN FRANCISCO BAY AREA
1245 AM PST SUN JAN 25 2015


...................................

...THE SAN JOSE AIRPORT CLIMATE SUMMARY FOR JANUARY 24 2015...

CLIMATE NORMAL PERIOD 1981 TO 2010
CLIMATE RECORD PERIOD 1893 TO 2015


WEATHER ITEM   OBSERVED TIME   RECORD YEAR NORMAL DEPARTURE LAST
                VALUE   (LST)  VALUE       VALUE  FROM      YEAR
                                                  NORMAL
..................................................................
TEMPERATURE (F)
 YESTERDAY
  MAXIMUM         72R   426 PM  69    1988  60     12       65
  MINIMUM         39    622 AM  25    1893  43     -4       40
  AVERAGE         56                        51      5       53

PRECIPITATION (IN)
  YESTERDAY        0.00          1.66 2000   0.08  -0.08     0.00
  MONTH TO DATE    0.02                      2.39  -2.37     0.01
  SINCE JUL 1     10.33                      7.40   2.93     1.57
  SINCE JAN 1      0.02                      2.39  -2.37     0.01

SNOWFALL (IN)
  YESTERDAY        0.0                      MM     MM        0.0
  MONTH TO DATE    0.0                      MM     MM        0.0
  SINCE DEC 1      0.0                      MM     MM        0.0
  SINCE JUL 1      0.0                      MM     MM        0.0

DEGREE DAYS
 HEATING
  YESTERDAY        9                        14     -5       12
  MONTH TO DATE  343                       336      7      284
  SINCE DEC 1    664                       748    -84      811
  SINCE JUL 1    948                      1073   -125     1191

 COOLING
  YESTERDAY        0                         0      0        0
  MONTH TO DATE    0                         0      0        0
  SINCE DEC 1      0                         0      0        0
  SINCE JAN 1      0                         0      0        0
..................................................................


WIND (MPH)
  RESULTANT WIND SPEED   1   RESULTANT WIND DIRECTION   W (290)
  HIGHEST WIND SPEED    17   HIGHEST WIND DIRECTION    NW (310)
  HIGHEST GUST SPEED    22   HIGHEST GUST DIRECTION    NW (310)
  AVERAGE WIND SPEED     3.3


SKY COVER
  POSSIBLE SUNSHINE  MM
  AVERAGE SKY COVER 0.0


WEATHER CONDITIONS
 THE FOLLOWING WEATHER WAS RECORDED YESTERDAY.
  NO SIGNIFICANT WEATHER WAS OBSERVED.


RELATIVE HUMIDITY (PERCENT)
 HIGHEST    89           600 AM
 LOWEST     28           400 PM
 AVERAGE    59

..........................................................


THE SAN JOSE AIRPORT CLIMATE NORMALS FOR TODAY
                         NORMAL    RECORD    YEAR
 MAXIMUM TEMPERATURE (F)   60        71      2014
                                             1948
 MINIMUM TEMPERATURE (F)   43        27      1895


SUNRISE AND SUNSET
JANUARY 25 2015.......SUNRISE   716 AM PST   SUNSET   524 PM PST
JANUARY 26 2015.......SUNRISE   715 AM PST   SUNSET   525 PM PST


-  INDICATES NEGATIVE NUMBERS.
R  INDICATES RECORD WAS SET OR TIED.
MM INDICATES DATA IS MISSING.
T  INDICATES TRACE AMOUNT.




$$
