000
CDUS46 KMTR 230826
CLISJC


CLIMATE REPORT
NATIONAL WEATHER SERVICE SAN FRANCISCO BAY AREA
125 AM PDT SAT MAY 23 2015


...................................

...THE SAN JOSE AIRPORT CLIMATE SUMMARY FOR MAY 22 2015...

CLIMATE NORMAL PERIOD 1981 TO 2010
CLIMATE RECORD PERIOD 1893 TO 2015


WEATHER ITEM   OBSERVED TIME   RECORD YEAR NORMAL DEPARTURE LAST
                VALUE   (LST)  VALUE       VALUE  FROM      YEAR
                                                  NORMAL
..................................................................
TEMPERATURE (F)
 YESTERDAY
  MAXIMUM         68    310 PM  96    2000  76     -8       76
  MINIMUM         54    221 AM  34    1895  53      1       55
  AVERAGE         61                        65     -4       66

PRECIPITATION (IN)
  YESTERDAY        T             0.46 1958   0.01  -0.01     0.00
  MONTH TO DATE    0.50                      0.34   0.16      T
  SINCE OCT 1     13.26                     14.53  -1.27     5.68
  SINCE JAN 1      3.31                      9.75  -6.44     4.78

SNOWFALL (IN)
  YESTERDAY        0.0                      MM     MM        0.0
  MONTH TO DATE    0.0                      MM     MM        0.0
  SINCE MAR 1      0.0                      MM     MM        0.0
  SINCE JUL 1      0.0                      MM     MM        0.0

DEGREE DAYS
 HEATING
  YESTERDAY        4                         2      2        0
  MONTH TO DATE  110                        66     44       45
  SINCE MAR 1    411                       507    -96      351
  SINCE JUL 1   1631                      1970   -339     1892

 COOLING
  YESTERDAY        0                         2     -2        1
  MONTH TO DATE    6                        33    -27       51
  SINCE MAR 1     27                        52    -25       79
  SINCE JAN 1     27                        52    -25       79
..................................................................


WIND (MPH)
  RESULTANT WIND SPEED   6   RESULTANT WIND DIRECTION   W (290)
  HIGHEST WIND SPEED    23   HIGHEST WIND DIRECTION    NW (300)
  HIGHEST GUST SPEED    26   HIGHEST GUST DIRECTION    NW (310)
  AVERAGE WIND SPEED     7.5


SKY COVER
  POSSIBLE SUNSHINE  MM
  AVERAGE SKY COVER 0.8


WEATHER CONDITIONS
 THE FOLLOWING WEATHER WAS RECORDED YESTERDAY.
  NO SIGNIFICANT WEATHER WAS OBSERVED.


RELATIVE HUMIDITY (PERCENT)
 HIGHEST    86           600 AM
 LOWEST     58           100 PM
 AVERAGE    72

..........................................................


THE SAN JOSE AIRPORT CLIMATE NORMALS FOR TODAY
                         NORMAL    RECORD    YEAR
 MAXIMUM TEMPERATURE (F)   76        99      1943
 MINIMUM TEMPERATURE (F)   54        35      1895


SUNRISE AND SUNSET
MAY 23 2015...........SUNRISE   553 AM PDT   SUNSET   816 PM PDT
MAY 24 2015...........SUNRISE   553 AM PDT   SUNSET   817 PM PDT


-  INDICATES NEGATIVE NUMBERS.
R  INDICATES RECORD WAS SET OR TIED.
MM INDICATES DATA IS MISSING.
T  INDICATES TRACE AMOUNT.




$$
