000
CDUS44 KSJT 302225
CLISJT


CLIMATE REPORT
NATIONAL WEATHER SERVICE SAN ANGELO TX
525 PM CDT THU JUL 30 2015


...................................

...THE SAN ANGELO CLIMATE SUMMARY FOR JULY 30 2015...
VALID TODAY AS OF 0500 PM LOCAL TIME.

CLIMATE NORMAL PERIOD 1981 TO 2010
CLIMATE RECORD PERIOD 1907 TO 2015


WEATHER ITEM   OBSERVED TIME   RECORD YEAR NORMAL DEPARTURE LAST
                VALUE   (LST)  VALUE       VALUE  FROM      YEAR
                                                  NORMAL
..................................................................
TEMPERATURE (F)
 TODAY
  MAXIMUM        101    345 PM 106    1944  96      5      103
                                      1912
  MINIMUM         74    624 AM  59    1984  72      2       77
  AVERAGE         88                        84      4       90

PRECIPITATION (IN)
  TODAY            0.00          0.68 1974   0.03  -0.03      T
  MONTH TO DATE    0.55                      1.16  -0.61     0.77
  SINCE JUN 1      4.10                      3.75   0.35     3.06
  SINCE JAN 1     18.96                     11.77   7.19    11.33

DEGREE DAYS
 HEATING
  TODAY            0                         0      0        0
  MONTH TO DATE    0                         0      0        0
  SINCE JUN 1      0                         0      0        0
  SINCE JUL 1      0                         0      0        0

 COOLING
  TODAY           23                        19      4       25
  MONTH TO DATE  609                       545     64      564
  SINCE JUN 1   1053                      1009     44     1048
  SINCE JAN 1   1520                      1469     51     1650
..................................................................


WIND (MPH)
  HIGHEST WIND SPEED    15   HIGHEST WIND DIRECTION     E (70)
  HIGHEST GUST SPEED    23   HIGHEST GUST DIRECTION     E (70)
  AVERAGE WIND SPEED     5.8


SKY COVER
  POSSIBLE SUNSHINE  MM
  AVERAGE SKY COVER 0.0


WEATHER CONDITIONS
 THE FOLLOWING WEATHER WAS RECORDED TODAY.
  NO SIGNIFICANT WEATHER WAS OBSERVED.


RELATIVE HUMIDITY (PERCENT)
 HIGHEST    67           800 AM
 LOWEST     24           400 PM
 AVERAGE    46

..........................................................


THE SAN ANGELO CLIMATE NORMALS FOR TOMORROW
                         NORMAL    RECORD    YEAR
 MAXIMUM TEMPERATURE (F)   96       110      1912
 MINIMUM TEMPERATURE (F)   72        59      1984


SUNRISE AND SUNSET
JULY 30 2015..........SUNRISE   657 AM CDT   SUNSET   839 PM CDT
JULY 31 2015..........SUNRISE   658 AM CDT   SUNSET   839 PM CDT


-  INDICATES NEGATIVE NUMBERS.
R  INDICATES RECORD WAS SET OR TIED.
MM INDICATES DATA IS MISSING.
T  INDICATES TRACE AMOUNT.




$$
