000
CDUS44 KSJT 280758
CLISJT


CLIMATE REPORT
NATIONAL WEATHER SERVICE SAN ANGELO TX
158 AM CST SAT FEB 28 2015


...................................

...THE SAN ANGELO CLIMATE SUMMARY FOR FEBRUARY 27 2015...

CLIMATE NORMAL PERIOD 1981 TO 2010
CLIMATE RECORD PERIOD 1907 TO 2015


WEATHER ITEM   OBSERVED TIME   RECORD YEAR NORMAL DEPARTURE LAST
                VALUE   (LST)  VALUE       VALUE  FROM      YEAR
                                                  NORMAL
..................................................................
TEMPERATURE (F)
 YESTERDAY
  MAXIMUM         29    155 AM  92    1917  66    -37       61
  MINIMUM         23    948 PM  10    1924  40    -17       24
  AVERAGE         26                        53    -27       43

PRECIPITATION (IN)
  YESTERDAY        0.04          0.70 1990   0.06  -0.02     0.00
  MONTH TO DATE    0.27                      1.30  -1.03     0.06
  SINCE DEC 1      2.66                      3.08  -0.42     1.21
  SINCE JAN 1      2.30                      2.23   0.07     0.06

SNOWFALL (IN)
  YESTERDAY        0.2 R         0.0  2011   0.0    0.2      0.0
  MONTH TO DATE    1.4                       0.3    1.1      0.1
  SINCE NOV 1      1.4                       2.1   -0.7      1.6
  SINCE JUL 1      1.4                       2.1   -0.7      1.6
  SNOW DEPTH       0

DEGREE DAYS
 HEATING
  YESTERDAY       39                        12     27       22
  MONTH TO DATE  419                       404     15      431
  SINCE DEC 1   1440                      1548   -108     1643
  SINCE JUL 1   1810                      1948   -138     2119

 COOLING
  YESTERDAY        0                         0      0        0
  MONTH TO DATE    2                         0      2        3
  SINCE DEC 1      3                         2      1        6
  SINCE JAN 1      2                         1      1        3
..................................................................


WIND (MPH)
  HIGHEST WIND SPEED    18   HIGHEST WIND DIRECTION    NE (60)
  HIGHEST GUST SPEED    22   HIGHEST GUST DIRECTION     E (70)
  AVERAGE WIND SPEED    11.9


SKY COVER
  POSSIBLE SUNSHINE  MM
  AVERAGE SKY COVER 1.0


WEATHER CONDITIONS
 THE FOLLOWING WEATHER WAS RECORDED YESTERDAY.
  LT FREEZING RAIN
  LIGHT SNOW
  FOG


RELATIVE HUMIDITY (PERCENT)
 HIGHEST    92          1000 AM
 LOWEST     58           200 AM
 AVERAGE    75

..........................................................


THE SAN ANGELO CLIMATE NORMALS FOR TODAY
                         NORMAL    RECORD    YEAR
 MAXIMUM TEMPERATURE (F)   67        89      2006
 MINIMUM TEMPERATURE (F)   40        14      1924


SUNRISE AND SUNSET
FEBRUARY 28 2015......SUNRISE   710 AM CST   SUNSET   639 PM CST
MARCH  1 2015.........SUNRISE   709 AM CST   SUNSET   640 PM CST


-  INDICATES NEGATIVE NUMBERS.
R  INDICATES RECORD WAS SET OR TIED.
MM INDICATES DATA IS MISSING.
T  INDICATES TRACE AMOUNT.




$$
