246
CDUS44 KSJT 290802
CLISJT


CLIMATE REPORT
NATIONAL WEATHER SERVICE SAN ANGELO TX
302 AM CDT MON MAY 29 2017


...................................

...THE SAN ANGELO CLIMATE SUMMARY FOR MAY 28 2017...

CLIMATE NORMAL PERIOD 1981 TO 2010
CLIMATE RECORD PERIOD 1907 TO 2017


WEATHER ITEM   OBSERVED TIME   RECORD YEAR NORMAL DEPARTURE LAST
                VALUE   (LST)  VALUE       VALUE  FROM      YEAR
                                                  NORMAL
..................................................................
TEMPERATURE (F)
 YESTERDAY
  MAXIMUM         85    327 PM 110    2011  89     -4       92
  MINIMUM         69   1159 PM  51    1968  66      3       62
  AVERAGE         77                        77      0       77

PRECIPITATION (IN)
  YESTERDAY        0.00          2.16 1987   0.11  -0.11     0.00
  MONTH TO DATE    2.06                      2.49  -0.43     4.77
  SINCE MAR 1      3.77                      5.41  -1.64    13.20
  SINCE JAN 1      6.48                      7.69  -1.21    14.00

DEGREE DAYS
 HEATING
  YESTERDAY        0                         0      0        0
  MONTH TO DATE    9                         8      1       22
  SINCE MAR 1    183                       353   -170      232
  SINCE JUL 1   1507                      2314   -807     1825

 COOLING
  YESTERDAY       12                        13     -1       12
  MONTH TO DATE  252                       266    -14      242
  SINCE MAR 1    526                       417    109      366
  SINCE JAN 1    553                       422    131      376
..................................................................


WIND (MPH)
  HIGHEST WIND SPEED    28   HIGHEST WIND DIRECTION    NE (30)
  HIGHEST GUST SPEED    35   HIGHEST GUST DIRECTION    NE (30)
  AVERAGE WIND SPEED    14.3


SKY COVER
  POSSIBLE SUNSHINE  MM
  AVERAGE SKY COVER 0.3


WEATHER CONDITIONS
 THE FOLLOWING WEATHER WAS RECORDED YESTERDAY.
  THUNDERSTORM
  FOG
  HAZE


RELATIVE HUMIDITY (PERCENT)
 HIGHEST    84           400 AM
 LOWEST     44           100 PM
 AVERAGE    64

..........................................................


THE SAN ANGELO CLIMATE NORMALS FOR TODAY
                         NORMAL    RECORD    YEAR
 MAXIMUM TEMPERATURE (F)   90       107      1927
 MINIMUM TEMPERATURE (F)   66        48      1947


SUNRISE AND SUNSET
MAY 29 2017...........SUNRISE   639 AM CDT   SUNSET   840 PM CDT
MAY 30 2017...........SUNRISE   639 AM CDT   SUNSET   841 PM CDT


-  INDICATES NEGATIVE NUMBERS.
R  INDICATES RECORD WAS SET OR TIED.
MM INDICATES DATA IS MISSING.
T  INDICATES TRACE AMOUNT.




$$
