000
CDUS44 KSJT 290751
CLISJT


CLIMATE REPORT
NATIONAL WEATHER SERVICE SAN ANGELO TX
251 AM CDT WED MAR 29 2017


...................................

...THE SAN ANGELO CLIMATE SUMMARY FOR MARCH 28 2017...

CLIMATE NORMAL PERIOD 1981 TO 2010
CLIMATE RECORD PERIOD 1907 TO 2017


WEATHER ITEM   OBSERVED TIME   RECORD YEAR NORMAL DEPARTURE LAST
                VALUE   (LST)  VALUE       VALUE  FROM      YEAR
                                                  NORMAL
..................................................................
TEMPERATURE (F)
 YESTERDAY
  MAXIMUM         82    218 PM  94    1967  75      7       78
  MINIMUM         56   1159 PM  24    1955  47      9       34
  AVERAGE         69                        61      8       56

PRECIPITATION (IN)
  YESTERDAY        0.21          0.61 1989   0.04   0.17     0.00
  MONTH TO DATE    0.25                      1.36  -1.11     3.33
  SINCE MAR 1      0.25                      1.36  -1.11     3.33
  SINCE JAN 1      2.96                      3.64  -0.68     4.13

SNOWFALL (IN)
  YESTERDAY        0.0           0.0  2002   0.0    0.0      0.0
  MONTH TO DATE    0.0                       0.1   -0.1       T
  SINCE NOV 1      T                         2.2   -2.2      3.1
  SINCE JUL 1      T                         2.2   -2.2      3.1
  SNOW DEPTH       0

DEGREE DAYS
 HEATING
  YESTERDAY        0                         6     -6        9
  MONTH TO DATE  111                       242   -131      155
  SINCE MAR 1    111                       242   -131      155
  SINCE JUL 1   1435                      2203   -768     1748

 COOLING
  YESTERDAY        4                         2      2        0
  MONTH TO DATE  108                        30     78       25
  SINCE MAR 1    108                        30     78       25
  SINCE JAN 1    135                        35    100       35
..................................................................


WIND (MPH)
  HIGHEST WIND SPEED    47   HIGHEST WIND DIRECTION     W (280)
  HIGHEST GUST SPEED    63   HIGHEST GUST DIRECTION     W (270)
  AVERAGE WIND SPEED    13.2


SKY COVER
  POSSIBLE SUNSHINE  MM
  AVERAGE SKY COVER 0.5


WEATHER CONDITIONS
 THE FOLLOWING WEATHER WAS RECORDED YESTERDAY.
  THUNDERSTORM
  RAIN
  LIGHT RAIN
  FOG
  HAZE


RELATIVE HUMIDITY (PERCENT)
 HIGHEST    90           400 AM
 LOWEST     52          1200 AM
 AVERAGE    71

..........................................................


THE SAN ANGELO CLIMATE NORMALS FOR TODAY
                         NORMAL    RECORD    YEAR
 MAXIMUM TEMPERATURE (F)   75        97      1967
 MINIMUM TEMPERATURE (F)   47        27      1987


SUNRISE AND SUNSET
MARCH 29 2017.........SUNRISE   734 AM CDT   SUNSET   800 PM CDT
MARCH 30 2017.........SUNRISE   733 AM CDT   SUNSET   800 PM CDT


-  INDICATES NEGATIVE NUMBERS.
R  INDICATES RECORD WAS SET OR TIED.
MM INDICATES DATA IS MISSING.
T  INDICATES TRACE AMOUNT.




$$
