000
CDUS44 KSJT 232327
CLISJT


CLIMATE REPORT
NATIONAL WEATHER SERVICE SAN ANGELO TX
527 PM CST TUE JAN 23 2018


...................................

...THE SAN ANGELO CLIMATE SUMMARY FOR JANUARY 23 2018...
VALID TODAY AS OF 0500 PM LOCAL TIME.

CLIMATE NORMAL PERIOD 1981 TO 2010
CLIMATE RECORD PERIOD 1907 TO 2018


WEATHER ITEM   OBSERVED TIME   RECORD YEAR NORMAL DEPARTURE LAST
                VALUE   (LST)  VALUE       VALUE  FROM      YEAR
                                                  NORMAL
..................................................................
TEMPERATURE (F)
 TODAY
  MAXIMUM         64    405 PM  86    1972  60      4       79
  MINIMUM         20    751 AM  10    1963  34    -14       29
                                      1946
                                      1940
  AVERAGE         42                        47     -5       54

PRECIPITATION (IN)
  TODAY            0.00          0.75 1938   0.04  -0.04     0.00
  MONTH TO DATE    T                         0.66  -0.66     1.35
  SINCE DEC 1      1.13                      1.51  -0.38     2.09
  SINCE JAN 1      T                         0.66  -0.66     1.35

SNOWFALL (IN)
  TODAY            0.0           4.0  1926   0.1   -0.1      0.0
  MONTH TO DATE    T                         1.0   -1.0       T
  SINCE NOV 1      T                         1.6   -1.6       T
  SINCE JUL 1      T                         1.6   -1.6       T

DEGREE DAYS
 HEATING
  TODAY           23                        18      5       11
  MONTH TO DATE  504                       433     71      350
  SINCE DEC 1   1058                      1000     58      824
  SINCE JUL 1   1358                      1400    -42      992

 COOLING
  TODAY            0                         0      0        0
  MONTH TO DATE    0                         0      0        0
  SINCE DEC 1      3                         1      2        1
  SINCE JAN 1      0                         0      0        0
..................................................................


WIND (MPH)
  HIGHEST WIND SPEED    12   HIGHEST WIND DIRECTION    NE (50)
  HIGHEST GUST SPEED    20   HIGHEST GUST DIRECTION    NE (50)
  AVERAGE WIND SPEED     4.5


SKY COVER
  POSSIBLE SUNSHINE  MM
  AVERAGE SKY COVER 0.0


WEATHER CONDITIONS
 THE FOLLOWING WEATHER WAS RECORDED TODAY.
  NO SIGNIFICANT WEATHER WAS OBSERVED.


RELATIVE HUMIDITY (PERCENT)
 HIGHEST    67           600 AM
 LOWEST     12           200 PM
 AVERAGE    40

..........................................................


THE SAN ANGELO CLIMATE NORMALS FOR TOMORROW
                         NORMAL    RECORD    YEAR
 MAXIMUM TEMPERATURE (F)   60        89      1943
 MINIMUM TEMPERATURE (F)   34         6      1963


SUNRISE AND SUNSET
JANUARY 23 2018.......SUNRISE   739 AM CST   SUNSET   609 PM CST
JANUARY 24 2018.......SUNRISE   739 AM CST   SUNSET   610 PM CST


-  INDICATES NEGATIVE NUMBERS.
R  INDICATES RECORD WAS SET OR TIED.
MM INDICATES DATA IS MISSING.
T  INDICATES TRACE AMOUNT.




$$
