000
CDUS44 KSJT 242229
CLISJT


CLIMATE REPORT
NATIONAL WEATHER SERVICE SAN ANGELO TX
528 PM CDT THU APR 24 2014


...................................

...THE SAN ANGELO CLIMATE SUMMARY FOR APRIL 24 2014...
VALID TODAY AS OF 0500 PM LOCAL TIME.

CLIMATE NORMAL PERIOD 1981 TO 2010
CLIMATE RECORD PERIOD 1907 TO 2014


WEATHER ITEM   OBSERVED TIME   RECORD YEAR NORMAL DEPARTURE LAST
                VALUE   (LST)  VALUE       VALUE  FROM      YEAR
                                                  NORMAL
..................................................................
TEMPERATURE (F)
 TODAY
  MAXIMUM         87    323 PM 101    2002  83      4       65
  MINIMUM         67    648 AM  35    1995  54     13       38
                                      1913
  AVERAGE         77                        68      9       52

PRECIPITATION (IN)
  TODAY            0.00          2.77 1938   0.05  -0.05     0.00
  MONTH TO DATE    0.41                      1.07  -0.66     0.98
  SINCE MAR 1      0.46                      2.57  -2.11     0.99
  SINCE JAN 1      0.52                      4.85  -4.33     2.81

SNOWFALL (IN)
  TODAY            0.0           0.0  2002   0.0    0.0      0.0
  MONTH TO DATE    0.0                       0.0    0.0       T
  SINCE NOV 1      1.6                       2.2   -0.6      2.8
  SINCE JUL 1      1.6                       2.2   -0.6      2.8

DEGREE DAYS
 HEATING
  TODAY            0                         2     -2       13
  MONTH TO DATE   65                        81    -16       98
  SINCE MAR 1    347                       338      9      285
  SINCE JUL 1   2467                      2299    168     1887

 COOLING
  TODAY           12                         5      7        0
  MONTH TO DATE  152                        83     69      127
  SINCE MAR 1    207                       116     91      190
  SINCE JAN 1    210                       121     89      202
..................................................................


WIND (MPH)
  HIGHEST WIND SPEED    25   HIGHEST WIND DIRECTION     N (340)
  HIGHEST GUST SPEED    29   HIGHEST GUST DIRECTION     N (360)
  AVERAGE WIND SPEED    13.0


SKY COVER
  POSSIBLE SUNSHINE  MM
  AVERAGE SKY COVER 0.2


WEATHER CONDITIONS
 THE FOLLOWING WEATHER WAS RECORDED TODAY.
  HAZE


RELATIVE HUMIDITY (PERCENT)
 HIGHEST    76           700 AM
 LOWEST     11           400 PM
 AVERAGE    44

..........................................................


THE SAN ANGELO CLIMATE NORMALS FOR TOMORROW
                         NORMAL    RECORD    YEAR
 MAXIMUM TEMPERATURE (F)   83       104      2012
 MINIMUM TEMPERATURE (F)   55        34      1913


SUNRISE AND SUNSET
APRIL 24 2014.........SUNRISE   704 AM CDT   SUNSET   817 PM CDT
APRIL 25 2014.........SUNRISE   703 AM CDT   SUNSET   817 PM CDT


-  INDICATES NEGATIVE NUMBERS.
R  INDICATES RECORD WAS SET OR TIED.
MM INDICATES DATA IS MISSING.
T  INDICATES TRACE AMOUNT.




$$
