000
CDUS44 KSJT 210751
CLISJT


CLIMATE REPORT
NATIONAL WEATHER SERVICE SAN ANGELO TX
250 AM CDT FRI JUL 21 2017


...................................

...THE SAN ANGELO CLIMATE SUMMARY FOR JULY 20 2017...

CLIMATE NORMAL PERIOD 1981 TO 2010
CLIMATE RECORD PERIOD 1907 TO 2017


WEATHER ITEM   OBSERVED TIME   RECORD YEAR NORMAL DEPARTURE LAST
                VALUE   (LST)  VALUE       VALUE  FROM      YEAR
                                                  NORMAL
..................................................................
TEMPERATURE (F)
 YESTERDAY
  MAXIMUM        101    338 PM 107    1925  95      6      100
  MINIMUM         72    551 AM  63    1989  71      1       73
                                      1947
  AVERAGE         87                        83      4       87

PRECIPITATION (IN)
  YESTERDAY        0.00          1.32 1938   0.04  -0.04     0.00
  MONTH TO DATE    1.69                      0.81   0.88     0.00
  SINCE JUN 1      3.21                      3.40  -0.19     7.02
  SINCE JAN 1      9.69                     11.42  -1.73    22.65

DEGREE DAYS
 HEATING
  YESTERDAY        0                         0      0        0
  MONTH TO DATE    0                         0      0        0
  SINCE JUN 1      0                         0      0        0
  SINCE JUL 1      0                         0      0        0

 COOLING
  YESTERDAY       22                        18      4       22
  MONTH TO DATE  368                       356     12      460
  SINCE JUN 1    930                       820    110      906
  SINCE JAN 1   1506                      1280    226     1317
..................................................................


WIND (MPH)
  HIGHEST WIND SPEED    15   HIGHEST WIND DIRECTION    SE (120)
  HIGHEST GUST SPEED    21   HIGHEST GUST DIRECTION     S (200)
  AVERAGE WIND SPEED     7.8


SKY COVER
  POSSIBLE SUNSHINE  MM
  AVERAGE SKY COVER 0.1


WEATHER CONDITIONS
 THE FOLLOWING WEATHER WAS RECORDED YESTERDAY.
  HAZE


RELATIVE HUMIDITY (PERCENT)
 HIGHEST    79           600 AM
 LOWEST     24           500 PM
 AVERAGE    52

..........................................................


THE SAN ANGELO CLIMATE NORMALS FOR TODAY
                         NORMAL    RECORD    YEAR
 MAXIMUM TEMPERATURE (F)   96       104      1936
                                             1925
                                             1912
 MINIMUM TEMPERATURE (F)   71        61      1917


SUNRISE AND SUNSET
JULY 21 2017..........SUNRISE   652 AM CDT   SUNSET   845 PM CDT
JULY 22 2017..........SUNRISE   652 AM CDT   SUNSET   844 PM CDT


-  INDICATES NEGATIVE NUMBERS.
R  INDICATES RECORD WAS SET OR TIED.
MM INDICATES DATA IS MISSING.
T  INDICATES TRACE AMOUNT.




$$
