000
CDUS44 KSJT 240709
CLISJT


CLIMATE REPORT
NATIONAL WEATHER SERVICE SAN ANGELO TX
209 AM CDT SAT SEP 24 2016


...................................

...THE SAN ANGELO CLIMATE SUMMARY FOR SEPTEMBER 23 2016...

CLIMATE NORMAL PERIOD 1981 TO 2010
CLIMATE RECORD PERIOD 1907 TO 2016


WEATHER ITEM   OBSERVED TIME   RECORD YEAR NORMAL DEPARTURE LAST
                VALUE   (LST)  VALUE       VALUE  FROM      YEAR
                                                  NORMAL
..................................................................
TEMPERATURE (F)
 YESTERDAY
  MAXIMUM         96    140 PM 102    1926  86     10       93
  MINIMUM         68    342 AM  35    1913  61      7       68
  AVERAGE         82                        73      9       81

PRECIPITATION (IN)
  YESTERDAY        0.00          1.48 2004   0.07  -0.07     0.00
  MONTH TO DATE    2.49                      1.93   0.56     0.45
  SINCE SEP 1      2.49                      1.93   0.56     0.45
  SINCE JAN 1     28.01                     16.00  12.01    20.69

DEGREE DAYS
 HEATING
  YESTERDAY        0                         1     -1        0
  MONTH TO DATE    0                         1     -1        0
  SINCE SEP 1      0                         1     -1        0
  SINCE JUL 1      0                         1     -1        0

 COOLING
  YESTERDAY       17                         9      8       16
  MONTH TO DATE  363                       275     88      408
  SINCE SEP 1    363                       275     88      408
  SINCE JAN 1   2523                      2311    212     2623
..................................................................


WIND (MPH)
  HIGHEST WIND SPEED    20   HIGHEST WIND DIRECTION    SE (130)
  HIGHEST GUST SPEED    27   HIGHEST GUST DIRECTION     S (170)
  AVERAGE WIND SPEED     8.9


SKY COVER
  POSSIBLE SUNSHINE  MM
  AVERAGE SKY COVER 0.2


WEATHER CONDITIONS
 THE FOLLOWING WEATHER WAS RECORDED YESTERDAY.
  NO SIGNIFICANT WEATHER WAS OBSERVED.


RELATIVE HUMIDITY (PERCENT)
 HIGHEST    90           600 AM
 LOWEST     34           300 PM
 AVERAGE    62

..........................................................


THE SAN ANGELO CLIMATE NORMALS FOR TODAY
                         NORMAL    RECORD    YEAR
 MAXIMUM TEMPERATURE (F)   85       102      1926
                                             1907
 MINIMUM TEMPERATURE (F)   61        39      1989
                                             1913


SUNRISE AND SUNSET
SEPTEMBER 24 2016.....SUNRISE   732 AM CDT   SUNSET   735 PM CDT
SEPTEMBER 25 2016.....SUNRISE   732 AM CDT   SUNSET   734 PM CDT


-  INDICATES NEGATIVE NUMBERS.
R  INDICATES RECORD WAS SET OR TIED.
MM INDICATES DATA IS MISSING.
T  INDICATES TRACE AMOUNT.




$$
