000
CDUS44 KSJT 232228
CLISJT


CLIMATE REPORT
NATIONAL WEATHER SERVICE SAN ANGELO TX
528 PM CDT TUE SEP 23 2014


...................................

...THE SAN ANGELO CLIMATE SUMMARY FOR SEPTEMBER 23 2014...
VALID TODAY AS OF 0500 PM LOCAL TIME.

CLIMATE NORMAL PERIOD 1981 TO 2010
CLIMATE RECORD PERIOD 1907 TO 2014


WEATHER ITEM   OBSERVED TIME   RECORD YEAR NORMAL DEPARTURE LAST
                VALUE   (LST)  VALUE       VALUE  FROM      YEAR
                                                  NORMAL
..................................................................
TEMPERATURE (F)
 TODAY
  MAXIMUM         88    218 PM 102    1926  86      2       88
  MINIMUM         67    714 AM  35    1913  61      6       53
  AVERAGE         78                        73      5       71

PRECIPITATION (IN)
  TODAY            0.00          1.48 2004   0.07  -0.07     0.00
  MONTH TO DATE    0.89                      1.93  -1.04     3.69
  SINCE SEP 1      0.89                      1.93  -1.04     3.69
  SINCE JAN 1     12.87                     16.00  -3.13    15.45

DEGREE DAYS
 HEATING
  TODAY            0                         1     -1        0
  MONTH TO DATE    5                         1      4        0
  SINCE SEP 1      5                         1      4        0
  SINCE JUL 1      5                         1      4        0

 COOLING
  TODAY           13                         9      4        6
  MONTH TO DATE  335                       275     60      323
  SINCE SEP 1    335                       275     60      323
  SINCE JAN 1   2593                      2311    282     2649
..................................................................


WIND (MPH)
  HIGHEST WIND SPEED    14   HIGHEST WIND DIRECTION     E (100)
  HIGHEST GUST SPEED    18   HIGHEST GUST DIRECTION     E (80)
  AVERAGE WIND SPEED     5.7


SKY COVER
  POSSIBLE SUNSHINE  MM
  AVERAGE SKY COVER 0.3


WEATHER CONDITIONS
 THE FOLLOWING WEATHER WAS RECORDED TODAY.
  NO SIGNIFICANT WEATHER WAS OBSERVED.


RELATIVE HUMIDITY (PERCENT)
 HIGHEST    93           500 AM
 LOWEST     43           200 PM
 AVERAGE    68

..........................................................


THE SAN ANGELO CLIMATE NORMALS FOR TOMORROW
                         NORMAL    RECORD    YEAR
 MAXIMUM TEMPERATURE (F)   85       102      1926
                                             1907
 MINIMUM TEMPERATURE (F)   61        39      1989
                                             1913


SUNRISE AND SUNSET
SEPTEMBER 23 2014.....SUNRISE   731 AM CDT   SUNSET   737 PM CDT
SEPTEMBER 24 2014.....SUNRISE   731 AM CDT   SUNSET   736 PM CDT


-  INDICATES NEGATIVE NUMBERS.
R  INDICATES RECORD WAS SET OR TIED.
MM INDICATES DATA IS MISSING.
T  INDICATES TRACE AMOUNT.




$$
