000
CDCA42 TJSJ 010431
CLISJU


CLIMATE REPORT
NATIONAL WEATHER SERVICE SAN JUAN, PR
1231 AM AST MON SEP 1 2014


...................................

...THE SAN JUAN/P.R. CLIMATE SUMMARY FOR AUGUST 31 2014...

CLIMATE NORMAL PERIOD 1981 TO 2010
CLIMATE RECORD PERIOD 1898 TO 2014


WEATHER ITEM   OBSERVED TIME   RECORD YEAR NORMAL DEPARTURE LAST
                VALUE   (LST)  VALUE       VALUE  FROM      YEAR
                                                  NORMAL
..................................................................
TEMPERATURE (F)
 YESTERDAY
  MAXIMUM         89    205 PM  94    1995  89      0       91
  MINIMUM         78    650 AM  71    1902  78      0       79
  AVERAGE         84                        84      0       85

PRECIPITATION (IN)
  YESTERDAY        0.02          2.63 1979   0.21  -0.19     0.01
  MONTH TO DATE    9.79                      5.46   4.33     7.42
  SINCE JUN 1     14.13                     14.94  -0.81    32.88
  SINCE JAN 1     32.72                     33.62  -0.90    57.63

SNOWFALL (IN)
  YESTERDAY        0.0
  MONTH TO DATE    0.0
  SINCE JUN 1      0.0
  SINCE JUL 1      0.0

DEGREE DAYS
 HEATING
  YESTERDAY        0                         0      0        0
  MONTH TO DATE    0                         0      0        0
  SINCE JUN 1      0                         0      0        0
  SINCE JUL 1      0                         0      0        0

 COOLING
  YESTERDAY       19                        19      0       20
  MONTH TO DATE  572                       580     -8      593
  SINCE JUN 1   1809                      1699    110     1668
  SINCE JAN 1   4215                      3864    351     3916
..................................................................


WIND (MPH)
  RESULTANT WIND SPEED   9   RESULTANT WIND DIRECTION   E (70)
  HIGHEST WIND SPEED    23   HIGHEST WIND DIRECTION     E (90)
  HIGHEST GUST SPEED    32   HIGHEST GUST DIRECTION     E (90)
  AVERAGE WIND SPEED     9.5


SKY COVER
  POSSIBLE SUNSHINE  MM
  AVERAGE SKY COVER 0.4


WEATHER CONDITIONS
 THE FOLLOWING WEATHER WAS RECORDED YESTERDAY.
  LIGHT RAIN


RELATIVE HUMIDITY (PERCENT)
 HIGHEST    91
 LOWEST     63
 AVERAGE    77

..........................................................


THE SAN JUAN/P.R. CLIMATE NORMALS FOR TODAY
                         NORMAL    RECORD    YEAR
 MAXIMUM TEMPERATURE (F)   89        97      1981
 MINIMUM TEMPERATURE (F)   78        70      1942


SUNRISE AND SUNSET
SEPTEMBER  1 2014.....SUNRISE   609 AM AST   SUNSET   638 PM AST
SEPTEMBER  2 2014.....SUNRISE   610 AM AST   SUNSET   637 PM AST


-  INDICATES NEGATIVE NUMBERS.
R  INDICATES RECORD WAS SET OR TIED.
MM INDICATES DATA IS MISSING.
T  INDICATES TRACE AMOUNT.




$$
