000
CDUS45 KSLC 301236
CLISLC


CLIMATE REPORT
NATIONAL WEATHER SERVICE SALT LAKE CITY UT
635 AM MDT TUE SEP 30 2014


...................................

...THE SALT LAKE CITY UT CLIMATE SUMMARY FOR SEPTEMBER 29 2014...

CLIMATE NORMAL PERIOD 1981 TO 2010
CLIMATE RECORD PERIOD 1874 TO 2014


WEATHER ITEM   OBSERVED TIME   RECORD YEAR NORMAL DEPARTURE LAST
                VALUE   (LST)  VALUE       VALUE  FROM      YEAR
                                                  NORMAL
..................................................................
TEMPERATURE (F)
 YESTERDAY
  MAXIMUM         65    207 PM  91    1969  73     -8       75
                                      1957
  MINIMUM         50   1117 PM  33    1986  47      3       51
                                      1950
                                      1945
  AVERAGE         58                        60     -2       63

PRECIPITATION (IN)
  YESTERDAY        0.12          1.35 1905   0.05   0.07      T
  MONTH TO DATE    2.40                      1.16   1.24     1.17
  SINCE OCT 1     15.35                     16.05  -0.70    13.18
  SINCE JAN 1     12.34                     11.67   0.67     8.61

SNOWFALL (IN)
  YESTERDAY        0.0           T    2007   0.0    0.0      0.0
                                      1950
  MONTH TO DATE    0.0                       0.0    0.0      0.0
  SINCE OCT 1     35.5                      56.2  -20.7     69.9
  SINCE JUL 1      0.0                       0.0    0.0      0.0
  SNOW DEPTH       0

DEGREE DAYS
 HEATING
  YESTERDAY        7                         6      1        2
  MONTH TO DATE   24                        78    -54       55
  SINCE SEP 1     24                        78    -54       55
  SINCE JUL 1     25                        83    -58       55

 COOLING
  YESTERDAY        0                         1     -1        0
  MONTH TO DATE  189                       115     74      216
  SINCE SEP 1    189                       115     74      216
  SINCE JAN 1   1242                      1151     91     1762
..................................................................


WIND (MPH)
  RESULTANT WIND SPEED   6   RESULTANT WIND DIRECTION   S (160)
  HIGHEST WIND SPEED    18   HIGHEST WIND DIRECTION    NE (50)
  HIGHEST GUST SPEED    22   HIGHEST GUST DIRECTION    NE (50)
  AVERAGE WIND SPEED     8.0


SKY COVER
  POSSIBLE SUNSHINE  MM
  AVERAGE SKY COVER 0.6


WEATHER CONDITIONS
 THE FOLLOWING WEATHER WAS RECORDED YESTERDAY.
  THUNDERSTORM
  HEAVY RAIN
  RAIN
  LIGHT RAIN
  FOG


RELATIVE HUMIDITY (PERCENT)
 HIGHEST    93           500 AM
 LOWEST     48          1100 AM
 AVERAGE    71

..........................................................


THE SALT LAKE CITY UT CLIMATE NORMALS FOR TODAY
                         NORMAL    RECORD    YEAR
 MAXIMUM TEMPERATURE (F)   72        91      2011
 MINIMUM TEMPERATURE (F)   47        30      1954


SUNRISE AND SUNSET
SEPTEMBER 30 2014.....SUNRISE   723 AM MDT   SUNSET   711 PM MDT
OCTOBER  1 2014.......SUNRISE   724 AM MDT   SUNSET   710 PM MDT


-  INDICATES NEGATIVE NUMBERS.
R  INDICATES RECORD WAS SET OR TIED.
MM INDICATES DATA IS MISSING.
T  INDICATES TRACE AMOUNT.




$$
