661
CDUS45 KSLC 021238
CLISLC


CLIMATE REPORT
NATIONAL WEATHER SERVICE SALT LAKE CITY UT
638 AM MDT MON MAY 2 2016


...................................

...THE SALT LAKE CITY UT CLIMATE SUMMARY FOR MAY 1 2016...

CLIMATE NORMAL PERIOD 1981 TO 2010
CLIMATE RECORD PERIOD 1874 TO 2016


WEATHER ITEM   OBSERVED TIME   RECORD YEAR NORMAL DEPARTURE LAST
                VALUE   (LST)  VALUE       VALUE  FROM      YEAR
                                                  NORMAL
..................................................................
TEMPERATURE (F)
 YESTERDAY
  MAXIMUM         65    418 PM  87    2007  67     -2       75
                                      1981
  MINIMUM         48    627 AM  27    1967  44      4       50
                                      1946
  AVERAGE         57                        55      2       63

PRECIPITATION (IN)
  YESTERDAY        0.00          0.79 1874   0.07  -0.07     0.00
  MONTH TO DATE    0.00                      0.07  -0.07     0.00
  SINCE OCT 1      9.32                     10.73  -1.41     6.21
  SINCE JAN 1      6.07                      6.35  -0.28     4.20

SNOWFALL (IN)
  YESTERDAY        0.0           0.9  1988   0.0    0.0      0.0
  MONTH TO DATE    0.0                       0.0    0.0      0.0
  SINCE OCT 1     34.3                      55.9  -21.6     15.4
  SINCE JUL 1     34.3                      55.9  -21.6     15.4
  SNOW DEPTH       0

DEGREE DAYS
 HEATING
  YESTERDAY        8                        10     -2        2
  MONTH TO DATE    8                        10     -2        2
  SINCE MAR 1    852                      1110   -258      839
  SINCE JUL 1   4697                      5366   -669     4186

 COOLING
  YESTERDAY        0                         0      0        0
  MONTH TO DATE    0                         0      0        0
  SINCE MAR 1     10                         4      6        0
  SINCE JAN 1     10                         4      6        0
..................................................................


WIND (MPH)
  RESULTANT WIND SPEED  11   RESULTANT WIND DIRECTION   E (80)
  HIGHEST WIND SPEED    25   HIGHEST WIND DIRECTION    NE (60)
  HIGHEST GUST SPEED    34   HIGHEST GUST DIRECTION    NE (50)
  AVERAGE WIND SPEED    13.2


SKY COVER
  POSSIBLE SUNSHINE  MM
  AVERAGE SKY COVER 0.6


WEATHER CONDITIONS
 THE FOLLOWING WEATHER WAS RECORDED YESTERDAY.
  NO SIGNIFICANT WEATHER WAS OBSERVED.


RELATIVE HUMIDITY (PERCENT)
 HIGHEST    46          1100 PM
 LOWEST     22           400 PM
 AVERAGE    34

..........................................................


THE SALT LAKE CITY UT CLIMATE NORMALS FOR TODAY
                         NORMAL    RECORD    YEAR
 MAXIMUM TEMPERATURE (F)   67        91      1947
 MINIMUM TEMPERATURE (F)   44        25      1899


SUNRISE AND SUNSET
MAY  2 2016...........SUNRISE   624 AM MDT   SUNSET   826 PM MDT
MAY  3 2016...........SUNRISE   623 AM MDT   SUNSET   827 PM MDT


-  INDICATES NEGATIVE NUMBERS.
R  INDICATES RECORD WAS SET OR TIED.
MM INDICATES DATA IS MISSING.
T  INDICATES TRACE AMOUNT.




$$
