000
CDUS45 KSLC 011226
CLISLC


CLIMATE REPORT
NATIONAL WEATHER SERVICE SALT LAKE CITY UT
625 AM MDT FRI AUG 1 2014


...................................

...THE SALT LAKE CITY UT CLIMATE SUMMARY FOR JULY 31 2014...

CLIMATE NORMAL PERIOD 1981 TO 2010
CLIMATE RECORD PERIOD 1874 TO 2014


WEATHER ITEM   OBSERVED TIME   RECORD YEAR NORMAL DEPARTURE LAST
                VALUE   (LST)  VALUE       VALUE  FROM      YEAR
                                                  NORMAL
..................................................................
TEMPERATURE (F)
 YESTERDAY
  MAXIMUM         85    243 PM 102    2000  94     -9      101
                                      1990
                                      1989
  MINIMUM         62    558 AM  45    1950  66     -4       75
  AVERAGE         74                        80     -6       88

PRECIPITATION (IN)
  YESTERDAY        0.00          0.75 1952   0.02  -0.02     0.00
  MONTH TO DATE    0.50                      0.61  -0.11     1.16
  SINCE OCT 1     11.18                     14.20  -3.02    11.85
  SINCE JAN 1      8.17                      9.82  -1.65     7.28

SNOWFALL (IN)
  YESTERDAY        0.0          MM      MM   0.0    0.0      0.0
  MONTH TO DATE    0.0                       0.0    0.0      0.0
  SINCE OCT 1     35.5                      56.2  -20.7     69.9
  SINCE JUL 1      0.0                       0.0    0.0      0.0
  SNOW DEPTH       0

DEGREE DAYS
 HEATING
  YESTERDAY        0                         0      0        0
  MONTH TO DATE    0                         0      0        0
  SINCE JUN 1     39                        48     -9        4
  SINCE JUL 1      0                         2     -2        0

 COOLING
  YESTERDAY        9                        15     -6       23
  MONTH TO DATE  515                       425     90      599
  SINCE JUN 1    695                       612     83      922
  SINCE JAN 1    757                       662     95      992
..................................................................


WIND (MPH)
  RESULTANT WIND SPEED   2   RESULTANT WIND DIRECTION  NW (300)
  HIGHEST WIND SPEED    14   HIGHEST WIND DIRECTION     W (280)
  HIGHEST GUST SPEED    19   HIGHEST GUST DIRECTION    NW (320)
  AVERAGE WIND SPEED     6.0


SKY COVER
  POSSIBLE SUNSHINE  MM
  AVERAGE SKY COVER 0.1


WEATHER CONDITIONS
 THE FOLLOWING WEATHER WAS RECORDED YESTERDAY.
  HAZE


RELATIVE HUMIDITY (PERCENT)
 HIGHEST    78           600 AM
 LOWEST     24           700 PM
 AVERAGE    51

..........................................................


THE SALT LAKE CITY UT CLIMATE NORMALS FOR TODAY
                         NORMAL    RECORD    YEAR
 MAXIMUM TEMPERATURE (F)   94       103      2008
                                             2000
 MINIMUM TEMPERATURE (F)   66        49      1932


SUNRISE AND SUNSET
AUGUST  1 2014........SUNRISE   624 AM MDT   SUNSET   843 PM MDT
AUGUST  2 2014........SUNRISE   625 AM MDT   SUNSET   842 PM MDT


-  INDICATES NEGATIVE NUMBERS.
R  INDICATES RECORD WAS SET OR TIED.
MM INDICATES DATA IS MISSING.
T  INDICATES TRACE AMOUNT.




$$
