000
CDUS45 KSLC 301243
CLISLC


CLIMATE REPORT
NATIONAL WEATHER SERVICE SALT LAKE CITY UT
643 AM MDT THU JUL 30 2015


...................................

...THE SALT LAKE CITY UT CLIMATE SUMMARY FOR JULY 29 2015...

CLIMATE NORMAL PERIOD 1981 TO 2010
CLIMATE RECORD PERIOD 1874 TO 2015


WEATHER ITEM   OBSERVED TIME   RECORD YEAR NORMAL DEPARTURE LAST
                VALUE   (LST)  VALUE       VALUE  FROM      YEAR
                                                  NORMAL
..................................................................
TEMPERATURE (F)
 YESTERDAY
  MAXIMUM         86    546 PM 106    1995  94     -8       76
  MINIMUM         53    505 AM  45    1948  66    -13       66
  AVERAGE         70                        80    -10       71

PRECIPITATION (IN)
  YESTERDAY        0.00          1.36 1969   0.02  -0.02     0.11
  MONTH TO DATE    1.22                      0.57   0.65     0.48
  SINCE OCT 1     12.27                     14.16  -1.89    11.16
  SINCE JAN 1     10.26                      9.78   0.48     8.15

SNOWFALL (IN)
  YESTERDAY        0.0          MM      MM   0.0    0.0      0.0
  MONTH TO DATE    0.0                       0.0    0.0      0.0
  SINCE OCT 1     15.4                      56.2  -40.8     35.5
  SINCE JUL 1      0.0                       0.0    0.0      0.0
  SNOW DEPTH       0

DEGREE DAYS
 HEATING
  YESTERDAY        0                         0      0        0
  MONTH TO DATE    0                         0      0        0
  SINCE JUN 1      0                        46    -46       39
  SINCE JUL 1      0                         0      0        0

 COOLING
  YESTERDAY        5                        15    -10        6
  MONTH TO DATE  368                       396    -28      497
  SINCE JUN 1    748                       583    165      677
  SINCE JAN 1    779                       633    146      739
..................................................................


WIND (MPH)
  RESULTANT WIND SPEED   2   RESULTANT WIND DIRECTION  NW (320)
  HIGHEST WIND SPEED    13   HIGHEST WIND DIRECTION    NW (320)
  HIGHEST GUST SPEED    17   HIGHEST GUST DIRECTION     N (20)
  AVERAGE WIND SPEED     5.0


SKY COVER
  POSSIBLE SUNSHINE  MM
  AVERAGE SKY COVER 0.0


WEATHER CONDITIONS
 THE FOLLOWING WEATHER WAS RECORDED YESTERDAY.
  HAZE


RELATIVE HUMIDITY (PERCENT)
 HIGHEST    57           600 AM
 LOWEST      9           500 PM
 AVERAGE    33

..........................................................


THE SALT LAKE CITY UT CLIMATE NORMALS FOR TODAY
                         NORMAL    RECORD    YEAR
 MAXIMUM TEMPERATURE (F)   94       103      1934
 MINIMUM TEMPERATURE (F)   66        48      1950


SUNRISE AND SUNSET
JULY 30 2015..........SUNRISE   622 AM MDT   SUNSET   846 PM MDT
JULY 31 2015..........SUNRISE   623 AM MDT   SUNSET   845 PM MDT


-  INDICATES NEGATIVE NUMBERS.
R  INDICATES RECORD WAS SET OR TIED.
MM INDICATES DATA IS MISSING.
T  INDICATES TRACE AMOUNT.




$$
