000
CDUS45 KSLC 270031
CLISLC


CLIMATE REPORT
NATIONAL WEATHER SERVICE SALT LAKE CITY UT
630 PM MDT THU MAY 26 2016


...................................

...THE SALT LAKE CITY UT CLIMATE SUMMARY FOR MAY 26 2016...
VALID TODAY AS OF 0500 PM LOCAL TIME.

CLIMATE NORMAL PERIOD 1981 TO 2010
CLIMATE RECORD PERIOD 1874 TO 2016


WEATHER ITEM   OBSERVED TIME   RECORD YEAR NORMAL DEPARTURE LAST
                VALUE   (LST)  VALUE       VALUE  FROM      YEAR
                                                  NORMAL
..................................................................
TEMPERATURE (F)
 TODAY
  MAXIMUM         72    357 PM  92    1958  75     -3       62
  MINIMUM         48    544 AM  34    1975  51     -3       55
                                      1929
  AVERAGE         60                        63     -3       59

PRECIPITATION (IN)
  TODAY            0.00          0.98 1908   0.06  -0.06     0.11
  MONTH TO DATE    1.56                      1.68  -0.12     3.99
  SINCE OCT 1     10.88                     12.34  -1.46    10.20
  SINCE JAN 1      7.63                      7.96  -0.33     8.19

SNOWFALL (IN)
  TODAY            0.0           T    1929   0.0    0.0      0.0
  MONTH TO DATE    0.0                       0.3   -0.3      0.0
  SINCE OCT 1     34.3                      56.2  -21.9     15.4
  SINCE JUL 1     34.3                      56.2  -21.9     15.4
  SNOW DEPTH       0

DEGREE DAYS
 HEATING
  TODAY            5                         4      1        6
  MONTH TO DATE  131                       186    -55      170
  SINCE MAR 1    975                      1286   -311     1007
  SINCE JUL 1   4820                      5542   -722     4354

 COOLING
  TODAY            0                         2     -2        0
  MONTH TO DATE   30                        34     -4       14
  SINCE MAR 1     40                        38      2       14
  SINCE JAN 1     40                        38      2       14
..................................................................


WIND (MPH)
  RESULTANT WIND SPEED   4   RESULTANT WIND DIRECTION  NW (310)
  HIGHEST WIND SPEED    18   HIGHEST WIND DIRECTION    NW (300)
  HIGHEST GUST SPEED    27   HIGHEST GUST DIRECTION    NW (330)
  AVERAGE WIND SPEED     5.5


SKY COVER
  POSSIBLE SUNSHINE  MM
  AVERAGE SKY COVER 0.2


WEATHER CONDITIONS
 THE FOLLOWING WEATHER WAS RECORDED TODAY.
  NO SIGNIFICANT WEATHER WAS OBSERVED.


RELATIVE HUMIDITY (PERCENT)
 HIGHEST    86           500 AM
 LOWEST     26           200 PM
 AVERAGE    56

..........................................................


THE SALT LAKE CITY UT CLIMATE NORMALS FOR TOMORROW
                         NORMAL    RECORD    YEAR
 MAXIMUM TEMPERATURE (F)   76        93      1951
 MINIMUM TEMPERATURE (F)   51        33      1929


SUNRISE AND SUNSET
MAY 26 2016...........SUNRISE   602 AM MDT   SUNSET   849 PM MDT
MAY 27 2016...........SUNRISE   601 AM MDT   SUNSET   850 PM MDT


-  INDICATES NEGATIVE NUMBERS.
R  INDICATES RECORD WAS SET OR TIED.
MM INDICATES DATA IS MISSING.
T  INDICATES TRACE AMOUNT.




$$
