000
CDUS45 KSLC 201233
CLISLC


CLIMATE REPORT
NATIONAL WEATHER SERVICE SALT LAKE CITY UT
632 AM MDT THU JUL 20 2017


...................................

...THE SALT LAKE CITY UT CLIMATE SUMMARY FOR JULY 19 2017...

CLIMATE NORMAL PERIOD 1981 TO 2010
CLIMATE RECORD PERIOD 1874 TO 2017


WEATHER ITEM   OBSERVED TIME   RECORD YEAR NORMAL DEPARTURE LAST
                VALUE   (LST)  VALUE       VALUE  FROM      YEAR
                                                  NORMAL
..................................................................
TEMPERATURE (F)
 YESTERDAY
  MAXIMUM         96    305 PM 104    1960  94      2       99
                                      1936
  MINIMUM         79   1222 AM  50    1897  66     13       77
  AVERAGE         88                        80      8       88

PRECIPITATION (IN)
  YESTERDAY        T             1.10 1912   0.02  -0.02     0.00
  MONTH TO DATE    0.01                      0.35  -0.34      T
  SINCE OCT 1     15.90                     13.94   1.96    11.42
  SINCE JAN 1     11.26                      9.56   1.70     8.17

SNOWFALL (IN)
  YESTERDAY        0.0          MM      MM   0.0    0.0      0.0
  MONTH TO DATE    0.0                       0.0    0.0      0.0
  SINCE OCT 1     51.4                      56.2   -4.8     34.3
  SINCE JUL 1      0.0                       0.0    0.0      0.0
  SNOW DEPTH       0

DEGREE DAYS
 HEATING
  YESTERDAY        0                         0      0        0
  MONTH TO DATE    0                         0      0        1
  SINCE JUN 1      4                        46    -42        1
  SINCE JUL 1      0                         0      0        1

 COOLING
  YESTERDAY       23                        15      8       23
  MONTH TO DATE  420                       246    174      302
  SINCE JUN 1    761                       433    328      682
  SINCE JAN 1    836                       483    353      729
..................................................................


WIND (MPH)
  RESULTANT WIND SPEED  14   RESULTANT WIND DIRECTION   S (160)
  HIGHEST WIND SPEED    33   HIGHEST WIND DIRECTION     S (180)
  HIGHEST GUST SPEED    42   HIGHEST GUST DIRECTION     S (190)
  AVERAGE WIND SPEED    14.3


SKY COVER
  POSSIBLE SUNSHINE  MM
  AVERAGE SKY COVER 0.1


WEATHER CONDITIONS
 THE FOLLOWING WEATHER WAS RECORDED YESTERDAY.
  THUNDERSTORM
  LIGHT RAIN


RELATIVE HUMIDITY (PERCENT)
 HIGHEST    47           500 PM
 LOWEST     23           300 PM
 AVERAGE    35

..........................................................


THE SALT LAKE CITY UT CLIMATE NORMALS FOR TODAY
                         NORMAL    RECORD    YEAR
 MAXIMUM TEMPERATURE (F)   94       105      1960
 MINIMUM TEMPERATURE (F)   66        49      1897


SUNRISE AND SUNSET
JULY 20 2017..........SUNRISE   614 AM MDT   SUNSET   854 PM MDT
JULY 21 2017..........SUNRISE   615 AM MDT   SUNSET   853 PM MDT


-  INDICATES NEGATIVE NUMBERS.
R  INDICATES RECORD WAS SET OR TIED.
MM INDICATES DATA IS MISSING.
T  INDICATES TRACE AMOUNT.




$$
