000
CDUS45 KSLC 271216
CLISLC


CLIMATE REPORT
NATIONAL WEATHER SERVICE SALT LAKE CITY UT
615 AM MDT FRI MAR 27 2015


...................................

...THE SALT LAKE CITY UT CLIMATE SUMMARY FOR MARCH 26 2015...

CLIMATE NORMAL PERIOD 1981 TO 2010
CLIMATE RECORD PERIOD 1874 TO 2015


WEATHER ITEM   OBSERVED TIME   RECORD YEAR NORMAL DEPARTURE LAST
                VALUE   (LST)  VALUE       VALUE  FROM      YEAR
                                                  NORMAL
..................................................................
TEMPERATURE (F)
 YESTERDAY
  MAXIMUM         61    350 PM  78    1960  57      4       64
  MINIMUM         35    635 AM  16    1913  36     -1       41
  AVERAGE         48                        46      2       53

PRECIPITATION (IN)
  YESTERDAY        0.00          0.82 1920   0.06  -0.06     0.18
  MONTH TO DATE    0.71                      1.47  -0.76     0.53
  SINCE OCT 1      3.89                      8.35  -4.46     6.31
  SINCE JAN 1      1.88                      3.97  -2.09     3.30

SNOWFALL (IN)
  YESTERDAY        0.0           4.2  1981   0.2   -0.2      0.0
  MONTH TO DATE    2.8                       5.6   -2.8       T
  SINCE OCT 1      9.6                      51.0  -41.4     35.0
  SINCE JUL 1      9.6                      51.0  -41.4     35.0
  SNOW DEPTH       0

DEGREE DAYS
 HEATING
  YESTERDAY       17                        19     -2       12
  MONTH TO DATE  431                       570   -139      409
  SINCE MAR 1    431                       570   -139      409
  SINCE JUL 1   3778                      4826  -1048     4396

 COOLING
  YESTERDAY        0                         0      0        0
  MONTH TO DATE    0                         0      0        0
  SINCE MAR 1      0                         0      0        0
  SINCE JAN 1      0                         0      0        0
..................................................................


WIND (MPH)
  RESULTANT WIND SPEED   1   RESULTANT WIND DIRECTION   E (110)
  HIGHEST WIND SPEED    12   HIGHEST WIND DIRECTION     N (350)
  HIGHEST GUST SPEED    16   HIGHEST GUST DIRECTION     N (360)
  AVERAGE WIND SPEED     5.4


SKY COVER
  POSSIBLE SUNSHINE  MM
  AVERAGE SKY COVER 0.0


WEATHER CONDITIONS
 THE FOLLOWING WEATHER WAS RECORDED YESTERDAY.
  NO SIGNIFICANT WEATHER WAS OBSERVED.


RELATIVE HUMIDITY (PERCENT)
 HIGHEST    59           500 AM
 LOWEST     26          1100 AM
 AVERAGE    43

..........................................................


THE SALT LAKE CITY UT CLIMATE NORMALS FOR TODAY
                         NORMAL    RECORD    YEAR
 MAXIMUM TEMPERATURE (F)   57        76      1895
 MINIMUM TEMPERATURE (F)   36        14      1931


SUNRISE AND SUNSET
MARCH 27 2015.........SUNRISE   720 AM MDT   SUNSET   747 PM MDT
MARCH 28 2015.........SUNRISE   718 AM MDT   SUNSET   748 PM MDT


-  INDICATES NEGATIVE NUMBERS.
R  INDICATES RECORD WAS SET OR TIED.
MM INDICATES DATA IS MISSING.
T  INDICATES TRACE AMOUNT.




$$
