000
CDUS45 KSLC 280045
CLISLC


CLIMATE REPORT
NATIONAL WEATHER SERVICE SALT LAKE CITY UT
645 PM MDT WED AUG 27 2014


...................................

...THE SALT LAKE CITY UT CLIMATE SUMMARY FOR AUGUST 27 2014...
VALID TODAY AS OF 0500 PM LOCAL TIME.

CLIMATE NORMAL PERIOD 1981 TO 2010
CLIMATE RECORD PERIOD 1874 TO 2014


WEATHER ITEM   OBSERVED TIME   RECORD YEAR NORMAL DEPARTURE LAST
                VALUE   (LST)  VALUE       VALUE  FROM      YEAR
                                                  NORMAL
..................................................................
TEMPERATURE (F)
 TODAY
  MAXIMUM         76    252 PM  99    1937  88    -12       84
  MINIMUM         59    357 AM  42    1964  61     -2       67
  AVERAGE         68                        74     -6       76

PRECIPITATION (IN)
  TODAY            0.00          0.67 1920   0.02  -0.02     0.05
  MONTH TO DATE    1.77                      0.57   1.20     0.13
  SINCE OCT 1     12.95                     14.77  -1.82    11.98
  SINCE JAN 1      9.94                     10.39  -0.45     7.41

SNOWFALL (IN)
  TODAY            0.0          MM      MM   0.0    0.0      0.0
  MONTH TO DATE    0.0                       0.0    0.0      0.0
  SINCE OCT 1     35.5                      56.2  -20.7     69.9
  SINCE JUL 1      0.0                       0.0    0.0      0.0
  SNOW DEPTH       0

DEGREE DAYS
 HEATING
  TODAY            0                         0      0        0
  MONTH TO DATE    1                         0      1        0
  SINCE JUN 1     40                        48     -8        4
  SINCE JUL 1      1                         2     -1        0

 COOLING
  TODAY            3                         9     -6       11
  MONTH TO DATE  265                       339    -74      483
  SINCE JUN 1    960                       951      9     1405
  SINCE JAN 1   1022                      1001     21     1475
..................................................................


WIND (MPH)
  RESULTANT WIND SPEED   1   RESULTANT WIND DIRECTION  SE (120)
  HIGHEST WIND SPEED    12   HIGHEST WIND DIRECTION     N (340)
  HIGHEST GUST SPEED    14   HIGHEST GUST DIRECTION     N (340)
  AVERAGE WIND SPEED     3.7


SKY COVER
  POSSIBLE SUNSHINE  MM
  AVERAGE SKY COVER 0.7


WEATHER CONDITIONS
 THE FOLLOWING WEATHER WAS RECORDED TODAY.
  NO SIGNIFICANT WEATHER WAS OBSERVED.


RELATIVE HUMIDITY (PERCENT)
 HIGHEST    84           100 AM
 LOWEST     38           400 PM
 AVERAGE    61

..........................................................


THE SALT LAKE CITY UT CLIMATE NORMALS FOR TOMORROW
                         NORMAL    RECORD    YEAR
 MAXIMUM TEMPERATURE (F)   87        98      2012
 MINIMUM TEMPERATURE (F)   60        42      1964


SUNRISE AND SUNSET
AUGUST 27 2014........SUNRISE   650 AM MDT   SUNSET   808 PM MDT
AUGUST 28 2014........SUNRISE   651 AM MDT   SUNSET   806 PM MDT


-  INDICATES NEGATIVE NUMBERS.
R  INDICATES RECORD WAS SET OR TIED.
MM INDICATES DATA IS MISSING.
T  INDICATES TRACE AMOUNT.




$$
