588
CDUS45 KSLC 221228
CLISLC


CLIMATE REPORT
NATIONAL WEATHER SERVICE SALT LAKE CITY UT
627 AM MDT FRI SEP 22 2017


...................................

...THE SALT LAKE CITY UT CLIMATE SUMMARY FOR SEPTEMBER 21 2017...

CLIMATE NORMAL PERIOD 1981 TO 2010
CLIMATE RECORD PERIOD 1874 TO 2017


WEATHER ITEM   OBSERVED TIME   RECORD YEAR NORMAL DEPARTURE LAST
                VALUE   (LST)  VALUE       VALUE  FROM      YEAR
                                                  NORMAL
..................................................................
TEMPERATURE (F)
 YESTERDAY
  MAXIMUM         58    116 PM  90    2013  77    -19       84
                                      1944
  MINIMUM         41   1159 PM  32    1895  51    -10       60
  AVERAGE         50                        64    -14       72

PRECIPITATION (IN)
  YESTERDAY        0.51          0.75 1895   0.05   0.46     0.02
  MONTH TO DATE    1.14                      0.79   0.35     0.29
  SINCE OCT 1     17.61                     15.68   1.93    11.86
  SINCE JAN 1     12.97                     11.30   1.67     8.61

SNOWFALL (IN)
  YESTERDAY       MM            MM      MM   0.0   MM        0.0
  MONTH TO DATE    0.0                       0.0    0.0      0.0
  SINCE OCT 1     51.4                      56.2   -4.8     34.3
  SINCE JUL 1      0.0                       0.0    0.0      0.0
  SNOW DEPTH       0

DEGREE DAYS
 HEATING
  YESTERDAY       15                         4     11        0
  MONTH TO DATE   38                        38      0       12
  SINCE SEP 1     38                        38      0       12
  SINCE JUL 1     38                        43     -5       13

 COOLING
  YESTERDAY        0                         2     -2        7
  MONTH TO DATE  196                       103     93      114
  SINCE SEP 1    196                       103     93      114
  SINCE JAN 1   1758                      1139    619     1591
..................................................................


WIND (MPH)
  RESULTANT WIND SPEED  10   RESULTANT WIND DIRECTION  NW (330)
  HIGHEST WIND SPEED    22   HIGHEST WIND DIRECTION    NW (330)
  HIGHEST GUST SPEED    26   HIGHEST GUST DIRECTION    NW (330)
  AVERAGE WIND SPEED    12.1


SKY COVER
  POSSIBLE SUNSHINE  MM
  AVERAGE SKY COVER 0.9


WEATHER CONDITIONS
 THE FOLLOWING WEATHER WAS RECORDED YESTERDAY.
  HEAVY RAIN
  RAIN
  LIGHT RAIN
  FOG


RELATIVE HUMIDITY (PERCENT)
 HIGHEST    92           800 PM
 LOWEST     55           200 PM
 AVERAGE    74

..........................................................


THE SALT LAKE CITY UT CLIMATE NORMALS FOR TODAY
                         NORMAL    RECORD    YEAR
 MAXIMUM TEMPERATURE (F)   76        91      1966
                                             1954
 MINIMUM TEMPERATURE (F)   50        29      1895


SUNRISE AND SUNSET
SEPTEMBER 22 2017.....SUNRISE   716 AM MDT   SUNSET   724 PM MDT
SEPTEMBER 23 2017.....SUNRISE   717 AM MDT   SUNSET   723 PM MDT


-  INDICATES NEGATIVE NUMBERS.
R  INDICATES RECORD WAS SET OR TIED.
MM INDICATES DATA IS MISSING.
T  INDICATES TRACE AMOUNT.




$$
