000
CDUS45 KSLC 191229
CLISLC


CLIMATE REPORT
NATIONAL WEATHER SERVICE SALT LAKE CITY UT
628 AM MDT FRI SEP 19 2014


...................................

...THE SALT LAKE CITY UT CLIMATE SUMMARY FOR SEPTEMBER 18 2014...

CLIMATE NORMAL PERIOD 1981 TO 2010
CLIMATE RECORD PERIOD 1874 TO 2014


WEATHER ITEM   OBSERVED TIME   RECORD YEAR NORMAL DEPARTURE LAST
                VALUE   (LST)  VALUE       VALUE  FROM      YEAR
                                                  NORMAL
..................................................................
TEMPERATURE (F)
 YESTERDAY
  MAXIMUM         92    333 PM  94    1937  78     14       78
  MINIMUM         67   1159 PM  27    1965  52     15       54
  AVERAGE         80                        65     15       66

PRECIPITATION (IN)
  YESTERDAY        0.00          0.82 1947   0.04  -0.04     0.00
  MONTH TO DATE    0.30                      0.65  -0.35     1.01
  SINCE OCT 1     13.25                     15.54  -2.29    13.02
  SINCE JAN 1     10.24                     11.16  -0.92     8.45

SNOWFALL (IN)
  YESTERDAY        0.0           1.0  1978   0.0    0.0      0.0
  MONTH TO DATE    0.0                       0.0    0.0      0.0
  SINCE OCT 1     35.5                      56.2  -20.7     69.9
  SINCE JUL 1      0.0                       0.0    0.0      0.0
  SNOW DEPTH       0

DEGREE DAYS
 HEATING
  YESTERDAY        0                         3     -3        0
  MONTH TO DATE    9                        28    -19        0
  SINCE SEP 1      9                        28    -19        0
  SINCE JUL 1     10                        33    -23        0

 COOLING
  YESTERDAY       15                         3     12        1
  MONTH TO DATE  132                        95     37      194
  SINCE SEP 1    132                        95     37      194
  SINCE JAN 1   1185                      1131     54     1740
..................................................................


WIND (MPH)
  RESULTANT WIND SPEED   8   RESULTANT WIND DIRECTION  SE (150)
  HIGHEST WIND SPEED    24   HIGHEST WIND DIRECTION     N (340)
  HIGHEST GUST SPEED    30   HIGHEST GUST DIRECTION     N (340)
  AVERAGE WIND SPEED    13.6


SKY COVER
  POSSIBLE SUNSHINE  MM
  AVERAGE SKY COVER 0.1


WEATHER CONDITIONS
 THE FOLLOWING WEATHER WAS RECORDED YESTERDAY.
  HAZE


RELATIVE HUMIDITY (PERCENT)
 HIGHEST    57           900 PM
 LOWEST     19           400 PM
 AVERAGE    38

..........................................................


THE SALT LAKE CITY UT CLIMATE NORMALS FOR TODAY
                         NORMAL    RECORD    YEAR
 MAXIMUM TEMPERATURE (F)   78        97      1956
 MINIMUM TEMPERATURE (F)   52        31      1964


SUNRISE AND SUNSET
SEPTEMBER 19 2014.....SUNRISE   712 AM MDT   SUNSET   730 PM MDT
SEPTEMBER 20 2014.....SUNRISE   713 AM MDT   SUNSET   728 PM MDT


-  INDICATES NEGATIVE NUMBERS.
R  INDICATES RECORD WAS SET OR TIED.
MM INDICATES DATA IS MISSING.
T  INDICATES TRACE AMOUNT.




$$
