000
CDUS45 KSLC 270045
CLISLC


CLIMATE REPORT
NATIONAL WEATHER SERVICE SALT LAKE CITY UT
645 PM MDT FRI MAY 26 2017


...................................

...THE SALT LAKE CITY UT CLIMATE SUMMARY FOR MAY 26 2017...
VALID TODAY AS OF 0500 PM LOCAL TIME.

CLIMATE NORMAL PERIOD 1981 TO 2010
CLIMATE RECORD PERIOD 1874 TO 2017


WEATHER ITEM   OBSERVED TIME   RECORD YEAR NORMAL DEPARTURE LAST
                VALUE   (LST)  VALUE       VALUE  FROM      YEAR
                                                  NORMAL
..................................................................
TEMPERATURE (F)
 TODAY
  MAXIMUM         68    359 PM  92    1958  75     -7       72
  MINIMUM         53    539 AM  34    1975  51      2       48
                                      1929
  AVERAGE         61                        63     -2       60

PRECIPITATION (IN)
  TODAY            0.00          0.98 1908   0.06  -0.06     0.00
  MONTH TO DATE    0.61                      1.68  -1.07     1.56
  SINCE OCT 1     15.64                     12.34   3.30    10.88
  SINCE JAN 1     11.00                      7.96   3.04     7.63

SNOWFALL (IN)
  TODAY            0.0           T    1929   0.0    0.0      0.0
  MONTH TO DATE    0.1                       0.3   -0.2      0.0
  SINCE OCT 1     51.4                      56.2   -4.8     34.3
  SINCE JUL 1     51.4                      56.2   -4.8     34.3
  SNOW DEPTH       0

DEGREE DAYS
 HEATING
  TODAY            4                         4      0        5
  MONTH TO DATE  134                       186    -52      131
  SINCE MAR 1   1021                      1286   -265      975
  SINCE JUL 1   4774                      5542   -768     4820

 COOLING
  TODAY            0                         2     -2        0
  MONTH TO DATE   43                        34      9       30
  SINCE MAR 1     45                        38      7       40
  SINCE JAN 1     45                        38      7       40
..................................................................


WIND (MPH)
  RESULTANT WIND SPEED   5   RESULTANT WIND DIRECTION   N (340)
  HIGHEST WIND SPEED    17   HIGHEST WIND DIRECTION     N (350)
  HIGHEST GUST SPEED    23   HIGHEST GUST DIRECTION    NW (330)
  AVERAGE WIND SPEED     8.5


SKY COVER
  POSSIBLE SUNSHINE  MM
  AVERAGE SKY COVER 0.4


WEATHER CONDITIONS
 THE FOLLOWING WEATHER WAS RECORDED TODAY.
  NO SIGNIFICANT WEATHER WAS OBSERVED.


RELATIVE HUMIDITY (PERCENT)
 HIGHEST    61           600 AM
 LOWEST     26           400 PM
 AVERAGE    44

..........................................................


THE SALT LAKE CITY UT CLIMATE NORMALS FOR TOMORROW
                         NORMAL    RECORD    YEAR
 MAXIMUM TEMPERATURE (F)   76        93      1951
 MINIMUM TEMPERATURE (F)   51        33      1929


SUNRISE AND SUNSET
MAY 26 2017...........SUNRISE   602 AM MDT   SUNSET   849 PM MDT
MAY 27 2017...........SUNRISE   601 AM MDT   SUNSET   849 PM MDT


-  INDICATES NEGATIVE NUMBERS.
R  INDICATES RECORD WAS SET OR TIED.
MM INDICATES DATA IS MISSING.
T  INDICATES TRACE AMOUNT.




$$
