000
CDUS45 KSLC 210030
CLISLC


CLIMATE REPORT
NATIONAL WEATHER SERVICE SALT LAKE CITY UT
530 PM MST MON FEB 20 2017


...................................

...THE SALT LAKE CITY UT CLIMATE SUMMARY FOR FEBRUARY 20 2017...
VALID TODAY AS OF 0500 PM LOCAL TIME.

CLIMATE NORMAL PERIOD 1981 TO 2010
CLIMATE RECORD PERIOD 1874 TO 2017


WEATHER ITEM   OBSERVED TIME   RECORD YEAR NORMAL DEPARTURE LAST
                VALUE   (LST)  VALUE       VALUE  FROM      YEAR
                                                  NORMAL
..................................................................
TEMPERATURE (F)
 TODAY
  MAXIMUM         55    359 PM  66    1879  45     10       50
  MINIMUM         41   1210 AM   0    1955  27     14       35
  AVERAGE         48                        36     12       43

PRECIPITATION (IN)
  TODAY            0.00          0.90 1934   0.05  -0.05      T
  MONTH TO DATE    0.93                      0.86   0.07     0.51
  SINCE OCT 1      7.54                      6.49   1.05     5.70
  SINCE JAN 1      2.90                      2.11   0.79     2.45

SNOWFALL (IN)
  TODAY            0.0           3.9  1985   0.4   -0.4      0.0
  MONTH TO DATE    T                         7.9   -7.9      3.8
  SINCE OCT 1     40.0                      42.6   -2.6     31.6
  SINCE JUL 1     40.0                      42.6   -2.6     31.6
  SNOW DEPTH       0

DEGREE DAYS
 HEATING
  TODAY           17                        29    -12       22
  MONTH TO DATE  441                       642   -201      606
  SINCE DEC 1   2701                      2818   -117     2706
  SINCE JUL 1   3500                      4036   -536     3648

 COOLING
  TODAY            0                         0      0        0
  MONTH TO DATE    0                         0      0        0
  SINCE DEC 1      0                         0      0        0
  SINCE JAN 1      0                         0      0        0
..................................................................


WIND (MPH)
  RESULTANT WIND SPEED  19   RESULTANT WIND DIRECTION   S (170)
  HIGHEST WIND SPEED    37   HIGHEST WIND DIRECTION     S (170)
  HIGHEST GUST SPEED    46   HIGHEST GUST DIRECTION     S (170)
  AVERAGE WIND SPEED    19.8


SKY COVER
  POSSIBLE SUNSHINE  MM
  AVERAGE SKY COVER 0.4


WEATHER CONDITIONS
 THE FOLLOWING WEATHER WAS RECORDED TODAY.
  NO SIGNIFICANT WEATHER WAS OBSERVED.


RELATIVE HUMIDITY (PERCENT)
 HIGHEST    79          1200 AM
 LOWEST     46          1200 PM
 AVERAGE    63

..........................................................


THE SALT LAKE CITY UT CLIMATE NORMALS FOR TOMORROW
                         NORMAL    RECORD    YEAR
 MAXIMUM TEMPERATURE (F)   45        66      1982
 MINIMUM TEMPERATURE (F)   27         6      1984
                                             1955


SUNRISE AND SUNSET
FEBRUARY 20 2017......SUNRISE   715 AM MST   SUNSET   609 PM MST
FEBRUARY 21 2017......SUNRISE   713 AM MST   SUNSET   610 PM MST


-  INDICATES NEGATIVE NUMBERS.
R  INDICATES RECORD WAS SET OR TIED.
MM INDICATES DATA IS MISSING.
T  INDICATES TRACE AMOUNT.




$$
