441
CDUS46 KPQR 201141
CLISLE


CLIMATE REPORT
NATIONAL WEATHER SERVICE PORTLAND OREGON
441 AM PDT FRI OCT 20 2017


...................................

...THE SALEM OR CLIMATE SUMMARY FOR OCTOBER 19 2017...

CLIMATE NORMAL PERIOD 1981 TO 2010
CLIMATE RECORD PERIOD 1892 TO 2017


WEATHER ITEM   OBSERVED TIME   RECORD YEAR NORMAL DEPARTURE LAST
                VALUE   (LST)  VALUE       VALUE  FROM      YEAR
                                                  NORMAL
..................................................................
TEMPERATURE (F)
 YESTERDAY
  MAXIMUM         59    253 AM  81    1940  63     -4       56
  MINIMUM         49   1159 PM  27    1982  42      7       39
  AVERAGE         54                        52      2       48

PRECIPITATION (IN)
  YESTERDAY        0.77          1.51 1947   0.11   0.66     0.21
  MONTH TO DATE    2.08                      1.46   0.62     8.78
  SINCE OCT 1      2.08                      1.46   0.62     8.78
  SINCE JAN 1     37.89                     24.74  13.15    32.49

DEGREE DAYS
 HEATING
  YESTERDAY       11                        13     -2       17
  MONTH TO DATE  214                       190     24      177
  SINCE SEP 1    295                       299     -4      267
  SINCE JUL 1    297                       355    -58      282

 COOLING
  YESTERDAY        0                         0      0        0
  MONTH TO DATE    0                         0      0        0
  SINCE SEP 1    127                        37     90       19
  SINCE JAN 1    647                       289    358      465
..................................................................


WIND (MPH)
  HIGHEST WIND SPEED    26   HIGHEST WIND DIRECTION     S (190)
  HIGHEST GUST SPEED    32   HIGHEST GUST DIRECTION     S (190)
  AVERAGE WIND SPEED    13.1


SKY COVER
  POSSIBLE SUNSHINE  MM
  AVERAGE SKY COVER 1.0


WEATHER CONDITIONS
 THE FOLLOWING WEATHER WAS RECORDED YESTERDAY.
  HEAVY RAIN
  RAIN
  LIGHT RAIN
  FOG


RELATIVE HUMIDITY (PERCENT)
 HIGHEST    93          1100 AM
 LOWEST     67          1200 AM
 AVERAGE    80

..........................................................


THE SALEM OR CLIMATE NORMALS FOR TODAY
                         NORMAL    RECORD    YEAR
 MAXIMUM TEMPERATURE (F)   62        77      2003
 MINIMUM TEMPERATURE (F)   42        25      1919


SUNRISE AND SUNSET
OCTOBER 20 2017.......SUNRISE   735 AM PDT   SUNSET   618 PM PDT
OCTOBER 21 2017.......SUNRISE   736 AM PDT   SUNSET   616 PM PDT


-  INDICATES NEGATIVE NUMBERS.
R  INDICATES RECORD WAS SET OR TIED.
MM INDICATES DATA IS MISSING.
T  INDICATES TRACE AMOUNT.




$$
