000
CDUS46 KPQR 161141
CLISLE


CLIMATE REPORT
NATIONAL WEATHER SERVICE PORTLAND OREGON
341 AM PST MON JAN 16 2017


...................................

...THE SALEM OR CLIMATE SUMMARY FOR JANUARY 15 2017...

CLIMATE NORMAL PERIOD 1981 TO 2010
CLIMATE RECORD PERIOD 1892 TO 2017


WEATHER ITEM   OBSERVED TIME   RECORD YEAR NORMAL DEPARTURE LAST
                VALUE   (LST)  VALUE       VALUE  FROM      YEAR
                                                  NORMAL
..................................................................
TEMPERATURE (F)
 YESTERDAY
  MAXIMUM         36    319 PM  62    1958  48    -12       51
  MINIMUM         18    814 AM  12    1907  35    -17       40
  AVERAGE         27                        41    -14       46

PRECIPITATION (IN)
  YESTERDAY        0.00          2.63 1974   0.19  -0.19     0.09
  MONTH TO DATE    3.16                      3.06   0.10     2.40
  SINCE OCT 1     26.46                     19.45   7.01    25.95
  SINCE JAN 1      3.16                      3.06   0.10     2.40

DEGREE DAYS
 HEATING
  YESTERDAY       38                        24     14       19
  MONTH TO DATE  506                       367    139      392
  SINCE DEC 1   1372                      1139    233     1030
  SINCE JUL 1   2176                      2256    -80     1910

 COOLING
  YESTERDAY        0                         0      0        0
  MONTH TO DATE    0                         0      0        0
  SINCE DEC 1      0                         0      0        0
  SINCE JAN 1      0                         0      0        0
..................................................................


WIND (MPH)
  HIGHEST WIND SPEED     9   HIGHEST WIND DIRECTION     N (350)
  HIGHEST GUST SPEED    11   HIGHEST GUST DIRECTION     N (10)
  AVERAGE WIND SPEED     3.4


SKY COVER
  POSSIBLE SUNSHINE  MM
  AVERAGE SKY COVER 0.0


WEATHER CONDITIONS
 THE FOLLOWING WEATHER WAS RECORDED YESTERDAY.
  NO SIGNIFICANT WEATHER WAS OBSERVED.


RELATIVE HUMIDITY (PERCENT)
 HIGHEST    84           800 AM
 LOWEST     51           200 PM
 AVERAGE    68

..........................................................


THE SALEM OR CLIMATE NORMALS FOR TODAY
                         NORMAL    RECORD    YEAR
 MAXIMUM TEMPERATURE (F)   48        60      1944
                                             1899
 MINIMUM TEMPERATURE (F)   35        13      1950


SUNRISE AND SUNSET
JANUARY 16 2017.......SUNRISE   746 AM PST   SUNSET   459 PM PST
JANUARY 17 2017.......SUNRISE   745 AM PST   SUNSET   500 PM PST


-  INDICATES NEGATIVE NUMBERS.
R  INDICATES RECORD WAS SET OR TIED.
MM INDICATES DATA IS MISSING.
T  INDICATES TRACE AMOUNT.




$$
