000
CDUS46 KPQR 051142
CLISLE


CLIMATE REPORT
NATIONAL WEATHER SERVICE PORTLAND OREGON
341 AM PST FRI FEB 5 2016


...................................

...THE SALEM OR CLIMATE SUMMARY FOR FEBRUARY 4 2016...

CLIMATE NORMAL PERIOD 1981 TO 2010
CLIMATE RECORD PERIOD 1892 TO 2016


WEATHER ITEM   OBSERVED TIME   RECORD YEAR NORMAL DEPARTURE LAST
                VALUE   (LST)  VALUE       VALUE  FROM      YEAR
                                                  NORMAL
..................................................................
TEMPERATURE (F)
 YESTERDAY
  MAXIMUM         56   1237 PM  64    1984  50      6       52
  MINIMUM         44   1159 PM   3    1989  35      9       47
  AVERAGE         50                        42      8       50

PRECIPITATION (IN)
  YESTERDAY        0.11          1.42 1937   0.17  -0.06     0.04
  MONTH TO DATE    0.29                      0.67  -0.38     0.88
  SINCE OCT 1     31.66                     23.02   8.64    21.63
  SINCE JAN 1      8.11                      6.63   1.48     4.09

DEGREE DAYS
 HEATING
  YESTERDAY       15                        23     -8       15
  MONTH TO DATE   82                        92    -10       68
  SINCE DEC 1   1384                      1602   -218     1323
  SINCE JUL 1   2264                      2719   -455     2089

 COOLING
  YESTERDAY        0                         0      0        0
  MONTH TO DATE    0                         0      0        0
  SINCE DEC 1      0                         0      0        0
  SINCE JAN 1      0                         0      0        0
..................................................................


WIND (MPH)
  HIGHEST WIND SPEED    22   HIGHEST WIND DIRECTION     S (180)
  HIGHEST GUST SPEED    28   HIGHEST GUST DIRECTION     S (170)
  AVERAGE WIND SPEED    11.7


SKY COVER
  POSSIBLE SUNSHINE  MM
  AVERAGE SKY COVER 0.7


WEATHER CONDITIONS
 THE FOLLOWING WEATHER WAS RECORDED YESTERDAY.
  LIGHT RAIN
  FOG


RELATIVE HUMIDITY (PERCENT)
 HIGHEST    86           100 AM
 LOWEST     71           300 PM
 AVERAGE    79

..........................................................


THE SALEM OR CLIMATE NORMALS FOR TODAY
                         NORMAL    RECORD    YEAR
 MAXIMUM TEMPERATURE (F)   50        62      2010
 MINIMUM TEMPERATURE (F)   35        -1      1989


SUNRISE AND SUNSET
FEBRUARY  5 2016......SUNRISE   727 AM PST   SUNSET   525 PM PST
FEBRUARY  6 2016......SUNRISE   726 AM PST   SUNSET   527 PM PST


-  INDICATES NEGATIVE NUMBERS.
R  INDICATES RECORD WAS SET OR TIED.
MM INDICATES DATA IS MISSING.
T  INDICATES TRACE AMOUNT.




$$
