000
CDUS46 KPQR 251155
CLISLE


CLIMATE REPORT
NATIONAL WEATHER SERVICE PORTLAND OREGON
454 AM PDT SAT MAR 25 2017


...................................

...THE SALEM OR CLIMATE SUMMARY FOR MARCH 24 2017...

CLIMATE NORMAL PERIOD 1981 TO 2010
CLIMATE RECORD PERIOD 1892 TO 2017


WEATHER ITEM   OBSERVED TIME   RECORD YEAR NORMAL DEPARTURE LAST
                VALUE   (LST)  VALUE       VALUE  FROM      YEAR
                                                  NORMAL
..................................................................
TEMPERATURE (F)
 YESTERDAY
  MAXIMUM         55    112 PM  70    2014  58     -3       56
                                      1979
  MINIMUM         43   1159 PM  28    1969  38      5       41
                                      1899
  AVERAGE         49                        48      1       49

PRECIPITATION (IN)
  YESTERDAY        0.69          1.28 1962   0.11   0.58     0.01
  MONTH TO DATE    6.79                      3.16   3.63     6.10
  SINCE OCT 1     48.90                     30.07  18.83    40.38
  SINCE JAN 1     25.60                     13.68  11.92    16.83

DEGREE DAYS
 HEATING
  YESTERDAY       16                        17     -1       16
  MONTH TO DATE  410                       445    -35      374
  SINCE MAR 1    410                       445    -35      374
  SINCE JUL 1   3568                      3685   -117     3030

 COOLING
  YESTERDAY        0                         0      0        0
  MONTH TO DATE    0                         0      0        0
  SINCE MAR 1      0                         0      0        0
  SINCE JAN 1      0                         0      0        0
..................................................................


WIND (MPH)
  HIGHEST WIND SPEED    24   HIGHEST WIND DIRECTION     S (190)
  HIGHEST GUST SPEED    30   HIGHEST GUST DIRECTION     S (180)
  AVERAGE WIND SPEED     9.5


SKY COVER
  POSSIBLE SUNSHINE  MM
  AVERAGE SKY COVER 1.0


WEATHER CONDITIONS
 THE FOLLOWING WEATHER WAS RECORDED YESTERDAY.
  RAIN
  LIGHT RAIN
  FOG


RELATIVE HUMIDITY (PERCENT)
 HIGHEST    93           100 AM
 LOWEST     66           100 PM
 AVERAGE    80

..........................................................


THE SALEM OR CLIMATE NORMALS FOR TODAY
                         NORMAL    RECORD    YEAR
 MAXIMUM TEMPERATURE (F)   58        72      1997
                                             1969
 MINIMUM TEMPERATURE (F)   38        25      1913


SUNRISE AND SUNSET
MARCH 25 2017.........SUNRISE   705 AM PDT   SUNSET   731 PM PDT
MARCH 26 2017.........SUNRISE   703 AM PDT   SUNSET   733 PM PDT


-  INDICATES NEGATIVE NUMBERS.
R  INDICATES RECORD WAS SET OR TIED.
MM INDICATES DATA IS MISSING.
T  INDICATES TRACE AMOUNT.




$$
