000
CDUS46 KPQR 211145
CLISLE


CLIMATE REPORT
NATIONAL WEATHER SERVICE PORTLAND OREGON
344 AM PST SUN JAN 21 2018


...................................

...THE SALEM OR CLIMATE SUMMARY FOR JANUARY 20 2018...

CLIMATE NORMAL PERIOD 1981 TO 2010
CLIMATE RECORD PERIOD 1892 TO 2018


WEATHER ITEM   OBSERVED TIME   RECORD YEAR NORMAL DEPARTURE LAST
                VALUE   (LST)  VALUE       VALUE  FROM      YEAR
                                                  NORMAL
..................................................................
TEMPERATURE (F)
 YESTERDAY
  MAXIMUM         49    427 PM  62    1968  48      1       51
  MINIMUM         41    643 AM  -2    1930  35      6       37
  AVERAGE         45                        42      3       44

PRECIPITATION (IN)
  YESTERDAY        0.03          3.07 1972   0.18  -0.15     0.12
  MONTH TO DATE    3.96                      4.01  -0.05     5.04
  SINCE OCT 1     19.06                     20.40  -1.34    28.34
  SINCE JAN 1      3.96                      4.01  -0.05     5.04

DEGREE DAYS
 HEATING
  YESTERDAY       20                        23     -3       21
  MONTH TO DATE  386                       485    -99      621
  SINCE DEC 1   1165                      1257    -92     1487
  SINCE JUL 1   2097                      2374   -277     2291

 COOLING
  YESTERDAY        0                         0      0        0
  MONTH TO DATE    0                         0      0        0
  SINCE DEC 1      0                         0      0        0
  SINCE JAN 1      0                         0      0        0
..................................................................


WIND (MPH)
  HIGHEST WIND SPEED    21   HIGHEST WIND DIRECTION     S (180)
  HIGHEST GUST SPEED    26   HIGHEST GUST DIRECTION     S (180)
  AVERAGE WIND SPEED    12.3


SKY COVER
  POSSIBLE SUNSHINE  MM
  AVERAGE SKY COVER 0.8


WEATHER CONDITIONS
 THE FOLLOWING WEATHER WAS RECORDED YESTERDAY.
  LIGHT RAIN


RELATIVE HUMIDITY (PERCENT)
 HIGHEST    89           100 AM
 LOWEST     65          1000 PM
 AVERAGE    77

..........................................................


THE SALEM OR CLIMATE NORMALS FOR TODAY
                         NORMAL    RECORD    YEAR
 MAXIMUM TEMPERATURE (F)   48        67      1899
 MINIMUM TEMPERATURE (F)   35        -5      1930


SUNRISE AND SUNSET
JANUARY 21 2018.......SUNRISE   742 AM PST   SUNSET   505 PM PST
JANUARY 22 2018.......SUNRISE   741 AM PST   SUNSET   506 PM PST


-  INDICATES NEGATIVE NUMBERS.
R  INDICATES RECORD WAS SET OR TIED.
MM INDICATES DATA IS MISSING.
T  INDICATES TRACE AMOUNT.




$$
