000
CDUS46 KPQR 252321
CLISLE


CLIMATE REPORT
NATIONAL WEATHER SERVICE PORTLAND OREGON
421 PM PDT MON MAY 25 2015


...................................

...THE SALEM OR CLIMATE SUMMARY FOR MAY 25 2015...
VALID TODAY AS OF 0400 PM LOCAL TIME.

CLIMATE NORMAL PERIOD 1981 TO 2010
CLIMATE RECORD PERIOD 1892 TO 2015


WEATHER ITEM   OBSERVED TIME   RECORD YEAR NORMAL DEPARTURE LAST
                VALUE   (LST)  VALUE       VALUE  FROM      YEAR
                                                  NORMAL
..................................................................
TEMPERATURE (F)
 TODAY
  MAXIMUM         70    239 PM  90    1947  70      0       72
  MINIMUM         50    222 AM  31    1920  47      3       47
  AVERAGE         60                        58      2       60

PRECIPITATION (IN)
  TODAY            0.00          0.88 1895   0.08  -0.08     0.00
  MONTH TO DATE    0.72                      1.77  -1.05     1.96
  SINCE OCT 1     32.14                     35.48  -3.34    25.84
  SINCE JAN 1     14.60                     19.09  -4.49    21.26

DEGREE DAYS
 HEATING
  TODAY            5                         7     -2        5
  MONTH TO DATE  154                       238    -84      138
  SINCE MAR 1    981                      1241   -260      979
  SINCE JUL 1   3451                      4481  -1030     4265

 COOLING
  TODAY            0                         0      0        0
  MONTH TO DATE    0                         0      0       15
  SINCE MAR 1      0                         0      0       16
  SINCE JAN 1      0                         0      0       16
..................................................................


WIND (MPH)
  HIGHEST WIND SPEED     8   HIGHEST WIND DIRECTION     W (280)
  HIGHEST GUST SPEED    11   HIGHEST GUST DIRECTION     W (290)
  AVERAGE WIND SPEED     2.9


SKY COVER
  POSSIBLE SUNSHINE  MM
  AVERAGE SKY COVER 0.9


WEATHER CONDITIONS
 THE FOLLOWING WEATHER WAS RECORDED TODAY.
  NO SIGNIFICANT WEATHER WAS OBSERVED.


RELATIVE HUMIDITY (PERCENT)
 HIGHEST    83           100 AM
 LOWEST     49           200 PM
 AVERAGE    66

..........................................................


THE SALEM OR CLIMATE NORMALS FOR TOMORROW
                         NORMAL    RECORD    YEAR
 MAXIMUM TEMPERATURE (F)   70        91      2005
 MINIMUM TEMPERATURE (F)   47        34      1973
                                             1930


SUNRISE AND SUNSET
MAY 25 2015...........SUNRISE   534 AM PDT   SUNSET   845 PM PDT
MAY 26 2015...........SUNRISE   533 AM PDT   SUNSET   846 PM PDT


-  INDICATES NEGATIVE NUMBERS.
R  INDICATES RECORD WAS SET OR TIED.
MM INDICATES DATA IS MISSING.
T  INDICATES TRACE AMOUNT.




$$
