000
CDUS46 KPQR 241247
CLISLE


CLIMATE REPORT
NATIONAL WEATHER SERVICE PORTLAND OREGON
447 AM PST MON NOV 24 2014


...................................

...THE SALEM OR CLIMATE SUMMARY FOR NOVEMBER 23 2014...

CLIMATE NORMAL PERIOD 1981 TO 2010
CLIMATE RECORD PERIOD 1892 TO 2014


WEATHER ITEM   OBSERVED TIME   RECORD YEAR NORMAL DEPARTURE LAST
                VALUE   (LST)  VALUE       VALUE  FROM      YEAR
                                                  NORMAL
..................................................................
TEMPERATURE (F)
 YESTERDAY
  MAXIMUM         55   1247 PM  66    1959  50      5       54
  MINIMUM         46    228 AM  16    1985  37      9       28
  AVERAGE         51                        44      7       41

PRECIPITATION (IN)
  YESTERDAY        0.48          1.96 1942   0.24   0.24     0.00
  MONTH TO DATE    3.51                      4.79  -1.28     2.68
  SINCE OCT 1      9.31                      7.82   1.49     3.31
  SINCE JAN 1     33.33                     31.10   2.23    22.31

DEGREE DAYS
 HEATING
  YESTERDAY       14                        21     -7       24
  MONTH TO DATE  448                       429     19      395
  SINCE SEP 1    653                       905   -252      860
  SINCE JUL 1    657                       961   -304      865

 COOLING
  YESTERDAY        0                         0      0        0
  MONTH TO DATE    0                         0      0        0
  SINCE SEP 1     87                        38     49       75
  SINCE JAN 1    605                       290    315      502
..................................................................


WIND (MPH)
  HIGHEST WIND SPEED    23   HIGHEST WIND DIRECTION     S (180)
  HIGHEST GUST SPEED    30   HIGHEST GUST DIRECTION     S (180)
  AVERAGE WIND SPEED    11.7


SKY COVER
  POSSIBLE SUNSHINE  MM
  AVERAGE SKY COVER 0.8


WEATHER CONDITIONS
 THE FOLLOWING WEATHER WAS RECORDED YESTERDAY.
  THUNDERSTORM
  HEAVY RAIN
  RAIN
  LIGHT RAIN
  FOG


RELATIVE HUMIDITY (PERCENT)
 HIGHEST    93          1000 PM
 LOWEST     71          1100 AM
 AVERAGE    82

..........................................................


THE SALEM OR CLIMATE NORMALS FOR TODAY
                         NORMAL    RECORD    YEAR
 MAXIMUM TEMPERATURE (F)   50        67      1949
                                             1936
 MINIMUM TEMPERATURE (F)   37        11      1985


SUNRISE AND SUNSET
NOVEMBER 24 2014......SUNRISE   721 AM PST   SUNSET   436 PM PST
NOVEMBER 25 2014......SUNRISE   723 AM PST   SUNSET   435 PM PST


-  INDICATES NEGATIVE NUMBERS.
R  INDICATES RECORD WAS SET OR TIED.
MM INDICATES DATA IS MISSING.
T  INDICATES TRACE AMOUNT.




$$
