000
CDUS46 KPQR 230220
CLISLE


CLIMATE REPORT
NATIONAL WEATHER SERVICE PORTLAND OREGON
720 PM PDT TUE JUL 22 2014


...................................

...THE SALEM OR CLIMATE SUMMARY FOR JULY 22 2014...
VALID TODAY AS OF 0700 PM LOCAL TIME.

CLIMATE NORMAL PERIOD 1981 TO 2010
CLIMATE RECORD PERIOD 1892 TO 2014


WEATHER ITEM   OBSERVED TIME   RECORD YEAR NORMAL DEPARTURE LAST
                VALUE   (LST)  VALUE       VALUE  FROM      YEAR
                                                  NORMAL
..................................................................
TEMPERATURE (F)
 TODAY
  MAXIMUM         75    559 PM 102    1978  84     -9       87
                                      1928
  MINIMUM         60    636 AM  39    1920  54      6       56
  AVERAGE         68                        69     -1       72

PRECIPITATION (IN)
  TODAY            0.11R         0.09 1934   0.01   0.10     0.00
  MONTH TO DATE    0.17                      0.37  -0.20     0.00
  SINCE OCT 1     26.76                     37.85 -11.09    33.87
  SINCE JAN 1     22.18                     21.46   0.72    11.61

DEGREE DAYS
 HEATING
  TODAY            0                         1     -1        0
  MONTH TO DATE    0                        27    -27        1
  SINCE JUN 1     66                       157    -91       80
  SINCE JUL 1      0                        27    -27        1

 COOLING
  TODAY            3                         4     -1        7
  MONTH TO DATE  180                        69    111      116
  SINCE JUN 1    199                        97    102      169
  SINCE JAN 1    215                       106    109      179
..................................................................


WIND (MPH)
  HIGHEST WIND SPEED    14   HIGHEST WIND DIRECTION     S (160)
  HIGHEST GUST SPEED    18   HIGHEST GUST DIRECTION    SE (130)
  AVERAGE WIND SPEED     3.6


SKY COVER
  POSSIBLE SUNSHINE  MM
  AVERAGE SKY COVER 0.9


WEATHER CONDITIONS
 THE FOLLOWING WEATHER WAS RECORDED TODAY.
  LIGHT RAIN
  FOG


RELATIVE HUMIDITY (PERCENT)
 HIGHEST    90           700 AM
 LOWEST     53          1200 PM
 AVERAGE    72

..........................................................


THE SALEM OR CLIMATE NORMALS FOR TOMORROW
                         NORMAL    RECORD    YEAR
 MAXIMUM TEMPERATURE (F)   84       108      1927
 MINIMUM TEMPERATURE (F)   54        38      1920


SUNRISE AND SUNSET
JULY 22 2014..........SUNRISE   547 AM PDT   SUNSET   849 PM PDT
JULY 23 2014..........SUNRISE   548 AM PDT   SUNSET   848 PM PDT


-  INDICATES NEGATIVE NUMBERS.
R  INDICATES RECORD WAS SET OR TIED.
MM INDICATES DATA IS MISSING.
T  INDICATES TRACE AMOUNT.




$$
