000
CDUS41 KBTV 220606
CLISLK


CLIMATE REPORT
NATIONAL WEATHER SERVICE BURLINGTON VT
104 AM EST MON DEC 22 2014


...................................

...THE SARANAC LAKE NY CLIMATE SUMMARY FOR DECEMBER 21 2014...

CLIMATE NORMAL PERIOD 1981 TO 2010
CLIMATE RECORD PERIOD 9999 TO 9999


WEATHER ITEM   OBSERVED TIME   NORMAL DEPARTURE LAST
                VALUE   (LST)  VALUE  FROM      YEAR
                                      NORMAL
......................................................
TEMPERATURE (F)
 YESTERDAY
  MAXIMUM         24    407 PM  27     -3       48
  MINIMUM          8   1202 AM   7      1       29
  AVERAGE         16            17     -1       39

PRECIPITATION (IN)
  YESTERDAY        0.00          0.07  -0.07     0.64
  MONTH TO DATE    0.85          1.66  -0.81     1.57
  SINCE DEC 1      0.85          1.66  -0.81     1.57
  SINCE JAN 1     34.07         36.89  -2.82    40.42

DEGREE DAYS
 HEATING
  YESTERDAY       49            48      1       26
  MONTH TO DATE  877           929    -52      983
  SINCE DEC 1    877           929    -52      983
  SINCE JUL 1   3041          3204   -163     3369

 COOLING
  YESTERDAY        0             0      0        0
  MONTH TO DATE    0             0      0        0
  SINCE DEC 1      0             0      0        0
  SINCE JAN 1     83           114    -31      187
......................................................


WIND (MPH)
  HIGHEST WIND SPEED    12   HIGHEST WIND DIRECTION    SW (230)
  HIGHEST GUST SPEED    16   HIGHEST GUST DIRECTION    SW (240)
  AVERAGE WIND SPEED     0.8


SKY COVER
  AVERAGE SKY COVER 1.0


WEATHER CONDITIONS
 THE FOLLOWING WEATHER WAS RECORDED YESTERDAY.
  FOG
  FOG W/VISIBILITY <= 1/4 MILE
  HAZE


RELATIVE HUMIDITY (PERCENT)
 HIGHEST    92           300 AM
 LOWEST     81           300 PM
 AVERAGE    87

..........................................................


THE SARANAC LAKE NY CLIMATE NORMALS FOR TODAY
                         NORMAL    RECORD    YEAR
 MAXIMUM TEMPERATURE (F)   27        MM        MM
 MINIMUM TEMPERATURE (F)    6        MM        MM


SUNRISE AND SUNSET
DECEMBER 22 2014......SUNRISE   730 AM EST   SUNSET   421 PM EST
DECEMBER 23 2014......SUNRISE   731 AM EST   SUNSET   421 PM EST


-  INDICATES NEGATIVE NUMBERS.
R  INDICATES RECORD WAS SET OR TIED.
MM INDICATES DATA IS MISSING.
T  INDICATES TRACE AMOUNT.




$$
