000
CDUS41 KBTV 250536
CLISLK


CLIMATE REPORT
NATIONAL WEATHER SERVICE BURLINGTON VT
135 AM EDT TUE APR 25 2017


...................................

...THE SARANAC LAKE NY CLIMATE SUMMARY FOR APRIL 24 2017...

CLIMATE NORMAL PERIOD 1981 TO 2010
CLIMATE RECORD PERIOD 9999 TO 9999


WEATHER ITEM   OBSERVED TIME   NORMAL DEPARTURE LAST
                VALUE   (LST)  VALUE  FROM      YEAR
                                      NORMAL
......................................................
TEMPERATURE (F)
 YESTERDAY
  MAXIMUM         61    321 PM  55      6       50
  MINIMUM         27    320 AM  29     -2       17
  AVERAGE         44            42      2       34

PRECIPITATION (IN)
  YESTERDAY        0.00          0.09  -0.09     0.00
  MONTH TO DATE    2.41          2.26   0.15     2.54
  SINCE MAR 1      4.53          4.54  -0.01     5.36
  SINCE JAN 1      9.07          8.28   0.79     9.24

DEGREE DAYS
 HEATING
  YESTERDAY       21            23     -2       31
  MONTH TO DATE  553           679   -126      721
  SINCE MAR 1   1947          1936     11     1752
  SINCE JUL 1   7643          8641   -998     7347

 COOLING
  YESTERDAY        0             0      0        0
  MONTH TO DATE    0             0      0        0
  SINCE MAR 1      0             0      0        0
  SINCE JAN 1      0             0      0        0
......................................................


WIND (MPH)
  HIGHEST WIND SPEED    14   HIGHEST WIND DIRECTION    NE (60)
  HIGHEST GUST SPEED    17   HIGHEST GUST DIRECTION     E (70)
  AVERAGE WIND SPEED     3.6


SKY COVER
  AVERAGE SKY COVER 0.2


WEATHER CONDITIONS
 THE FOLLOWING WEATHER WAS RECORDED YESTERDAY.
  NO SIGNIFICANT WEATHER WAS OBSERVED.


RELATIVE HUMIDITY (PERCENT)
 HIGHEST   100           400 AM
 LOWEST     36           300 PM
 AVERAGE    68

..........................................................


THE SARANAC LAKE NY CLIMATE NORMALS FOR TODAY
                         NORMAL    RECORD    YEAR
 MAXIMUM TEMPERATURE (F)   55        82      2009
 MINIMUM TEMPERATURE (F)   29        16      2016
                                             2014


SUNRISE AND SUNSET
APRIL 25 2017.........SUNRISE   556 AM EDT   SUNSET   754 PM EDT
APRIL 26 2017.........SUNRISE   555 AM EDT   SUNSET   755 PM EDT


-  INDICATES NEGATIVE NUMBERS.
R  INDICATES RECORD WAS SET OR TIED.
MM INDICATES DATA IS MISSING.
T  INDICATES TRACE AMOUNT.




$$
