000
CDUS41 KBTV 160532
CLISLK


CLIMATE REPORT
NATIONAL WEATHER SERVICE BURLINGTON VT
129 AM EDT WED APR 16 2014


...................................

...THE SARANAC LAKE NY CLIMATE SUMMARY FOR APRIL 15 2014...

CLIMATE NORMAL PERIOD 1981 TO 2010
CLIMATE RECORD PERIOD 9999 TO 9999


WEATHER ITEM   OBSERVED TIME   NORMAL DEPARTURE LAST
                VALUE   (LST)  VALUE  FROM      YEAR
                                      NORMAL
......................................................
TEMPERATURE (F)
 YESTERDAY
  MAXIMUM         60    929 AM  50     10       60
  MINIMUM         17   1159 PM  26     -9       18
  AVERAGE         39            38      1       39

PRECIPITATION (IN)
  YESTERDAY        0.66          0.09   0.57     0.00
  MONTH TO DATE    2.17          1.39   0.78     1.39
  SINCE MAR 1      3.80          3.67   0.13     2.24
  SINCE JAN 1      6.42          7.41  -0.99     4.13

DEGREE DAYS
 HEATING
  YESTERDAY       26            27     -1       26
  MONTH TO DATE  411           454    -43      484
  SINCE MAR 1   1963          1711    252     1745
  SINCE JUL 1   8947          8416    531     8002

 COOLING
  YESTERDAY        0             0      0        0
  MONTH TO DATE    0             0      0        0
  SINCE MAR 1      0             0      0        0
  SINCE JAN 1      0             0      0        0
......................................................


WIND (MPH)
  HIGHEST WIND SPEED    26   HIGHEST WIND DIRECTION     S (200)
  HIGHEST GUST SPEED    34   HIGHEST GUST DIRECTION     S (200)
  AVERAGE WIND SPEED    10.6


SKY COVER
  AVERAGE SKY COVER 0.8


WEATHER CONDITIONS
 THE FOLLOWING WEATHER WAS RECORDED YESTERDAY.
  HEAVY RAIN
  RAIN
  LIGHT RAIN
  SNOW
  LIGHT SNOW
  FOG


RELATIVE HUMIDITY (PERCENT)
 HIGHEST   100           500 PM
 LOWEST     80           800 AM
 AVERAGE    90

..........................................................


THE SARANAC LAKE NY CLIMATE NORMALS FOR TODAY
                         NORMAL    RECORD    YEAR
 MAXIMUM TEMPERATURE (F)   51        MM        MM
 MINIMUM TEMPERATURE (F)   26        MM        MM


SUNRISE AND SUNSET
APRIL 16 2014.........SUNRISE   611 AM EDT   SUNSET   743 PM EDT
APRIL 17 2014.........SUNRISE   610 AM EDT   SUNSET   744 PM EDT


-  INDICATES NEGATIVE NUMBERS.
R  INDICATES RECORD WAS SET OR TIED.
MM INDICATES DATA IS MISSING.
T  INDICATES TRACE AMOUNT.




$$
