000
CDUS41 KBTV 250535
CLISLK


CLIMATE REPORT
NATIONAL WEATHER SERVICE BURLINGTON VT
131 AM EDT SAT MAR 25 2017


...................................

...THE SARANAC LAKE NY CLIMATE SUMMARY FOR MARCH 24 2017...

CLIMATE NORMAL PERIOD 1981 TO 2010
CLIMATE RECORD PERIOD 9999 TO 9999


WEATHER ITEM   OBSERVED TIME   NORMAL DEPARTURE LAST
                VALUE   (LST)  VALUE  FROM      YEAR
                                      NORMAL
......................................................
TEMPERATURE (F)
 YESTERDAY
  MAXIMUM         35    832 PM  40     -5       45
  MINIMUM         18   1208 AM  16      2       20
  AVERAGE         27            28     -1       33

PRECIPITATION (IN)
  YESTERDAY        0.55          0.09   0.46     0.07
  MONTH TO DATE    1.60          1.66  -0.06     1.90
  SINCE MAR 1      1.60          1.66  -0.06     1.90
  SINCE JAN 1      6.14          5.40   0.74     5.78

DEGREE DAYS
 HEATING
  YESTERDAY       38            37      1       32
  MONTH TO DATE 1155          1010    145      838
  SINCE MAR 1   1155          1010    145      838
  SINCE JUL 1   6851          7715   -864     6433

 COOLING
  YESTERDAY        0             0      0        0
  MONTH TO DATE    0             0      0        0
  SINCE MAR 1      0             0      0        0
  SINCE JAN 1      0             0      0        0
......................................................


WIND (MPH)
  HIGHEST WIND SPEED    21   HIGHEST WIND DIRECTION    SW (220)
  HIGHEST GUST SPEED    25   HIGHEST GUST DIRECTION    SW (210)
  AVERAGE WIND SPEED     4.1


SKY COVER
  AVERAGE SKY COVER 1.0


WEATHER CONDITIONS
 THE FOLLOWING WEATHER WAS RECORDED YESTERDAY.
  RAIN
  LIGHT RAIN
  FREEZING RAIN
  LT FREEZING RAIN
  HEAVY SNOW
  SNOW
  LIGHT SNOW
  FOG
  FOG W/VISIBILITY <= 1/4 MILE


RELATIVE HUMIDITY (PERCENT)
 HIGHEST   100           500 PM
 LOWEST     39           600 AM
 AVERAGE    70

..........................................................


THE SARANAC LAKE NY CLIMATE NORMALS FOR TODAY
                         NORMAL    RECORD    YEAR
 MAXIMUM TEMPERATURE (F)   40        60      2000
 MINIMUM TEMPERATURE (F)   17       -10      2014


SUNRISE AND SUNSET
MARCH 25 2017.........SUNRISE   650 AM EDT   SUNSET   716 PM EDT
MARCH 26 2017.........SUNRISE   649 AM EDT   SUNSET   717 PM EDT


-  INDICATES NEGATIVE NUMBERS.
R  INDICATES RECORD WAS SET OR TIED.
MM INDICATES DATA IS MISSING.
T  INDICATES TRACE AMOUNT.




$$
