000
CDUS46 KLOX 262220
CLISMX


CLIMATE REPORT
NATIONAL WEATHER SERVICE LOS ANGELES/OXNARD CA
320 PM PDT FRI AUG 26 2016


...................................

...THE SANTA MARIA AIRPORT CA CLIMATE SUMMARY FOR AUGUST 26 2016...
VALID AS OF 0300 PM LOCAL TIME.

CLIMATE NORMAL PERIOD 1981 TO 2010
CLIMATE RECORD PERIOD 1906 TO 2016


WEATHER ITEM   OBSERVED TIME   RECORD YEAR NORMAL DEPARTURE LAST
                VALUE   (LST)  VALUE       VALUE  FROM      YEAR
                                                  NORMAL
..................................................................
TEMPERATURE (F)
 TODAY
  MAXIMUM         70    159 PM  92    1935  73     -3       81
                                      1925
  MINIMUM         56    651 AM  42    1920  54      2       61
  AVERAGE         63                        64     -1       71

PRECIPITATION (IN)
  TODAY            0.00          0.06 1935   0.00   0.00     0.00
  MONTH TO DATE    T                         0.01  -0.01      T
  SINCE OCT 1      9.00                     13.80  -4.80     7.78
  SINCE JAN 1      7.12                      9.75  -2.63     2.22

SNOWFALL (IN)
  TODAY            0.0
  MONTH TO DATE    0.0
  SINCE JUN 1      0.0
  SINCE JUL 1      0.0

DEGREE DAYS
 HEATING
  TODAY            2                         2      0
  MONTH TO DATE   63                        52     11
  SINCE JUN 1    202                       268    -66
  SINCE JUL 1    124                       127     -3

 COOLING
  TODAY            0                         1     -1
  MONTH TO DATE    3                        26    -23
  SINCE JUN 1     14                        51    -37
  SINCE JAN 1     52                        61     -9
..................................................................


WIND (MPH)
  HIGHEST WIND SPEED    13   HIGHEST WIND DIRECTION    NW (300)
  HIGHEST GUST SPEED    19   HIGHEST GUST DIRECTION    NW (310)
  AVERAGE WIND SPEED     2.8


SKY COVER
  POSSIBLE SUNSHINE  MM
  AVERAGE SKY COVER 0.9


WEATHER CONDITIONS
 THE FOLLOWING WEATHER WAS RECORDED TODAY.
  FOG


RELATIVE HUMIDITY (PERCENT)
 HIGHEST   100           200 AM
 LOWEST     61           100 PM
 AVERAGE    81

..........................................................


THE SANTA MARIA AIRPORT CA CLIMATE NORMALS FOR TOMORROW
                         NORMAL    RECORD    YEAR
 MAXIMUM TEMPERATURE (F)   73        92      2015
 MINIMUM TEMPERATURE (F)   54        42      1925


SUNRISE AND SUNSET
AUGUST 26 2016........SUNRISE   631 AM PDT   SUNSET   736 PM PDT
AUGUST 27 2016........SUNRISE   631 AM PDT   SUNSET   734 PM PDT


-  INDICATES NEGATIVE NUMBERS.
R  INDICATES RECORD WAS SET OR TIED.
MM INDICATES DATA IS MISSING.
T  INDICATES TRACE AMOUNT.




$$
