000
CDUS46 KLOX 272213
CLISMX


CLIMATE REPORT
NATIONAL WEATHER SERVICE LOS ANGELES/OXNARD CA
313 PM PDT FRI MAR 27 2015


...................................

...THE SANTA MARIA AIRPORT CA CLIMATE SUMMARY FOR MARCH 27 2015...
VALID AS OF 0300 PM LOCAL TIME.

CLIMATE NORMAL PERIOD 1981 TO 2010
CLIMATE RECORD PERIOD 1906 TO 2015


WEATHER ITEM   OBSERVED TIME   RECORD YEAR NORMAL DEPARTURE LAST
                VALUE   (LST)  VALUE       VALUE  FROM      YEAR
                                                  NORMAL
..................................................................
TEMPERATURE (F)
 TODAY
  MAXIMUM         72    102 PM  83    1923  66      6       67
  MINIMUM         45    514 AM  29    1972  43      2       45
  AVERAGE         59                        54      5       56

PRECIPITATION (IN)
  TODAY            0.00          1.30 1910   0.06  -0.06     0.00
  MONTH TO DATE    0.30                      2.38  -2.08     0.93
  SINCE OCT 1      6.70                     12.17  -5.47     3.31
  SINCE JAN 1      1.14                      8.12  -6.98     2.82

SNOWFALL (IN)
  TODAY            0.0
  MONTH TO DATE    0.0
  SINCE MAR 1      0.0
  SINCE JUL 1      0.0

DEGREE DAYS
 HEATING
  TODAY            6                        11     -5
  MONTH TO DATE  121                       297   -176
  SINCE MAR 1    121                       297   -176
  SINCE JUL 1    808                      2130  -1322

 COOLING
  TODAY            0                         0      0
  MONTH TO DATE   27                         0     27
  SINCE MAR 1     27                         0     27
  SINCE JAN 1     27                         1     26
..................................................................


WIND (MPH)
  HIGHEST WIND SPEED    16   HIGHEST WIND DIRECTION    NW (330)
  HIGHEST GUST SPEED    20   HIGHEST GUST DIRECTION    NW (320)
  AVERAGE WIND SPEED     3.5


SKY COVER
  POSSIBLE SUNSHINE  MM
  AVERAGE SKY COVER 0.2


WEATHER CONDITIONS
 THE FOLLOWING WEATHER WAS RECORDED TODAY.
  FOG
  FOG W/VISIBILITY <= 1/4 MILE


RELATIVE HUMIDITY (PERCENT)
 HIGHEST    93           200 AM
 LOWEST     37           900 AM
 AVERAGE    65

..........................................................


THE SANTA MARIA AIRPORT CA CLIMATE NORMALS FOR TOMORROW
                         NORMAL    RECORD    YEAR
 MAXIMUM TEMPERATURE (F)   66        86      2004
 MINIMUM TEMPERATURE (F)   43        30      1975


SUNRISE AND SUNSET
MARCH 27 2015.........SUNRISE   656 AM PDT   SUNSET   719 PM PDT
MARCH 28 2015.........SUNRISE   654 AM PDT   SUNSET   720 PM PDT


-  INDICATES NEGATIVE NUMBERS.
R  INDICATES RECORD WAS SET OR TIED.
MM INDICATES DATA IS MISSING.
T  INDICATES TRACE AMOUNT.




$$
