000
CDUS46 KLOX 290915
CLISMX


CLIMATE REPORT
NATIONAL WEATHER SERVICE LOS ANGELES/OXNARD CA
215 AM PDT FRI AUG 29 2014


...................................

...THE SANTA MARIA AIRPORT CA CLIMATE SUMMARY FOR AUGUST 28 2014...

CLIMATE NORMAL PERIOD 1981 TO 2010
CLIMATE RECORD PERIOD 1906 TO 2014


WEATHER ITEM   OBSERVED TIME   RECORD YEAR NORMAL DEPARTURE LAST
                VALUE   (LST)  VALUE       VALUE  FROM      YEAR
                                                  NORMAL
..................................................................
TEMPERATURE (F)
 YESTERDAY
  MAXIMUM         78    104 PM 103    1962  73      5       77
  MINIMUM         59   1029 PM  43    1930  54      5       56
  AVERAGE         69                        64      5       67

PRECIPITATION (IN)
  YESTERDAY        0.00          T    1980   0.00   0.00     0.00
  MONTH TO DATE    T                         0.02  -0.02      T
  SINCE JUL 1      T                         0.05  -0.05     0.01
  SINCE JAN 1      4.01                      9.76  -5.75     2.50

SNOWFALL (IN)
  YESTERDAY        0.0
  MONTH TO DATE    0.0
  SINCE JUN 1      0.0
  SINCE JUL 1      0.0

DEGREE DAYS
 HEATING
  YESTERDAY        0                         2     -2
  MONTH TO DATE    0                        56    -56
  SINCE JUN 1     60                       272   -212
  SINCE JUL 1      0                       131   -131

 COOLING
  YESTERDAY        4                         1      3
  MONTH TO DATE   99                        28     71
  SINCE JUN 1    223                        53    170
  SINCE JAN 1    329                        63    266
..................................................................


WIND (MPH)
  HIGHEST WIND SPEED    15   HIGHEST WIND DIRECTION    NW (300)
  HIGHEST GUST SPEED    37   HIGHEST GUST DIRECTION    NW (330)
  AVERAGE WIND SPEED     6.6


SKY COVER
  POSSIBLE SUNSHINE  MM
  AVERAGE SKY COVER 0.5


WEATHER CONDITIONS
 THE FOLLOWING WEATHER WAS RECORDED YESTERDAY.
  FOG
  HAZE


RELATIVE HUMIDITY (PERCENT)
 HIGHEST    90           500 AM
 LOWEST     50           100 PM
 AVERAGE    70

..........................................................


THE SANTA MARIA AIRPORT CA CLIMATE NORMALS FOR TODAY
                         NORMAL    RECORD    YEAR
 MAXIMUM TEMPERATURE (F)   74       104      2009
 MINIMUM TEMPERATURE (F)   54        43      1932


SUNRISE AND SUNSET
AUGUST 29 2014........SUNRISE   632 AM PDT   SUNSET   732 PM PDT
AUGUST 30 2014........SUNRISE   633 AM PDT   SUNSET   731 PM PDT


-  INDICATES NEGATIVE NUMBERS.
R  INDICATES RECORD WAS SET OR TIED.
MM INDICATES DATA IS MISSING.
T  INDICATES TRACE AMOUNT.




$$
