000
CDUS46 KLOX 140128
CLISMX


CLIMATE REPORT
NATIONAL WEATHER SERVICE LOS ANGELES/OXNARD CA
528 PM PST SAT FEB 13 2016


...................................

...THE SANTA MARIA AIRPORT CA CLIMATE SUMMARY FOR FEBRUARY 13 2016...
VALID TODAY AS OF 0500 PM LOCAL TIME.

CLIMATE NORMAL PERIOD 1981 TO 2010
CLIMATE RECORD PERIOD 1906 TO 2016


WEATHER ITEM   OBSERVED TIME   RECORD YEAR NORMAL DEPARTURE LAST
                VALUE   (LST)  VALUE       VALUE  FROM      YEAR
                                                  NORMAL
..................................................................
TEMPERATURE (F)
 TODAY
  MAXIMUM         80    134 PM  84    2015  64     16       84
                                      1991
  MINIMUM         46    412 AM  28    1964  42      4       45
  AVERAGE         63                        53     10       65

PRECIPITATION (IN)
  TODAY            0.00          0.99 1986   0.11  -0.11     0.00
  MONTH TO DATE    T                         1.35  -1.35     0.39
  SINCE OCT 1      4.81                      8.15  -3.34     6.27
  SINCE JAN 1      2.93                      4.10  -1.17     0.71

SNOWFALL (IN)
  TODAY            0.0
  MONTH TO DATE    0.0
  SINCE DEC 1      0.0
  SINCE JUL 1      0.0

DEGREE DAYS
 HEATING
  TODAY            2                        12    -10
  MONTH TO DATE  100                       164    -64
  SINCE DEC 1    808                      1010   -202
  SINCE JUL 1   1056                      1656   -600

 COOLING
  TODAY            0                         0      0
  MONTH TO DATE    2                         0      2
  SINCE DEC 1      2                         0      2
  SINCE JAN 1      2                         0      2
..................................................................


WIND (MPH)
  HIGHEST WIND SPEED    22   HIGHEST WIND DIRECTION    NW (300)
  HIGHEST GUST SPEED    30   HIGHEST GUST DIRECTION    NE (40)
  AVERAGE WIND SPEED     7.5


SKY COVER
  POSSIBLE SUNSHINE  MM
  AVERAGE SKY COVER 0.1


WEATHER CONDITIONS
 THE FOLLOWING WEATHER WAS RECORDED TODAY.
  FOG
  HAZE


RELATIVE HUMIDITY (PERCENT)
 HIGHEST    86           100 AM
 LOWEST     31          1000 AM
 AVERAGE    59

..........................................................


THE SANTA MARIA AIRPORT CA CLIMATE NORMALS FOR TOMORROW
                         NORMAL    RECORD    YEAR
 MAXIMUM TEMPERATURE (F)   64        88      1943
 MINIMUM TEMPERATURE (F)   42        26      1964


SUNRISE AND SUNSET
FEBRUARY 13 2016......SUNRISE   650 AM PST   SUNSET   542 PM PST
FEBRUARY 14 2016......SUNRISE   649 AM PST   SUNSET   543 PM PST


-  INDICATES NEGATIVE NUMBERS.
R  INDICATES RECORD WAS SET OR TIED.
MM INDICATES DATA IS MISSING.
T  INDICATES TRACE AMOUNT.




$$
