000
CDUS46 KLOX 302214
CLISMX


CLIMATE REPORT
NATIONAL WEATHER SERVICE LOS ANGELES/OXNARD CA
314 PM PDT SAT JUL 30 2016


...................................

...THE SANTA MARIA AIRPORT CA CLIMATE SUMMARY FOR JULY 30 2016...
VALID AS OF 0300 PM LOCAL TIME.

CLIMATE NORMAL PERIOD 1981 TO 2010
CLIMATE RECORD PERIOD 1906 TO 2016


WEATHER ITEM   OBSERVED TIME   RECORD YEAR NORMAL DEPARTURE LAST
                VALUE   (LST)  VALUE       VALUE  FROM      YEAR
                                                  NORMAL
..................................................................
TEMPERATURE (F)
 TODAY
  MAXIMUM         76    155 PM  87    1995  73      3       78
  MINIMUM         55    602 AM  43    1920  54      1       61
  AVERAGE         66                        64      2       70

PRECIPITATION (IN)
  TODAY            0.00          0.16 1966   0.00   0.00     0.00
  MONTH TO DATE    T                         0.03  -0.03     0.14
  SINCE OCT 1      9.00                     13.79  -4.79     7.78
  SINCE JAN 1      7.12                      9.74  -2.62     2.22

SNOWFALL (IN)
  TODAY            0.0
  MONTH TO DATE    0.0
  SINCE JUN 1      0.0
  SINCE JUL 1      0.0

DEGREE DAYS
 HEATING
  TODAY            0                         2     -2
  MONTH TO DATE   61                        71    -10
  SINCE JUN 1    139                       212    -73
  SINCE JUL 1     61                        71    -10

 COOLING
  TODAY            1                         1      0
  MONTH TO DATE    3                        25    -22
  SINCE JUN 1      9                        31    -22
  SINCE JAN 1     47                        41      6
..................................................................


WIND (MPH)
  HIGHEST WIND SPEED    14   HIGHEST WIND DIRECTION    NW (310)
  HIGHEST GUST SPEED    21   HIGHEST GUST DIRECTION    NW (310)
  AVERAGE WIND SPEED     4.3


SKY COVER
  POSSIBLE SUNSHINE  MM
  AVERAGE SKY COVER 0.6


WEATHER CONDITIONS
 THE FOLLOWING WEATHER WAS RECORDED TODAY.
  FOG
  HAZE


RELATIVE HUMIDITY (PERCENT)
 HIGHEST   100          1200 AM
 LOWEST     54           100 PM
 AVERAGE    77

..........................................................


THE SANTA MARIA AIRPORT CA CLIMATE NORMALS FOR TOMORROW
                         NORMAL    RECORD    YEAR
 MAXIMUM TEMPERATURE (F)   73        91      1977
 MINIMUM TEMPERATURE (F)   54        42      1924


SUNRISE AND SUNSET
JULY 30 2016..........SUNRISE   610 AM PDT   SUNSET   806 PM PDT
JULY 31 2016..........SUNRISE   611 AM PDT   SUNSET   805 PM PDT


-  INDICATES NEGATIVE NUMBERS.
R  INDICATES RECORD WAS SET OR TIED.
MM INDICATES DATA IS MISSING.
T  INDICATES TRACE AMOUNT.




$$
