599
CDUS46 KLOX 220857
CLISMX


CLIMATE REPORT
NATIONAL WEATHER SERVICE LOS ANGELES/OXNARD CA
157 AM PDT SAT JUL 22 2017


...................................

...THE SANTA MARIA AIRPORT CA CLIMATE SUMMARY FOR JULY 21 2017...

CLIMATE NORMAL PERIOD 1981 TO 2010
CLIMATE RECORD PERIOD 1906 TO 2017


WEATHER ITEM   OBSERVED TIME   RECORD YEAR NORMAL DEPARTURE LAST
                VALUE   (LST)  VALUE       VALUE  FROM      YEAR
                                                  NORMAL
..................................................................
TEMPERATURE (F)
 YESTERDAY
  MAXIMUM         73    115 PM  89    1960  73      0       76
  MINIMUM         52    604 AM  43    1920  54     -2       52
  AVERAGE         63                        64     -1       64

PRECIPITATION (IN)
  YESTERDAY        0.00          T    1981   0.00   0.00     0.00
                                      1965
                                      1962
  MONTH TO DATE    0.00                      0.02  -0.02      T
  SINCE OCT 1     18.44                     13.78   4.66     9.00
  SINCE JAN 1     13.64                      9.73   3.91     7.12

SNOWFALL (IN)
  YESTERDAY        0.0
  MONTH TO DATE    0.0
  SINCE JUN 1      0.0
  SINCE JUL 1      0.0

DEGREE DAYS
 HEATING
  YESTERDAY        2                         2      0
  MONTH TO DATE   25                        53    -28
  SINCE JUN 1    132                       194    -62
  SINCE JUL 1     25                        53    -28

 COOLING
  YESTERDAY        0                         1     -1
  MONTH TO DATE   24                        16      8
  SINCE JUN 1     32                        22     10
  SINCE JAN 1     46                        32     14
..................................................................


WIND (MPH)
  HIGHEST WIND SPEED    16   HIGHEST WIND DIRECTION    NW (310)
  HIGHEST GUST SPEED    20   HIGHEST GUST DIRECTION    NW (320)
  AVERAGE WIND SPEED     6.8


SKY COVER
  POSSIBLE SUNSHINE  MM
  AVERAGE SKY COVER 0.3


WEATHER CONDITIONS
 THE FOLLOWING WEATHER WAS RECORDED YESTERDAY.
  FOG
  HAZE


RELATIVE HUMIDITY (PERCENT)
 HIGHEST   100          1200 AM
 LOWEST     57          1200 PM
 AVERAGE    79

..........................................................


THE SANTA MARIA AIRPORT CA CLIMATE NORMALS FOR TODAY
                         NORMAL    RECORD    YEAR
 MAXIMUM TEMPERATURE (F)   73        85      2006
 MINIMUM TEMPERATURE (F)   54        43      1929


SUNRISE AND SUNSET
JULY 22 2017..........SUNRISE   604 AM PDT   SUNSET   812 PM PDT
JULY 23 2017..........SUNRISE   605 AM PDT   SUNSET   811 PM PDT


-  INDICATES NEGATIVE NUMBERS.
R  INDICATES RECORD WAS SET OR TIED.
MM INDICATES DATA IS MISSING.
T  INDICATES TRACE AMOUNT.




$$
