000
CDUS46 KLOX 290905
CLISMX


CLIMATE REPORT
NATIONAL WEATHER SERVICE LOS ANGELES/OXNARD CA
205 AM PDT SAT AUG 29 2015


...................................

...THE SANTA MARIA AIRPORT CA CLIMATE SUMMARY FOR AUGUST 28 2015...

CLIMATE NORMAL PERIOD 1981 TO 2010
CLIMATE RECORD PERIOD 1906 TO 2015


WEATHER ITEM   OBSERVED TIME   RECORD YEAR NORMAL DEPARTURE LAST
                VALUE   (LST)  VALUE       VALUE  FROM      YEAR
                                                  NORMAL
..................................................................
TEMPERATURE (F)
 YESTERDAY
  MAXIMUM         94   1116 AM  99    2009  73     21       78
  MINIMUM         60    438 AM  43    1930  54      6       59
  AVERAGE         77                        64     13       69

PRECIPITATION (IN)
  YESTERDAY        0.00          T    1980   0.00   0.00     0.00
                                      1953
                                      1952
  MONTH TO DATE    T                         0.02  -0.02      T
  SINCE OCT 1      7.78                     13.81  -6.03     4.50
  SINCE JAN 1      2.22                      9.76  -7.54     4.01

SNOWFALL (IN)
  YESTERDAY        0.0
  MONTH TO DATE    0.0
  SINCE JUN 1      0.0
  SINCE JUL 1      0.0

DEGREE DAYS
 HEATING
  YESTERDAY        0                         2     -2
  MONTH TO DATE    0                        56    -56
  SINCE JUN 1     43                       272   -229
  SINCE JUL 1      0                       131   -131

 COOLING
  YESTERDAY       12                         1     11
  MONTH TO DATE  124                        28     96
  SINCE JUN 1    263                        53    210
  SINCE JAN 1    291                        63    228
..................................................................


WIND (MPH)
  HIGHEST WIND SPEED    16   HIGHEST WIND DIRECTION    NW (330)
  HIGHEST GUST SPEED    19   HIGHEST GUST DIRECTION    NW (330)
  AVERAGE WIND SPEED     4.6


SKY COVER
  POSSIBLE SUNSHINE  MM
  AVERAGE SKY COVER 0.1


WEATHER CONDITIONS
 THE FOLLOWING WEATHER WAS RECORDED YESTERDAY.
  FOG
  FOG W/VISIBILITY <= 1/4 MILE


RELATIVE HUMIDITY (PERCENT)
 HIGHEST   100          1100 PM
 LOWEST     29          1000 AM
 AVERAGE    65

..........................................................


THE SANTA MARIA AIRPORT CA CLIMATE NORMALS FOR TODAY
                         NORMAL    RECORD    YEAR
 MAXIMUM TEMPERATURE (F)   74        88      1977
 MINIMUM TEMPERATURE (F)   54        43      1932


SUNRISE AND SUNSET
AUGUST 29 2015........SUNRISE   632 AM PDT   SUNSET   733 PM PDT
AUGUST 30 2015........SUNRISE   633 AM PDT   SUNSET   731 PM PDT


-  INDICATES NEGATIVE NUMBERS.
R  INDICATES RECORD WAS SET OR TIED.
MM INDICATES DATA IS MISSING.
T  INDICATES TRACE AMOUNT.




$$
