000
CDUS46 KLOX 270918
CLISMX


CLIMATE REPORT
NATIONAL WEATHER SERVICE LOS ANGELES/OXNARD CA
118 AM PST MON FEB 27 2017


...................................

...THE SANTA MARIA AIRPORT CA CLIMATE SUMMARY FOR FEBRUARY 26 2017...

CLIMATE NORMAL PERIOD 1981 TO 2010
CLIMATE RECORD PERIOD 1906 TO 2017


WEATHER ITEM   OBSERVED TIME   RECORD YEAR NORMAL DEPARTURE LAST
                VALUE   (LST)  VALUE       VALUE  FROM      YEAR
                                                  NORMAL
..................................................................
TEMPERATURE (F)
 YESTERDAY
  MAXIMUM         57    100 PM  87    1926  64     -7       74
  MINIMUM         41    547 AM  26    1971  43     -2       44
  AVERAGE         49                        53     -4       59

PRECIPITATION (IN)
  YESTERDAY        0.12          0.70 1951   0.11   0.01     0.00
  MONTH TO DATE    5.43                      2.79   2.64     0.35
  SINCE OCT 1     16.07                      9.59   6.48     5.16
  SINCE JAN 1     11.27                      5.54   5.73     3.28

SNOWFALL (IN)
  YESTERDAY       MM
  MONTH TO DATE    0.0
  SINCE DEC 1      0.0
  SINCE JUL 1      0.0

DEGREE DAYS
 HEATING
  YESTERDAY       16                        12      4
  MONTH TO DATE  285                       320    -35
  SINCE DEC 1   1141                      1166    -25
  SINCE JUL 1   1692                      1812   -120

 COOLING
  YESTERDAY        0                         0      0
  MONTH TO DATE    0                         0      0
  SINCE DEC 1      0                         0      0
  SINCE JAN 1      0                         0      0
..................................................................


WIND (MPH)
  HIGHEST WIND SPEED    16   HIGHEST WIND DIRECTION    SW (240)
  HIGHEST GUST SPEED    22   HIGHEST GUST DIRECTION     W (270)
  AVERAGE WIND SPEED     4.2


SKY COVER
  POSSIBLE SUNSHINE  MM
  AVERAGE SKY COVER 0.8


WEATHER CONDITIONS
 THE FOLLOWING WEATHER WAS RECORDED YESTERDAY.
  RAIN
  LIGHT RAIN
  FOG


RELATIVE HUMIDITY (PERCENT)
 HIGHEST   100           700 AM
 LOWEST     66          1100 AM
 AVERAGE    83

..........................................................


THE SANTA MARIA AIRPORT CA CLIMATE NORMALS FOR TODAY
                         NORMAL    RECORD    YEAR
 MAXIMUM TEMPERATURE (F)   64        86      1932
 MINIMUM TEMPERATURE (F)   43        22      1971


SUNRISE AND SUNSET
FEBRUARY 27 2017......SUNRISE   633 AM PST   SUNSET   556 PM PST
FEBRUARY 28 2017......SUNRISE   632 AM PST   SUNSET   557 PM PST


-  INDICATES NEGATIVE NUMBERS.
R  INDICATES RECORD WAS SET OR TIED.
MM INDICATES DATA IS MISSING.
T  INDICATES TRACE AMOUNT.




$$
